I20260710 13:25:15.375658 23198 consensus_queue.cc:260] T c21ea09968384cd38bb9a6aced9320ce P 130f68716b284bed9e6d03580244c442 [NON_LEADER]: Queue going to NON_LEADER mode. State: All replicated index: 0, Majority replicated index: 0, Committed index: 0, Last appended: 0.0, Last appended by leader: 0, Current term: 0, Majority size: -1, State: 0, Mode: NON_LEADER, active raft config: opid_index: -1 OBSOLETE_local: false peers { permanent_uuid: "f8bcab9b4443435d90f38e86b1427833" member_type: VOTER last_known_addr { host: "127.21.97.65" port: 36739 } } peers { permanent_uuid: "bac9843702364445b06c1b28670eee34" member_type: VOTER last_known_addr { host: "127.21.97.66" port: 40419 } } peers { permanent_uuid: "130f68716b284bed9e6d03580244c442" member_type: VOTER last_known_addr { host: "127.21.97.67" port: 34951 } }
I20260710 13:25:15.376484 23199 tablet_bootstrap.cc:492] T 153039f6386141bf8a2910e82da1d76c P f8bcab9b4443435d90f38e86b1427833: No bootstrap required, opened a new log
I20260710 13:25:15.376938 23199 ts_tablet_manager.cc:1403] T 153039f6386141bf8a2910e82da1d76c P f8bcab9b4443435d90f38e86b1427833: Time spent bootstrapping tablet: real 0.031s	user 0.000s	sys 0.028s
I20260710 13:25:15.377660 23198 ts_tablet_manager.cc:1434] T c21ea09968384cd38bb9a6aced9320ce P 130f68716b284bed9e6d03580244c442: Time spent starting tablet: real 0.006s	user 0.004s	sys 0.000s
I20260710 13:25:15.374105 23050 leader_election.cc:304] T c21ea09968384cd38bb9a6aced9320ce P bac9843702364445b06c1b28670eee34 [CANDIDATE]: Term 1 election: Election decided. Result: candidate won. Election summary: received 3 responses out of 3 voters: 2 yes votes; 1 no votes. yes voters: bac9843702364445b06c1b28670eee34, f8bcab9b4443435d90f38e86b1427833; no voters: 130f68716b284bed9e6d03580244c442
I20260710 13:25:15.378494 23205 raft_consensus.cc:2804] T c21ea09968384cd38bb9a6aced9320ce P bac9843702364445b06c1b28670eee34 [term 1 FOLLOWER]: Leader election won for term 1
I20260710 13:25:15.378933 23205 raft_consensus.cc:697] T c21ea09968384cd38bb9a6aced9320ce P bac9843702364445b06c1b28670eee34 [term 1 LEADER]: Becoming Leader. State: Replica: bac9843702364445b06c1b28670eee34, State: Running, Role: LEADER
I20260710 13:25:15.379683 23205 consensus_queue.cc:237] T c21ea09968384cd38bb9a6aced9320ce P bac9843702364445b06c1b28670eee34 [LEADER]: Queue going to LEADER mode. State: All replicated index: 0, Majority replicated index: 0, Committed index: 0, Last appended: 0.0, Last appended by leader: 0, Current term: 1, Majority size: 2, State: 0, Mode: LEADER, active raft config: opid_index: -1 OBSOLETE_local: false peers { permanent_uuid: "f8bcab9b4443435d90f38e86b1427833" member_type: VOTER last_known_addr { host: "127.21.97.65" port: 36739 } } peers { permanent_uuid: "bac9843702364445b06c1b28670eee34" member_type: VOTER last_known_addr { host: "127.21.97.66" port: 40419 } } peers { permanent_uuid: "130f68716b284bed9e6d03580244c442" member_type: VOTER last_known_addr { host: "127.21.97.67" port: 34951 } }
I20260710 13:25:15.379778 23199 raft_consensus.cc:359] T 153039f6386141bf8a2910e82da1d76c P f8bcab9b4443435d90f38e86b1427833 [term 0 FOLLOWER]: Replica starting. Triggering 0 pending ops. Active config: opid_index: -1 OBSOLETE_local: false peers { permanent_uuid: "f8bcab9b4443435d90f38e86b1427833" member_type: VOTER last_known_addr { host: "127.21.97.65" port: 36739 } } peers { permanent_uuid: "bac9843702364445b06c1b28670eee34" member_type: VOTER last_known_addr { host: "127.21.97.66" port: 40419 } } peers { permanent_uuid: "130f68716b284bed9e6d03580244c442" member_type: VOTER last_known_addr { host: "127.21.97.67" port: 34951 } }
I20260710 13:25:15.380496 23199 raft_consensus.cc:385] T 153039f6386141bf8a2910e82da1d76c P f8bcab9b4443435d90f38e86b1427833 [term 0 FOLLOWER]: Consensus starting up: Expiring failure detector timer to make a prompt election more likely
I20260710 13:25:15.380826 23199 raft_consensus.cc:740] T 153039f6386141bf8a2910e82da1d76c P f8bcab9b4443435d90f38e86b1427833 [term 0 FOLLOWER]: Becoming Follower/Learner. State: Replica: f8bcab9b4443435d90f38e86b1427833, State: Initialized, Role: FOLLOWER
I20260710 13:25:15.381534 23199 consensus_queue.cc:260] T 153039f6386141bf8a2910e82da1d76c P f8bcab9b4443435d90f38e86b1427833 [NON_LEADER]: Queue going to NON_LEADER mode. State: All replicated index: 0, Majority replicated index: 0, Committed index: 0, Last appended: 0.0, Last appended by leader: 0, Current term: 0, Majority size: -1, State: 0, Mode: NON_LEADER, active raft config: opid_index: -1 OBSOLETE_local: false peers { permanent_uuid: "f8bcab9b4443435d90f38e86b1427833" member_type: VOTER last_known_addr { host: "127.21.97.65" port: 36739 } } peers { permanent_uuid: "bac9843702364445b06c1b28670eee34" member_type: VOTER last_known_addr { host: "127.21.97.66" port: 40419 } } peers { permanent_uuid: "130f68716b284bed9e6d03580244c442" member_type: VOTER last_known_addr { host: "127.21.97.67" port: 34951 } }
I20260710 13:25:15.385102 23198 tablet_bootstrap.cc:492] T c3b9aa31d1ae47f5b40f1559e312bd87 P 130f68716b284bed9e6d03580244c442: Bootstrap starting.
I20260710 13:25:15.385560 23199 ts_tablet_manager.cc:1434] T 153039f6386141bf8a2910e82da1d76c P f8bcab9b4443435d90f38e86b1427833: Time spent starting tablet: real 0.008s	user 0.006s	sys 0.000s
I20260710 13:25:15.386511 23199 tablet_bootstrap.cc:492] T 2246dfe36e0047de99211404d3a91723 P f8bcab9b4443435d90f38e86b1427833: Bootstrap starting.
I20260710 13:25:15.392753 23199 tablet_bootstrap.cc:654] T 2246dfe36e0047de99211404d3a91723 P f8bcab9b4443435d90f38e86b1427833: Neither blocks nor log segments found. Creating new log.
I20260710 13:25:15.396122 23198 tablet_bootstrap.cc:654] T c3b9aa31d1ae47f5b40f1559e312bd87 P 130f68716b284bed9e6d03580244c442: Neither blocks nor log segments found. Creating new log.
I20260710 13:25:15.404297 23199 tablet_bootstrap.cc:492] T 2246dfe36e0047de99211404d3a91723 P f8bcab9b4443435d90f38e86b1427833: No bootstrap required, opened a new log
I20260710 13:25:15.404817 23199 ts_tablet_manager.cc:1403] T 2246dfe36e0047de99211404d3a91723 P f8bcab9b4443435d90f38e86b1427833: Time spent bootstrapping tablet: real 0.018s	user 0.013s	sys 0.004s
I20260710 13:25:15.404825 23200 tablet_bootstrap.cc:492] T 1a7419c949094628af4e7fba307b6468 P bac9843702364445b06c1b28670eee34: No bootstrap required, opened a new log
I20260710 13:25:15.405421 23200 ts_tablet_manager.cc:1403] T 1a7419c949094628af4e7fba307b6468 P bac9843702364445b06c1b28670eee34: Time spent bootstrapping tablet: real 0.048s	user 0.016s	sys 0.021s
I20260710 13:25:15.407879 23199 raft_consensus.cc:359] T 2246dfe36e0047de99211404d3a91723 P f8bcab9b4443435d90f38e86b1427833 [term 0 FOLLOWER]: Replica starting. Triggering 0 pending ops. Active config: opid_index: -1 OBSOLETE_local: false peers { permanent_uuid: "f8bcab9b4443435d90f38e86b1427833" member_type: VOTER last_known_addr { host: "127.21.97.65" port: 36739 } } peers { permanent_uuid: "bac9843702364445b06c1b28670eee34" member_type: VOTER last_known_addr { host: "127.21.97.66" port: 40419 } } peers { permanent_uuid: "130f68716b284bed9e6d03580244c442" member_type: VOTER last_known_addr { host: "127.21.97.67" port: 34951 } }
I20260710 13:25:15.408012 23200 raft_consensus.cc:359] T 1a7419c949094628af4e7fba307b6468 P bac9843702364445b06c1b28670eee34 [term 0 FOLLOWER]: Replica starting. Triggering 0 pending ops. Active config: opid_index: -1 OBSOLETE_local: false peers { permanent_uuid: "130f68716b284bed9e6d03580244c442" member_type: VOTER last_known_addr { host: "127.21.97.67" port: 34951 } } peers { permanent_uuid: "f8bcab9b4443435d90f38e86b1427833" member_type: VOTER last_known_addr { host: "127.21.97.65" port: 36739 } } peers { permanent_uuid: "bac9843702364445b06c1b28670eee34" member_type: VOTER last_known_addr { host: "127.21.97.66" port: 40419 } }
I20260710 13:25:15.408653 23199 raft_consensus.cc:385] T 2246dfe36e0047de99211404d3a91723 P f8bcab9b4443435d90f38e86b1427833 [term 0 FOLLOWER]: Consensus starting up: Expiring failure detector timer to make a prompt election more likely
I20260710 13:25:15.408690 23200 raft_consensus.cc:385] T 1a7419c949094628af4e7fba307b6468 P bac9843702364445b06c1b28670eee34 [term 0 FOLLOWER]: Consensus starting up: Expiring failure detector timer to make a prompt election more likely
I20260710 13:25:15.409070 23199 raft_consensus.cc:740] T 2246dfe36e0047de99211404d3a91723 P f8bcab9b4443435d90f38e86b1427833 [term 0 FOLLOWER]: Becoming Follower/Learner. State: Replica: f8bcab9b4443435d90f38e86b1427833, State: Initialized, Role: FOLLOWER
I20260710 13:25:15.409127 23200 raft_consensus.cc:740] T 1a7419c949094628af4e7fba307b6468 P bac9843702364445b06c1b28670eee34 [term 0 FOLLOWER]: Becoming Follower/Learner. State: Replica: bac9843702364445b06c1b28670eee34, State: Initialized, Role: FOLLOWER
I20260710 13:25:15.409258 22904 catalog_manager.cc:5697] T c21ea09968384cd38bb9a6aced9320ce P bac9843702364445b06c1b28670eee34 reported cstate change: term changed from 0 to 1, leader changed from <none> to bac9843702364445b06c1b28670eee34 (127.21.97.66). New cstate: current_term: 1 leader_uuid: "bac9843702364445b06c1b28670eee34" committed_config { opid_index: -1 OBSOLETE_local: false peers { permanent_uuid: "f8bcab9b4443435d90f38e86b1427833" member_type: VOTER last_known_addr { host: "127.21.97.65" port: 36739 } health_report { overall_health: UNKNOWN } } peers { permanent_uuid: "bac9843702364445b06c1b28670eee34" member_type: VOTER last_known_addr { host: "127.21.97.66" port: 40419 } health_report { overall_health: HEALTHY } } peers { permanent_uuid: "130f68716b284bed9e6d03580244c442" member_type: VOTER last_known_addr { host: "127.21.97.67" port: 34951 } health_report { overall_health: UNKNOWN } } }
I20260710 13:25:15.409883 23200 consensus_queue.cc:260] T 1a7419c949094628af4e7fba307b6468 P bac9843702364445b06c1b28670eee34 [NON_LEADER]: Queue going to NON_LEADER mode. State: All replicated index: 0, Majority replicated index: 0, Committed index: 0, Last appended: 0.0, Last appended by leader: 0, Current term: 0, Majority size: -1, State: 0, Mode: NON_LEADER, active raft config: opid_index: -1 OBSOLETE_local: false peers { permanent_uuid: "130f68716b284bed9e6d03580244c442" member_type: VOTER last_known_addr { host: "127.21.97.67" port: 34951 } } peers { permanent_uuid: "f8bcab9b4443435d90f38e86b1427833" member_type: VOTER last_known_addr { host: "127.21.97.65" port: 36739 } } peers { permanent_uuid: "bac9843702364445b06c1b28670eee34" member_type: VOTER last_known_addr { host: "127.21.97.66" port: 40419 } }
I20260710 13:25:15.411984 23200 ts_tablet_manager.cc:1434] T 1a7419c949094628af4e7fba307b6468 P bac9843702364445b06c1b28670eee34: Time spent starting tablet: real 0.006s	user 0.006s	sys 0.000s
I20260710 13:25:15.412717 23200 tablet_bootstrap.cc:492] T 9af0bd9a47a34c978fd3191f3ee3918a P bac9843702364445b06c1b28670eee34: Bootstrap starting.
I20260710 13:25:15.409883 23199 consensus_queue.cc:260] T 2246dfe36e0047de99211404d3a91723 P f8bcab9b4443435d90f38e86b1427833 [NON_LEADER]: Queue going to NON_LEADER mode. State: All replicated index: 0, Majority replicated index: 0, Committed index: 0, Last appended: 0.0, Last appended by leader: 0, Current term: 0, Majority size: -1, State: 0, Mode: NON_LEADER, active raft config: opid_index: -1 OBSOLETE_local: false peers { permanent_uuid: "f8bcab9b4443435d90f38e86b1427833" member_type: VOTER last_known_addr { host: "127.21.97.65" port: 36739 } } peers { permanent_uuid: "bac9843702364445b06c1b28670eee34" member_type: VOTER last_known_addr { host: "127.21.97.66" port: 40419 } } peers { permanent_uuid: "130f68716b284bed9e6d03580244c442" member_type: VOTER last_known_addr { host: "127.21.97.67" port: 34951 } }
I20260710 13:25:15.416893 23199 ts_tablet_manager.cc:1434] T 2246dfe36e0047de99211404d3a91723 P f8bcab9b4443435d90f38e86b1427833: Time spent starting tablet: real 0.012s	user 0.003s	sys 0.003s
I20260710 13:25:15.417865 23199 tablet_bootstrap.cc:492] T 8aaf26c72b40409d8a87f402f23bc540 P f8bcab9b4443435d90f38e86b1427833: Bootstrap starting.
I20260710 13:25:15.418059 23200 tablet_bootstrap.cc:654] T 9af0bd9a47a34c978fd3191f3ee3918a P bac9843702364445b06c1b28670eee34: Neither blocks nor log segments found. Creating new log.
I20260710 13:25:15.424189 23199 tablet_bootstrap.cc:654] T 8aaf26c72b40409d8a87f402f23bc540 P f8bcab9b4443435d90f38e86b1427833: Neither blocks nor log segments found. Creating new log.
I20260710 13:25:15.427592 23198 tablet_bootstrap.cc:492] T c3b9aa31d1ae47f5b40f1559e312bd87 P 130f68716b284bed9e6d03580244c442: No bootstrap required, opened a new log
I20260710 13:25:15.428176 23198 ts_tablet_manager.cc:1403] T c3b9aa31d1ae47f5b40f1559e312bd87 P 130f68716b284bed9e6d03580244c442: Time spent bootstrapping tablet: real 0.043s	user 0.013s	sys 0.007s
I20260710 13:25:15.433312 23198 raft_consensus.cc:359] T c3b9aa31d1ae47f5b40f1559e312bd87 P 130f68716b284bed9e6d03580244c442 [term 0 FOLLOWER]: Replica starting. Triggering 0 pending ops. Active config: opid_index: -1 OBSOLETE_local: false peers { permanent_uuid: "f8bcab9b4443435d90f38e86b1427833" member_type: VOTER last_known_addr { host: "127.21.97.65" port: 36739 } } peers { permanent_uuid: "bac9843702364445b06c1b28670eee34" member_type: VOTER last_known_addr { host: "127.21.97.66" port: 40419 } } peers { permanent_uuid: "130f68716b284bed9e6d03580244c442" member_type: VOTER last_known_addr { host: "127.21.97.67" port: 34951 } }
I20260710 13:25:15.442021 23198 raft_consensus.cc:385] T c3b9aa31d1ae47f5b40f1559e312bd87 P 130f68716b284bed9e6d03580244c442 [term 0 FOLLOWER]: Consensus starting up: Expiring failure detector timer to make a prompt election more likely
I20260710 13:25:15.442390 23198 raft_consensus.cc:740] T c3b9aa31d1ae47f5b40f1559e312bd87 P 130f68716b284bed9e6d03580244c442 [term 0 FOLLOWER]: Becoming Follower/Learner. State: Replica: 130f68716b284bed9e6d03580244c442, State: Initialized, Role: FOLLOWER
I20260710 13:25:15.443427 23204 raft_consensus.cc:493] T 2ac9227ec5fa4fd995dab50a0d79e72b P f8bcab9b4443435d90f38e86b1427833 [term 0 FOLLOWER]: Starting pre-election (no leader contacted us within the election timeout)
I20260710 13:25:15.443192 23198 consensus_queue.cc:260] T c3b9aa31d1ae47f5b40f1559e312bd87 P 130f68716b284bed9e6d03580244c442 [NON_LEADER]: Queue going to NON_LEADER mode. State: All replicated index: 0, Majority replicated index: 0, Committed index: 0, Last appended: 0.0, Last appended by leader: 0, Current term: 0, Majority size: -1, State: 0, Mode: NON_LEADER, active raft config: opid_index: -1 OBSOLETE_local: false peers { permanent_uuid: "f8bcab9b4443435d90f38e86b1427833" member_type: VOTER last_known_addr { host: "127.21.97.65" port: 36739 } } peers { permanent_uuid: "bac9843702364445b06c1b28670eee34" member_type: VOTER last_known_addr { host: "127.21.97.66" port: 40419 } } peers { permanent_uuid: "130f68716b284bed9e6d03580244c442" member_type: VOTER last_known_addr { host: "127.21.97.67" port: 34951 } }
I20260710 13:25:15.443925 23204 raft_consensus.cc:515] T 2ac9227ec5fa4fd995dab50a0d79e72b P f8bcab9b4443435d90f38e86b1427833 [term 0 FOLLOWER]: Starting pre-election with config: opid_index: -1 OBSOLETE_local: false peers { permanent_uuid: "f8bcab9b4443435d90f38e86b1427833" member_type: VOTER last_known_addr { host: "127.21.97.65" port: 36739 } } peers { permanent_uuid: "bac9843702364445b06c1b28670eee34" member_type: VOTER last_known_addr { host: "127.21.97.66" port: 40419 } } peers { permanent_uuid: "130f68716b284bed9e6d03580244c442" member_type: VOTER last_known_addr { host: "127.21.97.67" port: 34951 } }
I20260710 13:25:15.445385 23198 ts_tablet_manager.cc:1434] T c3b9aa31d1ae47f5b40f1559e312bd87 P 130f68716b284bed9e6d03580244c442: Time spent starting tablet: real 0.017s	user 0.001s	sys 0.005s
I20260710 13:25:15.446285 23198 tablet_bootstrap.cc:492] T 2246dfe36e0047de99211404d3a91723 P 130f68716b284bed9e6d03580244c442: Bootstrap starting.
I20260710 13:25:15.453971 23199 tablet_bootstrap.cc:492] T 8aaf26c72b40409d8a87f402f23bc540 P f8bcab9b4443435d90f38e86b1427833: No bootstrap required, opened a new log
I20260710 13:25:15.454239 23204 leader_election.cc:290] T 2ac9227ec5fa4fd995dab50a0d79e72b P f8bcab9b4443435d90f38e86b1427833 [CANDIDATE]: Term 1 pre-election: Requested pre-vote from peers bac9843702364445b06c1b28670eee34 (127.21.97.66:40419), 130f68716b284bed9e6d03580244c442 (127.21.97.67:34951)
I20260710 13:25:15.454489 23199 ts_tablet_manager.cc:1403] T 8aaf26c72b40409d8a87f402f23bc540 P f8bcab9b4443435d90f38e86b1427833: Time spent bootstrapping tablet: real 0.037s	user 0.010s	sys 0.016s
I20260710 13:25:15.457299 23199 raft_consensus.cc:359] T 8aaf26c72b40409d8a87f402f23bc540 P f8bcab9b4443435d90f38e86b1427833 [term 0 FOLLOWER]: Replica starting. Triggering 0 pending ops. Active config: opid_index: -1 OBSOLETE_local: false peers { permanent_uuid: "f8bcab9b4443435d90f38e86b1427833" member_type: VOTER last_known_addr { host: "127.21.97.65" port: 36739 } } peers { permanent_uuid: "bac9843702364445b06c1b28670eee34" member_type: VOTER last_known_addr { host: "127.21.97.66" port: 40419 } } peers { permanent_uuid: "130f68716b284bed9e6d03580244c442" member_type: VOTER last_known_addr { host: "127.21.97.67" port: 34951 } }
I20260710 13:25:15.461095 23200 tablet_bootstrap.cc:492] T 9af0bd9a47a34c978fd3191f3ee3918a P bac9843702364445b06c1b28670eee34: No bootstrap required, opened a new log
I20260710 13:25:15.457970 23199 raft_consensus.cc:385] T 8aaf26c72b40409d8a87f402f23bc540 P f8bcab9b4443435d90f38e86b1427833 [term 0 FOLLOWER]: Consensus starting up: Expiring failure detector timer to make a prompt election more likely
I20260710 13:25:15.461531 23200 ts_tablet_manager.cc:1403] T 9af0bd9a47a34c978fd3191f3ee3918a P bac9843702364445b06c1b28670eee34: Time spent bootstrapping tablet: real 0.049s	user 0.018s	sys 0.012s
I20260710 13:25:15.463414 23199 raft_consensus.cc:740] T 8aaf26c72b40409d8a87f402f23bc540 P f8bcab9b4443435d90f38e86b1427833 [term 0 FOLLOWER]: Becoming Follower/Learner. State: Replica: f8bcab9b4443435d90f38e86b1427833, State: Initialized, Role: FOLLOWER
I20260710 13:25:15.464269 23199 consensus_queue.cc:260] T 8aaf26c72b40409d8a87f402f23bc540 P f8bcab9b4443435d90f38e86b1427833 [NON_LEADER]: Queue going to NON_LEADER mode. State: All replicated index: 0, Majority replicated index: 0, Committed index: 0, Last appended: 0.0, Last appended by leader: 0, Current term: 0, Majority size: -1, State: 0, Mode: NON_LEADER, active raft config: opid_index: -1 OBSOLETE_local: false peers { permanent_uuid: "f8bcab9b4443435d90f38e86b1427833" member_type: VOTER last_known_addr { host: "127.21.97.65" port: 36739 } } peers { permanent_uuid: "bac9843702364445b06c1b28670eee34" member_type: VOTER last_known_addr { host: "127.21.97.66" port: 40419 } } peers { permanent_uuid: "130f68716b284bed9e6d03580244c442" member_type: VOTER last_known_addr { host: "127.21.97.67" port: 34951 } }
I20260710 13:25:15.466404 23199 ts_tablet_manager.cc:1434] T 8aaf26c72b40409d8a87f402f23bc540 P f8bcab9b4443435d90f38e86b1427833: Time spent starting tablet: real 0.012s	user 0.007s	sys 0.000s
I20260710 13:25:15.467317 23199 tablet_bootstrap.cc:492] T 26d7a026948b48b88f791e1429f0cf38 P f8bcab9b4443435d90f38e86b1427833: Bootstrap starting.
I20260710 13:25:15.470214 23200 raft_consensus.cc:359] T 9af0bd9a47a34c978fd3191f3ee3918a P bac9843702364445b06c1b28670eee34 [term 0 FOLLOWER]: Replica starting. Triggering 0 pending ops. Active config: opid_index: -1 OBSOLETE_local: false peers { permanent_uuid: "f8bcab9b4443435d90f38e86b1427833" member_type: VOTER last_known_addr { host: "127.21.97.65" port: 36739 } } peers { permanent_uuid: "bac9843702364445b06c1b28670eee34" member_type: VOTER last_known_addr { host: "127.21.97.66" port: 40419 } } peers { permanent_uuid: "130f68716b284bed9e6d03580244c442" member_type: VOTER last_known_addr { host: "127.21.97.67" port: 34951 } }
I20260710 13:25:15.470897 23200 raft_consensus.cc:385] T 9af0bd9a47a34c978fd3191f3ee3918a P bac9843702364445b06c1b28670eee34 [term 0 FOLLOWER]: Consensus starting up: Expiring failure detector timer to make a prompt election more likely
I20260710 13:25:15.471182 23200 raft_consensus.cc:740] T 9af0bd9a47a34c978fd3191f3ee3918a P bac9843702364445b06c1b28670eee34 [term 0 FOLLOWER]: Becoming Follower/Learner. State: Replica: bac9843702364445b06c1b28670eee34, State: Initialized, Role: FOLLOWER
I20260710 13:25:15.471997 23200 consensus_queue.cc:260] T 9af0bd9a47a34c978fd3191f3ee3918a P bac9843702364445b06c1b28670eee34 [NON_LEADER]: Queue going to NON_LEADER mode. State: All replicated index: 0, Majority replicated index: 0, Committed index: 0, Last appended: 0.0, Last appended by leader: 0, Current term: 0, Majority size: -1, State: 0, Mode: NON_LEADER, active raft config: opid_index: -1 OBSOLETE_local: false peers { permanent_uuid: "f8bcab9b4443435d90f38e86b1427833" member_type: VOTER last_known_addr { host: "127.21.97.65" port: 36739 } } peers { permanent_uuid: "bac9843702364445b06c1b28670eee34" member_type: VOTER last_known_addr { host: "127.21.97.66" port: 40419 } } peers { permanent_uuid: "130f68716b284bed9e6d03580244c442" member_type: VOTER last_known_addr { host: "127.21.97.67" port: 34951 } }
I20260710 13:25:15.473275 23199 tablet_bootstrap.cc:654] T 26d7a026948b48b88f791e1429f0cf38 P f8bcab9b4443435d90f38e86b1427833: Neither blocks nor log segments found. Creating new log.
I20260710 13:25:15.474033 23200 ts_tablet_manager.cc:1434] T 9af0bd9a47a34c978fd3191f3ee3918a P bac9843702364445b06c1b28670eee34: Time spent starting tablet: real 0.012s	user 0.002s	sys 0.003s
I20260710 13:25:15.475005 23200 tablet_bootstrap.cc:492] T cac93c8bf62e41ec8272a6f3d6650789 P bac9843702364445b06c1b28670eee34: Bootstrap starting.
I20260710 13:25:15.476272 23198 tablet_bootstrap.cc:654] T 2246dfe36e0047de99211404d3a91723 P 130f68716b284bed9e6d03580244c442: Neither blocks nor log segments found. Creating new log.
I20260710 13:25:15.484601 23200 tablet_bootstrap.cc:654] T cac93c8bf62e41ec8272a6f3d6650789 P bac9843702364445b06c1b28670eee34: Neither blocks nor log segments found. Creating new log.
I20260710 13:25:15.489352 23199 tablet_bootstrap.cc:492] T 26d7a026948b48b88f791e1429f0cf38 P f8bcab9b4443435d90f38e86b1427833: No bootstrap required, opened a new log
I20260710 13:25:15.490180 23199 ts_tablet_manager.cc:1403] T 26d7a026948b48b88f791e1429f0cf38 P f8bcab9b4443435d90f38e86b1427833: Time spent bootstrapping tablet: real 0.023s	user 0.006s	sys 0.005s
I20260710 13:25:15.490360 23084 tablet_service.cc:1917] Received RequestConsensusVote() RPC: tablet_id: "2ac9227ec5fa4fd995dab50a0d79e72b" candidate_uuid: "f8bcab9b4443435d90f38e86b1427833" candidate_term: 1 candidate_status { last_received { term: 0 index: 0 } } ignore_live_leader: false dest_uuid: "bac9843702364445b06c1b28670eee34" is_pre_election: true
W20260710 13:25:15.491832 22972 leader_election.cc:343] T 2ac9227ec5fa4fd995dab50a0d79e72b P f8bcab9b4443435d90f38e86b1427833 [CANDIDATE]: Term 1 pre-election: Tablet error from VoteRequest() call to peer bac9843702364445b06c1b28670eee34 (127.21.97.66:40419): Illegal state: must be running to vote when last-logged opid is not known
I20260710 13:25:15.491776 23198 tablet_bootstrap.cc:492] T 2246dfe36e0047de99211404d3a91723 P 130f68716b284bed9e6d03580244c442: No bootstrap required, opened a new log
I20260710 13:25:15.492558 23198 ts_tablet_manager.cc:1403] T 2246dfe36e0047de99211404d3a91723 P 130f68716b284bed9e6d03580244c442: Time spent bootstrapping tablet: real 0.047s	user 0.011s	sys 0.000s
I20260710 13:25:15.493628 23199 raft_consensus.cc:359] T 26d7a026948b48b88f791e1429f0cf38 P f8bcab9b4443435d90f38e86b1427833 [term 0 FOLLOWER]: Replica starting. Triggering 0 pending ops. Active config: opid_index: -1 OBSOLETE_local: false peers { permanent_uuid: "f8bcab9b4443435d90f38e86b1427833" member_type: VOTER last_known_addr { host: "127.21.97.65" port: 36739 } } peers { permanent_uuid: "bac9843702364445b06c1b28670eee34" member_type: VOTER last_known_addr { host: "127.21.97.66" port: 40419 } } peers { permanent_uuid: "130f68716b284bed9e6d03580244c442" member_type: VOTER last_known_addr { host: "127.21.97.67" port: 34951 } }
I20260710 13:25:15.494179 23199 raft_consensus.cc:385] T 26d7a026948b48b88f791e1429f0cf38 P f8bcab9b4443435d90f38e86b1427833 [term 0 FOLLOWER]: Consensus starting up: Expiring failure detector timer to make a prompt election more likely
I20260710 13:25:15.494433 23199 raft_consensus.cc:740] T 26d7a026948b48b88f791e1429f0cf38 P f8bcab9b4443435d90f38e86b1427833 [term 0 FOLLOWER]: Becoming Follower/Learner. State: Replica: f8bcab9b4443435d90f38e86b1427833, State: Initialized, Role: FOLLOWER
I20260710 13:25:15.495132 23199 consensus_queue.cc:260] T 26d7a026948b48b88f791e1429f0cf38 P f8bcab9b4443435d90f38e86b1427833 [NON_LEADER]: Queue going to NON_LEADER mode. State: All replicated index: 0, Majority replicated index: 0, Committed index: 0, Last appended: 0.0, Last appended by leader: 0, Current term: 0, Majority size: -1, State: 0, Mode: NON_LEADER, active raft config: opid_index: -1 OBSOLETE_local: false peers { permanent_uuid: "f8bcab9b4443435d90f38e86b1427833" member_type: VOTER last_known_addr { host: "127.21.97.65" port: 36739 } } peers { permanent_uuid: "bac9843702364445b06c1b28670eee34" member_type: VOTER last_known_addr { host: "127.21.97.66" port: 40419 } } peers { permanent_uuid: "130f68716b284bed9e6d03580244c442" member_type: VOTER last_known_addr { host: "127.21.97.67" port: 34951 } }
I20260710 13:25:15.496629 23200 tablet_bootstrap.cc:492] T cac93c8bf62e41ec8272a6f3d6650789 P bac9843702364445b06c1b28670eee34: No bootstrap required, opened a new log
I20260710 13:25:15.497057 23200 ts_tablet_manager.cc:1403] T cac93c8bf62e41ec8272a6f3d6650789 P bac9843702364445b06c1b28670eee34: Time spent bootstrapping tablet: real 0.022s	user 0.008s	sys 0.007s
I20260710 13:25:15.497334 23199 ts_tablet_manager.cc:1434] T 26d7a026948b48b88f791e1429f0cf38 P f8bcab9b4443435d90f38e86b1427833: Time spent starting tablet: real 0.007s	user 0.004s	sys 0.002s
I20260710 13:25:15.498349 23199 tablet_bootstrap.cc:492] T cac93c8bf62e41ec8272a6f3d6650789 P f8bcab9b4443435d90f38e86b1427833: Bootstrap starting.
I20260710 13:25:15.499806 23200 raft_consensus.cc:359] T cac93c8bf62e41ec8272a6f3d6650789 P bac9843702364445b06c1b28670eee34 [term 0 FOLLOWER]: Replica starting. Triggering 0 pending ops. Active config: opid_index: -1 OBSOLETE_local: false peers { permanent_uuid: "f8bcab9b4443435d90f38e86b1427833" member_type: VOTER last_known_addr { host: "127.21.97.65" port: 36739 } } peers { permanent_uuid: "bac9843702364445b06c1b28670eee34" member_type: VOTER last_known_addr { host: "127.21.97.66" port: 40419 } } peers { permanent_uuid: "130f68716b284bed9e6d03580244c442" member_type: VOTER last_known_addr { host: "127.21.97.67" port: 34951 } }
I20260710 13:25:15.500463 23200 raft_consensus.cc:385] T cac93c8bf62e41ec8272a6f3d6650789 P bac9843702364445b06c1b28670eee34 [term 0 FOLLOWER]: Consensus starting up: Expiring failure detector timer to make a prompt election more likely
I20260710 13:25:15.500738 23200 raft_consensus.cc:740] T cac93c8bf62e41ec8272a6f3d6650789 P bac9843702364445b06c1b28670eee34 [term 0 FOLLOWER]: Becoming Follower/Learner. State: Replica: bac9843702364445b06c1b28670eee34, State: Initialized, Role: FOLLOWER
I20260710 13:25:15.501588 23200 consensus_queue.cc:260] T cac93c8bf62e41ec8272a6f3d6650789 P bac9843702364445b06c1b28670eee34 [NON_LEADER]: Queue going to NON_LEADER mode. State: All replicated index: 0, Majority replicated index: 0, Committed index: 0, Last appended: 0.0, Last appended by leader: 0, Current term: 0, Majority size: -1, State: 0, Mode: NON_LEADER, active raft config: opid_index: -1 OBSOLETE_local: false peers { permanent_uuid: "f8bcab9b4443435d90f38e86b1427833" member_type: VOTER last_known_addr { host: "127.21.97.65" port: 36739 } } peers { permanent_uuid: "bac9843702364445b06c1b28670eee34" member_type: VOTER last_known_addr { host: "127.21.97.66" port: 40419 } } peers { permanent_uuid: "130f68716b284bed9e6d03580244c442" member_type: VOTER last_known_addr { host: "127.21.97.67" port: 34951 } }
I20260710 13:25:15.498340 23158 tablet_service.cc:1917] Received RequestConsensusVote() RPC: tablet_id: "2ac9227ec5fa4fd995dab50a0d79e72b" candidate_uuid: "f8bcab9b4443435d90f38e86b1427833" candidate_term: 1 candidate_status { last_received { term: 0 index: 0 } } ignore_live_leader: false dest_uuid: "130f68716b284bed9e6d03580244c442" is_pre_election: true
W20260710 13:25:15.504148 22973 leader_election.cc:343] T 2ac9227ec5fa4fd995dab50a0d79e72b P f8bcab9b4443435d90f38e86b1427833 [CANDIDATE]: Term 1 pre-election: Tablet error from VoteRequest() call to peer 130f68716b284bed9e6d03580244c442 (127.21.97.67:34951): Illegal state: must be running to vote when last-logged opid is not known
I20260710 13:25:15.504676 22973 leader_election.cc:304] T 2ac9227ec5fa4fd995dab50a0d79e72b P f8bcab9b4443435d90f38e86b1427833 [CANDIDATE]: Term 1 pre-election: Election decided. Result: candidate lost. Election summary: received 3 responses out of 3 voters: 1 yes votes; 2 no votes. yes voters: f8bcab9b4443435d90f38e86b1427833; no voters: 130f68716b284bed9e6d03580244c442, bac9843702364445b06c1b28670eee34
I20260710 13:25:15.505470 23199 tablet_bootstrap.cc:654] T cac93c8bf62e41ec8272a6f3d6650789 P f8bcab9b4443435d90f38e86b1427833: Neither blocks nor log segments found. Creating new log.
I20260710 13:25:15.505741 23204 raft_consensus.cc:2749] T 2ac9227ec5fa4fd995dab50a0d79e72b P f8bcab9b4443435d90f38e86b1427833 [term 0 FOLLOWER]: Leader pre-election lost for term 1. Reason: could not achieve majority
I20260710 13:25:15.506172 23200 ts_tablet_manager.cc:1434] T cac93c8bf62e41ec8272a6f3d6650789 P bac9843702364445b06c1b28670eee34: Time spent starting tablet: real 0.009s	user 0.003s	sys 0.004s
I20260710 13:25:15.507109 23200 tablet_bootstrap.cc:492] T 8aaf26c72b40409d8a87f402f23bc540 P bac9843702364445b06c1b28670eee34: Bootstrap starting.
I20260710 13:25:15.506829 23198 raft_consensus.cc:359] T 2246dfe36e0047de99211404d3a91723 P 130f68716b284bed9e6d03580244c442 [term 0 FOLLOWER]: Replica starting. Triggering 0 pending ops. Active config: opid_index: -1 OBSOLETE_local: false peers { permanent_uuid: "f8bcab9b4443435d90f38e86b1427833" member_type: VOTER last_known_addr { host: "127.21.97.65" port: 36739 } } peers { permanent_uuid: "bac9843702364445b06c1b28670eee34" member_type: VOTER last_known_addr { host: "127.21.97.66" port: 40419 } } peers { permanent_uuid: "130f68716b284bed9e6d03580244c442" member_type: VOTER last_known_addr { host: "127.21.97.67" port: 34951 } }
I20260710 13:25:15.507706 23198 raft_consensus.cc:385] T 2246dfe36e0047de99211404d3a91723 P 130f68716b284bed9e6d03580244c442 [term 0 FOLLOWER]: Consensus starting up: Expiring failure detector timer to make a prompt election more likely
I20260710 13:25:15.508080 23198 raft_consensus.cc:740] T 2246dfe36e0047de99211404d3a91723 P 130f68716b284bed9e6d03580244c442 [term 0 FOLLOWER]: Becoming Follower/Learner. State: Replica: 130f68716b284bed9e6d03580244c442, State: Initialized, Role: FOLLOWER
I20260710 13:25:15.508991 23198 consensus_queue.cc:260] T 2246dfe36e0047de99211404d3a91723 P 130f68716b284bed9e6d03580244c442 [NON_LEADER]: Queue going to NON_LEADER mode. State: All replicated index: 0, Majority replicated index: 0, Committed index: 0, Last appended: 0.0, Last appended by leader: 0, Current term: 0, Majority size: -1, State: 0, Mode: NON_LEADER, active raft config: opid_index: -1 OBSOLETE_local: false peers { permanent_uuid: "f8bcab9b4443435d90f38e86b1427833" member_type: VOTER last_known_addr { host: "127.21.97.65" port: 36739 } } peers { permanent_uuid: "bac9843702364445b06c1b28670eee34" member_type: VOTER last_known_addr { host: "127.21.97.66" port: 40419 } } peers { permanent_uuid: "130f68716b284bed9e6d03580244c442" member_type: VOTER last_known_addr { host: "127.21.97.67" port: 34951 } }
I20260710 13:25:15.511267 23198 ts_tablet_manager.cc:1434] T 2246dfe36e0047de99211404d3a91723 P 130f68716b284bed9e6d03580244c442: Time spent starting tablet: real 0.018s	user 0.006s	sys 0.000s
I20260710 13:25:15.514609 23200 tablet_bootstrap.cc:654] T 8aaf26c72b40409d8a87f402f23bc540 P bac9843702364445b06c1b28670eee34: Neither blocks nor log segments found. Creating new log.
I20260710 13:25:15.519806 23198 tablet_bootstrap.cc:492] T 1dac48dc4bec4cf7ac1478600d555074 P 130f68716b284bed9e6d03580244c442: Bootstrap starting.
I20260710 13:25:15.523058 23208 raft_consensus.cc:493] T 153039f6386141bf8a2910e82da1d76c P 130f68716b284bed9e6d03580244c442 [term 0 FOLLOWER]: Starting pre-election (no leader contacted us within the election timeout)
I20260710 13:25:15.523598 23208 raft_consensus.cc:515] T 153039f6386141bf8a2910e82da1d76c P 130f68716b284bed9e6d03580244c442 [term 0 FOLLOWER]: Starting pre-election with config: opid_index: -1 OBSOLETE_local: false peers { permanent_uuid: "f8bcab9b4443435d90f38e86b1427833" member_type: VOTER last_known_addr { host: "127.21.97.65" port: 36739 } } peers { permanent_uuid: "bac9843702364445b06c1b28670eee34" member_type: VOTER last_known_addr { host: "127.21.97.66" port: 40419 } } peers { permanent_uuid: "130f68716b284bed9e6d03580244c442" member_type: VOTER last_known_addr { host: "127.21.97.67" port: 34951 } }
I20260710 13:25:15.525768 23208 leader_election.cc:290] T 153039f6386141bf8a2910e82da1d76c P 130f68716b284bed9e6d03580244c442 [CANDIDATE]: Term 1 pre-election: Requested pre-vote from peers f8bcab9b4443435d90f38e86b1427833 (127.21.97.65:36739), bac9843702364445b06c1b28670eee34 (127.21.97.66:40419)
I20260710 13:25:15.527001 23198 tablet_bootstrap.cc:654] T 1dac48dc4bec4cf7ac1478600d555074 P 130f68716b284bed9e6d03580244c442: Neither blocks nor log segments found. Creating new log.
I20260710 13:25:15.527278 23084 tablet_service.cc:1917] Received RequestConsensusVote() RPC: tablet_id: "153039f6386141bf8a2910e82da1d76c" candidate_uuid: "130f68716b284bed9e6d03580244c442" candidate_term: 1 candidate_status { last_received { term: 0 index: 0 } } ignore_live_leader: false dest_uuid: "bac9843702364445b06c1b28670eee34" is_pre_election: true
W20260710 13:25:15.535455 23121 leader_election.cc:343] T 153039f6386141bf8a2910e82da1d76c P 130f68716b284bed9e6d03580244c442 [CANDIDATE]: Term 1 pre-election: Tablet error from VoteRequest() call to peer bac9843702364445b06c1b28670eee34 (127.21.97.66:40419): Illegal state: must be running to vote when last-logged opid is not known
I20260710 13:25:15.528824 23009 tablet_service.cc:1917] Received RequestConsensusVote() RPC: tablet_id: "153039f6386141bf8a2910e82da1d76c" candidate_uuid: "130f68716b284bed9e6d03580244c442" candidate_term: 1 candidate_status { last_received { term: 0 index: 0 } } ignore_live_leader: false dest_uuid: "f8bcab9b4443435d90f38e86b1427833" is_pre_election: true
I20260710 13:25:15.536128 23199 tablet_bootstrap.cc:492] T cac93c8bf62e41ec8272a6f3d6650789 P f8bcab9b4443435d90f38e86b1427833: No bootstrap required, opened a new log
I20260710 13:25:15.536203 23009 raft_consensus.cc:2468] T 153039f6386141bf8a2910e82da1d76c P f8bcab9b4443435d90f38e86b1427833 [term 0 FOLLOWER]: Leader pre-election vote request: Granting yes vote for candidate 130f68716b284bed9e6d03580244c442 in term 0.
I20260710 13:25:15.536646 23199 ts_tablet_manager.cc:1403] T cac93c8bf62e41ec8272a6f3d6650789 P f8bcab9b4443435d90f38e86b1427833: Time spent bootstrapping tablet: real 0.039s	user 0.018s	sys 0.006s
I20260710 13:25:15.537487 23124 leader_election.cc:304] T 153039f6386141bf8a2910e82da1d76c P 130f68716b284bed9e6d03580244c442 [CANDIDATE]: Term 1 pre-election: Election decided. Result: candidate won. Election summary: received 3 responses out of 3 voters: 2 yes votes; 1 no votes. yes voters: 130f68716b284bed9e6d03580244c442, f8bcab9b4443435d90f38e86b1427833; no voters: bac9843702364445b06c1b28670eee34
I20260710 13:25:15.538590 23208 raft_consensus.cc:2804] T 153039f6386141bf8a2910e82da1d76c P 130f68716b284bed9e6d03580244c442 [term 0 FOLLOWER]: Leader pre-election won for term 1
I20260710 13:25:15.538854 23208 raft_consensus.cc:493] T 153039f6386141bf8a2910e82da1d76c P 130f68716b284bed9e6d03580244c442 [term 0 FOLLOWER]: Starting leader election (no leader contacted us within the election timeout)
I20260710 13:25:15.539112 23208 raft_consensus.cc:3060] T 153039f6386141bf8a2910e82da1d76c P 130f68716b284bed9e6d03580244c442 [term 0 FOLLOWER]: Advancing to term 1
I20260710 13:25:15.539314 23199 raft_consensus.cc:359] T cac93c8bf62e41ec8272a6f3d6650789 P f8bcab9b4443435d90f38e86b1427833 [term 0 FOLLOWER]: Replica starting. Triggering 0 pending ops. Active config: opid_index: -1 OBSOLETE_local: false peers { permanent_uuid: "f8bcab9b4443435d90f38e86b1427833" member_type: VOTER last_known_addr { host: "127.21.97.65" port: 36739 } } peers { permanent_uuid: "bac9843702364445b06c1b28670eee34" member_type: VOTER last_known_addr { host: "127.21.97.66" port: 40419 } } peers { permanent_uuid: "130f68716b284bed9e6d03580244c442" member_type: VOTER last_known_addr { host: "127.21.97.67" port: 34951 } }
I20260710 13:25:15.540022 23199 raft_consensus.cc:385] T cac93c8bf62e41ec8272a6f3d6650789 P f8bcab9b4443435d90f38e86b1427833 [term 0 FOLLOWER]: Consensus starting up: Expiring failure detector timer to make a prompt election more likely
I20260710 13:25:15.540285 23199 raft_consensus.cc:740] T cac93c8bf62e41ec8272a6f3d6650789 P f8bcab9b4443435d90f38e86b1427833 [term 0 FOLLOWER]: Becoming Follower/Learner. State: Replica: f8bcab9b4443435d90f38e86b1427833, State: Initialized, Role: FOLLOWER
I20260710 13:25:15.540939 23199 consensus_queue.cc:260] T cac93c8bf62e41ec8272a6f3d6650789 P f8bcab9b4443435d90f38e86b1427833 [NON_LEADER]: Queue going to NON_LEADER mode. State: All replicated index: 0, Majority replicated index: 0, Committed index: 0, Last appended: 0.0, Last appended by leader: 0, Current term: 0, Majority size: -1, State: 0, Mode: NON_LEADER, active raft config: opid_index: -1 OBSOLETE_local: false peers { permanent_uuid: "f8bcab9b4443435d90f38e86b1427833" member_type: VOTER last_known_addr { host: "127.21.97.65" port: 36739 } } peers { permanent_uuid: "bac9843702364445b06c1b28670eee34" member_type: VOTER last_known_addr { host: "127.21.97.66" port: 40419 } } peers { permanent_uuid: "130f68716b284bed9e6d03580244c442" member_type: VOTER last_known_addr { host: "127.21.97.67" port: 34951 } }
I20260710 13:25:15.542866 23199 ts_tablet_manager.cc:1434] T cac93c8bf62e41ec8272a6f3d6650789 P f8bcab9b4443435d90f38e86b1427833: Time spent starting tablet: real 0.006s	user 0.007s	sys 0.000s
I20260710 13:25:15.544636 23199 tablet_bootstrap.cc:492] T 1dac48dc4bec4cf7ac1478600d555074 P f8bcab9b4443435d90f38e86b1427833: Bootstrap starting.
I20260710 13:25:15.544490 23208 raft_consensus.cc:515] T 153039f6386141bf8a2910e82da1d76c P 130f68716b284bed9e6d03580244c442 [term 1 FOLLOWER]: Starting leader election with config: opid_index: -1 OBSOLETE_local: false peers { permanent_uuid: "f8bcab9b4443435d90f38e86b1427833" member_type: VOTER last_known_addr { host: "127.21.97.65" port: 36739 } } peers { permanent_uuid: "bac9843702364445b06c1b28670eee34" member_type: VOTER last_known_addr { host: "127.21.97.66" port: 40419 } } peers { permanent_uuid: "130f68716b284bed9e6d03580244c442" member_type: VOTER last_known_addr { host: "127.21.97.67" port: 34951 } }
I20260710 13:25:15.547124 23009 tablet_service.cc:1917] Received RequestConsensusVote() RPC: tablet_id: "153039f6386141bf8a2910e82da1d76c" candidate_uuid: "130f68716b284bed9e6d03580244c442" candidate_term: 1 candidate_status { last_received { term: 0 index: 0 } } ignore_live_leader: false dest_uuid: "f8bcab9b4443435d90f38e86b1427833"
I20260710 13:25:15.547668 23009 raft_consensus.cc:3060] T 153039f6386141bf8a2910e82da1d76c P f8bcab9b4443435d90f38e86b1427833 [term 0 FOLLOWER]: Advancing to term 1
I20260710 13:25:15.550287 23204 raft_consensus.cc:493] T 2246dfe36e0047de99211404d3a91723 P f8bcab9b4443435d90f38e86b1427833 [term 0 FOLLOWER]: Starting pre-election (no leader contacted us within the election timeout)
I20260710 13:25:15.550541 23199 tablet_bootstrap.cc:654] T 1dac48dc4bec4cf7ac1478600d555074 P f8bcab9b4443435d90f38e86b1427833: Neither blocks nor log segments found. Creating new log.
I20260710 13:25:15.550736 23204 raft_consensus.cc:515] T 2246dfe36e0047de99211404d3a91723 P f8bcab9b4443435d90f38e86b1427833 [term 0 FOLLOWER]: Starting pre-election with config: opid_index: -1 OBSOLETE_local: false peers { permanent_uuid: "f8bcab9b4443435d90f38e86b1427833" member_type: VOTER last_known_addr { host: "127.21.97.65" port: 36739 } } peers { permanent_uuid: "bac9843702364445b06c1b28670eee34" member_type: VOTER last_known_addr { host: "127.21.97.66" port: 40419 } } peers { permanent_uuid: "130f68716b284bed9e6d03580244c442" member_type: VOTER last_known_addr { host: "127.21.97.67" port: 34951 } }
I20260710 13:25:15.552738 23204 leader_election.cc:290] T 2246dfe36e0047de99211404d3a91723 P f8bcab9b4443435d90f38e86b1427833 [CANDIDATE]: Term 1 pre-election: Requested pre-vote from peers bac9843702364445b06c1b28670eee34 (127.21.97.66:40419), 130f68716b284bed9e6d03580244c442 (127.21.97.67:34951)
I20260710 13:25:15.554620 23208 leader_election.cc:290] T 153039f6386141bf8a2910e82da1d76c P 130f68716b284bed9e6d03580244c442 [CANDIDATE]: Term 1 election: Requested vote from peers f8bcab9b4443435d90f38e86b1427833 (127.21.97.65:36739), bac9843702364445b06c1b28670eee34 (127.21.97.66:40419)
I20260710 13:25:15.554854 23084 tablet_service.cc:1917] Received RequestConsensusVote() RPC: tablet_id: "2246dfe36e0047de99211404d3a91723" candidate_uuid: "f8bcab9b4443435d90f38e86b1427833" candidate_term: 1 candidate_status { last_received { term: 0 index: 0 } } ignore_live_leader: false dest_uuid: "bac9843702364445b06c1b28670eee34" is_pre_election: true
I20260710 13:25:15.555027 23009 raft_consensus.cc:2468] T 153039f6386141bf8a2910e82da1d76c P f8bcab9b4443435d90f38e86b1427833 [term 1 FOLLOWER]: Leader election vote request: Granting yes vote for candidate 130f68716b284bed9e6d03580244c442 in term 1.
I20260710 13:25:15.533555 23200 tablet_bootstrap.cc:492] T 8aaf26c72b40409d8a87f402f23bc540 P bac9843702364445b06c1b28670eee34: No bootstrap required, opened a new log
I20260710 13:25:15.555725 23200 ts_tablet_manager.cc:1403] T 8aaf26c72b40409d8a87f402f23bc540 P bac9843702364445b06c1b28670eee34: Time spent bootstrapping tablet: real 0.049s	user 0.008s	sys 0.011s
W20260710 13:25:15.556480 22972 leader_election.cc:343] T 2246dfe36e0047de99211404d3a91723 P f8bcab9b4443435d90f38e86b1427833 [CANDIDATE]: Term 1 pre-election: Tablet error from VoteRequest() call to peer bac9843702364445b06c1b28670eee34 (127.21.97.66:40419): Illegal state: must be running to vote when last-logged opid is not known
I20260710 13:25:15.558162 23158 tablet_service.cc:1917] Received RequestConsensusVote() RPC: tablet_id: "2246dfe36e0047de99211404d3a91723" candidate_uuid: "f8bcab9b4443435d90f38e86b1427833" candidate_term: 1 candidate_status { last_received { term: 0 index: 0 } } ignore_live_leader: false dest_uuid: "130f68716b284bed9e6d03580244c442" is_pre_election: true
I20260710 13:25:15.558040 23200 raft_consensus.cc:359] T 8aaf26c72b40409d8a87f402f23bc540 P bac9843702364445b06c1b28670eee34 [term 0 FOLLOWER]: Replica starting. Triggering 0 pending ops. Active config: opid_index: -1 OBSOLETE_local: false peers { permanent_uuid: "f8bcab9b4443435d90f38e86b1427833" member_type: VOTER last_known_addr { host: "127.21.97.65" port: 36739 } } peers { permanent_uuid: "bac9843702364445b06c1b28670eee34" member_type: VOTER last_known_addr { host: "127.21.97.66" port: 40419 } } peers { permanent_uuid: "130f68716b284bed9e6d03580244c442" member_type: VOTER last_known_addr { host: "127.21.97.67" port: 34951 } }
I20260710 13:25:15.558458 23124 leader_election.cc:304] T 153039f6386141bf8a2910e82da1d76c P 130f68716b284bed9e6d03580244c442 [CANDIDATE]: Term 1 election: Election decided. Result: candidate won. Election summary: received 2 responses out of 3 voters: 2 yes votes; 0 no votes. yes voters: 130f68716b284bed9e6d03580244c442, f8bcab9b4443435d90f38e86b1427833; no voters: 
I20260710 13:25:15.558768 23200 raft_consensus.cc:385] T 8aaf26c72b40409d8a87f402f23bc540 P bac9843702364445b06c1b28670eee34 [term 0 FOLLOWER]: Consensus starting up: Expiring failure detector timer to make a prompt election more likely
I20260710 13:25:15.558856 23158 raft_consensus.cc:2468] T 2246dfe36e0047de99211404d3a91723 P 130f68716b284bed9e6d03580244c442 [term 0 FOLLOWER]: Leader pre-election vote request: Granting yes vote for candidate f8bcab9b4443435d90f38e86b1427833 in term 0.
I20260710 13:25:15.559512 23200 raft_consensus.cc:740] T 8aaf26c72b40409d8a87f402f23bc540 P bac9843702364445b06c1b28670eee34 [term 0 FOLLOWER]: Becoming Follower/Learner. State: Replica: bac9843702364445b06c1b28670eee34, State: Initialized, Role: FOLLOWER
I20260710 13:25:15.559196 23208 raft_consensus.cc:2804] T 153039f6386141bf8a2910e82da1d76c P 130f68716b284bed9e6d03580244c442 [term 1 FOLLOWER]: Leader election won for term 1
I20260710 13:25:15.560364 23200 consensus_queue.cc:260] T 8aaf26c72b40409d8a87f402f23bc540 P bac9843702364445b06c1b28670eee34 [NON_LEADER]: Queue going to NON_LEADER mode. State: All replicated index: 0, Majority replicated index: 0, Committed index: 0, Last appended: 0.0, Last appended by leader: 0, Current term: 0, Majority size: -1, State: 0, Mode: NON_LEADER, active raft config: opid_index: -1 OBSOLETE_local: false peers { permanent_uuid: "f8bcab9b4443435d90f38e86b1427833" member_type: VOTER last_known_addr { host: "127.21.97.65" port: 36739 } } peers { permanent_uuid: "bac9843702364445b06c1b28670eee34" member_type: VOTER last_known_addr { host: "127.21.97.66" port: 40419 } } peers { permanent_uuid: "130f68716b284bed9e6d03580244c442" member_type: VOTER last_known_addr { host: "127.21.97.67" port: 34951 } }
I20260710 13:25:15.560698 22973 leader_election.cc:304] T 2246dfe36e0047de99211404d3a91723 P f8bcab9b4443435d90f38e86b1427833 [CANDIDATE]: Term 1 pre-election: Election decided. Result: candidate won. Election summary: received 3 responses out of 3 voters: 2 yes votes; 1 no votes. yes voters: 130f68716b284bed9e6d03580244c442, f8bcab9b4443435d90f38e86b1427833; no voters: bac9843702364445b06c1b28670eee34
I20260710 13:25:15.559566 23084 tablet_service.cc:1917] Received RequestConsensusVote() RPC: tablet_id: "153039f6386141bf8a2910e82da1d76c" candidate_uuid: "130f68716b284bed9e6d03580244c442" candidate_term: 1 candidate_status { last_received { term: 0 index: 0 } } ignore_live_leader: false dest_uuid: "bac9843702364445b06c1b28670eee34"
I20260710 13:25:15.562323 23199 tablet_bootstrap.cc:492] T 1dac48dc4bec4cf7ac1478600d555074 P f8bcab9b4443435d90f38e86b1427833: No bootstrap required, opened a new log
I20260710 13:25:15.562487 23200 ts_tablet_manager.cc:1434] T 8aaf26c72b40409d8a87f402f23bc540 P bac9843702364445b06c1b28670eee34: Time spent starting tablet: real 0.006s	user 0.006s	sys 0.000s
I20260710 13:25:15.562731 23199 ts_tablet_manager.cc:1403] T 1dac48dc4bec4cf7ac1478600d555074 P f8bcab9b4443435d90f38e86b1427833: Time spent bootstrapping tablet: real 0.018s	user 0.013s	sys 0.004s
W20260710 13:25:15.562876 23121 leader_election.cc:343] T 153039f6386141bf8a2910e82da1d76c P 130f68716b284bed9e6d03580244c442 [CANDIDATE]: Term 1 election: Tablet error from VoteRequest() call to peer bac9843702364445b06c1b28670eee34 (127.21.97.66:40419): Illegal state: must be running to vote when last-logged opid is not known
I20260710 13:25:15.563417 23200 tablet_bootstrap.cc:492] T 153039f6386141bf8a2910e82da1d76c P bac9843702364445b06c1b28670eee34: Bootstrap starting.
I20260710 13:25:15.563706 23204 raft_consensus.cc:2804] T 2246dfe36e0047de99211404d3a91723 P f8bcab9b4443435d90f38e86b1427833 [term 0 FOLLOWER]: Leader pre-election won for term 1
I20260710 13:25:15.564057 23204 raft_consensus.cc:493] T 2246dfe36e0047de99211404d3a91723 P f8bcab9b4443435d90f38e86b1427833 [term 0 FOLLOWER]: Starting leader election (no leader contacted us within the election timeout)
I20260710 13:25:15.564379 23204 raft_consensus.cc:3060] T 2246dfe36e0047de99211404d3a91723 P f8bcab9b4443435d90f38e86b1427833 [term 0 FOLLOWER]: Advancing to term 1
I20260710 13:25:15.565796 23207 raft_consensus.cc:493] T c3b9aa31d1ae47f5b40f1559e312bd87 P 130f68716b284bed9e6d03580244c442 [term 0 FOLLOWER]: Starting pre-election (no leader contacted us within the election timeout)
I20260710 13:25:15.566248 23207 raft_consensus.cc:515] T c3b9aa31d1ae47f5b40f1559e312bd87 P 130f68716b284bed9e6d03580244c442 [term 0 FOLLOWER]: Starting pre-election with config: opid_index: -1 OBSOLETE_local: false peers { permanent_uuid: "f8bcab9b4443435d90f38e86b1427833" member_type: VOTER last_known_addr { host: "127.21.97.65" port: 36739 } } peers { permanent_uuid: "bac9843702364445b06c1b28670eee34" member_type: VOTER last_known_addr { host: "127.21.97.66" port: 40419 } } peers { permanent_uuid: "130f68716b284bed9e6d03580244c442" member_type: VOTER last_known_addr { host: "127.21.97.67" port: 34951 } }
I20260710 13:25:15.568140 23207 leader_election.cc:290] T c3b9aa31d1ae47f5b40f1559e312bd87 P 130f68716b284bed9e6d03580244c442 [CANDIDATE]: Term 1 pre-election: Requested pre-vote from peers f8bcab9b4443435d90f38e86b1427833 (127.21.97.65:36739), bac9843702364445b06c1b28670eee34 (127.21.97.66:40419)
I20260710 13:25:15.569919 23200 tablet_bootstrap.cc:654] T 153039f6386141bf8a2910e82da1d76c P bac9843702364445b06c1b28670eee34: Neither blocks nor log segments found. Creating new log.
