I20260710 13:25:25.275492 28634 raft_consensus.cc:2955] T b906350a71f74ca9b5587ab0497f7731 P 9bfa891db6f043f4a5ee0552a4be166d [term 1 FOLLOWER]: Committing config change with OpId 1.2: config changed from index -1 to 2, NON_VOTER b6dd38826ac04df88f081f49de6ec533 (127.26.200.196) added. New config: { opid_index: 2 OBSOLETE_local: false peers { permanent_uuid: "07c7e3c9170248d8abf366328ffe7efd" member_type: VOTER last_known_addr { host: "127.26.200.193" port: 44505 } } peers { permanent_uuid: "9bfa891db6f043f4a5ee0552a4be166d" member_type: VOTER last_known_addr { host: "127.26.200.194" port: 35587 } attrs { replace: true } } peers { permanent_uuid: "eee26aa70d4a4259b5d27798524091b4" member_type: VOTER last_known_addr { host: "127.26.200.195" port: 39265 } } peers { permanent_uuid: "b6dd38826ac04df88f081f49de6ec533" member_type: NON_VOTER last_known_addr { host: "127.26.200.196" port: 37925 } attrs { promote: true } } }
I20260710 13:25:25.275492 28706 raft_consensus.cc:2955] T b906350a71f74ca9b5587ab0497f7731 P eee26aa70d4a4259b5d27798524091b4 [term 1 FOLLOWER]: Committing config change with OpId 1.2: config changed from index -1 to 2, NON_VOTER b6dd38826ac04df88f081f49de6ec533 (127.26.200.196) added. New config: { opid_index: 2 OBSOLETE_local: false peers { permanent_uuid: "07c7e3c9170248d8abf366328ffe7efd" member_type: VOTER last_known_addr { host: "127.26.200.193" port: 44505 } } peers { permanent_uuid: "9bfa891db6f043f4a5ee0552a4be166d" member_type: VOTER last_known_addr { host: "127.26.200.194" port: 35587 } attrs { replace: true } } peers { permanent_uuid: "eee26aa70d4a4259b5d27798524091b4" member_type: VOTER last_known_addr { host: "127.26.200.195" port: 39265 } } peers { permanent_uuid: "b6dd38826ac04df88f081f49de6ec533" member_type: NON_VOTER last_known_addr { host: "127.26.200.196" port: 37925 } attrs { promote: true } } }
I20260710 13:25:25.287261 28456 catalog_manager.cc:5697] T b906350a71f74ca9b5587ab0497f7731 P 07c7e3c9170248d8abf366328ffe7efd reported cstate change: config changed from index -1 to 2, NON_VOTER b6dd38826ac04df88f081f49de6ec533 (127.26.200.196) added. New cstate: current_term: 1 leader_uuid: "07c7e3c9170248d8abf366328ffe7efd" committed_config { opid_index: 2 OBSOLETE_local: false peers { permanent_uuid: "07c7e3c9170248d8abf366328ffe7efd" member_type: VOTER last_known_addr { host: "127.26.200.193" port: 44505 } health_report { overall_health: HEALTHY } } peers { permanent_uuid: "9bfa891db6f043f4a5ee0552a4be166d" member_type: VOTER last_known_addr { host: "127.26.200.194" port: 35587 } attrs { replace: true } health_report { overall_health: HEALTHY } } peers { permanent_uuid: "eee26aa70d4a4259b5d27798524091b4" member_type: VOTER last_known_addr { host: "127.26.200.195" port: 39265 } health_report { overall_health: HEALTHY } } peers { permanent_uuid: "b6dd38826ac04df88f081f49de6ec533" member_type: NON_VOTER last_known_addr { host: "127.26.200.196" port: 37925 } attrs { promote: true } health_report { overall_health: UNKNOWN } } }
I20260710 13:25:25.288318 28558 consensus_queue.cc:237] T ea54595e4c374626baa51df79186b7f1 P 07c7e3c9170248d8abf366328ffe7efd [LEADER]: Queue going to LEADER mode. State: All replicated index: 0, Majority replicated index: 1, Committed index: 1, Last appended: 1.1, Last appended by leader: 0, Current term: 1, Majority size: 2, State: 0, Mode: LEADER, active raft config: opid_index: 2 OBSOLETE_local: false peers { permanent_uuid: "07c7e3c9170248d8abf366328ffe7efd" member_type: VOTER last_known_addr { host: "127.26.200.193" port: 44505 } } peers { permanent_uuid: "9bfa891db6f043f4a5ee0552a4be166d" member_type: VOTER last_known_addr { host: "127.26.200.194" port: 35587 } } peers { permanent_uuid: "eee26aa70d4a4259b5d27798524091b4" member_type: VOTER last_known_addr { host: "127.26.200.195" port: 39265 } attrs { replace: true } } peers { permanent_uuid: "b6dd38826ac04df88f081f49de6ec533" member_type: NON_VOTER last_known_addr { host: "127.26.200.196" port: 37925 } attrs { promote: true } }
I20260710 13:25:25.297992 28706 raft_consensus.cc:1275] T ea54595e4c374626baa51df79186b7f1 P eee26aa70d4a4259b5d27798524091b4 [term 1 FOLLOWER]: Refusing update from remote peer 07c7e3c9170248d8abf366328ffe7efd: Log matching property violated. Preceding OpId in replica: term: 1 index: 1. Preceding OpId from leader: term: 1 index: 2. (index mismatch)
W20260710 13:25:25.299088 28523 consensus_peers.cc:597] T ea54595e4c374626baa51df79186b7f1 P 07c7e3c9170248d8abf366328ffe7efd -> Peer b6dd38826ac04df88f081f49de6ec533 (127.26.200.196:37925): Couldn't send request to peer b6dd38826ac04df88f081f49de6ec533. Error code: TABLET_NOT_FOUND (6). Status: Not found: Tablet not found: ea54595e4c374626baa51df79186b7f1. This is attempt 1: this message will repeat every 5th retry.
I20260710 13:25:25.300235 29138 consensus_queue.cc:1048] T ea54595e4c374626baa51df79186b7f1 P 07c7e3c9170248d8abf366328ffe7efd [LEADER]: Connected to new peer: Peer: permanent_uuid: "eee26aa70d4a4259b5d27798524091b4" member_type: VOTER last_known_addr { host: "127.26.200.195" port: 39265 } attrs { replace: true }, Status: LMP_MISMATCH, Last received: 0.0, Next index: 2, Last known committed idx: 1, Time since last communication: 0.000s
I20260710 13:25:25.301133 28634 raft_consensus.cc:1275] T ea54595e4c374626baa51df79186b7f1 P 9bfa891db6f043f4a5ee0552a4be166d [term 1 FOLLOWER]: Refusing update from remote peer 07c7e3c9170248d8abf366328ffe7efd: Log matching property violated. Preceding OpId in replica: term: 1 index: 1. Preceding OpId from leader: term: 1 index: 2. (index mismatch)
I20260710 13:25:25.302659 29088 consensus_queue.cc:1048] T ea54595e4c374626baa51df79186b7f1 P 07c7e3c9170248d8abf366328ffe7efd [LEADER]: Connected to new peer: Peer: permanent_uuid: "9bfa891db6f043f4a5ee0552a4be166d" member_type: VOTER last_known_addr { host: "127.26.200.194" port: 35587 }, Status: LMP_MISMATCH, Last received: 0.0, Next index: 2, Last known committed idx: 1, Time since last communication: 0.000s
I20260710 13:25:25.309190 29139 raft_consensus.cc:2955] T ea54595e4c374626baa51df79186b7f1 P 07c7e3c9170248d8abf366328ffe7efd [term 1 LEADER]: Committing config change with OpId 1.2: config changed from index -1 to 2, NON_VOTER b6dd38826ac04df88f081f49de6ec533 (127.26.200.196) added. New config: { opid_index: 2 OBSOLETE_local: false peers { permanent_uuid: "07c7e3c9170248d8abf366328ffe7efd" member_type: VOTER last_known_addr { host: "127.26.200.193" port: 44505 } } peers { permanent_uuid: "9bfa891db6f043f4a5ee0552a4be166d" member_type: VOTER last_known_addr { host: "127.26.200.194" port: 35587 } } peers { permanent_uuid: "eee26aa70d4a4259b5d27798524091b4" member_type: VOTER last_known_addr { host: "127.26.200.195" port: 39265 } attrs { replace: true } } peers { permanent_uuid: "b6dd38826ac04df88f081f49de6ec533" member_type: NON_VOTER last_known_addr { host: "127.26.200.196" port: 37925 } attrs { promote: true } } }
I20260710 13:25:25.310909 28706 raft_consensus.cc:2955] T ea54595e4c374626baa51df79186b7f1 P eee26aa70d4a4259b5d27798524091b4 [term 1 FOLLOWER]: Committing config change with OpId 1.2: config changed from index -1 to 2, NON_VOTER b6dd38826ac04df88f081f49de6ec533 (127.26.200.196) added. New config: { opid_index: 2 OBSOLETE_local: false peers { permanent_uuid: "07c7e3c9170248d8abf366328ffe7efd" member_type: VOTER last_known_addr { host: "127.26.200.193" port: 44505 } } peers { permanent_uuid: "9bfa891db6f043f4a5ee0552a4be166d" member_type: VOTER last_known_addr { host: "127.26.200.194" port: 35587 } } peers { permanent_uuid: "eee26aa70d4a4259b5d27798524091b4" member_type: VOTER last_known_addr { host: "127.26.200.195" port: 39265 } attrs { replace: true } } peers { permanent_uuid: "b6dd38826ac04df88f081f49de6ec533" member_type: NON_VOTER last_known_addr { host: "127.26.200.196" port: 37925 } attrs { promote: true } } }
I20260710 13:25:25.313534 28634 raft_consensus.cc:2955] T ea54595e4c374626baa51df79186b7f1 P 9bfa891db6f043f4a5ee0552a4be166d [term 1 FOLLOWER]: Committing config change with OpId 1.2: config changed from index -1 to 2, NON_VOTER b6dd38826ac04df88f081f49de6ec533 (127.26.200.196) added. New config: { opid_index: 2 OBSOLETE_local: false peers { permanent_uuid: "07c7e3c9170248d8abf366328ffe7efd" member_type: VOTER last_known_addr { host: "127.26.200.193" port: 44505 } } peers { permanent_uuid: "9bfa891db6f043f4a5ee0552a4be166d" member_type: VOTER last_known_addr { host: "127.26.200.194" port: 35587 } } peers { permanent_uuid: "eee26aa70d4a4259b5d27798524091b4" member_type: VOTER last_known_addr { host: "127.26.200.195" port: 39265 } attrs { replace: true } } peers { permanent_uuid: "b6dd38826ac04df88f081f49de6ec533" member_type: NON_VOTER last_known_addr { host: "127.26.200.196" port: 37925 } attrs { promote: true } } }
I20260710 13:25:25.339697 28558 consensus_queue.cc:237] T 73ff8ca1b20d44d1a34601c69ffc22a4 P 07c7e3c9170248d8abf366328ffe7efd [LEADER]: Queue going to LEADER mode. State: All replicated index: 0, Majority replicated index: 1, Committed index: 1, Last appended: 1.1, Last appended by leader: 0, Current term: 1, Majority size: 2, State: 0, Mode: LEADER, active raft config: opid_index: 2 OBSOLETE_local: false peers { permanent_uuid: "07c7e3c9170248d8abf366328ffe7efd" member_type: VOTER last_known_addr { host: "127.26.200.193" port: 44505 } } peers { permanent_uuid: "9bfa891db6f043f4a5ee0552a4be166d" member_type: VOTER last_known_addr { host: "127.26.200.194" port: 35587 } attrs { replace: true } } peers { permanent_uuid: "eee26aa70d4a4259b5d27798524091b4" member_type: VOTER last_known_addr { host: "127.26.200.195" port: 39265 } } peers { permanent_uuid: "b6dd38826ac04df88f081f49de6ec533" member_type: NON_VOTER last_known_addr { host: "127.26.200.196" port: 37925 } attrs { promote: true } }
I20260710 13:25:25.341264 28458 catalog_manager.cc:5697] T ea54595e4c374626baa51df79186b7f1 P eee26aa70d4a4259b5d27798524091b4 reported cstate change: config changed from index -1 to 2, NON_VOTER b6dd38826ac04df88f081f49de6ec533 (127.26.200.196) added. New cstate: current_term: 1 leader_uuid: "07c7e3c9170248d8abf366328ffe7efd" committed_config { opid_index: 2 OBSOLETE_local: false peers { permanent_uuid: "07c7e3c9170248d8abf366328ffe7efd" member_type: VOTER last_known_addr { host: "127.26.200.193" port: 44505 } } peers { permanent_uuid: "9bfa891db6f043f4a5ee0552a4be166d" member_type: VOTER last_known_addr { host: "127.26.200.194" port: 35587 } } peers { permanent_uuid: "eee26aa70d4a4259b5d27798524091b4" member_type: VOTER last_known_addr { host: "127.26.200.195" port: 39265 } attrs { replace: true } } peers { permanent_uuid: "b6dd38826ac04df88f081f49de6ec533" member_type: NON_VOTER last_known_addr { host: "127.26.200.196" port: 37925 } attrs { promote: true } } }
I20260710 13:25:25.347397 28706 raft_consensus.cc:1275] T 73ff8ca1b20d44d1a34601c69ffc22a4 P eee26aa70d4a4259b5d27798524091b4 [term 1 FOLLOWER]: Refusing update from remote peer 07c7e3c9170248d8abf366328ffe7efd: Log matching property violated. Preceding OpId in replica: term: 1 index: 1. Preceding OpId from leader: term: 1 index: 2. (index mismatch)
W20260710 13:25:25.348194 28523 consensus_peers.cc:597] T 73ff8ca1b20d44d1a34601c69ffc22a4 P 07c7e3c9170248d8abf366328ffe7efd -> Peer b6dd38826ac04df88f081f49de6ec533 (127.26.200.196:37925): Couldn't send request to peer b6dd38826ac04df88f081f49de6ec533. Error code: TABLET_NOT_FOUND (6). Status: Not found: Tablet not found: 73ff8ca1b20d44d1a34601c69ffc22a4. This is attempt 1: this message will repeat every 5th retry.
I20260710 13:25:25.349354 28633 raft_consensus.cc:1275] T 73ff8ca1b20d44d1a34601c69ffc22a4 P 9bfa891db6f043f4a5ee0552a4be166d [term 1 FOLLOWER]: Refusing update from remote peer 07c7e3c9170248d8abf366328ffe7efd: Log matching property violated. Preceding OpId in replica: term: 1 index: 1. Preceding OpId from leader: term: 1 index: 2. (index mismatch)
I20260710 13:25:25.350785 29138 consensus_queue.cc:1048] T 73ff8ca1b20d44d1a34601c69ffc22a4 P 07c7e3c9170248d8abf366328ffe7efd [LEADER]: Connected to new peer: Peer: permanent_uuid: "eee26aa70d4a4259b5d27798524091b4" member_type: VOTER last_known_addr { host: "127.26.200.195" port: 39265 }, Status: LMP_MISMATCH, Last received: 0.0, Next index: 2, Last known committed idx: 1, Time since last communication: 0.000s
I20260710 13:25:25.352041 29139 consensus_queue.cc:1048] T 73ff8ca1b20d44d1a34601c69ffc22a4 P 07c7e3c9170248d8abf366328ffe7efd [LEADER]: Connected to new peer: Peer: permanent_uuid: "9bfa891db6f043f4a5ee0552a4be166d" member_type: VOTER last_known_addr { host: "127.26.200.194" port: 35587 } attrs { replace: true }, Status: LMP_MISMATCH, Last received: 0.0, Next index: 2, Last known committed idx: 1, Time since last communication: 0.000s
I20260710 13:25:25.363566 29088 raft_consensus.cc:2955] T 73ff8ca1b20d44d1a34601c69ffc22a4 P 07c7e3c9170248d8abf366328ffe7efd [term 1 LEADER]: Committing config change with OpId 1.2: config changed from index -1 to 2, NON_VOTER b6dd38826ac04df88f081f49de6ec533 (127.26.200.196) added. New config: { opid_index: 2 OBSOLETE_local: false peers { permanent_uuid: "07c7e3c9170248d8abf366328ffe7efd" member_type: VOTER last_known_addr { host: "127.26.200.193" port: 44505 } } peers { permanent_uuid: "9bfa891db6f043f4a5ee0552a4be166d" member_type: VOTER last_known_addr { host: "127.26.200.194" port: 35587 } attrs { replace: true } } peers { permanent_uuid: "eee26aa70d4a4259b5d27798524091b4" member_type: VOTER last_known_addr { host: "127.26.200.195" port: 39265 } } peers { permanent_uuid: "b6dd38826ac04df88f081f49de6ec533" member_type: NON_VOTER last_known_addr { host: "127.26.200.196" port: 37925 } attrs { promote: true } } }
I20260710 13:25:25.370184 28633 raft_consensus.cc:2955] T 73ff8ca1b20d44d1a34601c69ffc22a4 P 9bfa891db6f043f4a5ee0552a4be166d [term 1 FOLLOWER]: Committing config change with OpId 1.2: config changed from index -1 to 2, NON_VOTER b6dd38826ac04df88f081f49de6ec533 (127.26.200.196) added. New config: { opid_index: 2 OBSOLETE_local: false peers { permanent_uuid: "07c7e3c9170248d8abf366328ffe7efd" member_type: VOTER last_known_addr { host: "127.26.200.193" port: 44505 } } peers { permanent_uuid: "9bfa891db6f043f4a5ee0552a4be166d" member_type: VOTER last_known_addr { host: "127.26.200.194" port: 35587 } attrs { replace: true } } peers { permanent_uuid: "eee26aa70d4a4259b5d27798524091b4" member_type: VOTER last_known_addr { host: "127.26.200.195" port: 39265 } } peers { permanent_uuid: "b6dd38826ac04df88f081f49de6ec533" member_type: NON_VOTER last_known_addr { host: "127.26.200.196" port: 37925 } attrs { promote: true } } }
I20260710 13:25:25.373389 28706 raft_consensus.cc:2955] T 73ff8ca1b20d44d1a34601c69ffc22a4 P eee26aa70d4a4259b5d27798524091b4 [term 1 FOLLOWER]: Committing config change with OpId 1.2: config changed from index -1 to 2, NON_VOTER b6dd38826ac04df88f081f49de6ec533 (127.26.200.196) added. New config: { opid_index: 2 OBSOLETE_local: false peers { permanent_uuid: "07c7e3c9170248d8abf366328ffe7efd" member_type: VOTER last_known_addr { host: "127.26.200.193" port: 44505 } } peers { permanent_uuid: "9bfa891db6f043f4a5ee0552a4be166d" member_type: VOTER last_known_addr { host: "127.26.200.194" port: 35587 } attrs { replace: true } } peers { permanent_uuid: "eee26aa70d4a4259b5d27798524091b4" member_type: VOTER last_known_addr { host: "127.26.200.195" port: 39265 } } peers { permanent_uuid: "b6dd38826ac04df88f081f49de6ec533" member_type: NON_VOTER last_known_addr { host: "127.26.200.196" port: 37925 } attrs { promote: true } } }
I20260710 13:25:25.377888 28707 consensus_queue.cc:237] T 020ffe0463774ba8a466fd8fd640826c P eee26aa70d4a4259b5d27798524091b4 [LEADER]: Queue going to LEADER mode. State: All replicated index: 0, Majority replicated index: 1, Committed index: 1, Last appended: 1.1, Last appended by leader: 0, Current term: 1, Majority size: 2, State: 0, Mode: LEADER, active raft config: opid_index: 2 OBSOLETE_local: false peers { permanent_uuid: "07c7e3c9170248d8abf366328ffe7efd" member_type: VOTER last_known_addr { host: "127.26.200.193" port: 44505 } attrs { replace: true } } peers { permanent_uuid: "9bfa891db6f043f4a5ee0552a4be166d" member_type: VOTER last_known_addr { host: "127.26.200.194" port: 35587 } } peers { permanent_uuid: "eee26aa70d4a4259b5d27798524091b4" member_type: VOTER last_known_addr { host: "127.26.200.195" port: 39265 } } peers { permanent_uuid: "b6dd38826ac04df88f081f49de6ec533" member_type: NON_VOTER last_known_addr { host: "127.26.200.196" port: 37925 } attrs { promote: true } }
I20260710 13:25:25.378209 28458 catalog_manager.cc:5697] T 73ff8ca1b20d44d1a34601c69ffc22a4 P 07c7e3c9170248d8abf366328ffe7efd reported cstate change: config changed from index -1 to 2, NON_VOTER b6dd38826ac04df88f081f49de6ec533 (127.26.200.196) added. New cstate: current_term: 1 leader_uuid: "07c7e3c9170248d8abf366328ffe7efd" committed_config { opid_index: 2 OBSOLETE_local: false peers { permanent_uuid: "07c7e3c9170248d8abf366328ffe7efd" member_type: VOTER last_known_addr { host: "127.26.200.193" port: 44505 } health_report { overall_health: HEALTHY } } peers { permanent_uuid: "9bfa891db6f043f4a5ee0552a4be166d" member_type: VOTER last_known_addr { host: "127.26.200.194" port: 35587 } attrs { replace: true } health_report { overall_health: HEALTHY } } peers { permanent_uuid: "eee26aa70d4a4259b5d27798524091b4" member_type: VOTER last_known_addr { host: "127.26.200.195" port: 39265 } health_report { overall_health: HEALTHY } } peers { permanent_uuid: "b6dd38826ac04df88f081f49de6ec533" member_type: NON_VOTER last_known_addr { host: "127.26.200.196" port: 37925 } attrs { promote: true } health_report { overall_health: UNKNOWN } } }
I20260710 13:25:25.388933 28633 raft_consensus.cc:1275] T 020ffe0463774ba8a466fd8fd640826c P 9bfa891db6f043f4a5ee0552a4be166d [term 1 FOLLOWER]: Refusing update from remote peer eee26aa70d4a4259b5d27798524091b4: Log matching property violated. Preceding OpId in replica: term: 1 index: 1. Preceding OpId from leader: term: 1 index: 2. (index mismatch)
I20260710 13:25:25.390481 29016 consensus_queue.cc:1048] T 020ffe0463774ba8a466fd8fd640826c P eee26aa70d4a4259b5d27798524091b4 [LEADER]: Connected to new peer: Peer: permanent_uuid: "9bfa891db6f043f4a5ee0552a4be166d" member_type: VOTER last_known_addr { host: "127.26.200.194" port: 35587 }, Status: LMP_MISMATCH, Last received: 0.0, Next index: 2, Last known committed idx: 1, Time since last communication: 0.000s
W20260710 13:25:25.391256 28672 consensus_peers.cc:597] T 020ffe0463774ba8a466fd8fd640826c P eee26aa70d4a4259b5d27798524091b4 -> Peer b6dd38826ac04df88f081f49de6ec533 (127.26.200.196:37925): Couldn't send request to peer b6dd38826ac04df88f081f49de6ec533. Error code: TABLET_NOT_FOUND (6). Status: Not found: Tablet not found: 020ffe0463774ba8a466fd8fd640826c. This is attempt 1: this message will repeat every 5th retry.
I20260710 13:25:25.391405 28558 raft_consensus.cc:1275] T 020ffe0463774ba8a466fd8fd640826c P 07c7e3c9170248d8abf366328ffe7efd [term 1 FOLLOWER]: Refusing update from remote peer eee26aa70d4a4259b5d27798524091b4: Log matching property violated. Preceding OpId in replica: term: 1 index: 1. Preceding OpId from leader: term: 1 index: 2. (index mismatch)
I20260710 13:25:25.392668 29016 consensus_queue.cc:1048] T 020ffe0463774ba8a466fd8fd640826c P eee26aa70d4a4259b5d27798524091b4 [LEADER]: Connected to new peer: Peer: permanent_uuid: "07c7e3c9170248d8abf366328ffe7efd" member_type: VOTER last_known_addr { host: "127.26.200.193" port: 44505 } attrs { replace: true }, Status: LMP_MISMATCH, Last received: 0.0, Next index: 2, Last known committed idx: 1, Time since last communication: 0.000s
I20260710 13:25:25.404106 29119 raft_consensus.cc:2955] T 020ffe0463774ba8a466fd8fd640826c P eee26aa70d4a4259b5d27798524091b4 [term 1 LEADER]: Committing config change with OpId 1.2: config changed from index -1 to 2, NON_VOTER b6dd38826ac04df88f081f49de6ec533 (127.26.200.196) added. New config: { opid_index: 2 OBSOLETE_local: false peers { permanent_uuid: "07c7e3c9170248d8abf366328ffe7efd" member_type: VOTER last_known_addr { host: "127.26.200.193" port: 44505 } attrs { replace: true } } peers { permanent_uuid: "9bfa891db6f043f4a5ee0552a4be166d" member_type: VOTER last_known_addr { host: "127.26.200.194" port: 35587 } } peers { permanent_uuid: "eee26aa70d4a4259b5d27798524091b4" member_type: VOTER last_known_addr { host: "127.26.200.195" port: 39265 } } peers { permanent_uuid: "b6dd38826ac04df88f081f49de6ec533" member_type: NON_VOTER last_known_addr { host: "127.26.200.196" port: 37925 } attrs { promote: true } } }
I20260710 13:25:25.405750 28633 raft_consensus.cc:2955] T 020ffe0463774ba8a466fd8fd640826c P 9bfa891db6f043f4a5ee0552a4be166d [term 1 FOLLOWER]: Committing config change with OpId 1.2: config changed from index -1 to 2, NON_VOTER b6dd38826ac04df88f081f49de6ec533 (127.26.200.196) added. New config: { opid_index: 2 OBSOLETE_local: false peers { permanent_uuid: "07c7e3c9170248d8abf366328ffe7efd" member_type: VOTER last_known_addr { host: "127.26.200.193" port: 44505 } attrs { replace: true } } peers { permanent_uuid: "9bfa891db6f043f4a5ee0552a4be166d" member_type: VOTER last_known_addr { host: "127.26.200.194" port: 35587 } } peers { permanent_uuid: "eee26aa70d4a4259b5d27798524091b4" member_type: VOTER last_known_addr { host: "127.26.200.195" port: 39265 } } peers { permanent_uuid: "b6dd38826ac04df88f081f49de6ec533" member_type: NON_VOTER last_known_addr { host: "127.26.200.196" port: 37925 } attrs { promote: true } } }
I20260710 13:25:25.426643 28457 catalog_manager.cc:5697] T 020ffe0463774ba8a466fd8fd640826c P 9bfa891db6f043f4a5ee0552a4be166d reported cstate change: config changed from index -1 to 2, NON_VOTER b6dd38826ac04df88f081f49de6ec533 (127.26.200.196) added. New cstate: current_term: 1 leader_uuid: "eee26aa70d4a4259b5d27798524091b4" committed_config { opid_index: 2 OBSOLETE_local: false peers { permanent_uuid: "07c7e3c9170248d8abf366328ffe7efd" member_type: VOTER last_known_addr { host: "127.26.200.193" port: 44505 } attrs { replace: true } } peers { permanent_uuid: "9bfa891db6f043f4a5ee0552a4be166d" member_type: VOTER last_known_addr { host: "127.26.200.194" port: 35587 } } peers { permanent_uuid: "eee26aa70d4a4259b5d27798524091b4" member_type: VOTER last_known_addr { host: "127.26.200.195" port: 39265 } } peers { permanent_uuid: "b6dd38826ac04df88f081f49de6ec533" member_type: NON_VOTER last_known_addr { host: "127.26.200.196" port: 37925 } attrs { promote: true } } }
I20260710 13:25:25.426896 28558 raft_consensus.cc:2955] T 020ffe0463774ba8a466fd8fd640826c P 07c7e3c9170248d8abf366328ffe7efd [term 1 FOLLOWER]: Committing config change with OpId 1.2: config changed from index -1 to 2, NON_VOTER b6dd38826ac04df88f081f49de6ec533 (127.26.200.196) added. New config: { opid_index: 2 OBSOLETE_local: false peers { permanent_uuid: "07c7e3c9170248d8abf366328ffe7efd" member_type: VOTER last_known_addr { host: "127.26.200.193" port: 44505 } attrs { replace: true } } peers { permanent_uuid: "9bfa891db6f043f4a5ee0552a4be166d" member_type: VOTER last_known_addr { host: "127.26.200.194" port: 35587 } } peers { permanent_uuid: "eee26aa70d4a4259b5d27798524091b4" member_type: VOTER last_known_addr { host: "127.26.200.195" port: 39265 } } peers { permanent_uuid: "b6dd38826ac04df88f081f49de6ec533" member_type: NON_VOTER last_known_addr { host: "127.26.200.196" port: 37925 } attrs { promote: true } } }
I20260710 13:25:25.757688 29158 ts_tablet_manager.cc:933] T ea54595e4c374626baa51df79186b7f1 P b6dd38826ac04df88f081f49de6ec533: Initiating tablet copy from peer 07c7e3c9170248d8abf366328ffe7efd (127.26.200.193:44505)
I20260710 13:25:25.759625 29158 tablet_copy_client.cc:323] T ea54595e4c374626baa51df79186b7f1 P b6dd38826ac04df88f081f49de6ec533: tablet copy: Beginning tablet copy session from remote peer at address 127.26.200.193:44505
I20260710 13:25:25.761494 28570 tablet_copy_service.cc:140] P 07c7e3c9170248d8abf366328ffe7efd: Received BeginTabletCopySession request for tablet ea54595e4c374626baa51df79186b7f1 from peer b6dd38826ac04df88f081f49de6ec533 ({username='slave'} at 127.0.0.1:40738)
I20260710 13:25:25.761983 28570 tablet_copy_service.cc:161] P 07c7e3c9170248d8abf366328ffe7efd: Beginning new tablet copy session on tablet ea54595e4c374626baa51df79186b7f1 from peer b6dd38826ac04df88f081f49de6ec533 at {username='slave'} at 127.0.0.1:40738: session id = b6dd38826ac04df88f081f49de6ec533-ea54595e4c374626baa51df79186b7f1
I20260710 13:25:25.768042 28570 tablet_copy_source_session.cc:215] T ea54595e4c374626baa51df79186b7f1 P 07c7e3c9170248d8abf366328ffe7efd: Tablet Copy: opened 0 blocks and 1 log segments
I20260710 13:25:25.771133 29158 data_dirs.cc:400] Could only allocate 1 dirs of requested 3 for tablet ea54595e4c374626baa51df79186b7f1. 1 dirs total, 0 dirs full, 0 dirs failed
I20260710 13:25:25.782908 29158 tablet_copy_client.cc:806] T ea54595e4c374626baa51df79186b7f1 P b6dd38826ac04df88f081f49de6ec533: tablet copy: Starting download of 0 data blocks...
I20260710 13:25:25.783553 29158 tablet_copy_client.cc:670] T ea54595e4c374626baa51df79186b7f1 P b6dd38826ac04df88f081f49de6ec533: tablet copy: Starting download of 1 WAL segments...
I20260710 13:25:25.787880 29158 tablet_copy_client.cc:538] T ea54595e4c374626baa51df79186b7f1 P b6dd38826ac04df88f081f49de6ec533: tablet copy: Tablet Copy complete. Replacing tablet superblock.
I20260710 13:25:25.794724 29158 tablet_bootstrap.cc:492] T ea54595e4c374626baa51df79186b7f1 P b6dd38826ac04df88f081f49de6ec533: Bootstrap starting.
I20260710 13:25:25.813868 29158 tablet_bootstrap.cc:492] T ea54595e4c374626baa51df79186b7f1 P b6dd38826ac04df88f081f49de6ec533: Bootstrap replayed 1/1 log segments. Stats: ops{read=2 overwritten=0 applied=2 ignored=0} inserts{seen=0 ignored=0} mutations{seen=0 ignored=0} orphaned_commits=0. Pending: 0 replicates
I20260710 13:25:25.814775 29158 tablet_bootstrap.cc:492] T ea54595e4c374626baa51df79186b7f1 P b6dd38826ac04df88f081f49de6ec533: Bootstrap complete.
I20260710 13:25:25.815498 29158 ts_tablet_manager.cc:1403] T ea54595e4c374626baa51df79186b7f1 P b6dd38826ac04df88f081f49de6ec533: Time spent bootstrapping tablet: real 0.021s	user 0.011s	sys 0.009s
I20260710 13:25:25.818101 29158 raft_consensus.cc:359] T ea54595e4c374626baa51df79186b7f1 P b6dd38826ac04df88f081f49de6ec533 [term 1 LEARNER]: Replica starting. Triggering 0 pending ops. Active config: opid_index: 2 OBSOLETE_local: false peers { permanent_uuid: "07c7e3c9170248d8abf366328ffe7efd" member_type: VOTER last_known_addr { host: "127.26.200.193" port: 44505 } } peers { permanent_uuid: "9bfa891db6f043f4a5ee0552a4be166d" member_type: VOTER last_known_addr { host: "127.26.200.194" port: 35587 } } peers { permanent_uuid: "eee26aa70d4a4259b5d27798524091b4" member_type: VOTER last_known_addr { host: "127.26.200.195" port: 39265 } attrs { replace: true } } peers { permanent_uuid: "b6dd38826ac04df88f081f49de6ec533" member_type: NON_VOTER last_known_addr { host: "127.26.200.196" port: 37925 } attrs { promote: true } }
I20260710 13:25:25.818744 29158 raft_consensus.cc:740] T ea54595e4c374626baa51df79186b7f1 P b6dd38826ac04df88f081f49de6ec533 [term 1 LEARNER]: Becoming Follower/Learner. State: Replica: b6dd38826ac04df88f081f49de6ec533, State: Initialized, Role: LEARNER
I20260710 13:25:25.819306 29158 consensus_queue.cc:260] T ea54595e4c374626baa51df79186b7f1 P b6dd38826ac04df88f081f49de6ec533 [NON_LEADER]: Queue going to NON_LEADER mode. State: All replicated index: 0, Majority replicated index: 0, Committed index: 2, Last appended: 1.2, Last appended by leader: 2, Current term: 0, Majority size: -1, State: 0, Mode: NON_LEADER, active raft config: opid_index: 2 OBSOLETE_local: false peers { permanent_uuid: "07c7e3c9170248d8abf366328ffe7efd" member_type: VOTER last_known_addr { host: "127.26.200.193" port: 44505 } } peers { permanent_uuid: "9bfa891db6f043f4a5ee0552a4be166d" member_type: VOTER last_known_addr { host: "127.26.200.194" port: 35587 } } peers { permanent_uuid: "eee26aa70d4a4259b5d27798524091b4" member_type: VOTER last_known_addr { host: "127.26.200.195" port: 39265 } attrs { replace: true } } peers { permanent_uuid: "b6dd38826ac04df88f081f49de6ec533" member_type: NON_VOTER last_known_addr { host: "127.26.200.196" port: 37925 } attrs { promote: true } }
I20260710 13:25:25.822394 29158 ts_tablet_manager.cc:1434] T ea54595e4c374626baa51df79186b7f1 P b6dd38826ac04df88f081f49de6ec533: Time spent starting tablet: real 0.007s	user 0.004s	sys 0.005s
I20260710 13:25:25.824479 28570 tablet_copy_service.cc:342] P 07c7e3c9170248d8abf366328ffe7efd: Request end of tablet copy session b6dd38826ac04df88f081f49de6ec533-ea54595e4c374626baa51df79186b7f1 received from {username='slave'} at 127.0.0.1:40738
I20260710 13:25:25.824942 28570 tablet_copy_service.cc:434] P 07c7e3c9170248d8abf366328ffe7efd: ending tablet copy session b6dd38826ac04df88f081f49de6ec533-ea54595e4c374626baa51df79186b7f1 on tablet ea54595e4c374626baa51df79186b7f1 with peer b6dd38826ac04df88f081f49de6ec533
I20260710 13:25:25.847630 29158 ts_tablet_manager.cc:933] T b906350a71f74ca9b5587ab0497f7731 P b6dd38826ac04df88f081f49de6ec533: Initiating tablet copy from peer 07c7e3c9170248d8abf366328ffe7efd (127.26.200.193:44505)
I20260710 13:25:25.849558 29158 tablet_copy_client.cc:323] T b906350a71f74ca9b5587ab0497f7731 P b6dd38826ac04df88f081f49de6ec533: tablet copy: Beginning tablet copy session from remote peer at address 127.26.200.193:44505
I20260710 13:25:25.853181 28570 tablet_copy_service.cc:140] P 07c7e3c9170248d8abf366328ffe7efd: Received BeginTabletCopySession request for tablet b906350a71f74ca9b5587ab0497f7731 from peer b6dd38826ac04df88f081f49de6ec533 ({username='slave'} at 127.0.0.1:40738)
I20260710 13:25:25.853789 28570 tablet_copy_service.cc:161] P 07c7e3c9170248d8abf366328ffe7efd: Beginning new tablet copy session on tablet b906350a71f74ca9b5587ab0497f7731 from peer b6dd38826ac04df88f081f49de6ec533 at {username='slave'} at 127.0.0.1:40738: session id = b6dd38826ac04df88f081f49de6ec533-b906350a71f74ca9b5587ab0497f7731
I20260710 13:25:25.861783 28570 tablet_copy_source_session.cc:215] T b906350a71f74ca9b5587ab0497f7731 P 07c7e3c9170248d8abf366328ffe7efd: Tablet Copy: opened 0 blocks and 1 log segments
I20260710 13:25:25.865664 29158 data_dirs.cc:400] Could only allocate 1 dirs of requested 3 for tablet b906350a71f74ca9b5587ab0497f7731. 1 dirs total, 0 dirs full, 0 dirs failed
I20260710 13:25:25.883698 29158 tablet_copy_client.cc:806] T b906350a71f74ca9b5587ab0497f7731 P b6dd38826ac04df88f081f49de6ec533: tablet copy: Starting download of 0 data blocks...
I20260710 13:25:25.884325 29158 tablet_copy_client.cc:670] T b906350a71f74ca9b5587ab0497f7731 P b6dd38826ac04df88f081f49de6ec533: tablet copy: Starting download of 1 WAL segments...
I20260710 13:25:25.886806 29163 ts_tablet_manager.cc:933] T 73ff8ca1b20d44d1a34601c69ffc22a4 P b6dd38826ac04df88f081f49de6ec533: Initiating tablet copy from peer 07c7e3c9170248d8abf366328ffe7efd (127.26.200.193:44505)
I20260710 13:25:25.889820 29158 tablet_copy_client.cc:538] T b906350a71f74ca9b5587ab0497f7731 P b6dd38826ac04df88f081f49de6ec533: tablet copy: Tablet Copy complete. Replacing tablet superblock.
I20260710 13:25:25.890200 29163 tablet_copy_client.cc:323] T 73ff8ca1b20d44d1a34601c69ffc22a4 P b6dd38826ac04df88f081f49de6ec533: tablet copy: Beginning tablet copy session from remote peer at address 127.26.200.193:44505
I20260710 13:25:25.892020 28570 tablet_copy_service.cc:140] P 07c7e3c9170248d8abf366328ffe7efd: Received BeginTabletCopySession request for tablet 73ff8ca1b20d44d1a34601c69ffc22a4 from peer b6dd38826ac04df88f081f49de6ec533 ({username='slave'} at 127.0.0.1:40738)
I20260710 13:25:25.892549 28570 tablet_copy_service.cc:161] P 07c7e3c9170248d8abf366328ffe7efd: Beginning new tablet copy session on tablet 73ff8ca1b20d44d1a34601c69ffc22a4 from peer b6dd38826ac04df88f081f49de6ec533 at {username='slave'} at 127.0.0.1:40738: session id = b6dd38826ac04df88f081f49de6ec533-73ff8ca1b20d44d1a34601c69ffc22a4
I20260710 13:25:25.899420 29158 tablet_bootstrap.cc:492] T b906350a71f74ca9b5587ab0497f7731 P b6dd38826ac04df88f081f49de6ec533: Bootstrap starting.
I20260710 13:25:25.899981 28570 tablet_copy_source_session.cc:215] T 73ff8ca1b20d44d1a34601c69ffc22a4 P 07c7e3c9170248d8abf366328ffe7efd: Tablet Copy: opened 0 blocks and 1 log segments
I20260710 13:25:25.903476 29163 data_dirs.cc:400] Could only allocate 1 dirs of requested 3 for tablet 73ff8ca1b20d44d1a34601c69ffc22a4. 1 dirs total, 0 dirs full, 0 dirs failed
I20260710 13:25:25.924212 29163 tablet_copy_client.cc:806] T 73ff8ca1b20d44d1a34601c69ffc22a4 P b6dd38826ac04df88f081f49de6ec533: tablet copy: Starting download of 0 data blocks...
I20260710 13:25:25.924921 29163 tablet_copy_client.cc:670] T 73ff8ca1b20d44d1a34601c69ffc22a4 P b6dd38826ac04df88f081f49de6ec533: tablet copy: Starting download of 1 WAL segments...
I20260710 13:25:25.928889 29158 tablet_bootstrap.cc:492] T b906350a71f74ca9b5587ab0497f7731 P b6dd38826ac04df88f081f49de6ec533: Bootstrap replayed 1/1 log segments. Stats: ops{read=2 overwritten=0 applied=2 ignored=0} inserts{seen=0 ignored=0} mutations{seen=0 ignored=0} orphaned_commits=0. Pending: 0 replicates
I20260710 13:25:25.930088 29158 tablet_bootstrap.cc:492] T b906350a71f74ca9b5587ab0497f7731 P b6dd38826ac04df88f081f49de6ec533: Bootstrap complete.
I20260710 13:25:25.930804 29158 ts_tablet_manager.cc:1403] T b906350a71f74ca9b5587ab0497f7731 P b6dd38826ac04df88f081f49de6ec533: Time spent bootstrapping tablet: real 0.032s	user 0.020s	sys 0.007s
I20260710 13:25:25.935120 29158 raft_consensus.cc:359] T b906350a71f74ca9b5587ab0497f7731 P b6dd38826ac04df88f081f49de6ec533 [term 1 LEARNER]: Replica starting. Triggering 0 pending ops. Active config: opid_index: 2 OBSOLETE_local: false peers { permanent_uuid: "07c7e3c9170248d8abf366328ffe7efd" member_type: VOTER last_known_addr { host: "127.26.200.193" port: 44505 } } peers { permanent_uuid: "9bfa891db6f043f4a5ee0552a4be166d" member_type: VOTER last_known_addr { host: "127.26.200.194" port: 35587 } attrs { replace: true } } peers { permanent_uuid: "eee26aa70d4a4259b5d27798524091b4" member_type: VOTER last_known_addr { host: "127.26.200.195" port: 39265 } } peers { permanent_uuid: "b6dd38826ac04df88f081f49de6ec533" member_type: NON_VOTER last_known_addr { host: "127.26.200.196" port: 37925 } attrs { promote: true } }
I20260710 13:25:25.935963 29163 tablet_copy_client.cc:538] T 73ff8ca1b20d44d1a34601c69ffc22a4 P b6dd38826ac04df88f081f49de6ec533: tablet copy: Tablet Copy complete. Replacing tablet superblock.
I20260710 13:25:25.936295 29158 raft_consensus.cc:740] T b906350a71f74ca9b5587ab0497f7731 P b6dd38826ac04df88f081f49de6ec533 [term 1 LEARNER]: Becoming Follower/Learner. State: Replica: b6dd38826ac04df88f081f49de6ec533, State: Initialized, Role: LEARNER
I20260710 13:25:25.937108 29158 consensus_queue.cc:260] T b906350a71f74ca9b5587ab0497f7731 P b6dd38826ac04df88f081f49de6ec533 [NON_LEADER]: Queue going to NON_LEADER mode. State: All replicated index: 0, Majority replicated index: 0, Committed index: 2, Last appended: 1.2, Last appended by leader: 2, Current term: 0, Majority size: -1, State: 0, Mode: NON_LEADER, active raft config: opid_index: 2 OBSOLETE_local: false peers { permanent_uuid: "07c7e3c9170248d8abf366328ffe7efd" member_type: VOTER last_known_addr { host: "127.26.200.193" port: 44505 } } peers { permanent_uuid: "9bfa891db6f043f4a5ee0552a4be166d" member_type: VOTER last_known_addr { host: "127.26.200.194" port: 35587 } attrs { replace: true } } peers { permanent_uuid: "eee26aa70d4a4259b5d27798524091b4" member_type: VOTER last_known_addr { host: "127.26.200.195" port: 39265 } } peers { permanent_uuid: "b6dd38826ac04df88f081f49de6ec533" member_type: NON_VOTER last_known_addr { host: "127.26.200.196" port: 37925 } attrs { promote: true } }
I20260710 13:25:25.943120 29158 ts_tablet_manager.cc:1434] T b906350a71f74ca9b5587ab0497f7731 P b6dd38826ac04df88f081f49de6ec533: Time spent starting tablet: real 0.012s	user 0.006s	sys 0.000s
I20260710 13:25:25.945182 28570 tablet_copy_service.cc:342] P 07c7e3c9170248d8abf366328ffe7efd: Request end of tablet copy session b6dd38826ac04df88f081f49de6ec533-b906350a71f74ca9b5587ab0497f7731 received from {username='slave'} at 127.0.0.1:40738
I20260710 13:25:25.945644 28570 tablet_copy_service.cc:434] P 07c7e3c9170248d8abf366328ffe7efd: ending tablet copy session b6dd38826ac04df88f081f49de6ec533-b906350a71f74ca9b5587ab0497f7731 on tablet b906350a71f74ca9b5587ab0497f7731 with peer b6dd38826ac04df88f081f49de6ec533
I20260710 13:25:25.947875 29166 ts_tablet_manager.cc:933] T 020ffe0463774ba8a466fd8fd640826c P b6dd38826ac04df88f081f49de6ec533: Initiating tablet copy from peer eee26aa70d4a4259b5d27798524091b4 (127.26.200.195:39265)
I20260710 13:25:25.954085 29163 tablet_bootstrap.cc:492] T 73ff8ca1b20d44d1a34601c69ffc22a4 P b6dd38826ac04df88f081f49de6ec533: Bootstrap starting.
I20260710 13:25:25.957270 29166 tablet_copy_client.cc:323] T 020ffe0463774ba8a466fd8fd640826c P b6dd38826ac04df88f081f49de6ec533: tablet copy: Beginning tablet copy session from remote peer at address 127.26.200.195:39265
I20260710 13:25:25.959162 28719 tablet_copy_service.cc:140] P eee26aa70d4a4259b5d27798524091b4: Received BeginTabletCopySession request for tablet 020ffe0463774ba8a466fd8fd640826c from peer b6dd38826ac04df88f081f49de6ec533 ({username='slave'} at 127.0.0.1:40004)
I20260710 13:25:25.959720 28719 tablet_copy_service.cc:161] P eee26aa70d4a4259b5d27798524091b4: Beginning new tablet copy session on tablet 020ffe0463774ba8a466fd8fd640826c from peer b6dd38826ac04df88f081f49de6ec533 at {username='slave'} at 127.0.0.1:40004: session id = b6dd38826ac04df88f081f49de6ec533-020ffe0463774ba8a466fd8fd640826c
I20260710 13:25:25.973356 28719 tablet_copy_source_session.cc:215] T 020ffe0463774ba8a466fd8fd640826c P eee26aa70d4a4259b5d27798524091b4: Tablet Copy: opened 0 blocks and 1 log segments
I20260710 13:25:25.977622 29166 data_dirs.cc:400] Could only allocate 1 dirs of requested 3 for tablet 020ffe0463774ba8a466fd8fd640826c. 1 dirs total, 0 dirs full, 0 dirs failed
I20260710 13:25:25.987890 29163 tablet_bootstrap.cc:492] T 73ff8ca1b20d44d1a34601c69ffc22a4 P b6dd38826ac04df88f081f49de6ec533: Bootstrap replayed 1/1 log segments. Stats: ops{read=2 overwritten=0 applied=2 ignored=0} inserts{seen=0 ignored=0} mutations{seen=0 ignored=0} orphaned_commits=0. Pending: 0 replicates
I20260710 13:25:25.988946 29163 tablet_bootstrap.cc:492] T 73ff8ca1b20d44d1a34601c69ffc22a4 P b6dd38826ac04df88f081f49de6ec533: Bootstrap complete.
I20260710 13:25:25.989686 29163 ts_tablet_manager.cc:1403] T 73ff8ca1b20d44d1a34601c69ffc22a4 P b6dd38826ac04df88f081f49de6ec533: Time spent bootstrapping tablet: real 0.036s	user 0.031s	sys 0.004s
I20260710 13:25:25.992698 29163 raft_consensus.cc:359] T 73ff8ca1b20d44d1a34601c69ffc22a4 P b6dd38826ac04df88f081f49de6ec533 [term 1 LEARNER]: Replica starting. Triggering 0 pending ops. Active config: opid_index: 2 OBSOLETE_local: false peers { permanent_uuid: "07c7e3c9170248d8abf366328ffe7efd" member_type: VOTER last_known_addr { host: "127.26.200.193" port: 44505 } } peers { permanent_uuid: "9bfa891db6f043f4a5ee0552a4be166d" member_type: VOTER last_known_addr { host: "127.26.200.194" port: 35587 } attrs { replace: true } } peers { permanent_uuid: "eee26aa70d4a4259b5d27798524091b4" member_type: VOTER last_known_addr { host: "127.26.200.195" port: 39265 } } peers { permanent_uuid: "b6dd38826ac04df88f081f49de6ec533" member_type: NON_VOTER last_known_addr { host: "127.26.200.196" port: 37925 } attrs { promote: true } }
I20260710 13:25:25.993541 29163 raft_consensus.cc:740] T 73ff8ca1b20d44d1a34601c69ffc22a4 P b6dd38826ac04df88f081f49de6ec533 [term 1 LEARNER]: Becoming Follower/Learner. State: Replica: b6dd38826ac04df88f081f49de6ec533, State: Initialized, Role: LEARNER
I20260710 13:25:25.994218 29163 consensus_queue.cc:260] T 73ff8ca1b20d44d1a34601c69ffc22a4 P b6dd38826ac04df88f081f49de6ec533 [NON_LEADER]: Queue going to NON_LEADER mode. State: All replicated index: 0, Majority replicated index: 0, Committed index: 2, Last appended: 1.2, Last appended by leader: 2, Current term: 0, Majority size: -1, State: 0, Mode: NON_LEADER, active raft config: opid_index: 2 OBSOLETE_local: false peers { permanent_uuid: "07c7e3c9170248d8abf366328ffe7efd" member_type: VOTER last_known_addr { host: "127.26.200.193" port: 44505 } } peers { permanent_uuid: "9bfa891db6f043f4a5ee0552a4be166d" member_type: VOTER last_known_addr { host: "127.26.200.194" port: 35587 } attrs { replace: true } } peers { permanent_uuid: "eee26aa70d4a4259b5d27798524091b4" member_type: VOTER last_known_addr { host: "127.26.200.195" port: 39265 } } peers { permanent_uuid: "b6dd38826ac04df88f081f49de6ec533" member_type: NON_VOTER last_known_addr { host: "127.26.200.196" port: 37925 } attrs { promote: true } }
I20260710 13:25:25.996579 29163 ts_tablet_manager.cc:1434] T 73ff8ca1b20d44d1a34601c69ffc22a4 P b6dd38826ac04df88f081f49de6ec533: Time spent starting tablet: real 0.007s	user 0.005s	sys 0.000s
I20260710 13:25:25.997278 29166 tablet_copy_client.cc:806] T 020ffe0463774ba8a466fd8fd640826c P b6dd38826ac04df88f081f49de6ec533: tablet copy: Starting download of 0 data blocks...
I20260710 13:25:25.997960 29166 tablet_copy_client.cc:670] T 020ffe0463774ba8a466fd8fd640826c P b6dd38826ac04df88f081f49de6ec533: tablet copy: Starting download of 1 WAL segments...
I20260710 13:25:26.001873 28570 tablet_copy_service.cc:342] P 07c7e3c9170248d8abf366328ffe7efd: Request end of tablet copy session b6dd38826ac04df88f081f49de6ec533-73ff8ca1b20d44d1a34601c69ffc22a4 received from {username='slave'} at 127.0.0.1:40738
I20260710 13:25:26.002359 28570 tablet_copy_service.cc:434] P 07c7e3c9170248d8abf366328ffe7efd: ending tablet copy session b6dd38826ac04df88f081f49de6ec533-73ff8ca1b20d44d1a34601c69ffc22a4 on tablet 73ff8ca1b20d44d1a34601c69ffc22a4 with peer b6dd38826ac04df88f081f49de6ec533
I20260710 13:25:26.004678 29166 tablet_copy_client.cc:538] T 020ffe0463774ba8a466fd8fd640826c P b6dd38826ac04df88f081f49de6ec533: tablet copy: Tablet Copy complete. Replacing tablet superblock.
I20260710 13:25:26.013245 29166 tablet_bootstrap.cc:492] T 020ffe0463774ba8a466fd8fd640826c P b6dd38826ac04df88f081f49de6ec533: Bootstrap starting.
I20260710 13:25:26.033634 29166 tablet_bootstrap.cc:492] T 020ffe0463774ba8a466fd8fd640826c P b6dd38826ac04df88f081f49de6ec533: Bootstrap replayed 1/1 log segments. Stats: ops{read=2 overwritten=0 applied=2 ignored=0} inserts{seen=0 ignored=0} mutations{seen=0 ignored=0} orphaned_commits=0. Pending: 0 replicates
I20260710 13:25:26.034580 29166 tablet_bootstrap.cc:492] T 020ffe0463774ba8a466fd8fd640826c P b6dd38826ac04df88f081f49de6ec533: Bootstrap complete.
I20260710 13:25:26.035367 29166 ts_tablet_manager.cc:1403] T 020ffe0463774ba8a466fd8fd640826c P b6dd38826ac04df88f081f49de6ec533: Time spent bootstrapping tablet: real 0.022s	user 0.018s	sys 0.004s
I20260710 13:25:26.037945 29166 raft_consensus.cc:359] T 020ffe0463774ba8a466fd8fd640826c P b6dd38826ac04df88f081f49de6ec533 [term 1 LEARNER]: Replica starting. Triggering 0 pending ops. Active config: opid_index: 2 OBSOLETE_local: false peers { permanent_uuid: "07c7e3c9170248d8abf366328ffe7efd" member_type: VOTER last_known_addr { host: "127.26.200.193" port: 44505 } attrs { replace: true } } peers { permanent_uuid: "9bfa891db6f043f4a5ee0552a4be166d" member_type: VOTER last_known_addr { host: "127.26.200.194" port: 35587 } } peers { permanent_uuid: "eee26aa70d4a4259b5d27798524091b4" member_type: VOTER last_known_addr { host: "127.26.200.195" port: 39265 } } peers { permanent_uuid: "b6dd38826ac04df88f081f49de6ec533" member_type: NON_VOTER last_known_addr { host: "127.26.200.196" port: 37925 } attrs { promote: true } }
I20260710 13:25:26.038568 29166 raft_consensus.cc:740] T 020ffe0463774ba8a466fd8fd640826c P b6dd38826ac04df88f081f49de6ec533 [term 1 LEARNER]: Becoming Follower/Learner. State: Replica: b6dd38826ac04df88f081f49de6ec533, State: Initialized, Role: LEARNER
I20260710 13:25:26.039103 29166 consensus_queue.cc:260] T 020ffe0463774ba8a466fd8fd640826c P b6dd38826ac04df88f081f49de6ec533 [NON_LEADER]: Queue going to NON_LEADER mode. State: All replicated index: 0, Majority replicated index: 0, Committed index: 2, Last appended: 1.2, Last appended by leader: 2, Current term: 0, Majority size: -1, State: 0, Mode: NON_LEADER, active raft config: opid_index: 2 OBSOLETE_local: false peers { permanent_uuid: "07c7e3c9170248d8abf366328ffe7efd" member_type: VOTER last_known_addr { host: "127.26.200.193" port: 44505 } attrs { replace: true } } peers { permanent_uuid: "9bfa891db6f043f4a5ee0552a4be166d" member_type: VOTER last_known_addr { host: "127.26.200.194" port: 35587 } } peers { permanent_uuid: "eee26aa70d4a4259b5d27798524091b4" member_type: VOTER last_known_addr { host: "127.26.200.195" port: 39265 } } peers { permanent_uuid: "b6dd38826ac04df88f081f49de6ec533" member_type: NON_VOTER last_known_addr { host: "127.26.200.196" port: 37925 } attrs { promote: true } }
I20260710 13:25:26.041275 29166 ts_tablet_manager.cc:1434] T 020ffe0463774ba8a466fd8fd640826c P b6dd38826ac04df88f081f49de6ec533: Time spent starting tablet: real 0.006s	user 0.005s	sys 0.000s
I20260710 13:25:26.043074 28719 tablet_copy_service.cc:342] P eee26aa70d4a4259b5d27798524091b4: Request end of tablet copy session b6dd38826ac04df88f081f49de6ec533-020ffe0463774ba8a466fd8fd640826c received from {username='slave'} at 127.0.0.1:40004
I20260710 13:25:26.043602 28719 tablet_copy_service.cc:434] P eee26aa70d4a4259b5d27798524091b4: ending tablet copy session b6dd38826ac04df88f081f49de6ec533-020ffe0463774ba8a466fd8fd640826c on tablet 020ffe0463774ba8a466fd8fd640826c with peer b6dd38826ac04df88f081f49de6ec533
I20260710 13:25:26.257236 28975 raft_consensus.cc:1217] T b906350a71f74ca9b5587ab0497f7731 P b6dd38826ac04df88f081f49de6ec533 [term 1 LEARNER]: Deduplicated request from leader. Original: 1.1->[1.2-1.2]   Dedup: 1.2->[]
I20260710 13:25:26.263120 28975 raft_consensus.cc:1217] T ea54595e4c374626baa51df79186b7f1 P b6dd38826ac04df88f081f49de6ec533 [term 1 LEARNER]: Deduplicated request from leader. Original: 1.1->[1.2-1.2]   Dedup: 1.2->[]
I20260710 13:25:26.378541 28975 raft_consensus.cc:1217] T 020ffe0463774ba8a466fd8fd640826c P b6dd38826ac04df88f081f49de6ec533 [term 1 LEARNER]: Deduplicated request from leader. Original: 1.1->[1.2-1.2]   Dedup: 1.2->[]
I20260710 13:25:26.470722 28975 raft_consensus.cc:1217] T 73ff8ca1b20d44d1a34601c69ffc22a4 P b6dd38826ac04df88f081f49de6ec533 [term 1 LEARNER]: Deduplicated request from leader. Original: 1.1->[1.2-1.2]   Dedup: 1.2->[]
I20260710 13:25:26.763602 29139 raft_consensus.cc:1064] T ea54595e4c374626baa51df79186b7f1 P 07c7e3c9170248d8abf366328ffe7efd: attempting to promote NON_VOTER b6dd38826ac04df88f081f49de6ec533 to VOTER
I20260710 13:25:26.766027 29139 consensus_queue.cc:237] T ea54595e4c374626baa51df79186b7f1 P 07c7e3c9170248d8abf366328ffe7efd [LEADER]: Queue going to LEADER mode. State: All replicated index: 0, Majority replicated index: 2, Committed index: 2, Last appended: 1.2, Last appended by leader: 0, Current term: 1, Majority size: 3, State: 0, Mode: LEADER, active raft config: opid_index: 3 OBSOLETE_local: false peers { permanent_uuid: "07c7e3c9170248d8abf366328ffe7efd" member_type: VOTER last_known_addr { host: "127.26.200.193" port: 44505 } } peers { permanent_uuid: "9bfa891db6f043f4a5ee0552a4be166d" member_type: VOTER last_known_addr { host: "127.26.200.194" port: 35587 } } peers { permanent_uuid: "eee26aa70d4a4259b5d27798524091b4" member_type: VOTER last_known_addr { host: "127.26.200.195" port: 39265 } attrs { replace: true } } peers { permanent_uuid: "b6dd38826ac04df88f081f49de6ec533" member_type: VOTER last_known_addr { host: "127.26.200.196" port: 37925 } attrs { promote: false } }
I20260710 13:25:26.774224 28975 raft_consensus.cc:1275] T ea54595e4c374626baa51df79186b7f1 P b6dd38826ac04df88f081f49de6ec533 [term 1 LEARNER]: Refusing update from remote peer 07c7e3c9170248d8abf366328ffe7efd: Log matching property violated. Preceding OpId in replica: term: 1 index: 2. Preceding OpId from leader: term: 1 index: 3. (index mismatch)
I20260710 13:25:26.774274 28707 raft_consensus.cc:1275] T ea54595e4c374626baa51df79186b7f1 P eee26aa70d4a4259b5d27798524091b4 [term 1 FOLLOWER]: Refusing update from remote peer 07c7e3c9170248d8abf366328ffe7efd: Log matching property violated. Preceding OpId in replica: term: 1 index: 2. Preceding OpId from leader: term: 1 index: 3. (index mismatch)
I20260710 13:25:26.776433 29138 consensus_queue.cc:1048] T ea54595e4c374626baa51df79186b7f1 P 07c7e3c9170248d8abf366328ffe7efd [LEADER]: Connected to new peer: Peer: permanent_uuid: "eee26aa70d4a4259b5d27798524091b4" member_type: VOTER last_known_addr { host: "127.26.200.195" port: 39265 } attrs { replace: true }, Status: LMP_MISMATCH, Last received: 0.0, Next index: 3, Last known committed idx: 2, Time since last communication: 0.000s
I20260710 13:25:26.777971 28633 raft_consensus.cc:1275] T ea54595e4c374626baa51df79186b7f1 P 9bfa891db6f043f4a5ee0552a4be166d [term 1 FOLLOWER]: Refusing update from remote peer 07c7e3c9170248d8abf366328ffe7efd: Log matching property violated. Preceding OpId in replica: term: 1 index: 2. Preceding OpId from leader: term: 1 index: 3. (index mismatch)
I20260710 13:25:26.777923 29174 consensus_queue.cc:1048] T ea54595e4c374626baa51df79186b7f1 P 07c7e3c9170248d8abf366328ffe7efd [LEADER]: Connected to new peer: Peer: permanent_uuid: "b6dd38826ac04df88f081f49de6ec533" member_type: VOTER last_known_addr { host: "127.26.200.196" port: 37925 } attrs { promote: false }, Status: LMP_MISMATCH, Last received: 0.0, Next index: 3, Last known committed idx: 2, Time since last communication: 0.001s
