I20260710 13:24:57.128736 22152 raft_consensus.cc:993] T 0446d5f1973c49788c4cab258bce821b P cbece5cd0db046be884a7a0685e1374f: : Instructing follower bdccd806368a491bad10337ad0ad2f5e to start an election
I20260710 13:24:57.129097 22133 raft_consensus.cc:1081] T 0446d5f1973c49788c4cab258bce821b P cbece5cd0db046be884a7a0685e1374f [term 2 LEADER]: Signalling peer bdccd806368a491bad10337ad0ad2f5e to start an election
I20260710 13:24:57.130319 21930 tablet_service.cc:2044] Received Run Leader Election RPC: tablet_id: "0446d5f1973c49788c4cab258bce821b"
dest_uuid: "bdccd806368a491bad10337ad0ad2f5e"
 from {username='slave'} at 127.0.0.1:50864
I20260710 13:24:57.130784 21930 raft_consensus.cc:493] T 0446d5f1973c49788c4cab258bce821b P bdccd806368a491bad10337ad0ad2f5e [term 2 FOLLOWER]: Starting forced leader election (received explicit request)
I20260710 13:24:57.131069 21930 raft_consensus.cc:3060] T 0446d5f1973c49788c4cab258bce821b P bdccd806368a491bad10337ad0ad2f5e [term 2 FOLLOWER]: Advancing to term 3
I20260710 13:24:57.134964 21930 raft_consensus.cc:515] T 0446d5f1973c49788c4cab258bce821b P bdccd806368a491bad10337ad0ad2f5e [term 3 FOLLOWER]: Starting forced leader election with config: opid_index: -1 OBSOLETE_local: false peers { permanent_uuid: "688a115774a44a83bed75fa7eb9dcd2d" member_type: VOTER last_known_addr { host: "127.21.54.65" port: 35581 } } peers { permanent_uuid: "bdccd806368a491bad10337ad0ad2f5e" member_type: VOTER last_known_addr { host: "127.21.54.66" port: 46585 } } peers { permanent_uuid: "cbece5cd0db046be884a7a0685e1374f" member_type: VOTER last_known_addr { host: "127.21.54.67" port: 41689 } }
I20260710 13:24:57.136351 21930 leader_election.cc:290] T 0446d5f1973c49788c4cab258bce821b P bdccd806368a491bad10337ad0ad2f5e [CANDIDATE]: Term 3 election: Requested vote from peers 688a115774a44a83bed75fa7eb9dcd2d (127.21.54.65:35581), cbece5cd0db046be884a7a0685e1374f (127.21.54.67:41689)
I20260710 13:24:57.137045 21854 tablet_service.cc:1917] Received RequestConsensusVote() RPC: tablet_id: "0446d5f1973c49788c4cab258bce821b" candidate_uuid: "bdccd806368a491bad10337ad0ad2f5e" candidate_term: 3 candidate_status { last_received { term: 2 index: 2 } } ignore_live_leader: true dest_uuid: "688a115774a44a83bed75fa7eb9dcd2d"
I20260710 13:24:57.137288 22005 tablet_service.cc:1917] Received RequestConsensusVote() RPC: tablet_id: "0446d5f1973c49788c4cab258bce821b" candidate_uuid: "bdccd806368a491bad10337ad0ad2f5e" candidate_term: 3 candidate_status { last_received { term: 2 index: 2 } } ignore_live_leader: true dest_uuid: "cbece5cd0db046be884a7a0685e1374f"
I20260710 13:24:57.137540 21854 raft_consensus.cc:3060] T 0446d5f1973c49788c4cab258bce821b P 688a115774a44a83bed75fa7eb9dcd2d [term 2 FOLLOWER]: Advancing to term 3
I20260710 13:24:57.137746 22005 raft_consensus.cc:3055] T 0446d5f1973c49788c4cab258bce821b P cbece5cd0db046be884a7a0685e1374f [term 2 LEADER]: Stepping down as leader of term 2
I20260710 13:24:57.138043 22005 raft_consensus.cc:740] T 0446d5f1973c49788c4cab258bce821b P cbece5cd0db046be884a7a0685e1374f [term 2 LEADER]: Becoming Follower/Learner. State: Replica: cbece5cd0db046be884a7a0685e1374f, State: Running, Role: LEADER
I20260710 13:24:57.138705 22005 consensus_queue.cc:260] T 0446d5f1973c49788c4cab258bce821b P cbece5cd0db046be884a7a0685e1374f [NON_LEADER]: Queue going to NON_LEADER mode. State: All replicated index: 0, Majority replicated index: 2, Committed index: 2, Last appended: 2.2, Last appended by leader: 2, Current term: 2, Majority size: -1, State: 0, Mode: NON_LEADER, active raft config: opid_index: -1 OBSOLETE_local: false peers { permanent_uuid: "688a115774a44a83bed75fa7eb9dcd2d" member_type: VOTER last_known_addr { host: "127.21.54.65" port: 35581 } } peers { permanent_uuid: "bdccd806368a491bad10337ad0ad2f5e" member_type: VOTER last_known_addr { host: "127.21.54.66" port: 46585 } } peers { permanent_uuid: "cbece5cd0db046be884a7a0685e1374f" member_type: VOTER last_known_addr { host: "127.21.54.67" port: 41689 } }
I20260710 13:24:57.139734 22005 raft_consensus.cc:3060] T 0446d5f1973c49788c4cab258bce821b P cbece5cd0db046be884a7a0685e1374f [term 2 FOLLOWER]: Advancing to term 3
I20260710 13:24:57.143059 21854 raft_consensus.cc:2468] T 0446d5f1973c49788c4cab258bce821b P 688a115774a44a83bed75fa7eb9dcd2d [term 3 FOLLOWER]: Leader election vote request: Granting yes vote for candidate bdccd806368a491bad10337ad0ad2f5e in term 3.
I20260710 13:24:57.144001 21897 leader_election.cc:304] T 0446d5f1973c49788c4cab258bce821b P bdccd806368a491bad10337ad0ad2f5e [CANDIDATE]: Term 3 election: Election decided. Result: candidate won. Election summary: received 2 responses out of 3 voters: 2 yes votes; 0 no votes. yes voters: 688a115774a44a83bed75fa7eb9dcd2d, bdccd806368a491bad10337ad0ad2f5e; no voters: 
I20260710 13:24:57.144675 22141 raft_consensus.cc:2804] T 0446d5f1973c49788c4cab258bce821b P bdccd806368a491bad10337ad0ad2f5e [term 3 FOLLOWER]: Leader election won for term 3
I20260710 13:24:57.144970 22054 raft_consensus.cc:993] T 8ed479a0e9124813b7b7d74c247a67c5 P 688a115774a44a83bed75fa7eb9dcd2d: : Instructing follower bdccd806368a491bad10337ad0ad2f5e to start an election
I20260710 13:24:57.145349 22005 raft_consensus.cc:2468] T 0446d5f1973c49788c4cab258bce821b P cbece5cd0db046be884a7a0685e1374f [term 3 FOLLOWER]: Leader election vote request: Granting yes vote for candidate bdccd806368a491bad10337ad0ad2f5e in term 3.
I20260710 13:24:57.145566 22158 raft_consensus.cc:1081] T 8ed479a0e9124813b7b7d74c247a67c5 P 688a115774a44a83bed75fa7eb9dcd2d [term 2 LEADER]: Signalling peer bdccd806368a491bad10337ad0ad2f5e to start an election
I20260710 13:24:57.145733 22141 raft_consensus.cc:697] T 0446d5f1973c49788c4cab258bce821b P bdccd806368a491bad10337ad0ad2f5e [term 3 LEADER]: Becoming Leader. State: Replica: bdccd806368a491bad10337ad0ad2f5e, State: Running, Role: LEADER
I20260710 13:24:57.147183 21930 tablet_service.cc:2044] Received Run Leader Election RPC: tablet_id: "8ed479a0e9124813b7b7d74c247a67c5"
dest_uuid: "bdccd806368a491bad10337ad0ad2f5e"
 from {username='slave'} at 127.0.0.1:50866
I20260710 13:24:57.147056 22141 consensus_queue.cc:237] T 0446d5f1973c49788c4cab258bce821b P bdccd806368a491bad10337ad0ad2f5e [LEADER]: Queue going to LEADER mode. State: All replicated index: 0, Majority replicated index: 2, Committed index: 2, Last appended: 2.2, Last appended by leader: 2, Current term: 3, Majority size: 2, State: 0, Mode: LEADER, active raft config: opid_index: -1 OBSOLETE_local: false peers { permanent_uuid: "688a115774a44a83bed75fa7eb9dcd2d" member_type: VOTER last_known_addr { host: "127.21.54.65" port: 35581 } } peers { permanent_uuid: "bdccd806368a491bad10337ad0ad2f5e" member_type: VOTER last_known_addr { host: "127.21.54.66" port: 46585 } } peers { permanent_uuid: "cbece5cd0db046be884a7a0685e1374f" member_type: VOTER last_known_addr { host: "127.21.54.67" port: 41689 } }
I20260710 13:24:57.147678 21930 raft_consensus.cc:493] T 8ed479a0e9124813b7b7d74c247a67c5 P bdccd806368a491bad10337ad0ad2f5e [term 2 FOLLOWER]: Starting forced leader election (received explicit request)
I20260710 13:24:57.148046 21930 raft_consensus.cc:3060] T 8ed479a0e9124813b7b7d74c247a67c5 P bdccd806368a491bad10337ad0ad2f5e [term 2 FOLLOWER]: Advancing to term 3
I20260710 13:24:57.152582 21930 raft_consensus.cc:515] T 8ed479a0e9124813b7b7d74c247a67c5 P bdccd806368a491bad10337ad0ad2f5e [term 3 FOLLOWER]: Starting forced leader election with config: opid_index: -1 OBSOLETE_local: false peers { permanent_uuid: "bdccd806368a491bad10337ad0ad2f5e" member_type: VOTER last_known_addr { host: "127.21.54.66" port: 46585 } } peers { permanent_uuid: "688a115774a44a83bed75fa7eb9dcd2d" member_type: VOTER last_known_addr { host: "127.21.54.65" port: 35581 } } peers { permanent_uuid: "cbece5cd0db046be884a7a0685e1374f" member_type: VOTER last_known_addr { host: "127.21.54.67" port: 41689 } }
I20260710 13:24:57.152841 21752 catalog_manager.cc:5697] T 0446d5f1973c49788c4cab258bce821b P bdccd806368a491bad10337ad0ad2f5e reported cstate change: term changed from 2 to 3, leader changed from cbece5cd0db046be884a7a0685e1374f (127.21.54.67) to bdccd806368a491bad10337ad0ad2f5e (127.21.54.66). New cstate: current_term: 3 leader_uuid: "bdccd806368a491bad10337ad0ad2f5e" committed_config { opid_index: -1 OBSOLETE_local: false peers { permanent_uuid: "688a115774a44a83bed75fa7eb9dcd2d" member_type: VOTER last_known_addr { host: "127.21.54.65" port: 35581 } health_report { overall_health: UNKNOWN } } peers { permanent_uuid: "bdccd806368a491bad10337ad0ad2f5e" member_type: VOTER last_known_addr { host: "127.21.54.66" port: 46585 } health_report { overall_health: HEALTHY } } peers { permanent_uuid: "cbece5cd0db046be884a7a0685e1374f" member_type: VOTER last_known_addr { host: "127.21.54.67" port: 41689 } health_report { overall_health: UNKNOWN } } }
I20260710 13:24:57.154645 21930 leader_election.cc:290] T 8ed479a0e9124813b7b7d74c247a67c5 P bdccd806368a491bad10337ad0ad2f5e [CANDIDATE]: Term 3 election: Requested vote from peers 688a115774a44a83bed75fa7eb9dcd2d (127.21.54.65:35581), cbece5cd0db046be884a7a0685e1374f (127.21.54.67:41689)
I20260710 13:24:57.154856 21854 tablet_service.cc:1917] Received RequestConsensusVote() RPC: tablet_id: "8ed479a0e9124813b7b7d74c247a67c5" candidate_uuid: "bdccd806368a491bad10337ad0ad2f5e" candidate_term: 3 candidate_status { last_received { term: 2 index: 2 } } ignore_live_leader: true dest_uuid: "688a115774a44a83bed75fa7eb9dcd2d"
I20260710 13:24:57.155344 21854 raft_consensus.cc:3055] T 8ed479a0e9124813b7b7d74c247a67c5 P 688a115774a44a83bed75fa7eb9dcd2d [term 2 LEADER]: Stepping down as leader of term 2
I20260710 13:24:57.155622 21854 raft_consensus.cc:740] T 8ed479a0e9124813b7b7d74c247a67c5 P 688a115774a44a83bed75fa7eb9dcd2d [term 2 LEADER]: Becoming Follower/Learner. State: Replica: 688a115774a44a83bed75fa7eb9dcd2d, State: Running, Role: LEADER
I20260710 13:24:57.155781 22005 tablet_service.cc:1917] Received RequestConsensusVote() RPC: tablet_id: "8ed479a0e9124813b7b7d74c247a67c5" candidate_uuid: "bdccd806368a491bad10337ad0ad2f5e" candidate_term: 3 candidate_status { last_received { term: 2 index: 2 } } ignore_live_leader: true dest_uuid: "cbece5cd0db046be884a7a0685e1374f"
I20260710 13:24:57.156250 22005 raft_consensus.cc:3060] T 8ed479a0e9124813b7b7d74c247a67c5 P cbece5cd0db046be884a7a0685e1374f [term 2 FOLLOWER]: Advancing to term 3
I20260710 13:24:57.156304 21854 consensus_queue.cc:260] T 8ed479a0e9124813b7b7d74c247a67c5 P 688a115774a44a83bed75fa7eb9dcd2d [NON_LEADER]: Queue going to NON_LEADER mode. State: All replicated index: 0, Majority replicated index: 2, Committed index: 2, Last appended: 2.2, Last appended by leader: 2, Current term: 2, Majority size: -1, State: 0, Mode: NON_LEADER, active raft config: opid_index: -1 OBSOLETE_local: false peers { permanent_uuid: "bdccd806368a491bad10337ad0ad2f5e" member_type: VOTER last_known_addr { host: "127.21.54.66" port: 46585 } } peers { permanent_uuid: "688a115774a44a83bed75fa7eb9dcd2d" member_type: VOTER last_known_addr { host: "127.21.54.65" port: 35581 } } peers { permanent_uuid: "cbece5cd0db046be884a7a0685e1374f" member_type: VOTER last_known_addr { host: "127.21.54.67" port: 41689 } }
I20260710 13:24:57.157449 21854 raft_consensus.cc:3060] T 8ed479a0e9124813b7b7d74c247a67c5 P 688a115774a44a83bed75fa7eb9dcd2d [term 2 FOLLOWER]: Advancing to term 3
I20260710 13:24:57.159925 22005 raft_consensus.cc:2468] T 8ed479a0e9124813b7b7d74c247a67c5 P cbece5cd0db046be884a7a0685e1374f [term 3 FOLLOWER]: Leader election vote request: Granting yes vote for candidate bdccd806368a491bad10337ad0ad2f5e in term 3.
I20260710 13:24:57.160892 22054 raft_consensus.cc:993] T b2aad078e3714aa1949aa80a65970feb P 688a115774a44a83bed75fa7eb9dcd2d: : Instructing follower bdccd806368a491bad10337ad0ad2f5e to start an election
I20260710 13:24:57.161304 22054 raft_consensus.cc:1081] T b2aad078e3714aa1949aa80a65970feb P 688a115774a44a83bed75fa7eb9dcd2d [term 2 LEADER]: Signalling peer bdccd806368a491bad10337ad0ad2f5e to start an election
I20260710 13:24:57.162204 21894 leader_election.cc:304] T 8ed479a0e9124813b7b7d74c247a67c5 P bdccd806368a491bad10337ad0ad2f5e [CANDIDATE]: Term 3 election: Election decided. Result: candidate won. Election summary: received 2 responses out of 3 voters: 2 yes votes; 0 no votes. yes voters: bdccd806368a491bad10337ad0ad2f5e, cbece5cd0db046be884a7a0685e1374f; no voters: 
I20260710 13:24:57.162859 21931 tablet_service.cc:2044] Received Run Leader Election RPC: tablet_id: "b2aad078e3714aa1949aa80a65970feb"
dest_uuid: "bdccd806368a491bad10337ad0ad2f5e"
 from {username='slave'} at 127.0.0.1:50866
I20260710 13:24:57.162940 22141 raft_consensus.cc:2804] T 8ed479a0e9124813b7b7d74c247a67c5 P bdccd806368a491bad10337ad0ad2f5e [term 3 FOLLOWER]: Leader election won for term 3
I20260710 13:24:57.163378 21931 raft_consensus.cc:493] T b2aad078e3714aa1949aa80a65970feb P bdccd806368a491bad10337ad0ad2f5e [term 2 FOLLOWER]: Starting forced leader election (received explicit request)
I20260710 13:24:57.163594 22141 raft_consensus.cc:697] T 8ed479a0e9124813b7b7d74c247a67c5 P bdccd806368a491bad10337ad0ad2f5e [term 3 LEADER]: Becoming Leader. State: Replica: bdccd806368a491bad10337ad0ad2f5e, State: Running, Role: LEADER
I20260710 13:24:57.163743 21931 raft_consensus.cc:3060] T b2aad078e3714aa1949aa80a65970feb P bdccd806368a491bad10337ad0ad2f5e [term 2 FOLLOWER]: Advancing to term 3
I20260710 13:24:57.164371 22141 consensus_queue.cc:237] T 8ed479a0e9124813b7b7d74c247a67c5 P bdccd806368a491bad10337ad0ad2f5e [LEADER]: Queue going to LEADER mode. State: All replicated index: 0, Majority replicated index: 2, Committed index: 2, Last appended: 2.2, Last appended by leader: 2, Current term: 3, Majority size: 2, State: 0, Mode: LEADER, active raft config: opid_index: -1 OBSOLETE_local: false peers { permanent_uuid: "bdccd806368a491bad10337ad0ad2f5e" member_type: VOTER last_known_addr { host: "127.21.54.66" port: 46585 } } peers { permanent_uuid: "688a115774a44a83bed75fa7eb9dcd2d" member_type: VOTER last_known_addr { host: "127.21.54.65" port: 35581 } } peers { permanent_uuid: "cbece5cd0db046be884a7a0685e1374f" member_type: VOTER last_known_addr { host: "127.21.54.67" port: 41689 } }
I20260710 13:24:57.164942 21854 raft_consensus.cc:2468] T 8ed479a0e9124813b7b7d74c247a67c5 P 688a115774a44a83bed75fa7eb9dcd2d [term 3 FOLLOWER]: Leader election vote request: Granting yes vote for candidate bdccd806368a491bad10337ad0ad2f5e in term 3.
I20260710 13:24:57.171054 22142 raft_consensus.cc:993] T 00fb18437bf74d67af7beb0cb966f20f P cbece5cd0db046be884a7a0685e1374f: : Instructing follower bdccd806368a491bad10337ad0ad2f5e to start an election
I20260710 13:24:57.171454 22142 raft_consensus.cc:1081] T 00fb18437bf74d67af7beb0cb966f20f P cbece5cd0db046be884a7a0685e1374f [term 2 LEADER]: Signalling peer bdccd806368a491bad10337ad0ad2f5e to start an election
I20260710 13:24:57.171720 21931 raft_consensus.cc:515] T b2aad078e3714aa1949aa80a65970feb P bdccd806368a491bad10337ad0ad2f5e [term 3 FOLLOWER]: Starting forced leader election with config: opid_index: -1 OBSOLETE_local: false peers { permanent_uuid: "688a115774a44a83bed75fa7eb9dcd2d" member_type: VOTER last_known_addr { host: "127.21.54.65" port: 35581 } } peers { permanent_uuid: "bdccd806368a491bad10337ad0ad2f5e" member_type: VOTER last_known_addr { host: "127.21.54.66" port: 46585 } } peers { permanent_uuid: "cbece5cd0db046be884a7a0685e1374f" member_type: VOTER last_known_addr { host: "127.21.54.67" port: 41689 } }
I20260710 13:24:57.173677 21931 leader_election.cc:290] T b2aad078e3714aa1949aa80a65970feb P bdccd806368a491bad10337ad0ad2f5e [CANDIDATE]: Term 3 election: Requested vote from peers 688a115774a44a83bed75fa7eb9dcd2d (127.21.54.65:35581), cbece5cd0db046be884a7a0685e1374f (127.21.54.67:41689)
I20260710 13:24:57.175057 21854 tablet_service.cc:1917] Received RequestConsensusVote() RPC: tablet_id: "b2aad078e3714aa1949aa80a65970feb" candidate_uuid: "bdccd806368a491bad10337ad0ad2f5e" candidate_term: 3 candidate_status { last_received { term: 2 index: 2 } } ignore_live_leader: true dest_uuid: "688a115774a44a83bed75fa7eb9dcd2d"
I20260710 13:24:57.175652 21854 raft_consensus.cc:3055] T b2aad078e3714aa1949aa80a65970feb P 688a115774a44a83bed75fa7eb9dcd2d [term 2 LEADER]: Stepping down as leader of term 2
I20260710 13:24:57.176009 21854 raft_consensus.cc:740] T b2aad078e3714aa1949aa80a65970feb P 688a115774a44a83bed75fa7eb9dcd2d [term 2 LEADER]: Becoming Follower/Learner. State: Replica: 688a115774a44a83bed75fa7eb9dcd2d, State: Running, Role: LEADER
I20260710 13:24:57.175876 21929 tablet_service.cc:2044] Received Run Leader Election RPC: tablet_id: "00fb18437bf74d67af7beb0cb966f20f"
dest_uuid: "bdccd806368a491bad10337ad0ad2f5e"
 from {username='slave'} at 127.0.0.1:50864
I20260710 13:24:57.176815 21929 raft_consensus.cc:493] T 00fb18437bf74d67af7beb0cb966f20f P bdccd806368a491bad10337ad0ad2f5e [term 2 FOLLOWER]: Starting forced leader election (received explicit request)
I20260710 13:24:57.177241 21929 raft_consensus.cc:3060] T 00fb18437bf74d67af7beb0cb966f20f P bdccd806368a491bad10337ad0ad2f5e [term 2 FOLLOWER]: Advancing to term 3
I20260710 13:24:57.177408 22005 tablet_service.cc:1917] Received RequestConsensusVote() RPC: tablet_id: "b2aad078e3714aa1949aa80a65970feb" candidate_uuid: "bdccd806368a491bad10337ad0ad2f5e" candidate_term: 3 candidate_status { last_received { term: 2 index: 2 } } ignore_live_leader: true dest_uuid: "cbece5cd0db046be884a7a0685e1374f"
I20260710 13:24:57.178143 22005 raft_consensus.cc:3060] T b2aad078e3714aa1949aa80a65970feb P cbece5cd0db046be884a7a0685e1374f [term 2 FOLLOWER]: Advancing to term 3
I20260710 13:24:57.186089 22005 raft_consensus.cc:2468] T b2aad078e3714aa1949aa80a65970feb P cbece5cd0db046be884a7a0685e1374f [term 3 FOLLOWER]: Leader election vote request: Granting yes vote for candidate bdccd806368a491bad10337ad0ad2f5e in term 3.
I20260710 13:24:57.191258 21894 leader_election.cc:304] T b2aad078e3714aa1949aa80a65970feb P bdccd806368a491bad10337ad0ad2f5e [CANDIDATE]: Term 3 election: Election decided. Result: candidate won. Election summary: received 2 responses out of 3 voters: 2 yes votes; 0 no votes. yes voters: bdccd806368a491bad10337ad0ad2f5e, cbece5cd0db046be884a7a0685e1374f; no voters: 
I20260710 13:24:57.192382 22159 raft_consensus.cc:2804] T b2aad078e3714aa1949aa80a65970feb P bdccd806368a491bad10337ad0ad2f5e [term 3 FOLLOWER]: Leader election won for term 3
I20260710 13:24:57.194502 21854 consensus_queue.cc:260] T b2aad078e3714aa1949aa80a65970feb P 688a115774a44a83bed75fa7eb9dcd2d [NON_LEADER]: Queue going to NON_LEADER mode. State: All replicated index: 0, Majority replicated index: 2, Committed index: 2, Last appended: 2.2, Last appended by leader: 2, Current term: 2, Majority size: -1, State: 0, Mode: NON_LEADER, active raft config: opid_index: -1 OBSOLETE_local: false peers { permanent_uuid: "688a115774a44a83bed75fa7eb9dcd2d" member_type: VOTER last_known_addr { host: "127.21.54.65" port: 35581 } } peers { permanent_uuid: "bdccd806368a491bad10337ad0ad2f5e" member_type: VOTER last_known_addr { host: "127.21.54.66" port: 46585 } } peers { permanent_uuid: "cbece5cd0db046be884a7a0685e1374f" member_type: VOTER last_known_addr { host: "127.21.54.67" port: 41689 } }
I20260710 13:24:57.197361 21854 raft_consensus.cc:3060] T b2aad078e3714aa1949aa80a65970feb P 688a115774a44a83bed75fa7eb9dcd2d [term 2 FOLLOWER]: Advancing to term 3
I20260710 13:24:57.198077 22159 raft_consensus.cc:697] T b2aad078e3714aa1949aa80a65970feb P bdccd806368a491bad10337ad0ad2f5e [term 3 LEADER]: Becoming Leader. State: Replica: bdccd806368a491bad10337ad0ad2f5e, State: Running, Role: LEADER
I20260710 13:24:57.195925 21929 raft_consensus.cc:515] T 00fb18437bf74d67af7beb0cb966f20f P bdccd806368a491bad10337ad0ad2f5e [term 3 FOLLOWER]: Starting forced leader election with config: opid_index: -1 OBSOLETE_local: false peers { permanent_uuid: "688a115774a44a83bed75fa7eb9dcd2d" member_type: VOTER last_known_addr { host: "127.21.54.65" port: 35581 } } peers { permanent_uuid: "bdccd806368a491bad10337ad0ad2f5e" member_type: VOTER last_known_addr { host: "127.21.54.66" port: 46585 } } peers { permanent_uuid: "cbece5cd0db046be884a7a0685e1374f" member_type: VOTER last_known_addr { host: "127.21.54.67" port: 41689 } }
I20260710 13:24:57.199277 22159 consensus_queue.cc:237] T b2aad078e3714aa1949aa80a65970feb P bdccd806368a491bad10337ad0ad2f5e [LEADER]: Queue going to LEADER mode. State: All replicated index: 0, Majority replicated index: 2, Committed index: 2, Last appended: 2.2, Last appended by leader: 2, Current term: 3, Majority size: 2, State: 0, Mode: LEADER, active raft config: opid_index: -1 OBSOLETE_local: false peers { permanent_uuid: "688a115774a44a83bed75fa7eb9dcd2d" member_type: VOTER last_known_addr { host: "127.21.54.65" port: 35581 } } peers { permanent_uuid: "bdccd806368a491bad10337ad0ad2f5e" member_type: VOTER last_known_addr { host: "127.21.54.66" port: 46585 } } peers { permanent_uuid: "cbece5cd0db046be884a7a0685e1374f" member_type: VOTER last_known_addr { host: "127.21.54.67" port: 41689 } }
I20260710 13:24:57.202523 21856 tablet_service.cc:1917] Received RequestConsensusVote() RPC: tablet_id: "00fb18437bf74d67af7beb0cb966f20f" candidate_uuid: "bdccd806368a491bad10337ad0ad2f5e" candidate_term: 3 candidate_status { last_received { term: 2 index: 2 } } ignore_live_leader: true dest_uuid: "688a115774a44a83bed75fa7eb9dcd2d"
I20260710 13:24:57.203209 21856 raft_consensus.cc:3060] T 00fb18437bf74d67af7beb0cb966f20f P 688a115774a44a83bed75fa7eb9dcd2d [term 2 FOLLOWER]: Advancing to term 3
I20260710 13:24:57.212626 22005 tablet_service.cc:1917] Received RequestConsensusVote() RPC: tablet_id: "00fb18437bf74d67af7beb0cb966f20f" candidate_uuid: "bdccd806368a491bad10337ad0ad2f5e" candidate_term: 3 candidate_status { last_received { term: 2 index: 2 } } ignore_live_leader: true dest_uuid: "cbece5cd0db046be884a7a0685e1374f"
I20260710 13:24:57.213128 22005 raft_consensus.cc:3055] T 00fb18437bf74d67af7beb0cb966f20f P cbece5cd0db046be884a7a0685e1374f [term 2 LEADER]: Stepping down as leader of term 2
I20260710 13:24:57.213168 21856 raft_consensus.cc:2468] T 00fb18437bf74d67af7beb0cb966f20f P 688a115774a44a83bed75fa7eb9dcd2d [term 3 FOLLOWER]: Leader election vote request: Granting yes vote for candidate bdccd806368a491bad10337ad0ad2f5e in term 3.
I20260710 13:24:57.213476 22005 raft_consensus.cc:740] T 00fb18437bf74d67af7beb0cb966f20f P cbece5cd0db046be884a7a0685e1374f [term 2 LEADER]: Becoming Follower/Learner. State: Replica: cbece5cd0db046be884a7a0685e1374f, State: Running, Role: LEADER
I20260710 13:24:57.214391 21897 leader_election.cc:304] T 00fb18437bf74d67af7beb0cb966f20f P bdccd806368a491bad10337ad0ad2f5e [CANDIDATE]: Term 3 election: Election decided. Result: candidate won. Election summary: received 2 responses out of 3 voters: 2 yes votes; 0 no votes. yes voters: 688a115774a44a83bed75fa7eb9dcd2d, bdccd806368a491bad10337ad0ad2f5e; no voters: 
I20260710 13:24:57.214205 22005 consensus_queue.cc:260] T 00fb18437bf74d67af7beb0cb966f20f P cbece5cd0db046be884a7a0685e1374f [NON_LEADER]: Queue going to NON_LEADER mode. State: All replicated index: 0, Majority replicated index: 2, Committed index: 2, Last appended: 2.2, Last appended by leader: 2, Current term: 2, Majority size: -1, State: 0, Mode: NON_LEADER, active raft config: opid_index: -1 OBSOLETE_local: false peers { permanent_uuid: "688a115774a44a83bed75fa7eb9dcd2d" member_type: VOTER last_known_addr { host: "127.21.54.65" port: 35581 } } peers { permanent_uuid: "bdccd806368a491bad10337ad0ad2f5e" member_type: VOTER last_known_addr { host: "127.21.54.66" port: 46585 } } peers { permanent_uuid: "cbece5cd0db046be884a7a0685e1374f" member_type: VOTER last_known_addr { host: "127.21.54.67" port: 41689 } }
I20260710 13:24:57.214872 21929 leader_election.cc:290] T 00fb18437bf74d67af7beb0cb966f20f P bdccd806368a491bad10337ad0ad2f5e [CANDIDATE]: Term 3 election: Requested vote from peers 688a115774a44a83bed75fa7eb9dcd2d (127.21.54.65:35581), cbece5cd0db046be884a7a0685e1374f (127.21.54.67:41689)
I20260710 13:24:57.215380 22005 raft_consensus.cc:3060] T 00fb18437bf74d67af7beb0cb966f20f P cbece5cd0db046be884a7a0685e1374f [term 2 FOLLOWER]: Advancing to term 3
I20260710 13:24:57.216535 21854 raft_consensus.cc:2468] T b2aad078e3714aa1949aa80a65970feb P 688a115774a44a83bed75fa7eb9dcd2d [term 3 FOLLOWER]: Leader election vote request: Granting yes vote for candidate bdccd806368a491bad10337ad0ad2f5e in term 3.
I20260710 13:24:57.218046 22141 raft_consensus.cc:2804] T 00fb18437bf74d67af7beb0cb966f20f P bdccd806368a491bad10337ad0ad2f5e [term 3 FOLLOWER]: Leader election won for term 3
I20260710 13:24:57.218772 22141 raft_consensus.cc:697] T 00fb18437bf74d67af7beb0cb966f20f P bdccd806368a491bad10337ad0ad2f5e [term 3 LEADER]: Becoming Leader. State: Replica: bdccd806368a491bad10337ad0ad2f5e, State: Running, Role: LEADER
I20260710 13:24:57.219544 22141 consensus_queue.cc:237] T 00fb18437bf74d67af7beb0cb966f20f P bdccd806368a491bad10337ad0ad2f5e [LEADER]: Queue going to LEADER mode. State: All replicated index: 0, Majority replicated index: 2, Committed index: 2, Last appended: 2.2, Last appended by leader: 2, Current term: 3, Majority size: 2, State: 0, Mode: LEADER, active raft config: opid_index: -1 OBSOLETE_local: false peers { permanent_uuid: "688a115774a44a83bed75fa7eb9dcd2d" member_type: VOTER last_known_addr { host: "127.21.54.65" port: 35581 } } peers { permanent_uuid: "bdccd806368a491bad10337ad0ad2f5e" member_type: VOTER last_known_addr { host: "127.21.54.66" port: 46585 } } peers { permanent_uuid: "cbece5cd0db046be884a7a0685e1374f" member_type: VOTER last_known_addr { host: "127.21.54.67" port: 41689 } }
I20260710 13:24:57.222057 22005 raft_consensus.cc:2468] T 00fb18437bf74d67af7beb0cb966f20f P cbece5cd0db046be884a7a0685e1374f [term 3 FOLLOWER]: Leader election vote request: Granting yes vote for candidate bdccd806368a491bad10337ad0ad2f5e in term 3.
I20260710 13:24:57.227260 21752 catalog_manager.cc:5697] T 8ed479a0e9124813b7b7d74c247a67c5 P bdccd806368a491bad10337ad0ad2f5e reported cstate change: term changed from 2 to 3, leader changed from 688a115774a44a83bed75fa7eb9dcd2d (127.21.54.65) to bdccd806368a491bad10337ad0ad2f5e (127.21.54.66). New cstate: current_term: 3 leader_uuid: "bdccd806368a491bad10337ad0ad2f5e" committed_config { opid_index: -1 OBSOLETE_local: false peers { permanent_uuid: "bdccd806368a491bad10337ad0ad2f5e" member_type: VOTER last_known_addr { host: "127.21.54.66" port: 46585 } health_report { overall_health: HEALTHY } } peers { permanent_uuid: "688a115774a44a83bed75fa7eb9dcd2d" member_type: VOTER last_known_addr { host: "127.21.54.65" port: 35581 } health_report { overall_health: UNKNOWN } } peers { permanent_uuid: "cbece5cd0db046be884a7a0685e1374f" member_type: VOTER last_known_addr { host: "127.21.54.67" port: 41689 } health_report { overall_health: UNKNOWN } } }
I20260710 13:24:57.228204 21752 catalog_manager.cc:5697] T b2aad078e3714aa1949aa80a65970feb P bdccd806368a491bad10337ad0ad2f5e reported cstate change: term changed from 2 to 3, leader changed from 688a115774a44a83bed75fa7eb9dcd2d (127.21.54.65) to bdccd806368a491bad10337ad0ad2f5e (127.21.54.66). New cstate: current_term: 3 leader_uuid: "bdccd806368a491bad10337ad0ad2f5e" committed_config { opid_index: -1 OBSOLETE_local: false peers { permanent_uuid: "688a115774a44a83bed75fa7eb9dcd2d" member_type: VOTER last_known_addr { host: "127.21.54.65" port: 35581 } health_report { overall_health: UNKNOWN } } peers { permanent_uuid: "bdccd806368a491bad10337ad0ad2f5e" member_type: VOTER last_known_addr { host: "127.21.54.66" port: 46585 } health_report { overall_health: HEALTHY } } peers { permanent_uuid: "cbece5cd0db046be884a7a0685e1374f" member_type: VOTER last_known_addr { host: "127.21.54.67" port: 41689 } health_report { overall_health: UNKNOWN } } }
I20260710 13:24:57.229067 21752 catalog_manager.cc:5697] T 00fb18437bf74d67af7beb0cb966f20f P bdccd806368a491bad10337ad0ad2f5e reported cstate change: term changed from 2 to 3, leader changed from cbece5cd0db046be884a7a0685e1374f (127.21.54.67) to bdccd806368a491bad10337ad0ad2f5e (127.21.54.66). New cstate: current_term: 3 leader_uuid: "bdccd806368a491bad10337ad0ad2f5e" committed_config { opid_index: -1 OBSOLETE_local: false peers { permanent_uuid: "688a115774a44a83bed75fa7eb9dcd2d" member_type: VOTER last_known_addr { host: "127.21.54.65" port: 35581 } health_report { overall_health: UNKNOWN } } peers { permanent_uuid: "bdccd806368a491bad10337ad0ad2f5e" member_type: VOTER last_known_addr { host: "127.21.54.66" port: 46585 } health_report { overall_health: HEALTHY } } peers { permanent_uuid: "cbece5cd0db046be884a7a0685e1374f" member_type: VOTER last_known_addr { host: "127.21.54.67" port: 41689 } health_report { overall_health: UNKNOWN } } }
I20260710 13:24:57.539892 22005 raft_consensus.cc:1275] T 0446d5f1973c49788c4cab258bce821b P cbece5cd0db046be884a7a0685e1374f [term 3 FOLLOWER]: Refusing update from remote peer bdccd806368a491bad10337ad0ad2f5e: Log matching property violated. Preceding OpId in replica: term: 2 index: 2. Preceding OpId from leader: term: 3 index: 3. (index mismatch)
I20260710 13:24:57.540925 22159 consensus_queue.cc:1048] T 0446d5f1973c49788c4cab258bce821b P bdccd806368a491bad10337ad0ad2f5e [LEADER]: Connected to new peer: Peer: permanent_uuid: "cbece5cd0db046be884a7a0685e1374f" member_type: VOTER last_known_addr { host: "127.21.54.67" port: 41689 }, Status: LMP_MISMATCH, Last received: 0.0, Next index: 3, Last known committed idx: 2, Time since last communication: 0.000s
I20260710 13:24:57.548532 21856 raft_consensus.cc:1275] T 0446d5f1973c49788c4cab258bce821b P 688a115774a44a83bed75fa7eb9dcd2d [term 3 FOLLOWER]: Refusing update from remote peer bdccd806368a491bad10337ad0ad2f5e: Log matching property violated. Preceding OpId in replica: term: 2 index: 2. Preceding OpId from leader: term: 3 index: 3. (index mismatch)
I20260710 13:24:57.550418 22159 consensus_queue.cc:1048] T 0446d5f1973c49788c4cab258bce821b P bdccd806368a491bad10337ad0ad2f5e [LEADER]: Connected to new peer: Peer: permanent_uuid: "688a115774a44a83bed75fa7eb9dcd2d" member_type: VOTER last_known_addr { host: "127.21.54.65" port: 35581 }, Status: LMP_MISMATCH, Last received: 0.0, Next index: 3, Last known committed idx: 2, Time since last communication: 0.000s
I20260710 13:24:57.555594 21854 raft_consensus.cc:1275] T 8ed479a0e9124813b7b7d74c247a67c5 P 688a115774a44a83bed75fa7eb9dcd2d [term 3 FOLLOWER]: Refusing update from remote peer bdccd806368a491bad10337ad0ad2f5e: Log matching property violated. Preceding OpId in replica: term: 2 index: 2. Preceding OpId from leader: term: 3 index: 3. (index mismatch)
I20260710 13:24:57.557197 22159 consensus_queue.cc:1048] T 8ed479a0e9124813b7b7d74c247a67c5 P bdccd806368a491bad10337ad0ad2f5e [LEADER]: Connected to new peer: Peer: permanent_uuid: "688a115774a44a83bed75fa7eb9dcd2d" member_type: VOTER last_known_addr { host: "127.21.54.65" port: 35581 }, Status: LMP_MISMATCH, Last received: 0.0, Next index: 3, Last known committed idx: 2, Time since last communication: 0.001s
I20260710 13:24:57.565363 22005 raft_consensus.cc:1275] T 8ed479a0e9124813b7b7d74c247a67c5 P cbece5cd0db046be884a7a0685e1374f [term 3 FOLLOWER]: Refusing update from remote peer bdccd806368a491bad10337ad0ad2f5e: Log matching property violated. Preceding OpId in replica: term: 2 index: 2. Preceding OpId from leader: term: 3 index: 3. (index mismatch)
I20260710 13:24:57.567497 22159 consensus_queue.cc:1048] T 8ed479a0e9124813b7b7d74c247a67c5 P bdccd806368a491bad10337ad0ad2f5e [LEADER]: Connected to new peer: Peer: permanent_uuid: "cbece5cd0db046be884a7a0685e1374f" member_type: VOTER last_known_addr { host: "127.21.54.67" port: 41689 }, Status: LMP_MISMATCH, Last received: 0.0, Next index: 3, Last known committed idx: 2, Time since last communication: 0.000s
I20260710 13:24:57.625393 22005 raft_consensus.cc:1275] T b2aad078e3714aa1949aa80a65970feb P cbece5cd0db046be884a7a0685e1374f [term 3 FOLLOWER]: Refusing update from remote peer bdccd806368a491bad10337ad0ad2f5e: Log matching property violated. Preceding OpId in replica: term: 2 index: 2. Preceding OpId from leader: term: 3 index: 3. (index mismatch)
I20260710 13:24:57.626413 22164 consensus_queue.cc:1048] T b2aad078e3714aa1949aa80a65970feb P bdccd806368a491bad10337ad0ad2f5e [LEADER]: Connected to new peer: Peer: permanent_uuid: "cbece5cd0db046be884a7a0685e1374f" member_type: VOTER last_known_addr { host: "127.21.54.67" port: 41689 }, Status: LMP_MISMATCH, Last received: 0.0, Next index: 3, Last known committed idx: 2, Time since last communication: 0.000s
I20260710 13:24:57.634166 21856 raft_consensus.cc:1275] T b2aad078e3714aa1949aa80a65970feb P 688a115774a44a83bed75fa7eb9dcd2d [term 3 FOLLOWER]: Refusing update from remote peer bdccd806368a491bad10337ad0ad2f5e: Log matching property violated. Preceding OpId in replica: term: 2 index: 2. Preceding OpId from leader: term: 3 index: 3. (index mismatch)
I20260710 13:24:57.635792 22141 consensus_queue.cc:1048] T b2aad078e3714aa1949aa80a65970feb P bdccd806368a491bad10337ad0ad2f5e [LEADER]: Connected to new peer: Peer: permanent_uuid: "688a115774a44a83bed75fa7eb9dcd2d" member_type: VOTER last_known_addr { host: "127.21.54.65" port: 35581 }, Status: LMP_MISMATCH, Last received: 0.0, Next index: 3, Last known committed idx: 2, Time since last communication: 0.001s
I20260710 13:24:57.649905 22054 raft_consensus.cc:993] T fc48d0c403e24808888b7cccf44a5c8d P 688a115774a44a83bed75fa7eb9dcd2d: : Instructing follower bdccd806368a491bad10337ad0ad2f5e to start an election
I20260710 13:24:57.650280 22158 raft_consensus.cc:1081] T fc48d0c403e24808888b7cccf44a5c8d P 688a115774a44a83bed75fa7eb9dcd2d [term 2 LEADER]: Signalling peer bdccd806368a491bad10337ad0ad2f5e to start an election
I20260710 13:24:57.651567 21929 tablet_service.cc:2044] Received Run Leader Election RPC: tablet_id: "fc48d0c403e24808888b7cccf44a5c8d"
dest_uuid: "bdccd806368a491bad10337ad0ad2f5e"
 from {username='slave'} at 127.0.0.1:50866
I20260710 13:24:57.652016 21929 raft_consensus.cc:493] T fc48d0c403e24808888b7cccf44a5c8d P bdccd806368a491bad10337ad0ad2f5e [term 2 FOLLOWER]: Starting forced leader election (received explicit request)
I20260710 13:24:57.652318 21929 raft_consensus.cc:3060] T fc48d0c403e24808888b7cccf44a5c8d P bdccd806368a491bad10337ad0ad2f5e [term 2 FOLLOWER]: Advancing to term 3
I20260710 13:24:57.656428 21929 raft_consensus.cc:515] T fc48d0c403e24808888b7cccf44a5c8d P bdccd806368a491bad10337ad0ad2f5e [term 3 FOLLOWER]: Starting forced leader election with config: opid_index: -1 OBSOLETE_local: false peers { permanent_uuid: "688a115774a44a83bed75fa7eb9dcd2d" member_type: VOTER last_known_addr { host: "127.21.54.65" port: 35581 } } peers { permanent_uuid: "bdccd806368a491bad10337ad0ad2f5e" member_type: VOTER last_known_addr { host: "127.21.54.66" port: 46585 } } peers { permanent_uuid: "cbece5cd0db046be884a7a0685e1374f" member_type: VOTER last_known_addr { host: "127.21.54.67" port: 41689 } }
I20260710 13:24:57.657898 21929 leader_election.cc:290] T fc48d0c403e24808888b7cccf44a5c8d P bdccd806368a491bad10337ad0ad2f5e [CANDIDATE]: Term 3 election: Requested vote from peers 688a115774a44a83bed75fa7eb9dcd2d (127.21.54.65:35581), cbece5cd0db046be884a7a0685e1374f (127.21.54.67:41689)
I20260710 13:24:57.658512 21856 tablet_service.cc:1917] Received RequestConsensusVote() RPC: tablet_id: "fc48d0c403e24808888b7cccf44a5c8d" candidate_uuid: "bdccd806368a491bad10337ad0ad2f5e" candidate_term: 3 candidate_status { last_received { term: 2 index: 2 } } ignore_live_leader: true dest_uuid: "688a115774a44a83bed75fa7eb9dcd2d"
I20260710 13:24:57.658787 22005 tablet_service.cc:1917] Received RequestConsensusVote() RPC: tablet_id: "fc48d0c403e24808888b7cccf44a5c8d" candidate_uuid: "bdccd806368a491bad10337ad0ad2f5e" candidate_term: 3 candidate_status { last_received { term: 2 index: 2 } } ignore_live_leader: true dest_uuid: "cbece5cd0db046be884a7a0685e1374f"
I20260710 13:24:57.659070 21856 raft_consensus.cc:3055] T fc48d0c403e24808888b7cccf44a5c8d P 688a115774a44a83bed75fa7eb9dcd2d [term 2 LEADER]: Stepping down as leader of term 2
I20260710 13:24:57.659246 22005 raft_consensus.cc:3060] T fc48d0c403e24808888b7cccf44a5c8d P cbece5cd0db046be884a7a0685e1374f [term 2 FOLLOWER]: Advancing to term 3
I20260710 13:24:57.659421 21856 raft_consensus.cc:740] T fc48d0c403e24808888b7cccf44a5c8d P 688a115774a44a83bed75fa7eb9dcd2d [term 2 LEADER]: Becoming Follower/Learner. State: Replica: 688a115774a44a83bed75fa7eb9dcd2d, State: Running, Role: LEADER
I20260710 13:24:57.660180 21856 consensus_queue.cc:260] T fc48d0c403e24808888b7cccf44a5c8d P 688a115774a44a83bed75fa7eb9dcd2d [NON_LEADER]: Queue going to NON_LEADER mode. State: All replicated index: 0, Majority replicated index: 2, Committed index: 2, Last appended: 2.2, Last appended by leader: 2, Current term: 2, Majority size: -1, State: 0, Mode: NON_LEADER, active raft config: opid_index: -1 OBSOLETE_local: false peers { permanent_uuid: "688a115774a44a83bed75fa7eb9dcd2d" member_type: VOTER last_known_addr { host: "127.21.54.65" port: 35581 } } peers { permanent_uuid: "bdccd806368a491bad10337ad0ad2f5e" member_type: VOTER last_known_addr { host: "127.21.54.66" port: 46585 } } peers { permanent_uuid: "cbece5cd0db046be884a7a0685e1374f" member_type: VOTER last_known_addr { host: "127.21.54.67" port: 41689 } }
I20260710 13:24:57.661028 21856 raft_consensus.cc:3060] T fc48d0c403e24808888b7cccf44a5c8d P 688a115774a44a83bed75fa7eb9dcd2d [term 2 FOLLOWER]: Advancing to term 3
I20260710 13:24:57.662979 22005 raft_consensus.cc:2468] T fc48d0c403e24808888b7cccf44a5c8d P cbece5cd0db046be884a7a0685e1374f [term 3 FOLLOWER]: Leader election vote request: Granting yes vote for candidate bdccd806368a491bad10337ad0ad2f5e in term 3.
I20260710 13:24:57.663813 21894 leader_election.cc:304] T fc48d0c403e24808888b7cccf44a5c8d P bdccd806368a491bad10337ad0ad2f5e [CANDIDATE]: Term 3 election: Election decided. Result: candidate won. Election summary: received 2 responses out of 3 voters: 2 yes votes; 0 no votes. yes voters: bdccd806368a491bad10337ad0ad2f5e, cbece5cd0db046be884a7a0685e1374f; no voters: 
I20260710 13:24:57.664479 22141 raft_consensus.cc:2804] T fc48d0c403e24808888b7cccf44a5c8d P bdccd806368a491bad10337ad0ad2f5e [term 3 FOLLOWER]: Leader election won for term 3
I20260710 13:24:57.664845 22141 raft_consensus.cc:697] T fc48d0c403e24808888b7cccf44a5c8d P bdccd806368a491bad10337ad0ad2f5e [term 3 LEADER]: Becoming Leader. State: Replica: bdccd806368a491bad10337ad0ad2f5e, State: Running, Role: LEADER
I20260710 13:24:57.665508 21856 raft_consensus.cc:2468] T fc48d0c403e24808888b7cccf44a5c8d P 688a115774a44a83bed75fa7eb9dcd2d [term 3 FOLLOWER]: Leader election vote request: Granting yes vote for candidate bdccd806368a491bad10337ad0ad2f5e in term 3.
I20260710 13:24:57.665509 22141 consensus_queue.cc:237] T fc48d0c403e24808888b7cccf44a5c8d P bdccd806368a491bad10337ad0ad2f5e [LEADER]: Queue going to LEADER mode. State: All replicated index: 0, Majority replicated index: 2, Committed index: 2, Last appended: 2.2, Last appended by leader: 2, Current term: 3, Majority size: 2, State: 0, Mode: LEADER, active raft config: opid_index: -1 OBSOLETE_local: false peers { permanent_uuid: "688a115774a44a83bed75fa7eb9dcd2d" member_type: VOTER last_known_addr { host: "127.21.54.65" port: 35581 } } peers { permanent_uuid: "bdccd806368a491bad10337ad0ad2f5e" member_type: VOTER last_known_addr { host: "127.21.54.66" port: 46585 } } peers { permanent_uuid: "cbece5cd0db046be884a7a0685e1374f" member_type: VOTER last_known_addr { host: "127.21.54.67" port: 41689 } }
I20260710 13:24:57.671840 21752 catalog_manager.cc:5697] T fc48d0c403e24808888b7cccf44a5c8d P bdccd806368a491bad10337ad0ad2f5e reported cstate change: term changed from 2 to 3, leader changed from 688a115774a44a83bed75fa7eb9dcd2d (127.21.54.65) to bdccd806368a491bad10337ad0ad2f5e (127.21.54.66). New cstate: current_term: 3 leader_uuid: "bdccd806368a491bad10337ad0ad2f5e" committed_config { opid_index: -1 OBSOLETE_local: false peers { permanent_uuid: "688a115774a44a83bed75fa7eb9dcd2d" member_type: VOTER last_known_addr { host: "127.21.54.65" port: 35581 } health_report { overall_health: UNKNOWN } } peers { permanent_uuid: "bdccd806368a491bad10337ad0ad2f5e" member_type: VOTER last_known_addr { host: "127.21.54.66" port: 46585 } health_report { overall_health: HEALTHY } } peers { permanent_uuid: "cbece5cd0db046be884a7a0685e1374f" member_type: VOTER last_known_addr { host: "127.21.54.67" port: 41689 } health_report { overall_health: UNKNOWN } } }
I20260710 13:24:57.700206 22005 raft_consensus.cc:1275] T 00fb18437bf74d67af7beb0cb966f20f P cbece5cd0db046be884a7a0685e1374f [term 3 FOLLOWER]: Refusing update from remote peer bdccd806368a491bad10337ad0ad2f5e: Log matching property violated. Preceding OpId in replica: term: 2 index: 2. Preceding OpId from leader: term: 3 index: 3. (index mismatch)
I20260710 13:24:57.701303 22141 consensus_queue.cc:1048] T 00fb18437bf74d67af7beb0cb966f20f P bdccd806368a491bad10337ad0ad2f5e [LEADER]: Connected to new peer: Peer: permanent_uuid: "cbece5cd0db046be884a7a0685e1374f" member_type: VOTER last_known_addr { host: "127.21.54.67" port: 41689 }, Status: LMP_MISMATCH, Last received: 0.0, Next index: 3, Last known committed idx: 2, Time since last communication: 0.000s
I20260710 13:24:57.709897 21856 raft_consensus.cc:1275] T 00fb18437bf74d67af7beb0cb966f20f P 688a115774a44a83bed75fa7eb9dcd2d [term 3 FOLLOWER]: Refusing update from remote peer bdccd806368a491bad10337ad0ad2f5e: Log matching property violated. Preceding OpId in replica: term: 2 index: 2. Preceding OpId from leader: term: 3 index: 3. (index mismatch)
I20260710 13:24:57.711800 22159 consensus_queue.cc:1048] T 00fb18437bf74d67af7beb0cb966f20f P bdccd806368a491bad10337ad0ad2f5e [LEADER]: Connected to new peer: Peer: permanent_uuid: "688a115774a44a83bed75fa7eb9dcd2d" member_type: VOTER last_known_addr { host: "127.21.54.65" port: 35581 }, Status: LMP_MISMATCH, Last received: 0.0, Next index: 3, Last known committed idx: 2, Time since last communication: 0.000s
I20260710 13:24:58.173461 22005 raft_consensus.cc:1275] T fc48d0c403e24808888b7cccf44a5c8d P cbece5cd0db046be884a7a0685e1374f [term 3 FOLLOWER]: Refusing update from remote peer bdccd806368a491bad10337ad0ad2f5e: Log matching property violated. Preceding OpId in replica: term: 2 index: 2. Preceding OpId from leader: term: 3 index: 3. (index mismatch)
I20260710 13:24:58.174544 22141 consensus_queue.cc:1048] T fc48d0c403e24808888b7cccf44a5c8d P bdccd806368a491bad10337ad0ad2f5e [LEADER]: Connected to new peer: Peer: permanent_uuid: "cbece5cd0db046be884a7a0685e1374f" member_type: VOTER last_known_addr { host: "127.21.54.67" port: 41689 }, Status: LMP_MISMATCH, Last received: 0.0, Next index: 3, Last known committed idx: 2, Time since last communication: 0.000s
I20260710 13:24:58.182153 21856 raft_consensus.cc:1275] T fc48d0c403e24808888b7cccf44a5c8d P 688a115774a44a83bed75fa7eb9dcd2d [term 3 FOLLOWER]: Refusing update from remote peer bdccd806368a491bad10337ad0ad2f5e: Log matching property violated. Preceding OpId in replica: term: 2 index: 2. Preceding OpId from leader: term: 3 index: 3. (index mismatch)
I20260710 13:24:58.184700 22170 consensus_queue.cc:1048] T fc48d0c403e24808888b7cccf44a5c8d P bdccd806368a491bad10337ad0ad2f5e [LEADER]: Connected to new peer: Peer: permanent_uuid: "688a115774a44a83bed75fa7eb9dcd2d" member_type: VOTER last_known_addr { host: "127.21.54.65" port: 35581 }, Status: LMP_MISMATCH, Last received: 0.0, Next index: 3, Last known committed idx: 2, Time since last communication: 0.000s
I20260710 13:25:00.097590 21721 auto_leader_rebalancer.cc:141] leader rebalance for table test-workload
I20260710 13:25:00.104363 21929 tablet_service.cc:2072] Received LeaderStepDown RPC: tablet_id: "0446d5f1973c49788c4cab258bce821b"
dest_uuid: "bdccd806368a491bad10337ad0ad2f5e"
mode: GRACEFUL
new_leader_uuid: "688a115774a44a83bed75fa7eb9dcd2d"
 from {username='slave'} at 127.0.0.1:49640
I20260710 13:25:00.104992 21929 raft_consensus.cc:606] T 0446d5f1973c49788c4cab258bce821b P bdccd806368a491bad10337ad0ad2f5e [term 3 LEADER]: Received request to transfer leadership to TS 688a115774a44a83bed75fa7eb9dcd2d
I20260710 13:25:00.107106 21929 tablet_service.cc:2072] Received LeaderStepDown RPC: tablet_id: "1ffcc785529e4b07a7d486ef6eac9e72"
dest_uuid: "bdccd806368a491bad10337ad0ad2f5e"
mode: GRACEFUL
new_leader_uuid: "cbece5cd0db046be884a7a0685e1374f"
 from {username='slave'} at 127.0.0.1:49640
I20260710 13:25:00.107551 21929 raft_consensus.cc:606] T 1ffcc785529e4b07a7d486ef6eac9e72 P bdccd806368a491bad10337ad0ad2f5e [term 1 LEADER]: Received request to transfer leadership to TS cbece5cd0db046be884a7a0685e1374f
I20260710 13:25:00.109484 21929 tablet_service.cc:2072] Received LeaderStepDown RPC: tablet_id: "8ed479a0e9124813b7b7d74c247a67c5"
dest_uuid: "bdccd806368a491bad10337ad0ad2f5e"
mode: GRACEFUL
new_leader_uuid: "cbece5cd0db046be884a7a0685e1374f"
 from {username='slave'} at 127.0.0.1:49640
I20260710 13:25:00.109905 21929 raft_consensus.cc:606] T 8ed479a0e9124813b7b7d74c247a67c5 P bdccd806368a491bad10337ad0ad2f5e [term 3 LEADER]: Received request to transfer leadership to TS cbece5cd0db046be884a7a0685e1374f
I20260710 13:25:00.112532 22180 raft_consensus.cc:993] T 0446d5f1973c49788c4cab258bce821b P bdccd806368a491bad10337ad0ad2f5e: : Instructing follower 688a115774a44a83bed75fa7eb9dcd2d to start an election
I20260710 13:25:00.113011 22180 raft_consensus.cc:1081] T 0446d5f1973c49788c4cab258bce821b P bdccd806368a491bad10337ad0ad2f5e [term 3 LEADER]: Signalling peer 688a115774a44a83bed75fa7eb9dcd2d to start an election
I20260710 13:25:00.113063 21929 tablet_service.cc:2072] Received LeaderStepDown RPC: tablet_id: "b2aad078e3714aa1949aa80a65970feb"
dest_uuid: "bdccd806368a491bad10337ad0ad2f5e"
mode: GRACEFUL
new_leader_uuid: "688a115774a44a83bed75fa7eb9dcd2d"
 from {username='slave'} at 127.0.0.1:49640
I20260710 13:25:00.113665 21929 raft_consensus.cc:606] T b2aad078e3714aa1949aa80a65970feb P bdccd806368a491bad10337ad0ad2f5e [term 3 LEADER]: Received request to transfer leadership to TS 688a115774a44a83bed75fa7eb9dcd2d
I20260710 13:25:00.114678 21856 tablet_service.cc:2044] Received Run Leader Election RPC: tablet_id: "0446d5f1973c49788c4cab258bce821b"
dest_uuid: "688a115774a44a83bed75fa7eb9dcd2d"
 from {username='slave'} at 127.0.0.1:49242
I20260710 13:25:00.115214 21856 raft_consensus.cc:493] T 0446d5f1973c49788c4cab258bce821b P 688a115774a44a83bed75fa7eb9dcd2d [term 3 FOLLOWER]: Starting forced leader election (received explicit request)
I20260710 13:25:00.115572 21856 raft_consensus.cc:3060] T 0446d5f1973c49788c4cab258bce821b P 688a115774a44a83bed75fa7eb9dcd2d [term 3 FOLLOWER]: Advancing to term 4
I20260710 13:25:00.116058 21929 tablet_service.cc:2072] Received LeaderStepDown RPC: tablet_id: "f4028a1c64c440d6a4ab28d99f00c814"
dest_uuid: "bdccd806368a491bad10337ad0ad2f5e"
mode: GRACEFUL
new_leader_uuid: "688a115774a44a83bed75fa7eb9dcd2d"
 from {username='slave'} at 127.0.0.1:49640
I20260710 13:25:00.116509 21929 raft_consensus.cc:606] T f4028a1c64c440d6a4ab28d99f00c814 P bdccd806368a491bad10337ad0ad2f5e [term 2 LEADER]: Received request to transfer leadership to TS 688a115774a44a83bed75fa7eb9dcd2d
I20260710 13:25:00.117458 21721 auto_leader_rebalancer.cc:479] table: test-workload, leader rebalance finish, leader transfer count: 5
I20260710 13:25:00.117911 21721 auto_leader_rebalancer.cc:554] All tables' leader rebalancing finished this round
I20260710 13:25:00.121073 21856 raft_consensus.cc:515] T 0446d5f1973c49788c4cab258bce821b P 688a115774a44a83bed75fa7eb9dcd2d [term 4 FOLLOWER]: Starting forced leader election with config: opid_index: -1 OBSOLETE_local: false peers { permanent_uuid: "688a115774a44a83bed75fa7eb9dcd2d" member_type: VOTER last_known_addr { host: "127.21.54.65" port: 35581 } } peers { permanent_uuid: "bdccd806368a491bad10337ad0ad2f5e" member_type: VOTER last_known_addr { host: "127.21.54.66" port: 46585 } } peers { permanent_uuid: "cbece5cd0db046be884a7a0685e1374f" member_type: VOTER last_known_addr { host: "127.21.54.67" port: 41689 } }
I20260710 13:25:00.122969 21856 leader_election.cc:290] T 0446d5f1973c49788c4cab258bce821b P 688a115774a44a83bed75fa7eb9dcd2d [CANDIDATE]: Term 4 election: Requested vote from peers bdccd806368a491bad10337ad0ad2f5e (127.21.54.66:46585), cbece5cd0db046be884a7a0685e1374f (127.21.54.67:41689)
I20260710 13:25:00.123613 21929 tablet_service.cc:1917] Received RequestConsensusVote() RPC: tablet_id: "0446d5f1973c49788c4cab258bce821b" candidate_uuid: "688a115774a44a83bed75fa7eb9dcd2d" candidate_term: 4 candidate_status { last_received { term: 3 index: 3 } } ignore_live_leader: true dest_uuid: "bdccd806368a491bad10337ad0ad2f5e"
I20260710 13:25:00.124359 21929 raft_consensus.cc:3055] T 0446d5f1973c49788c4cab258bce821b P bdccd806368a491bad10337ad0ad2f5e [term 3 LEADER]: Stepping down as leader of term 3
I20260710 13:25:00.124275 22005 tablet_service.cc:1917] Received RequestConsensusVote() RPC: tablet_id: "0446d5f1973c49788c4cab258bce821b" candidate_uuid: "688a115774a44a83bed75fa7eb9dcd2d" candidate_term: 4 candidate_status { last_received { term: 3 index: 3 } } ignore_live_leader: true dest_uuid: "cbece5cd0db046be884a7a0685e1374f"
I20260710 13:25:00.124727 21929 raft_consensus.cc:740] T 0446d5f1973c49788c4cab258bce821b P bdccd806368a491bad10337ad0ad2f5e [term 3 LEADER]: Becoming Follower/Learner. State: Replica: bdccd806368a491bad10337ad0ad2f5e, State: Running, Role: LEADER
I20260710 13:25:00.124920 22005 raft_consensus.cc:3060] T 0446d5f1973c49788c4cab258bce821b P cbece5cd0db046be884a7a0685e1374f [term 3 FOLLOWER]: Advancing to term 4
