I20260710 13:25:01.199615 28056 tablet_bootstrap.cc:654] T 11bd9fc24b9f4fc0b3d18bd483c52512 P 30bc979df5ba446d96237724a06a2d63: Neither blocks nor log segments found. Creating new log.
I20260710 13:25:01.200706 28059 raft_consensus.cc:740] T 11bd9fc24b9f4fc0b3d18bd483c52512 P 1948be91d75d4d4482f42bea1eaade75 [term 0 FOLLOWER]: Becoming Follower/Learner. State: Replica: 1948be91d75d4d4482f42bea1eaade75, State: Initialized, Role: FOLLOWER
W20260710 13:25:01.202762 27977 leader_election.cc:343] T a735d76e93e345cf821cdde71eff2ce8 P 30bc979df5ba446d96237724a06a2d63 [CANDIDATE]: Term 1 pre-election: Tablet error from VoteRequest() call to peer 1948be91d75d4d4482f42bea1eaade75 (127.26.153.193:36013): Illegal state: must be running to vote when last-logged opid is not known
I20260710 13:25:01.191628 27762 catalog_manager.cc:5697] T e0f51918094c42b1802b4bdccaf5697e P 30bc979df5ba446d96237724a06a2d63 reported cstate change: term changed from 0 to 1, leader changed from <none> to 30bc979df5ba446d96237724a06a2d63 (127.26.153.195). New cstate: current_term: 1 leader_uuid: "30bc979df5ba446d96237724a06a2d63" committed_config { opid_index: -1 OBSOLETE_local: false peers { permanent_uuid: "fba14c12167e4f2b80c623a3fa434655" member_type: VOTER last_known_addr { host: "127.26.153.194" port: 41157 } health_report { overall_health: UNKNOWN } } peers { permanent_uuid: "30bc979df5ba446d96237724a06a2d63" member_type: VOTER last_known_addr { host: "127.26.153.195" port: 38679 } health_report { overall_health: HEALTHY } } peers { permanent_uuid: "1948be91d75d4d4482f42bea1eaade75" member_type: VOTER last_known_addr { host: "127.26.153.193" port: 36013 } health_report { overall_health: UNKNOWN } } }
I20260710 13:25:01.178545 28058 leader_election.cc:290] T 982fca927f53460a9f4bccfc3f1666ec P fba14c12167e4f2b80c623a3fa434655 [CANDIDATE]: Term 1 election: Requested vote from peers 1948be91d75d4d4482f42bea1eaade75 (127.26.153.193:36013), 30bc979df5ba446d96237724a06a2d63 (127.26.153.195:38679)
I20260710 13:25:01.203409 28059 consensus_queue.cc:260] T 11bd9fc24b9f4fc0b3d18bd483c52512 P 1948be91d75d4d4482f42bea1eaade75 [NON_LEADER]: Queue going to NON_LEADER mode. State: All replicated index: 0, Majority replicated index: 0, Committed index: 0, Last appended: 0.0, Last appended by leader: 0, Current term: 0, Majority size: -1, State: 0, Mode: NON_LEADER, active raft config: opid_index: -1 OBSOLETE_local: false peers { permanent_uuid: "1948be91d75d4d4482f42bea1eaade75" member_type: VOTER last_known_addr { host: "127.26.153.193" port: 36013 } } peers { permanent_uuid: "fba14c12167e4f2b80c623a3fa434655" member_type: VOTER last_known_addr { host: "127.26.153.194" port: 41157 } } peers { permanent_uuid: "30bc979df5ba446d96237724a06a2d63" member_type: VOTER last_known_addr { host: "127.26.153.195" port: 38679 } }
I20260710 13:25:01.205097 28058 raft_consensus.cc:2804] T 982fca927f53460a9f4bccfc3f1666ec P fba14c12167e4f2b80c623a3fa434655 [term 1 FOLLOWER]: Leader election won for term 1
I20260710 13:25:01.205551 28058 raft_consensus.cc:697] T 982fca927f53460a9f4bccfc3f1666ec P fba14c12167e4f2b80c623a3fa434655 [term 1 LEADER]: Becoming Leader. State: Replica: fba14c12167e4f2b80c623a3fa434655, State: Running, Role: LEADER
I20260710 13:25:01.201681 28054 consensus_queue.cc:260] T 51dc9a52eb084c51a4416b7d76230e25 P fba14c12167e4f2b80c623a3fa434655 [NON_LEADER]: Queue going to NON_LEADER mode. State: All replicated index: 0, Majority replicated index: 0, Committed index: 0, Last appended: 0.0, Last appended by leader: 0, Current term: 0, Majority size: -1, State: 0, Mode: NON_LEADER, active raft config: opid_index: -1 OBSOLETE_local: false peers { permanent_uuid: "1948be91d75d4d4482f42bea1eaade75" member_type: VOTER last_known_addr { host: "127.26.153.193" port: 36013 } } peers { permanent_uuid: "fba14c12167e4f2b80c623a3fa434655" member_type: VOTER last_known_addr { host: "127.26.153.194" port: 41157 } } peers { permanent_uuid: "30bc979df5ba446d96237724a06a2d63" member_type: VOTER last_known_addr { host: "127.26.153.195" port: 38679 } }
I20260710 13:25:01.206348 28058 consensus_queue.cc:237] T 982fca927f53460a9f4bccfc3f1666ec P fba14c12167e4f2b80c623a3fa434655 [LEADER]: Queue going to LEADER mode. State: All replicated index: 0, Majority replicated index: 0, Committed index: 0, Last appended: 0.0, Last appended by leader: 0, Current term: 1, Majority size: 2, State: 0, Mode: LEADER, active raft config: opid_index: -1 OBSOLETE_local: false peers { permanent_uuid: "1948be91d75d4d4482f42bea1eaade75" member_type: VOTER last_known_addr { host: "127.26.153.193" port: 36013 } } peers { permanent_uuid: "fba14c12167e4f2b80c623a3fa434655" member_type: VOTER last_known_addr { host: "127.26.153.194" port: 41157 } } peers { permanent_uuid: "30bc979df5ba446d96237724a06a2d63" member_type: VOTER last_known_addr { host: "127.26.153.195" port: 38679 } }
I20260710 13:25:01.207548 28063 raft_consensus.cc:2749] T e0f51918094c42b1802b4bdccaf5697e P 1948be91d75d4d4482f42bea1eaade75 [term 1 FOLLOWER]: Leader pre-election lost for term 1. Reason: could not achieve majority
I20260710 13:25:01.208346 28079 leader_election.cc:290] T a735d76e93e345cf821cdde71eff2ce8 P 30bc979df5ba446d96237724a06a2d63 [CANDIDATE]: Term 1 pre-election: Requested pre-vote from peers 1948be91d75d4d4482f42bea1eaade75 (127.26.153.193:36013), fba14c12167e4f2b80c623a3fa434655 (127.26.153.194:41157)
I20260710 13:25:01.210783 27938 tablet_service.cc:1917] Received RequestConsensusVote() RPC: tablet_id: "982fca927f53460a9f4bccfc3f1666ec" candidate_uuid: "1948be91d75d4d4482f42bea1eaade75" candidate_term: 1 candidate_status { last_received { term: 0 index: 0 } } ignore_live_leader: false dest_uuid: "fba14c12167e4f2b80c623a3fa434655"
I20260710 13:25:01.213891 27865 tablet_service.cc:1917] Received RequestConsensusVote() RPC: tablet_id: "982fca927f53460a9f4bccfc3f1666ec" candidate_uuid: "fba14c12167e4f2b80c623a3fa434655" candidate_term: 1 candidate_status { last_received { term: 0 index: 0 } } ignore_live_leader: false dest_uuid: "1948be91d75d4d4482f42bea1eaade75" is_pre_election: true
I20260710 13:25:01.214666 27865 raft_consensus.cc:2393] T 982fca927f53460a9f4bccfc3f1666ec P 1948be91d75d4d4482f42bea1eaade75 [term 1 FOLLOWER]: Leader pre-election vote request: Denying vote to candidate fba14c12167e4f2b80c623a3fa434655 in current term 1: Already voted for candidate 1948be91d75d4d4482f42bea1eaade75 in this term.
I20260710 13:25:01.215633 27864 tablet_service.cc:1917] Received RequestConsensusVote() RPC: tablet_id: "982fca927f53460a9f4bccfc3f1666ec" candidate_uuid: "fba14c12167e4f2b80c623a3fa434655" candidate_term: 1 candidate_status { last_received { term: 0 index: 0 } } ignore_live_leader: false dest_uuid: "1948be91d75d4d4482f42bea1eaade75"
I20260710 13:25:01.216404 27864 raft_consensus.cc:2393] T 982fca927f53460a9f4bccfc3f1666ec P 1948be91d75d4d4482f42bea1eaade75 [term 1 FOLLOWER]: Leader election vote request: Denying vote to candidate fba14c12167e4f2b80c623a3fa434655 in current term 1: Already voted for candidate 1948be91d75d4d4482f42bea1eaade75 in this term.
I20260710 13:25:01.221835 28013 tablet_service.cc:1917] Received RequestConsensusVote() RPC: tablet_id: "982fca927f53460a9f4bccfc3f1666ec" candidate_uuid: "1948be91d75d4d4482f42bea1eaade75" candidate_term: 1 candidate_status { last_received { term: 0 index: 0 } } ignore_live_leader: false dest_uuid: "30bc979df5ba446d96237724a06a2d63"
I20260710 13:25:01.222517 28013 raft_consensus.cc:2393] T 982fca927f53460a9f4bccfc3f1666ec P 30bc979df5ba446d96237724a06a2d63 [term 1 FOLLOWER]: Leader election vote request: Denying vote to candidate 1948be91d75d4d4482f42bea1eaade75 in current term 1: Already voted for candidate fba14c12167e4f2b80c623a3fa434655 in this term.
I20260710 13:25:01.223543 27829 leader_election.cc:304] T 982fca927f53460a9f4bccfc3f1666ec P 1948be91d75d4d4482f42bea1eaade75 [CANDIDATE]: Term 1 election: Election decided. Result: candidate lost. Election summary: received 3 responses out of 3 voters: 1 yes votes; 2 no votes. yes voters: 1948be91d75d4d4482f42bea1eaade75; no voters: 30bc979df5ba446d96237724a06a2d63, fba14c12167e4f2b80c623a3fa434655
I20260710 13:25:01.224382 28085 raft_consensus.cc:2749] T 982fca927f53460a9f4bccfc3f1666ec P 1948be91d75d4d4482f42bea1eaade75 [term 1 FOLLOWER]: Leader election lost for term 1. Reason: could not achieve majority
I20260710 13:25:01.226289 28054 ts_tablet_manager.cc:1434] T 51dc9a52eb084c51a4416b7d76230e25 P fba14c12167e4f2b80c623a3fa434655: Time spent starting tablet: real 0.087s	user 0.003s	sys 0.007s
I20260710 13:25:01.232196 27938 tablet_service.cc:1917] Received RequestConsensusVote() RPC: tablet_id: "a735d76e93e345cf821cdde71eff2ce8" candidate_uuid: "30bc979df5ba446d96237724a06a2d63" candidate_term: 1 candidate_status { last_received { term: 0 index: 0 } } ignore_live_leader: false dest_uuid: "fba14c12167e4f2b80c623a3fa434655" is_pre_election: true
W20260710 13:25:01.233808 27978 leader_election.cc:343] T a735d76e93e345cf821cdde71eff2ce8 P 30bc979df5ba446d96237724a06a2d63 [CANDIDATE]: Term 1 pre-election: Tablet error from VoteRequest() call to peer fba14c12167e4f2b80c623a3fa434655 (127.26.153.194:41157): Illegal state: must be running to vote when last-logged opid is not known
I20260710 13:25:01.231634 28059 ts_tablet_manager.cc:1434] T 11bd9fc24b9f4fc0b3d18bd483c52512 P 1948be91d75d4d4482f42bea1eaade75: Time spent starting tablet: real 0.041s	user 0.008s	sys 0.001s
I20260710 13:25:01.234416 27978 leader_election.cc:304] T a735d76e93e345cf821cdde71eff2ce8 P 30bc979df5ba446d96237724a06a2d63 [CANDIDATE]: Term 1 pre-election: Election decided. Result: candidate lost. Election summary: received 3 responses out of 3 voters: 1 yes votes; 2 no votes. yes voters: 30bc979df5ba446d96237724a06a2d63; no voters: 1948be91d75d4d4482f42bea1eaade75, fba14c12167e4f2b80c623a3fa434655
I20260710 13:25:01.236641 28054 tablet_bootstrap.cc:492] T 11bd9fc24b9f4fc0b3d18bd483c52512 P fba14c12167e4f2b80c623a3fa434655: Bootstrap starting.
I20260710 13:25:01.240811 28079 raft_consensus.cc:2749] T a735d76e93e345cf821cdde71eff2ce8 P 30bc979df5ba446d96237724a06a2d63 [term 0 FOLLOWER]: Leader pre-election lost for term 1. Reason: could not achieve majority
I20260710 13:25:01.236734 28059 tablet_bootstrap.cc:492] T e8f4799281b14638ad43469463191418 P 1948be91d75d4d4482f42bea1eaade75: Bootstrap starting.
I20260710 13:25:01.246712 28054 tablet_bootstrap.cc:654] T 11bd9fc24b9f4fc0b3d18bd483c52512 P fba14c12167e4f2b80c623a3fa434655: Neither blocks nor log segments found. Creating new log.
I20260710 13:25:01.248272 28059 tablet_bootstrap.cc:654] T e8f4799281b14638ad43469463191418 P 1948be91d75d4d4482f42bea1eaade75: Neither blocks nor log segments found. Creating new log.
I20260710 13:25:01.252879 28083 raft_consensus.cc:493] T 50e1268e85e5470ba78b01dfacdcaf42 P fba14c12167e4f2b80c623a3fa434655 [term 0 FOLLOWER]: Starting pre-election (no leader contacted us within the election timeout)
I20260710 13:25:01.253525 28083 raft_consensus.cc:515] T 50e1268e85e5470ba78b01dfacdcaf42 P fba14c12167e4f2b80c623a3fa434655 [term 0 FOLLOWER]: Starting pre-election with config: opid_index: -1 OBSOLETE_local: false peers { permanent_uuid: "1948be91d75d4d4482f42bea1eaade75" member_type: VOTER last_known_addr { host: "127.26.153.193" port: 36013 } } peers { permanent_uuid: "fba14c12167e4f2b80c623a3fa434655" member_type: VOTER last_known_addr { host: "127.26.153.194" port: 41157 } } peers { permanent_uuid: "30bc979df5ba446d96237724a06a2d63" member_type: VOTER last_known_addr { host: "127.26.153.195" port: 38679 } }
I20260710 13:25:01.257920 27864 tablet_service.cc:1917] Received RequestConsensusVote() RPC: tablet_id: "50e1268e85e5470ba78b01dfacdcaf42" candidate_uuid: "fba14c12167e4f2b80c623a3fa434655" candidate_term: 1 candidate_status { last_received { term: 0 index: 0 } } ignore_live_leader: false dest_uuid: "1948be91d75d4d4482f42bea1eaade75" is_pre_election: true
I20260710 13:25:01.258739 27864 raft_consensus.cc:2468] T 50e1268e85e5470ba78b01dfacdcaf42 P 1948be91d75d4d4482f42bea1eaade75 [term 0 FOLLOWER]: Leader pre-election vote request: Granting yes vote for candidate fba14c12167e4f2b80c623a3fa434655 in term 0.
I20260710 13:25:01.260468 27903 leader_election.cc:304] T 50e1268e85e5470ba78b01dfacdcaf42 P fba14c12167e4f2b80c623a3fa434655 [CANDIDATE]: Term 1 pre-election: Election decided. Result: candidate won. Election summary: received 2 responses out of 3 voters: 2 yes votes; 0 no votes. yes voters: 1948be91d75d4d4482f42bea1eaade75, fba14c12167e4f2b80c623a3fa434655; no voters: 
I20260710 13:25:01.261531 28082 raft_consensus.cc:2804] T 50e1268e85e5470ba78b01dfacdcaf42 P fba14c12167e4f2b80c623a3fa434655 [term 0 FOLLOWER]: Leader pre-election won for term 1
I20260710 13:25:01.262002 28082 raft_consensus.cc:493] T 50e1268e85e5470ba78b01dfacdcaf42 P fba14c12167e4f2b80c623a3fa434655 [term 0 FOLLOWER]: Starting leader election (no leader contacted us within the election timeout)
I20260710 13:25:01.262416 28082 raft_consensus.cc:3060] T 50e1268e85e5470ba78b01dfacdcaf42 P fba14c12167e4f2b80c623a3fa434655 [term 0 FOLLOWER]: Advancing to term 1
I20260710 13:25:01.269582 28013 tablet_service.cc:1917] Received RequestConsensusVote() RPC: tablet_id: "50e1268e85e5470ba78b01dfacdcaf42" candidate_uuid: "fba14c12167e4f2b80c623a3fa434655" candidate_term: 1 candidate_status { last_received { term: 0 index: 0 } } ignore_live_leader: false dest_uuid: "30bc979df5ba446d96237724a06a2d63" is_pre_election: true
W20260710 13:25:01.271689 27904 leader_election.cc:343] T 50e1268e85e5470ba78b01dfacdcaf42 P fba14c12167e4f2b80c623a3fa434655 [CANDIDATE]: Term 1 pre-election: Tablet error from VoteRequest() call to peer 30bc979df5ba446d96237724a06a2d63 (127.26.153.195:38679): Illegal state: must be running to vote when last-logged opid is not known
I20260710 13:25:01.272267 28083 leader_election.cc:290] T 50e1268e85e5470ba78b01dfacdcaf42 P fba14c12167e4f2b80c623a3fa434655 [CANDIDATE]: Term 1 pre-election: Requested pre-vote from peers 1948be91d75d4d4482f42bea1eaade75 (127.26.153.193:36013), 30bc979df5ba446d96237724a06a2d63 (127.26.153.195:38679)
I20260710 13:25:01.274017 28056 tablet_bootstrap.cc:492] T 11bd9fc24b9f4fc0b3d18bd483c52512 P 30bc979df5ba446d96237724a06a2d63: No bootstrap required, opened a new log
I20260710 13:25:01.274380 28056 ts_tablet_manager.cc:1403] T 11bd9fc24b9f4fc0b3d18bd483c52512 P 30bc979df5ba446d96237724a06a2d63: Time spent bootstrapping tablet: real 0.095s	user 0.013s	sys 0.006s
I20260710 13:25:01.277424 28056 raft_consensus.cc:359] T 11bd9fc24b9f4fc0b3d18bd483c52512 P 30bc979df5ba446d96237724a06a2d63 [term 0 FOLLOWER]: Replica starting. Triggering 0 pending ops. Active config: opid_index: -1 OBSOLETE_local: false peers { permanent_uuid: "1948be91d75d4d4482f42bea1eaade75" member_type: VOTER last_known_addr { host: "127.26.153.193" port: 36013 } } peers { permanent_uuid: "fba14c12167e4f2b80c623a3fa434655" member_type: VOTER last_known_addr { host: "127.26.153.194" port: 41157 } } peers { permanent_uuid: "30bc979df5ba446d96237724a06a2d63" member_type: VOTER last_known_addr { host: "127.26.153.195" port: 38679 } }
I20260710 13:25:01.278084 28056 raft_consensus.cc:385] T 11bd9fc24b9f4fc0b3d18bd483c52512 P 30bc979df5ba446d96237724a06a2d63 [term 0 FOLLOWER]: Consensus starting up: Expiring failure detector timer to make a prompt election more likely
I20260710 13:25:01.278277 28056 raft_consensus.cc:740] T 11bd9fc24b9f4fc0b3d18bd483c52512 P 30bc979df5ba446d96237724a06a2d63 [term 0 FOLLOWER]: Becoming Follower/Learner. State: Replica: 30bc979df5ba446d96237724a06a2d63, State: Initialized, Role: FOLLOWER
I20260710 13:25:01.278868 28056 consensus_queue.cc:260] T 11bd9fc24b9f4fc0b3d18bd483c52512 P 30bc979df5ba446d96237724a06a2d63 [NON_LEADER]: Queue going to NON_LEADER mode. State: All replicated index: 0, Majority replicated index: 0, Committed index: 0, Last appended: 0.0, Last appended by leader: 0, Current term: 0, Majority size: -1, State: 0, Mode: NON_LEADER, active raft config: opid_index: -1 OBSOLETE_local: false peers { permanent_uuid: "1948be91d75d4d4482f42bea1eaade75" member_type: VOTER last_known_addr { host: "127.26.153.193" port: 36013 } } peers { permanent_uuid: "fba14c12167e4f2b80c623a3fa434655" member_type: VOTER last_known_addr { host: "127.26.153.194" port: 41157 } } peers { permanent_uuid: "30bc979df5ba446d96237724a06a2d63" member_type: VOTER last_known_addr { host: "127.26.153.195" port: 38679 } }
I20260710 13:25:01.281075 28056 ts_tablet_manager.cc:1434] T 11bd9fc24b9f4fc0b3d18bd483c52512 P 30bc979df5ba446d96237724a06a2d63: Time spent starting tablet: real 0.006s	user 0.006s	sys 0.000s
I20260710 13:25:01.280519 28082 raft_consensus.cc:515] T 50e1268e85e5470ba78b01dfacdcaf42 P fba14c12167e4f2b80c623a3fa434655 [term 1 FOLLOWER]: Starting leader election with config: opid_index: -1 OBSOLETE_local: false peers { permanent_uuid: "1948be91d75d4d4482f42bea1eaade75" member_type: VOTER last_known_addr { host: "127.26.153.193" port: 36013 } } peers { permanent_uuid: "fba14c12167e4f2b80c623a3fa434655" member_type: VOTER last_known_addr { host: "127.26.153.194" port: 41157 } } peers { permanent_uuid: "30bc979df5ba446d96237724a06a2d63" member_type: VOTER last_known_addr { host: "127.26.153.195" port: 38679 } }
I20260710 13:25:01.284377 27864 tablet_service.cc:1917] Received RequestConsensusVote() RPC: tablet_id: "50e1268e85e5470ba78b01dfacdcaf42" candidate_uuid: "fba14c12167e4f2b80c623a3fa434655" candidate_term: 1 candidate_status { last_received { term: 0 index: 0 } } ignore_live_leader: false dest_uuid: "1948be91d75d4d4482f42bea1eaade75"
I20260710 13:25:01.284979 28056 tablet_bootstrap.cc:492] T 50e1268e85e5470ba78b01dfacdcaf42 P 30bc979df5ba446d96237724a06a2d63: Bootstrap starting.
I20260710 13:25:01.285172 27864 raft_consensus.cc:3060] T 50e1268e85e5470ba78b01dfacdcaf42 P 1948be91d75d4d4482f42bea1eaade75 [term 0 FOLLOWER]: Advancing to term 1
I20260710 13:25:01.285168 27763 catalog_manager.cc:5697] T 982fca927f53460a9f4bccfc3f1666ec P fba14c12167e4f2b80c623a3fa434655 reported cstate change: term changed from 0 to 1, leader changed from <none> to fba14c12167e4f2b80c623a3fa434655 (127.26.153.194). New cstate: current_term: 1 leader_uuid: "fba14c12167e4f2b80c623a3fa434655" committed_config { opid_index: -1 OBSOLETE_local: false peers { permanent_uuid: "1948be91d75d4d4482f42bea1eaade75" member_type: VOTER last_known_addr { host: "127.26.153.193" port: 36013 } health_report { overall_health: UNKNOWN } } peers { permanent_uuid: "fba14c12167e4f2b80c623a3fa434655" member_type: VOTER last_known_addr { host: "127.26.153.194" port: 41157 } health_report { overall_health: HEALTHY } } peers { permanent_uuid: "30bc979df5ba446d96237724a06a2d63" member_type: VOTER last_known_addr { host: "127.26.153.195" port: 38679 } health_report { overall_health: UNKNOWN } } }
I20260710 13:25:01.289219 28013 tablet_service.cc:1917] Received RequestConsensusVote() RPC: tablet_id: "50e1268e85e5470ba78b01dfacdcaf42" candidate_uuid: "fba14c12167e4f2b80c623a3fa434655" candidate_term: 1 candidate_status { last_received { term: 0 index: 0 } } ignore_live_leader: false dest_uuid: "30bc979df5ba446d96237724a06a2d63"
W20260710 13:25:01.291047 27904 leader_election.cc:343] T 50e1268e85e5470ba78b01dfacdcaf42 P fba14c12167e4f2b80c623a3fa434655 [CANDIDATE]: Term 1 election: Tablet error from VoteRequest() call to peer 30bc979df5ba446d96237724a06a2d63 (127.26.153.195:38679): Illegal state: must be running to vote when last-logged opid is not known
I20260710 13:25:01.291802 28056 tablet_bootstrap.cc:654] T 50e1268e85e5470ba78b01dfacdcaf42 P 30bc979df5ba446d96237724a06a2d63: Neither blocks nor log segments found. Creating new log.
I20260710 13:25:01.284404 28082 leader_election.cc:290] T 50e1268e85e5470ba78b01dfacdcaf42 P fba14c12167e4f2b80c623a3fa434655 [CANDIDATE]: Term 1 election: Requested vote from peers 1948be91d75d4d4482f42bea1eaade75 (127.26.153.193:36013), 30bc979df5ba446d96237724a06a2d63 (127.26.153.195:38679)
I20260710 13:25:01.299633 27864 raft_consensus.cc:2468] T 50e1268e85e5470ba78b01dfacdcaf42 P 1948be91d75d4d4482f42bea1eaade75 [term 1 FOLLOWER]: Leader election vote request: Granting yes vote for candidate fba14c12167e4f2b80c623a3fa434655 in term 1.
I20260710 13:25:01.305084 28059 tablet_bootstrap.cc:492] T e8f4799281b14638ad43469463191418 P 1948be91d75d4d4482f42bea1eaade75: No bootstrap required, opened a new log
I20260710 13:25:01.305595 28059 ts_tablet_manager.cc:1403] T e8f4799281b14638ad43469463191418 P 1948be91d75d4d4482f42bea1eaade75: Time spent bootstrapping tablet: real 0.069s	user 0.002s	sys 0.011s
I20260710 13:25:01.306602 27903 leader_election.cc:304] T 50e1268e85e5470ba78b01dfacdcaf42 P fba14c12167e4f2b80c623a3fa434655 [CANDIDATE]: Term 1 election: Election decided. Result: candidate won. Election summary: received 3 responses out of 3 voters: 2 yes votes; 1 no votes. yes voters: 1948be91d75d4d4482f42bea1eaade75, fba14c12167e4f2b80c623a3fa434655; no voters: 30bc979df5ba446d96237724a06a2d63
I20260710 13:25:01.307437 28082 raft_consensus.cc:2804] T 50e1268e85e5470ba78b01dfacdcaf42 P fba14c12167e4f2b80c623a3fa434655 [term 1 FOLLOWER]: Leader election won for term 1
I20260710 13:25:01.308216 28082 raft_consensus.cc:697] T 50e1268e85e5470ba78b01dfacdcaf42 P fba14c12167e4f2b80c623a3fa434655 [term 1 LEADER]: Becoming Leader. State: Replica: fba14c12167e4f2b80c623a3fa434655, State: Running, Role: LEADER
I20260710 13:25:01.308499 28059 raft_consensus.cc:359] T e8f4799281b14638ad43469463191418 P 1948be91d75d4d4482f42bea1eaade75 [term 0 FOLLOWER]: Replica starting. Triggering 0 pending ops. Active config: opid_index: -1 OBSOLETE_local: false peers { permanent_uuid: "1948be91d75d4d4482f42bea1eaade75" member_type: VOTER last_known_addr { host: "127.26.153.193" port: 36013 } } peers { permanent_uuid: "fba14c12167e4f2b80c623a3fa434655" member_type: VOTER last_known_addr { host: "127.26.153.194" port: 41157 } } peers { permanent_uuid: "30bc979df5ba446d96237724a06a2d63" member_type: VOTER last_known_addr { host: "127.26.153.195" port: 38679 } }
I20260710 13:25:01.309393 28059 raft_consensus.cc:385] T e8f4799281b14638ad43469463191418 P 1948be91d75d4d4482f42bea1eaade75 [term 0 FOLLOWER]: Consensus starting up: Expiring failure detector timer to make a prompt election more likely
I20260710 13:25:01.309128 28082 consensus_queue.cc:237] T 50e1268e85e5470ba78b01dfacdcaf42 P fba14c12167e4f2b80c623a3fa434655 [LEADER]: Queue going to LEADER mode. State: All replicated index: 0, Majority replicated index: 0, Committed index: 0, Last appended: 0.0, Last appended by leader: 0, Current term: 1, Majority size: 2, State: 0, Mode: LEADER, active raft config: opid_index: -1 OBSOLETE_local: false peers { permanent_uuid: "1948be91d75d4d4482f42bea1eaade75" member_type: VOTER last_known_addr { host: "127.26.153.193" port: 36013 } } peers { permanent_uuid: "fba14c12167e4f2b80c623a3fa434655" member_type: VOTER last_known_addr { host: "127.26.153.194" port: 41157 } } peers { permanent_uuid: "30bc979df5ba446d96237724a06a2d63" member_type: VOTER last_known_addr { host: "127.26.153.195" port: 38679 } }
I20260710 13:25:01.309723 28059 raft_consensus.cc:740] T e8f4799281b14638ad43469463191418 P 1948be91d75d4d4482f42bea1eaade75 [term 0 FOLLOWER]: Becoming Follower/Learner. State: Replica: 1948be91d75d4d4482f42bea1eaade75, State: Initialized, Role: FOLLOWER
I20260710 13:25:01.310781 28059 consensus_queue.cc:260] T e8f4799281b14638ad43469463191418 P 1948be91d75d4d4482f42bea1eaade75 [NON_LEADER]: Queue going to NON_LEADER mode. State: All replicated index: 0, Majority replicated index: 0, Committed index: 0, Last appended: 0.0, Last appended by leader: 0, Current term: 0, Majority size: -1, State: 0, Mode: NON_LEADER, active raft config: opid_index: -1 OBSOLETE_local: false peers { permanent_uuid: "1948be91d75d4d4482f42bea1eaade75" member_type: VOTER last_known_addr { host: "127.26.153.193" port: 36013 } } peers { permanent_uuid: "fba14c12167e4f2b80c623a3fa434655" member_type: VOTER last_known_addr { host: "127.26.153.194" port: 41157 } } peers { permanent_uuid: "30bc979df5ba446d96237724a06a2d63" member_type: VOTER last_known_addr { host: "127.26.153.195" port: 38679 } }
I20260710 13:25:01.312295 28056 tablet_bootstrap.cc:492] T 50e1268e85e5470ba78b01dfacdcaf42 P 30bc979df5ba446d96237724a06a2d63: No bootstrap required, opened a new log
I20260710 13:25:01.312840 28056 ts_tablet_manager.cc:1403] T 50e1268e85e5470ba78b01dfacdcaf42 P 30bc979df5ba446d96237724a06a2d63: Time spent bootstrapping tablet: real 0.028s	user 0.011s	sys 0.009s
I20260710 13:25:01.315613 28054 tablet_bootstrap.cc:492] T 11bd9fc24b9f4fc0b3d18bd483c52512 P fba14c12167e4f2b80c623a3fa434655: No bootstrap required, opened a new log
I20260710 13:25:01.316385 28054 ts_tablet_manager.cc:1403] T 11bd9fc24b9f4fc0b3d18bd483c52512 P fba14c12167e4f2b80c623a3fa434655: Time spent bootstrapping tablet: real 0.080s	user 0.027s	sys 0.034s
I20260710 13:25:01.316111 28056 raft_consensus.cc:359] T 50e1268e85e5470ba78b01dfacdcaf42 P 30bc979df5ba446d96237724a06a2d63 [term 0 FOLLOWER]: Replica starting. Triggering 0 pending ops. Active config: opid_index: -1 OBSOLETE_local: false peers { permanent_uuid: "1948be91d75d4d4482f42bea1eaade75" member_type: VOTER last_known_addr { host: "127.26.153.193" port: 36013 } } peers { permanent_uuid: "fba14c12167e4f2b80c623a3fa434655" member_type: VOTER last_known_addr { host: "127.26.153.194" port: 41157 } } peers { permanent_uuid: "30bc979df5ba446d96237724a06a2d63" member_type: VOTER last_known_addr { host: "127.26.153.195" port: 38679 } }
I20260710 13:25:01.316931 28056 raft_consensus.cc:385] T 50e1268e85e5470ba78b01dfacdcaf42 P 30bc979df5ba446d96237724a06a2d63 [term 0 FOLLOWER]: Consensus starting up: Expiring failure detector timer to make a prompt election more likely
I20260710 13:25:01.317276 28056 raft_consensus.cc:740] T 50e1268e85e5470ba78b01dfacdcaf42 P 30bc979df5ba446d96237724a06a2d63 [term 0 FOLLOWER]: Becoming Follower/Learner. State: Replica: 30bc979df5ba446d96237724a06a2d63, State: Initialized, Role: FOLLOWER
I20260710 13:25:01.318120 28056 consensus_queue.cc:260] T 50e1268e85e5470ba78b01dfacdcaf42 P 30bc979df5ba446d96237724a06a2d63 [NON_LEADER]: Queue going to NON_LEADER mode. State: All replicated index: 0, Majority replicated index: 0, Committed index: 0, Last appended: 0.0, Last appended by leader: 0, Current term: 0, Majority size: -1, State: 0, Mode: NON_LEADER, active raft config: opid_index: -1 OBSOLETE_local: false peers { permanent_uuid: "1948be91d75d4d4482f42bea1eaade75" member_type: VOTER last_known_addr { host: "127.26.153.193" port: 36013 } } peers { permanent_uuid: "fba14c12167e4f2b80c623a3fa434655" member_type: VOTER last_known_addr { host: "127.26.153.194" port: 41157 } } peers { permanent_uuid: "30bc979df5ba446d96237724a06a2d63" member_type: VOTER last_known_addr { host: "127.26.153.195" port: 38679 } }
I20260710 13:25:01.320164 28059 ts_tablet_manager.cc:1434] T e8f4799281b14638ad43469463191418 P 1948be91d75d4d4482f42bea1eaade75: Time spent starting tablet: real 0.014s	user 0.003s	sys 0.004s
I20260710 13:25:01.321038 28054 raft_consensus.cc:359] T 11bd9fc24b9f4fc0b3d18bd483c52512 P fba14c12167e4f2b80c623a3fa434655 [term 0 FOLLOWER]: Replica starting. Triggering 0 pending ops. Active config: opid_index: -1 OBSOLETE_local: false peers { permanent_uuid: "1948be91d75d4d4482f42bea1eaade75" member_type: VOTER last_known_addr { host: "127.26.153.193" port: 36013 } } peers { permanent_uuid: "fba14c12167e4f2b80c623a3fa434655" member_type: VOTER last_known_addr { host: "127.26.153.194" port: 41157 } } peers { permanent_uuid: "30bc979df5ba446d96237724a06a2d63" member_type: VOTER last_known_addr { host: "127.26.153.195" port: 38679 } }
I20260710 13:25:01.322100 28054 raft_consensus.cc:385] T 11bd9fc24b9f4fc0b3d18bd483c52512 P fba14c12167e4f2b80c623a3fa434655 [term 0 FOLLOWER]: Consensus starting up: Expiring failure detector timer to make a prompt election more likely
I20260710 13:25:01.322549 28054 raft_consensus.cc:740] T 11bd9fc24b9f4fc0b3d18bd483c52512 P fba14c12167e4f2b80c623a3fa434655 [term 0 FOLLOWER]: Becoming Follower/Learner. State: Replica: fba14c12167e4f2b80c623a3fa434655, State: Initialized, Role: FOLLOWER
I20260710 13:25:01.323220 28056 ts_tablet_manager.cc:1434] T 50e1268e85e5470ba78b01dfacdcaf42 P 30bc979df5ba446d96237724a06a2d63: Time spent starting tablet: real 0.010s	user 0.006s	sys 0.000s
I20260710 13:25:01.324332 28056 tablet_bootstrap.cc:492] T 51dc9a52eb084c51a4416b7d76230e25 P 30bc979df5ba446d96237724a06a2d63: Bootstrap starting.
I20260710 13:25:01.323640 28054 consensus_queue.cc:260] T 11bd9fc24b9f4fc0b3d18bd483c52512 P fba14c12167e4f2b80c623a3fa434655 [NON_LEADER]: Queue going to NON_LEADER mode. State: All replicated index: 0, Majority replicated index: 0, Committed index: 0, Last appended: 0.0, Last appended by leader: 0, Current term: 0, Majority size: -1, State: 0, Mode: NON_LEADER, active raft config: opid_index: -1 OBSOLETE_local: false peers { permanent_uuid: "1948be91d75d4d4482f42bea1eaade75" member_type: VOTER last_known_addr { host: "127.26.153.193" port: 36013 } } peers { permanent_uuid: "fba14c12167e4f2b80c623a3fa434655" member_type: VOTER last_known_addr { host: "127.26.153.194" port: 41157 } } peers { permanent_uuid: "30bc979df5ba446d96237724a06a2d63" member_type: VOTER last_known_addr { host: "127.26.153.195" port: 38679 } }
I20260710 13:25:01.327171 28054 ts_tablet_manager.cc:1434] T 11bd9fc24b9f4fc0b3d18bd483c52512 P fba14c12167e4f2b80c623a3fa434655: Time spent starting tablet: real 0.010s	user 0.004s	sys 0.003s
I20260710 13:25:01.329398 28054 tablet_bootstrap.cc:492] T a735d76e93e345cf821cdde71eff2ce8 P fba14c12167e4f2b80c623a3fa434655: Bootstrap starting.
I20260710 13:25:01.329866 28085 raft_consensus.cc:493] T e8f4799281b14638ad43469463191418 P 1948be91d75d4d4482f42bea1eaade75 [term 0 FOLLOWER]: Starting pre-election (no leader contacted us within the election timeout)
I20260710 13:25:01.330340 28085 raft_consensus.cc:515] T e8f4799281b14638ad43469463191418 P 1948be91d75d4d4482f42bea1eaade75 [term 0 FOLLOWER]: Starting pre-election with config: opid_index: -1 OBSOLETE_local: false peers { permanent_uuid: "1948be91d75d4d4482f42bea1eaade75" member_type: VOTER last_known_addr { host: "127.26.153.193" port: 36013 } } peers { permanent_uuid: "fba14c12167e4f2b80c623a3fa434655" member_type: VOTER last_known_addr { host: "127.26.153.194" port: 41157 } } peers { permanent_uuid: "30bc979df5ba446d96237724a06a2d63" member_type: VOTER last_known_addr { host: "127.26.153.195" port: 38679 } }
I20260710 13:25:01.331096 28056 tablet_bootstrap.cc:654] T 51dc9a52eb084c51a4416b7d76230e25 P 30bc979df5ba446d96237724a06a2d63: Neither blocks nor log segments found. Creating new log.
I20260710 13:25:01.332636 28085 leader_election.cc:290] T e8f4799281b14638ad43469463191418 P 1948be91d75d4d4482f42bea1eaade75 [CANDIDATE]: Term 1 pre-election: Requested pre-vote from peers fba14c12167e4f2b80c623a3fa434655 (127.26.153.194:41157), 30bc979df5ba446d96237724a06a2d63 (127.26.153.195:38679)
I20260710 13:25:01.334530 28013 tablet_service.cc:1917] Received RequestConsensusVote() RPC: tablet_id: "e8f4799281b14638ad43469463191418" candidate_uuid: "1948be91d75d4d4482f42bea1eaade75" candidate_term: 1 candidate_status { last_received { term: 0 index: 0 } } ignore_live_leader: false dest_uuid: "30bc979df5ba446d96237724a06a2d63" is_pre_election: true
W20260710 13:25:01.335907 27829 leader_election.cc:343] T e8f4799281b14638ad43469463191418 P 1948be91d75d4d4482f42bea1eaade75 [CANDIDATE]: Term 1 pre-election: Tablet error from VoteRequest() call to peer 30bc979df5ba446d96237724a06a2d63 (127.26.153.195:38679): Illegal state: must be running to vote when last-logged opid is not known
I20260710 13:25:01.336766 28054 tablet_bootstrap.cc:654] T a735d76e93e345cf821cdde71eff2ce8 P fba14c12167e4f2b80c623a3fa434655: Neither blocks nor log segments found. Creating new log.
I20260710 13:25:01.336740 27938 tablet_service.cc:1917] Received RequestConsensusVote() RPC: tablet_id: "e8f4799281b14638ad43469463191418" candidate_uuid: "1948be91d75d4d4482f42bea1eaade75" candidate_term: 1 candidate_status { last_received { term: 0 index: 0 } } ignore_live_leader: false dest_uuid: "fba14c12167e4f2b80c623a3fa434655" is_pre_election: true
W20260710 13:25:01.338294 27829 leader_election.cc:343] T e8f4799281b14638ad43469463191418 P 1948be91d75d4d4482f42bea1eaade75 [CANDIDATE]: Term 1 pre-election: Tablet error from VoteRequest() call to peer fba14c12167e4f2b80c623a3fa434655 (127.26.153.194:41157): Illegal state: must be running to vote when last-logged opid is not known
I20260710 13:25:01.338753 27829 leader_election.cc:304] T e8f4799281b14638ad43469463191418 P 1948be91d75d4d4482f42bea1eaade75 [CANDIDATE]: Term 1 pre-election: Election decided. Result: candidate lost. Election summary: received 3 responses out of 3 voters: 1 yes votes; 2 no votes. yes voters: 1948be91d75d4d4482f42bea1eaade75; no voters: 30bc979df5ba446d96237724a06a2d63, fba14c12167e4f2b80c623a3fa434655
I20260710 13:25:01.339062 27762 catalog_manager.cc:5697] T 50e1268e85e5470ba78b01dfacdcaf42 P fba14c12167e4f2b80c623a3fa434655 reported cstate change: term changed from 0 to 1, leader changed from <none> to fba14c12167e4f2b80c623a3fa434655 (127.26.153.194). New cstate: current_term: 1 leader_uuid: "fba14c12167e4f2b80c623a3fa434655" committed_config { opid_index: -1 OBSOLETE_local: false peers { permanent_uuid: "1948be91d75d4d4482f42bea1eaade75" member_type: VOTER last_known_addr { host: "127.26.153.193" port: 36013 } health_report { overall_health: UNKNOWN } } peers { permanent_uuid: "fba14c12167e4f2b80c623a3fa434655" member_type: VOTER last_known_addr { host: "127.26.153.194" port: 41157 } health_report { overall_health: HEALTHY } } peers { permanent_uuid: "30bc979df5ba446d96237724a06a2d63" member_type: VOTER last_known_addr { host: "127.26.153.195" port: 38679 } health_report { overall_health: UNKNOWN } } }
I20260710 13:25:01.339918 28085 raft_consensus.cc:2749] T e8f4799281b14638ad43469463191418 P 1948be91d75d4d4482f42bea1eaade75 [term 0 FOLLOWER]: Leader pre-election lost for term 1. Reason: could not achieve majority
I20260710 13:25:01.336834 28059 tablet_bootstrap.cc:492] T a735d76e93e345cf821cdde71eff2ce8 P 1948be91d75d4d4482f42bea1eaade75: Bootstrap starting.
I20260710 13:25:01.346305 28056 tablet_bootstrap.cc:492] T 51dc9a52eb084c51a4416b7d76230e25 P 30bc979df5ba446d96237724a06a2d63: No bootstrap required, opened a new log
I20260710 13:25:01.346860 28056 ts_tablet_manager.cc:1403] T 51dc9a52eb084c51a4416b7d76230e25 P 30bc979df5ba446d96237724a06a2d63: Time spent bootstrapping tablet: real 0.023s	user 0.004s	sys 0.008s
I20260710 13:25:01.347000 28085 raft_consensus.cc:493] T 11bd9fc24b9f4fc0b3d18bd483c52512 P 1948be91d75d4d4482f42bea1eaade75 [term 0 FOLLOWER]: Starting pre-election (no leader contacted us within the election timeout)
I20260710 13:25:01.347452 28085 raft_consensus.cc:515] T 11bd9fc24b9f4fc0b3d18bd483c52512 P 1948be91d75d4d4482f42bea1eaade75 [term 0 FOLLOWER]: Starting pre-election with config: opid_index: -1 OBSOLETE_local: false peers { permanent_uuid: "1948be91d75d4d4482f42bea1eaade75" member_type: VOTER last_known_addr { host: "127.26.153.193" port: 36013 } } peers { permanent_uuid: "fba14c12167e4f2b80c623a3fa434655" member_type: VOTER last_known_addr { host: "127.26.153.194" port: 41157 } } peers { permanent_uuid: "30bc979df5ba446d96237724a06a2d63" member_type: VOTER last_known_addr { host: "127.26.153.195" port: 38679 } }
I20260710 13:25:01.349529 28085 leader_election.cc:290] T 11bd9fc24b9f4fc0b3d18bd483c52512 P 1948be91d75d4d4482f42bea1eaade75 [CANDIDATE]: Term 1 pre-election: Requested pre-vote from peers fba14c12167e4f2b80c623a3fa434655 (127.26.153.194:41157), 30bc979df5ba446d96237724a06a2d63 (127.26.153.195:38679)
I20260710 13:25:01.349874 28056 raft_consensus.cc:359] T 51dc9a52eb084c51a4416b7d76230e25 P 30bc979df5ba446d96237724a06a2d63 [term 0 FOLLOWER]: Replica starting. Triggering 0 pending ops. Active config: opid_index: -1 OBSOLETE_local: false peers { permanent_uuid: "1948be91d75d4d4482f42bea1eaade75" member_type: VOTER last_known_addr { host: "127.26.153.193" port: 36013 } } peers { permanent_uuid: "fba14c12167e4f2b80c623a3fa434655" member_type: VOTER last_known_addr { host: "127.26.153.194" port: 41157 } } peers { permanent_uuid: "30bc979df5ba446d96237724a06a2d63" member_type: VOTER last_known_addr { host: "127.26.153.195" port: 38679 } }
I20260710 13:25:01.350587 28056 raft_consensus.cc:385] T 51dc9a52eb084c51a4416b7d76230e25 P 30bc979df5ba446d96237724a06a2d63 [term 0 FOLLOWER]: Consensus starting up: Expiring failure detector timer to make a prompt election more likely
I20260710 13:25:01.350870 28056 raft_consensus.cc:740] T 51dc9a52eb084c51a4416b7d76230e25 P 30bc979df5ba446d96237724a06a2d63 [term 0 FOLLOWER]: Becoming Follower/Learner. State: Replica: 30bc979df5ba446d96237724a06a2d63, State: Initialized, Role: FOLLOWER
I20260710 13:25:01.351814 27938 tablet_service.cc:1917] Received RequestConsensusVote() RPC: tablet_id: "11bd9fc24b9f4fc0b3d18bd483c52512" candidate_uuid: "1948be91d75d4d4482f42bea1eaade75" candidate_term: 1 candidate_status { last_received { term: 0 index: 0 } } ignore_live_leader: false dest_uuid: "fba14c12167e4f2b80c623a3fa434655" is_pre_election: true
I20260710 13:25:01.351573 28056 consensus_queue.cc:260] T 51dc9a52eb084c51a4416b7d76230e25 P 30bc979df5ba446d96237724a06a2d63 [NON_LEADER]: Queue going to NON_LEADER mode. State: All replicated index: 0, Majority replicated index: 0, Committed index: 0, Last appended: 0.0, Last appended by leader: 0, Current term: 0, Majority size: -1, State: 0, Mode: NON_LEADER, active raft config: opid_index: -1 OBSOLETE_local: false peers { permanent_uuid: "1948be91d75d4d4482f42bea1eaade75" member_type: VOTER last_known_addr { host: "127.26.153.193" port: 36013 } } peers { permanent_uuid: "fba14c12167e4f2b80c623a3fa434655" member_type: VOTER last_known_addr { host: "127.26.153.194" port: 41157 } } peers { permanent_uuid: "30bc979df5ba446d96237724a06a2d63" member_type: VOTER last_known_addr { host: "127.26.153.195" port: 38679 } }
I20260710 13:25:01.351898 28013 tablet_service.cc:1917] Received RequestConsensusVote() RPC: tablet_id: "11bd9fc24b9f4fc0b3d18bd483c52512" candidate_uuid: "1948be91d75d4d4482f42bea1eaade75" candidate_term: 1 candidate_status { last_received { term: 0 index: 0 } } ignore_live_leader: false dest_uuid: "30bc979df5ba446d96237724a06a2d63" is_pre_election: true
I20260710 13:25:01.352388 27938 raft_consensus.cc:2468] T 11bd9fc24b9f4fc0b3d18bd483c52512 P fba14c12167e4f2b80c623a3fa434655 [term 0 FOLLOWER]: Leader pre-election vote request: Granting yes vote for candidate 1948be91d75d4d4482f42bea1eaade75 in term 0.
I20260710 13:25:01.352541 28013 raft_consensus.cc:2468] T 11bd9fc24b9f4fc0b3d18bd483c52512 P 30bc979df5ba446d96237724a06a2d63 [term 0 FOLLOWER]: Leader pre-election vote request: Granting yes vote for candidate 1948be91d75d4d4482f42bea1eaade75 in term 0.
I20260710 13:25:01.353869 28056 ts_tablet_manager.cc:1434] T 51dc9a52eb084c51a4416b7d76230e25 P 30bc979df5ba446d96237724a06a2d63: Time spent starting tablet: real 0.007s	user 0.005s	sys 0.000s
I20260710 13:25:01.353701 27829 leader_election.cc:304] T 11bd9fc24b9f4fc0b3d18bd483c52512 P 1948be91d75d4d4482f42bea1eaade75 [CANDIDATE]: Term 1 pre-election: Election decided. Result: candidate won. Election summary: received 2 responses out of 3 voters: 2 yes votes; 0 no votes. yes voters: 1948be91d75d4d4482f42bea1eaade75, fba14c12167e4f2b80c623a3fa434655; no voters: 
I20260710 13:25:01.354202 28054 tablet_bootstrap.cc:492] T a735d76e93e345cf821cdde71eff2ce8 P fba14c12167e4f2b80c623a3fa434655: No bootstrap required, opened a new log
I20260710 13:25:01.354704 28054 ts_tablet_manager.cc:1403] T a735d76e93e345cf821cdde71eff2ce8 P fba14c12167e4f2b80c623a3fa434655: Time spent bootstrapping tablet: real 0.026s	user 0.005s	sys 0.012s
I20260710 13:25:01.355113 28085 raft_consensus.cc:2804] T 11bd9fc24b9f4fc0b3d18bd483c52512 P 1948be91d75d4d4482f42bea1eaade75 [term 0 FOLLOWER]: Leader pre-election won for term 1
I20260710 13:25:01.355525 28085 raft_consensus.cc:493] T 11bd9fc24b9f4fc0b3d18bd483c52512 P 1948be91d75d4d4482f42bea1eaade75 [term 0 FOLLOWER]: Starting leader election (no leader contacted us within the election timeout)
I20260710 13:25:01.355852 28085 raft_consensus.cc:3060] T 11bd9fc24b9f4fc0b3d18bd483c52512 P 1948be91d75d4d4482f42bea1eaade75 [term 0 FOLLOWER]: Advancing to term 1
I20260710 13:25:01.358011 28054 raft_consensus.cc:359] T a735d76e93e345cf821cdde71eff2ce8 P fba14c12167e4f2b80c623a3fa434655 [term 0 FOLLOWER]: Replica starting. Triggering 0 pending ops. Active config: opid_index: -1 OBSOLETE_local: false peers { permanent_uuid: "1948be91d75d4d4482f42bea1eaade75" member_type: VOTER last_known_addr { host: "127.26.153.193" port: 36013 } } peers { permanent_uuid: "fba14c12167e4f2b80c623a3fa434655" member_type: VOTER last_known_addr { host: "127.26.153.194" port: 41157 } } peers { permanent_uuid: "30bc979df5ba446d96237724a06a2d63" member_type: VOTER last_known_addr { host: "127.26.153.195" port: 38679 } }
I20260710 13:25:01.358773 28054 raft_consensus.cc:385] T a735d76e93e345cf821cdde71eff2ce8 P fba14c12167e4f2b80c623a3fa434655 [term 0 FOLLOWER]: Consensus starting up: Expiring failure detector timer to make a prompt election more likely
I20260710 13:25:01.359108 28054 raft_consensus.cc:740] T a735d76e93e345cf821cdde71eff2ce8 P fba14c12167e4f2b80c623a3fa434655 [term 0 FOLLOWER]: Becoming Follower/Learner. State: Replica: fba14c12167e4f2b80c623a3fa434655, State: Initialized, Role: FOLLOWER
I20260710 13:25:01.359894 28054 consensus_queue.cc:260] T a735d76e93e345cf821cdde71eff2ce8 P fba14c12167e4f2b80c623a3fa434655 [NON_LEADER]: Queue going to NON_LEADER mode. State: All replicated index: 0, Majority replicated index: 0, Committed index: 0, Last appended: 0.0, Last appended by leader: 0, Current term: 0, Majority size: -1, State: 0, Mode: NON_LEADER, active raft config: opid_index: -1 OBSOLETE_local: false peers { permanent_uuid: "1948be91d75d4d4482f42bea1eaade75" member_type: VOTER last_known_addr { host: "127.26.153.193" port: 36013 } } peers { permanent_uuid: "fba14c12167e4f2b80c623a3fa434655" member_type: VOTER last_known_addr { host: "127.26.153.194" port: 41157 } } peers { permanent_uuid: "30bc979df5ba446d96237724a06a2d63" member_type: VOTER last_known_addr { host: "127.26.153.195" port: 38679 } }
I20260710 13:25:01.360831 28059 tablet_bootstrap.cc:654] T a735d76e93e345cf821cdde71eff2ce8 P 1948be91d75d4d4482f42bea1eaade75: Neither blocks nor log segments found. Creating new log.
I20260710 13:25:01.362407 28054 ts_tablet_manager.cc:1434] T a735d76e93e345cf821cdde71eff2ce8 P fba14c12167e4f2b80c623a3fa434655: Time spent starting tablet: real 0.007s	user 0.005s	sys 0.000s
I20260710 13:25:01.363435 28054 tablet_bootstrap.cc:492] T e8f4799281b14638ad43469463191418 P fba14c12167e4f2b80c623a3fa434655: Bootstrap starting.
I20260710 13:25:01.363688 28082 raft_consensus.cc:493] T a735d76e93e345cf821cdde71eff2ce8 P fba14c12167e4f2b80c623a3fa434655 [term 0 FOLLOWER]: Starting pre-election (no leader contacted us within the election timeout)
I20260710 13:25:01.364316 28082 raft_consensus.cc:515] T a735d76e93e345cf821cdde71eff2ce8 P fba14c12167e4f2b80c623a3fa434655 [term 0 FOLLOWER]: Starting pre-election with config: opid_index: -1 OBSOLETE_local: false peers { permanent_uuid: "1948be91d75d4d4482f42bea1eaade75" member_type: VOTER last_known_addr { host: "127.26.153.193" port: 36013 } } peers { permanent_uuid: "fba14c12167e4f2b80c623a3fa434655" member_type: VOTER last_known_addr { host: "127.26.153.194" port: 41157 } } peers { permanent_uuid: "30bc979df5ba446d96237724a06a2d63" member_type: VOTER last_known_addr { host: "127.26.153.195" port: 38679 } }
I20260710 13:25:01.366137 28085 raft_consensus.cc:515] T 11bd9fc24b9f4fc0b3d18bd483c52512 P 1948be91d75d4d4482f42bea1eaade75 [term 1 FOLLOWER]: Starting leader election with config: opid_index: -1 OBSOLETE_local: false peers { permanent_uuid: "1948be91d75d4d4482f42bea1eaade75" member_type: VOTER last_known_addr { host: "127.26.153.193" port: 36013 } } peers { permanent_uuid: "fba14c12167e4f2b80c623a3fa434655" member_type: VOTER last_known_addr { host: "127.26.153.194" port: 41157 } } peers { permanent_uuid: "30bc979df5ba446d96237724a06a2d63" member_type: VOTER last_known_addr { host: "127.26.153.195" port: 38679 } }
I20260710 13:25:01.368520 28013 tablet_service.cc:1917] Received RequestConsensusVote() RPC: tablet_id: "a735d76e93e345cf821cdde71eff2ce8" candidate_uuid: "fba14c12167e4f2b80c623a3fa434655" candidate_term: 1 candidate_status { last_received { term: 0 index: 0 } } ignore_live_leader: false dest_uuid: "30bc979df5ba446d96237724a06a2d63" is_pre_election: true
I20260710 13:25:01.369016 27938 tablet_service.cc:1917] Received RequestConsensusVote() RPC: tablet_id: "11bd9fc24b9f4fc0b3d18bd483c52512" candidate_uuid: "1948be91d75d4d4482f42bea1eaade75" candidate_term: 1 candidate_status { last_received { term: 0 index: 0 } } ignore_live_leader: false dest_uuid: "fba14c12167e4f2b80c623a3fa434655"
I20260710 13:25:01.369344 28013 raft_consensus.cc:2468] T a735d76e93e345cf821cdde71eff2ce8 P 30bc979df5ba446d96237724a06a2d63 [term 0 FOLLOWER]: Leader pre-election vote request: Granting yes vote for candidate fba14c12167e4f2b80c623a3fa434655 in term 0.
I20260710 13:25:01.364925 28056 tablet_bootstrap.cc:492] T e8f4799281b14638ad43469463191418 P 30bc979df5ba446d96237724a06a2d63: Bootstrap starting.
I20260710 13:25:01.369601 27938 raft_consensus.cc:3060] T 11bd9fc24b9f4fc0b3d18bd483c52512 P fba14c12167e4f2b80c623a3fa434655 [term 0 FOLLOWER]: Advancing to term 1
I20260710 13:25:01.370370 28054 tablet_bootstrap.cc:654] T e8f4799281b14638ad43469463191418 P fba14c12167e4f2b80c623a3fa434655: Neither blocks nor log segments found. Creating new log.
I20260710 13:25:01.371029 27904 leader_election.cc:304] T a735d76e93e345cf821cdde71eff2ce8 P fba14c12167e4f2b80c623a3fa434655 [CANDIDATE]: Term 1 pre-election: Election decided. Result: candidate won. Election summary: received 2 responses out of 3 voters: 2 yes votes; 0 no votes. yes voters: 30bc979df5ba446d96237724a06a2d63, fba14c12167e4f2b80c623a3fa434655; no voters: 
I20260710 13:25:01.372359 28083 raft_consensus.cc:2804] T a735d76e93e345cf821cdde71eff2ce8 P fba14c12167e4f2b80c623a3fa434655 [term 0 FOLLOWER]: Leader pre-election won for term 1
I20260710 13:25:01.372720 28083 raft_consensus.cc:493] T a735d76e93e345cf821cdde71eff2ce8 P fba14c12167e4f2b80c623a3fa434655 [term 0 FOLLOWER]: Starting leader election (no leader contacted us within the election timeout)
I20260710 13:25:01.373057 28083 raft_consensus.cc:3060] T a735d76e93e345cf821cdde71eff2ce8 P fba14c12167e4f2b80c623a3fa434655 [term 0 FOLLOWER]: Advancing to term 1
I20260710 13:25:01.377745 27864 tablet_service.cc:1917] Received RequestConsensusVote() RPC: tablet_id: "a735d76e93e345cf821cdde71eff2ce8" candidate_uuid: "fba14c12167e4f2b80c623a3fa434655" candidate_term: 1 candidate_status { last_received { term: 0 index: 0 } } ignore_live_leader: false dest_uuid: "1948be91d75d4d4482f42bea1eaade75" is_pre_election: true
W20260710 13:25:01.379302 27903 leader_election.cc:343] T a735d76e93e345cf821cdde71eff2ce8 P fba14c12167e4f2b80c623a3fa434655 [CANDIDATE]: Term 1 pre-election: Tablet error from VoteRequest() call to peer 1948be91d75d4d4482f42bea1eaade75 (127.26.153.193:36013): Illegal state: must be running to vote when last-logged opid is not known
I20260710 13:25:01.380393 28082 leader_election.cc:290] T a735d76e93e345cf821cdde71eff2ce8 P fba14c12167e4f2b80c623a3fa434655 [CANDIDATE]: Term 1 pre-election: Requested pre-vote from peers 1948be91d75d4d4482f42bea1eaade75 (127.26.153.193:36013), 30bc979df5ba446d96237724a06a2d63 (127.26.153.195:38679)
I20260710 13:25:01.386647 27938 raft_consensus.cc:2468] T 11bd9fc24b9f4fc0b3d18bd483c52512 P fba14c12167e4f2b80c623a3fa434655 [term 1 FOLLOWER]: Leader election vote request: Granting yes vote for candidate 1948be91d75d4d4482f42bea1eaade75 in term 1.
I20260710 13:25:01.388543 27829 leader_election.cc:304] T 11bd9fc24b9f4fc0b3d18bd483c52512 P 1948be91d75d4d4482f42bea1eaade75 [CANDIDATE]: Term 1 election: Election decided. Result: candidate won. Election summary: received 2 responses out of 3 voters: 2 yes votes; 0 no votes. yes voters: 1948be91d75d4d4482f42bea1eaade75, fba14c12167e4f2b80c623a3fa434655; no voters: 
I20260710 13:25:01.389799 28063 raft_consensus.cc:2804] T 11bd9fc24b9f4fc0b3d18bd483c52512 P 1948be91d75d4d4482f42bea1eaade75 [term 1 FOLLOWER]: Leader election won for term 1
I20260710 13:25:01.391644 28083 raft_consensus.cc:515] T a735d76e93e345cf821cdde71eff2ce8 P fba14c12167e4f2b80c623a3fa434655 [term 1 FOLLOWER]: Starting leader election with config: opid_index: -1 OBSOLETE_local: false peers { permanent_uuid: "1948be91d75d4d4482f42bea1eaade75" member_type: VOTER last_known_addr { host: "127.26.153.193" port: 36013 } } peers { permanent_uuid: "fba14c12167e4f2b80c623a3fa434655" member_type: VOTER last_known_addr { host: "127.26.153.194" port: 41157 } } peers { permanent_uuid: "30bc979df5ba446d96237724a06a2d63" member_type: VOTER last_known_addr { host: "127.26.153.195" port: 38679 } }
I20260710 13:25:01.392513 28059 tablet_bootstrap.cc:492] T a735d76e93e345cf821cdde71eff2ce8 P 1948be91d75d4d4482f42bea1eaade75: No bootstrap required, opened a new log
I20260710 13:25:01.392979 28059 ts_tablet_manager.cc:1403] T a735d76e93e345cf821cdde71eff2ce8 P 1948be91d75d4d4482f42bea1eaade75: Time spent bootstrapping tablet: real 0.056s	user 0.019s	sys 0.019s
