I20260710 13:25:04.999320 28058 raft_consensus.cc:515] T c030d7616ef14d109002eb95615efa25 P 93ea0eba8f9d40dc881c1cfb247fbd38 [term 3 FOLLOWER]: Starting forced leader election with config: opid_index: -1 OBSOLETE_local: false peers { permanent_uuid: "dd980b706f2f42deabbcb923b7f4746b" member_type: VOTER last_known_addr { host: "127.26.165.1" port: 45527 } } peers { permanent_uuid: "1bb4af56f4104295bf8bd2a8a3e36689" member_type: VOTER last_known_addr { host: "127.26.165.2" port: 33071 } } peers { permanent_uuid: "93ea0eba8f9d40dc881c1cfb247fbd38" member_type: VOTER last_known_addr { host: "127.26.165.3" port: 38657 } }
I20260710 13:25:05.000736 28058 leader_election.cc:290] T c030d7616ef14d109002eb95615efa25 P 93ea0eba8f9d40dc881c1cfb247fbd38 [CANDIDATE]: Term 3 election: Requested vote from peers dd980b706f2f42deabbcb923b7f4746b (127.26.165.1:45527), 1bb4af56f4104295bf8bd2a8a3e36689 (127.26.165.2:33071)
I20260710 13:25:05.001432 27909 tablet_service.cc:1917] Received RequestConsensusVote() RPC: tablet_id: "c030d7616ef14d109002eb95615efa25" candidate_uuid: "93ea0eba8f9d40dc881c1cfb247fbd38" candidate_term: 3 candidate_status { last_received { term: 2 index: 2 } } ignore_live_leader: true dest_uuid: "dd980b706f2f42deabbcb923b7f4746b"
I20260710 13:25:05.001724 27984 tablet_service.cc:1917] Received RequestConsensusVote() RPC: tablet_id: "c030d7616ef14d109002eb95615efa25" candidate_uuid: "93ea0eba8f9d40dc881c1cfb247fbd38" candidate_term: 3 candidate_status { last_received { term: 2 index: 2 } } ignore_live_leader: true dest_uuid: "1bb4af56f4104295bf8bd2a8a3e36689"
I20260710 13:25:05.002071 27909 raft_consensus.cc:3055] T c030d7616ef14d109002eb95615efa25 P dd980b706f2f42deabbcb923b7f4746b [term 2 LEADER]: Stepping down as leader of term 2
I20260710 13:25:05.002250 27984 raft_consensus.cc:3060] T c030d7616ef14d109002eb95615efa25 P 1bb4af56f4104295bf8bd2a8a3e36689 [term 2 FOLLOWER]: Advancing to term 3
I20260710 13:25:05.002396 27909 raft_consensus.cc:740] T c030d7616ef14d109002eb95615efa25 P dd980b706f2f42deabbcb923b7f4746b [term 2 LEADER]: Becoming Follower/Learner. State: Replica: dd980b706f2f42deabbcb923b7f4746b, State: Running, Role: LEADER
I20260710 13:25:05.003158 27909 consensus_queue.cc:260] T c030d7616ef14d109002eb95615efa25 P dd980b706f2f42deabbcb923b7f4746b [NON_LEADER]: Queue going to NON_LEADER mode. State: All replicated index: 0, Majority replicated index: 2, Committed index: 2, Last appended: 2.2, Last appended by leader: 2, Current term: 2, Majority size: -1, State: 0, Mode: NON_LEADER, active raft config: opid_index: -1 OBSOLETE_local: false peers { permanent_uuid: "dd980b706f2f42deabbcb923b7f4746b" member_type: VOTER last_known_addr { host: "127.26.165.1" port: 45527 } } peers { permanent_uuid: "1bb4af56f4104295bf8bd2a8a3e36689" member_type: VOTER last_known_addr { host: "127.26.165.2" port: 33071 } } peers { permanent_uuid: "93ea0eba8f9d40dc881c1cfb247fbd38" member_type: VOTER last_known_addr { host: "127.26.165.3" port: 38657 } }
I20260710 13:25:05.004367 27909 raft_consensus.cc:3060] T c030d7616ef14d109002eb95615efa25 P dd980b706f2f42deabbcb923b7f4746b [term 2 FOLLOWER]: Advancing to term 3
I20260710 13:25:05.008534 27984 raft_consensus.cc:2468] T c030d7616ef14d109002eb95615efa25 P 1bb4af56f4104295bf8bd2a8a3e36689 [term 3 FOLLOWER]: Leader election vote request: Granting yes vote for candidate 93ea0eba8f9d40dc881c1cfb247fbd38 in term 3.
I20260710 13:25:05.009604 28024 leader_election.cc:304] T c030d7616ef14d109002eb95615efa25 P 93ea0eba8f9d40dc881c1cfb247fbd38 [CANDIDATE]: Term 3 election: Election decided. Result: candidate won. Election summary: received 2 responses out of 3 voters: 2 yes votes; 0 no votes. yes voters: 1bb4af56f4104295bf8bd2a8a3e36689, 93ea0eba8f9d40dc881c1cfb247fbd38; no voters: 
I20260710 13:25:05.010102 27909 raft_consensus.cc:2468] T c030d7616ef14d109002eb95615efa25 P dd980b706f2f42deabbcb923b7f4746b [term 3 FOLLOWER]: Leader election vote request: Granting yes vote for candidate 93ea0eba8f9d40dc881c1cfb247fbd38 in term 3.
I20260710 13:25:05.010207 28192 raft_consensus.cc:2804] T c030d7616ef14d109002eb95615efa25 P 93ea0eba8f9d40dc881c1cfb247fbd38 [term 3 FOLLOWER]: Leader election won for term 3
I20260710 13:25:05.011263 28192 raft_consensus.cc:697] T c030d7616ef14d109002eb95615efa25 P 93ea0eba8f9d40dc881c1cfb247fbd38 [term 3 LEADER]: Becoming Leader. State: Replica: 93ea0eba8f9d40dc881c1cfb247fbd38, State: Running, Role: LEADER
I20260710 13:25:05.011929 28192 consensus_queue.cc:237] T c030d7616ef14d109002eb95615efa25 P 93ea0eba8f9d40dc881c1cfb247fbd38 [LEADER]: Queue going to LEADER mode. State: All replicated index: 0, Majority replicated index: 2, Committed index: 2, Last appended: 2.2, Last appended by leader: 2, Current term: 3, Majority size: 2, State: 0, Mode: LEADER, active raft config: opid_index: -1 OBSOLETE_local: false peers { permanent_uuid: "dd980b706f2f42deabbcb923b7f4746b" member_type: VOTER last_known_addr { host: "127.26.165.1" port: 45527 } } peers { permanent_uuid: "1bb4af56f4104295bf8bd2a8a3e36689" member_type: VOTER last_known_addr { host: "127.26.165.2" port: 33071 } } peers { permanent_uuid: "93ea0eba8f9d40dc881c1cfb247fbd38" member_type: VOTER last_known_addr { host: "127.26.165.3" port: 38657 } }
I20260710 13:25:05.017652 27805 catalog_manager.cc:5697] T c030d7616ef14d109002eb95615efa25 P 93ea0eba8f9d40dc881c1cfb247fbd38 reported cstate change: term changed from 2 to 3, leader changed from dd980b706f2f42deabbcb923b7f4746b (127.26.165.1) to 93ea0eba8f9d40dc881c1cfb247fbd38 (127.26.165.3). New cstate: current_term: 3 leader_uuid: "93ea0eba8f9d40dc881c1cfb247fbd38" committed_config { opid_index: -1 OBSOLETE_local: false peers { permanent_uuid: "dd980b706f2f42deabbcb923b7f4746b" member_type: VOTER last_known_addr { host: "127.26.165.1" port: 45527 } health_report { overall_health: UNKNOWN } } peers { permanent_uuid: "1bb4af56f4104295bf8bd2a8a3e36689" member_type: VOTER last_known_addr { host: "127.26.165.2" port: 33071 } health_report { overall_health: UNKNOWN } } peers { permanent_uuid: "93ea0eba8f9d40dc881c1cfb247fbd38" member_type: VOTER last_known_addr { host: "127.26.165.3" port: 38657 } health_report { overall_health: HEALTHY } } }
I20260710 13:25:05.060105 28111 raft_consensus.cc:993] T 777a05907fa44bb1aee714f63f7da538 P dd980b706f2f42deabbcb923b7f4746b: : Instructing follower 93ea0eba8f9d40dc881c1cfb247fbd38 to start an election
I20260710 13:25:05.060513 28193 raft_consensus.cc:1081] T 777a05907fa44bb1aee714f63f7da538 P dd980b706f2f42deabbcb923b7f4746b [term 2 LEADER]: Signalling peer 93ea0eba8f9d40dc881c1cfb247fbd38 to start an election
I20260710 13:25:05.061939 28058 tablet_service.cc:2044] Received Run Leader Election RPC: tablet_id: "777a05907fa44bb1aee714f63f7da538"
dest_uuid: "93ea0eba8f9d40dc881c1cfb247fbd38"
 from {username='slave'} at 127.0.0.1:32842
I20260710 13:25:05.062352 28058 raft_consensus.cc:493] T 777a05907fa44bb1aee714f63f7da538 P 93ea0eba8f9d40dc881c1cfb247fbd38 [term 2 FOLLOWER]: Starting forced leader election (received explicit request)
I20260710 13:25:05.062621 28058 raft_consensus.cc:3060] T 777a05907fa44bb1aee714f63f7da538 P 93ea0eba8f9d40dc881c1cfb247fbd38 [term 2 FOLLOWER]: Advancing to term 3
I20260710 13:25:05.067970 28058 raft_consensus.cc:515] T 777a05907fa44bb1aee714f63f7da538 P 93ea0eba8f9d40dc881c1cfb247fbd38 [term 3 FOLLOWER]: Starting forced leader election with config: opid_index: -1 OBSOLETE_local: false peers { permanent_uuid: "dd980b706f2f42deabbcb923b7f4746b" member_type: VOTER last_known_addr { host: "127.26.165.1" port: 45527 } } peers { permanent_uuid: "1bb4af56f4104295bf8bd2a8a3e36689" member_type: VOTER last_known_addr { host: "127.26.165.2" port: 33071 } } peers { permanent_uuid: "93ea0eba8f9d40dc881c1cfb247fbd38" member_type: VOTER last_known_addr { host: "127.26.165.3" port: 38657 } }
I20260710 13:25:05.069501 28058 leader_election.cc:290] T 777a05907fa44bb1aee714f63f7da538 P 93ea0eba8f9d40dc881c1cfb247fbd38 [CANDIDATE]: Term 3 election: Requested vote from peers dd980b706f2f42deabbcb923b7f4746b (127.26.165.1:45527), 1bb4af56f4104295bf8bd2a8a3e36689 (127.26.165.2:33071)
I20260710 13:25:05.070279 27909 tablet_service.cc:1917] Received RequestConsensusVote() RPC: tablet_id: "777a05907fa44bb1aee714f63f7da538" candidate_uuid: "93ea0eba8f9d40dc881c1cfb247fbd38" candidate_term: 3 candidate_status { last_received { term: 2 index: 2 } } ignore_live_leader: true dest_uuid: "dd980b706f2f42deabbcb923b7f4746b"
I20260710 13:25:05.070528 27984 tablet_service.cc:1917] Received RequestConsensusVote() RPC: tablet_id: "777a05907fa44bb1aee714f63f7da538" candidate_uuid: "93ea0eba8f9d40dc881c1cfb247fbd38" candidate_term: 3 candidate_status { last_received { term: 2 index: 2 } } ignore_live_leader: true dest_uuid: "1bb4af56f4104295bf8bd2a8a3e36689"
I20260710 13:25:05.070730 27909 raft_consensus.cc:3055] T 777a05907fa44bb1aee714f63f7da538 P dd980b706f2f42deabbcb923b7f4746b [term 2 LEADER]: Stepping down as leader of term 2
I20260710 13:25:05.070976 27984 raft_consensus.cc:3060] T 777a05907fa44bb1aee714f63f7da538 P 1bb4af56f4104295bf8bd2a8a3e36689 [term 2 FOLLOWER]: Advancing to term 3
I20260710 13:25:05.071012 27909 raft_consensus.cc:740] T 777a05907fa44bb1aee714f63f7da538 P dd980b706f2f42deabbcb923b7f4746b [term 2 LEADER]: Becoming Follower/Learner. State: Replica: dd980b706f2f42deabbcb923b7f4746b, State: Running, Role: LEADER
I20260710 13:25:05.071702 27909 consensus_queue.cc:260] T 777a05907fa44bb1aee714f63f7da538 P dd980b706f2f42deabbcb923b7f4746b [NON_LEADER]: Queue going to NON_LEADER mode. State: All replicated index: 0, Majority replicated index: 2, Committed index: 2, Last appended: 2.2, Last appended by leader: 2, Current term: 2, Majority size: -1, State: 0, Mode: NON_LEADER, active raft config: opid_index: -1 OBSOLETE_local: false peers { permanent_uuid: "dd980b706f2f42deabbcb923b7f4746b" member_type: VOTER last_known_addr { host: "127.26.165.1" port: 45527 } } peers { permanent_uuid: "1bb4af56f4104295bf8bd2a8a3e36689" member_type: VOTER last_known_addr { host: "127.26.165.2" port: 33071 } } peers { permanent_uuid: "93ea0eba8f9d40dc881c1cfb247fbd38" member_type: VOTER last_known_addr { host: "127.26.165.3" port: 38657 } }
I20260710 13:25:05.072569 27909 raft_consensus.cc:3060] T 777a05907fa44bb1aee714f63f7da538 P dd980b706f2f42deabbcb923b7f4746b [term 2 FOLLOWER]: Advancing to term 3
I20260710 13:25:05.075183 27984 raft_consensus.cc:2468] T 777a05907fa44bb1aee714f63f7da538 P 1bb4af56f4104295bf8bd2a8a3e36689 [term 3 FOLLOWER]: Leader election vote request: Granting yes vote for candidate 93ea0eba8f9d40dc881c1cfb247fbd38 in term 3.
I20260710 13:25:05.076063 28024 leader_election.cc:304] T 777a05907fa44bb1aee714f63f7da538 P 93ea0eba8f9d40dc881c1cfb247fbd38 [CANDIDATE]: Term 3 election: Election decided. Result: candidate won. Election summary: received 2 responses out of 3 voters: 2 yes votes; 0 no votes. yes voters: 1bb4af56f4104295bf8bd2a8a3e36689, 93ea0eba8f9d40dc881c1cfb247fbd38; no voters: 
I20260710 13:25:05.076728 28192 raft_consensus.cc:2804] T 777a05907fa44bb1aee714f63f7da538 P 93ea0eba8f9d40dc881c1cfb247fbd38 [term 3 FOLLOWER]: Leader election won for term 3
I20260710 13:25:05.076890 27909 raft_consensus.cc:2468] T 777a05907fa44bb1aee714f63f7da538 P dd980b706f2f42deabbcb923b7f4746b [term 3 FOLLOWER]: Leader election vote request: Granting yes vote for candidate 93ea0eba8f9d40dc881c1cfb247fbd38 in term 3.
I20260710 13:25:05.077215 28192 raft_consensus.cc:697] T 777a05907fa44bb1aee714f63f7da538 P 93ea0eba8f9d40dc881c1cfb247fbd38 [term 3 LEADER]: Becoming Leader. State: Replica: 93ea0eba8f9d40dc881c1cfb247fbd38, State: Running, Role: LEADER
I20260710 13:25:05.077971 28192 consensus_queue.cc:237] T 777a05907fa44bb1aee714f63f7da538 P 93ea0eba8f9d40dc881c1cfb247fbd38 [LEADER]: Queue going to LEADER mode. State: All replicated index: 0, Majority replicated index: 2, Committed index: 2, Last appended: 2.2, Last appended by leader: 2, Current term: 3, Majority size: 2, State: 0, Mode: LEADER, active raft config: opid_index: -1 OBSOLETE_local: false peers { permanent_uuid: "dd980b706f2f42deabbcb923b7f4746b" member_type: VOTER last_known_addr { host: "127.26.165.1" port: 45527 } } peers { permanent_uuid: "1bb4af56f4104295bf8bd2a8a3e36689" member_type: VOTER last_known_addr { host: "127.26.165.2" port: 33071 } } peers { permanent_uuid: "93ea0eba8f9d40dc881c1cfb247fbd38" member_type: VOTER last_known_addr { host: "127.26.165.3" port: 38657 } }
I20260710 13:25:05.083894 27805 catalog_manager.cc:5697] T 777a05907fa44bb1aee714f63f7da538 P 93ea0eba8f9d40dc881c1cfb247fbd38 reported cstate change: term changed from 2 to 3, leader changed from dd980b706f2f42deabbcb923b7f4746b (127.26.165.1) to 93ea0eba8f9d40dc881c1cfb247fbd38 (127.26.165.3). New cstate: current_term: 3 leader_uuid: "93ea0eba8f9d40dc881c1cfb247fbd38" committed_config { opid_index: -1 OBSOLETE_local: false peers { permanent_uuid: "dd980b706f2f42deabbcb923b7f4746b" member_type: VOTER last_known_addr { host: "127.26.165.1" port: 45527 } health_report { overall_health: UNKNOWN } } peers { permanent_uuid: "1bb4af56f4104295bf8bd2a8a3e36689" member_type: VOTER last_known_addr { host: "127.26.165.2" port: 33071 } health_report { overall_health: UNKNOWN } } peers { permanent_uuid: "93ea0eba8f9d40dc881c1cfb247fbd38" member_type: VOTER last_known_addr { host: "127.26.165.3" port: 38657 } health_report { overall_health: HEALTHY } } }
I20260710 13:25:05.535815 27909 raft_consensus.cc:1275] T c030d7616ef14d109002eb95615efa25 P dd980b706f2f42deabbcb923b7f4746b [term 3 FOLLOWER]: Refusing update from remote peer 93ea0eba8f9d40dc881c1cfb247fbd38: Log matching property violated. Preceding OpId in replica: term: 2 index: 2. Preceding OpId from leader: term: 3 index: 3. (index mismatch)
I20260710 13:25:05.537017 27284 auto_leader_rebalancer.cc:141] leader rebalance for table test-workload
I20260710 13:25:05.537075 28192 consensus_queue.cc:1048] T c030d7616ef14d109002eb95615efa25 P 93ea0eba8f9d40dc881c1cfb247fbd38 [LEADER]: Connected to new peer: Peer: permanent_uuid: "dd980b706f2f42deabbcb923b7f4746b" member_type: VOTER last_known_addr { host: "127.26.165.1" port: 45527 }, Status: LMP_MISMATCH, Last received: 0.0, Next index: 3, Last known committed idx: 2, Time since last communication: 0.000s
I20260710 13:25:05.549718 27984 raft_consensus.cc:1275] T c030d7616ef14d109002eb95615efa25 P 1bb4af56f4104295bf8bd2a8a3e36689 [term 3 FOLLOWER]: Refusing update from remote peer 93ea0eba8f9d40dc881c1cfb247fbd38: Log matching property violated. Preceding OpId in replica: term: 2 index: 2. Preceding OpId from leader: term: 3 index: 3. (index mismatch)
I20260710 13:25:05.554240 28192 consensus_queue.cc:1048] T c030d7616ef14d109002eb95615efa25 P 93ea0eba8f9d40dc881c1cfb247fbd38 [LEADER]: Connected to new peer: Peer: permanent_uuid: "1bb4af56f4104295bf8bd2a8a3e36689" member_type: VOTER last_known_addr { host: "127.26.165.2" port: 33071 }, Status: LMP_MISMATCH, Last received: 0.0, Next index: 3, Last known committed idx: 2, Time since last communication: 0.000s
I20260710 13:25:05.561157 27985 raft_consensus.cc:1275] T 777a05907fa44bb1aee714f63f7da538 P 1bb4af56f4104295bf8bd2a8a3e36689 [term 3 FOLLOWER]: Refusing update from remote peer 93ea0eba8f9d40dc881c1cfb247fbd38: Log matching property violated. Preceding OpId in replica: term: 2 index: 2. Preceding OpId from leader: term: 3 index: 3. (index mismatch)
I20260710 13:25:05.562757 28192 consensus_queue.cc:1048] T 777a05907fa44bb1aee714f63f7da538 P 93ea0eba8f9d40dc881c1cfb247fbd38 [LEADER]: Connected to new peer: Peer: permanent_uuid: "1bb4af56f4104295bf8bd2a8a3e36689" member_type: VOTER last_known_addr { host: "127.26.165.2" port: 33071 }, Status: LMP_MISMATCH, Last received: 0.0, Next index: 3, Last known committed idx: 2, Time since last communication: 0.000s
I20260710 13:25:05.565905 28058 tablet_service.cc:2072] Received LeaderStepDown RPC: tablet_id: "777a05907fa44bb1aee714f63f7da538"
dest_uuid: "93ea0eba8f9d40dc881c1cfb247fbd38"
mode: GRACEFUL
new_leader_uuid: "dd980b706f2f42deabbcb923b7f4746b"
 from {username='slave'} at 127.0.0.1:32858
I20260710 13:25:05.566481 28058 raft_consensus.cc:606] T 777a05907fa44bb1aee714f63f7da538 P 93ea0eba8f9d40dc881c1cfb247fbd38 [term 3 LEADER]: Received request to transfer leadership to TS dd980b706f2f42deabbcb923b7f4746b
I20260710 13:25:05.574424 27909 raft_consensus.cc:1275] T 777a05907fa44bb1aee714f63f7da538 P dd980b706f2f42deabbcb923b7f4746b [term 3 FOLLOWER]: Refusing update from remote peer 93ea0eba8f9d40dc881c1cfb247fbd38: Log matching property violated. Preceding OpId in replica: term: 2 index: 2. Preceding OpId from leader: term: 3 index: 3. (index mismatch)
I20260710 13:25:05.574363 28058 tablet_service.cc:2072] Received LeaderStepDown RPC: tablet_id: "c030d7616ef14d109002eb95615efa25"
dest_uuid: "93ea0eba8f9d40dc881c1cfb247fbd38"
mode: GRACEFUL
new_leader_uuid: "dd980b706f2f42deabbcb923b7f4746b"
 from {username='slave'} at 127.0.0.1:32858
I20260710 13:25:05.575167 28058 raft_consensus.cc:606] T c030d7616ef14d109002eb95615efa25 P 93ea0eba8f9d40dc881c1cfb247fbd38 [term 3 LEADER]: Received request to transfer leadership to TS dd980b706f2f42deabbcb923b7f4746b
I20260710 13:25:05.577428 28192 consensus_queue.cc:1048] T 777a05907fa44bb1aee714f63f7da538 P 93ea0eba8f9d40dc881c1cfb247fbd38 [LEADER]: Connected to new peer: Peer: permanent_uuid: "dd980b706f2f42deabbcb923b7f4746b" member_type: VOTER last_known_addr { host: "127.26.165.1" port: 45527 }, Status: LMP_MISMATCH, Last received: 0.0, Next index: 3, Last known committed idx: 2, Time since last communication: 0.000s
I20260710 13:25:05.583881 27984 tablet_service.cc:2072] Received LeaderStepDown RPC: tablet_id: "a03b690c7cfc4dc59e8a256ad0ac2152"
dest_uuid: "1bb4af56f4104295bf8bd2a8a3e36689"
mode: GRACEFUL
new_leader_uuid: "dd980b706f2f42deabbcb923b7f4746b"
 from {username='slave'} at 127.0.0.1:50578
I20260710 13:25:05.585122 27984 raft_consensus.cc:606] T a03b690c7cfc4dc59e8a256ad0ac2152 P 1bb4af56f4104295bf8bd2a8a3e36689 [term 1 LEADER]: Received request to transfer leadership to TS dd980b706f2f42deabbcb923b7f4746b
I20260710 13:25:05.591030 28192 raft_consensus.cc:993] T 777a05907fa44bb1aee714f63f7da538 P 93ea0eba8f9d40dc881c1cfb247fbd38: : Instructing follower dd980b706f2f42deabbcb923b7f4746b to start an election
I20260710 13:25:05.591056 27984 tablet_service.cc:2072] Received LeaderStepDown RPC: tablet_id: "2b16433b7a504f82ba3daf20d561f880"
dest_uuid: "1bb4af56f4104295bf8bd2a8a3e36689"
mode: GRACEFUL
new_leader_uuid: "dd980b706f2f42deabbcb923b7f4746b"
 from {username='slave'} at 127.0.0.1:50578
I20260710 13:25:05.591594 28209 raft_consensus.cc:1081] T 777a05907fa44bb1aee714f63f7da538 P 93ea0eba8f9d40dc881c1cfb247fbd38 [term 3 LEADER]: Signalling peer dd980b706f2f42deabbcb923b7f4746b to start an election
I20260710 13:25:05.591732 27984 raft_consensus.cc:606] T 2b16433b7a504f82ba3daf20d561f880 P 1bb4af56f4104295bf8bd2a8a3e36689 [term 1 LEADER]: Received request to transfer leadership to TS dd980b706f2f42deabbcb923b7f4746b
I20260710 13:25:05.593266 27909 tablet_service.cc:2044] Received Run Leader Election RPC: tablet_id: "777a05907fa44bb1aee714f63f7da538"
dest_uuid: "dd980b706f2f42deabbcb923b7f4746b"
 from {username='slave'} at 127.0.0.1:49030
I20260710 13:25:05.596776 27984 tablet_service.cc:2072] Received LeaderStepDown RPC: tablet_id: "59ef10197c564b8aacbd861595bd555d"
dest_uuid: "1bb4af56f4104295bf8bd2a8a3e36689"
mode: GRACEFUL
new_leader_uuid: "dd980b706f2f42deabbcb923b7f4746b"
 from {username='slave'} at 127.0.0.1:50578
I20260710 13:25:05.597390 27909 raft_consensus.cc:493] T 777a05907fa44bb1aee714f63f7da538 P dd980b706f2f42deabbcb923b7f4746b [term 3 FOLLOWER]: Starting forced leader election (received explicit request)
I20260710 13:25:05.597769 27909 raft_consensus.cc:3060] T 777a05907fa44bb1aee714f63f7da538 P dd980b706f2f42deabbcb923b7f4746b [term 3 FOLLOWER]: Advancing to term 4
I20260710 13:25:05.597767 27984 raft_consensus.cc:606] T 59ef10197c564b8aacbd861595bd555d P 1bb4af56f4104295bf8bd2a8a3e36689 [term 1 LEADER]: Received request to transfer leadership to TS dd980b706f2f42deabbcb923b7f4746b
I20260710 13:25:05.603288 27909 raft_consensus.cc:515] T 777a05907fa44bb1aee714f63f7da538 P dd980b706f2f42deabbcb923b7f4746b [term 4 FOLLOWER]: Starting forced leader election with config: opid_index: -1 OBSOLETE_local: false peers { permanent_uuid: "dd980b706f2f42deabbcb923b7f4746b" member_type: VOTER last_known_addr { host: "127.26.165.1" port: 45527 } } peers { permanent_uuid: "1bb4af56f4104295bf8bd2a8a3e36689" member_type: VOTER last_known_addr { host: "127.26.165.2" port: 33071 } } peers { permanent_uuid: "93ea0eba8f9d40dc881c1cfb247fbd38" member_type: VOTER last_known_addr { host: "127.26.165.3" port: 38657 } }
I20260710 13:25:05.604977 27909 leader_election.cc:290] T 777a05907fa44bb1aee714f63f7da538 P dd980b706f2f42deabbcb923b7f4746b [CANDIDATE]: Term 4 election: Requested vote from peers 1bb4af56f4104295bf8bd2a8a3e36689 (127.26.165.2:33071), 93ea0eba8f9d40dc881c1cfb247fbd38 (127.26.165.3:38657)
I20260710 13:25:05.605531 27984 tablet_service.cc:1917] Received RequestConsensusVote() RPC: tablet_id: "777a05907fa44bb1aee714f63f7da538" candidate_uuid: "dd980b706f2f42deabbcb923b7f4746b" candidate_term: 4 candidate_status { last_received { term: 3 index: 3 } } ignore_live_leader: true dest_uuid: "1bb4af56f4104295bf8bd2a8a3e36689"
I20260710 13:25:05.605978 27984 raft_consensus.cc:3060] T 777a05907fa44bb1aee714f63f7da538 P 1bb4af56f4104295bf8bd2a8a3e36689 [term 3 FOLLOWER]: Advancing to term 4
I20260710 13:25:05.606097 28058 tablet_service.cc:1917] Received RequestConsensusVote() RPC: tablet_id: "777a05907fa44bb1aee714f63f7da538" candidate_uuid: "dd980b706f2f42deabbcb923b7f4746b" candidate_term: 4 candidate_status { last_received { term: 3 index: 3 } } ignore_live_leader: true dest_uuid: "93ea0eba8f9d40dc881c1cfb247fbd38"
I20260710 13:25:05.606516 28058 raft_consensus.cc:3055] T 777a05907fa44bb1aee714f63f7da538 P 93ea0eba8f9d40dc881c1cfb247fbd38 [term 3 LEADER]: Stepping down as leader of term 3
I20260710 13:25:05.606766 28058 raft_consensus.cc:740] T 777a05907fa44bb1aee714f63f7da538 P 93ea0eba8f9d40dc881c1cfb247fbd38 [term 3 LEADER]: Becoming Follower/Learner. State: Replica: 93ea0eba8f9d40dc881c1cfb247fbd38, State: Running, Role: LEADER
I20260710 13:25:05.607368 28058 consensus_queue.cc:260] T 777a05907fa44bb1aee714f63f7da538 P 93ea0eba8f9d40dc881c1cfb247fbd38 [NON_LEADER]: Queue going to NON_LEADER mode. State: All replicated index: 0, Majority replicated index: 3, Committed index: 3, Last appended: 3.3, Last appended by leader: 3, Current term: 3, Majority size: -1, State: 0, Mode: NON_LEADER, active raft config: opid_index: -1 OBSOLETE_local: false peers { permanent_uuid: "dd980b706f2f42deabbcb923b7f4746b" member_type: VOTER last_known_addr { host: "127.26.165.1" port: 45527 } } peers { permanent_uuid: "1bb4af56f4104295bf8bd2a8a3e36689" member_type: VOTER last_known_addr { host: "127.26.165.2" port: 33071 } } peers { permanent_uuid: "93ea0eba8f9d40dc881c1cfb247fbd38" member_type: VOTER last_known_addr { host: "127.26.165.3" port: 38657 } }
I20260710 13:25:05.608198 28058 raft_consensus.cc:3060] T 777a05907fa44bb1aee714f63f7da538 P 93ea0eba8f9d40dc881c1cfb247fbd38 [term 3 FOLLOWER]: Advancing to term 4
I20260710 13:25:05.610154 27984 raft_consensus.cc:2468] T 777a05907fa44bb1aee714f63f7da538 P 1bb4af56f4104295bf8bd2a8a3e36689 [term 4 FOLLOWER]: Leader election vote request: Granting yes vote for candidate dd980b706f2f42deabbcb923b7f4746b in term 4.
I20260710 13:25:05.610992 27875 leader_election.cc:304] T 777a05907fa44bb1aee714f63f7da538 P dd980b706f2f42deabbcb923b7f4746b [CANDIDATE]: Term 4 election: Election decided. Result: candidate won. Election summary: received 2 responses out of 3 voters: 2 yes votes; 0 no votes. yes voters: 1bb4af56f4104295bf8bd2a8a3e36689, dd980b706f2f42deabbcb923b7f4746b; no voters: 
I20260710 13:25:05.611713 28193 raft_consensus.cc:2804] T 777a05907fa44bb1aee714f63f7da538 P dd980b706f2f42deabbcb923b7f4746b [term 4 FOLLOWER]: Leader election won for term 4
I20260710 13:25:05.612066 28193 raft_consensus.cc:697] T 777a05907fa44bb1aee714f63f7da538 P dd980b706f2f42deabbcb923b7f4746b [term 4 LEADER]: Becoming Leader. State: Replica: dd980b706f2f42deabbcb923b7f4746b, State: Running, Role: LEADER
I20260710 13:25:05.612713 28058 raft_consensus.cc:2468] T 777a05907fa44bb1aee714f63f7da538 P 93ea0eba8f9d40dc881c1cfb247fbd38 [term 4 FOLLOWER]: Leader election vote request: Granting yes vote for candidate dd980b706f2f42deabbcb923b7f4746b in term 4.
I20260710 13:25:05.612759 28193 consensus_queue.cc:237] T 777a05907fa44bb1aee714f63f7da538 P dd980b706f2f42deabbcb923b7f4746b [LEADER]: Queue going to LEADER mode. State: All replicated index: 0, Majority replicated index: 3, Committed index: 3, Last appended: 3.3, Last appended by leader: 3, Current term: 4, Majority size: 2, State: 0, Mode: LEADER, active raft config: opid_index: -1 OBSOLETE_local: false peers { permanent_uuid: "dd980b706f2f42deabbcb923b7f4746b" member_type: VOTER last_known_addr { host: "127.26.165.1" port: 45527 } } peers { permanent_uuid: "1bb4af56f4104295bf8bd2a8a3e36689" member_type: VOTER last_known_addr { host: "127.26.165.2" port: 33071 } } peers { permanent_uuid: "93ea0eba8f9d40dc881c1cfb247fbd38" member_type: VOTER last_known_addr { host: "127.26.165.3" port: 38657 } }
I20260710 13:25:05.618468 27808 catalog_manager.cc:5697] T 777a05907fa44bb1aee714f63f7da538 P dd980b706f2f42deabbcb923b7f4746b reported cstate change: term changed from 3 to 4, leader changed from 93ea0eba8f9d40dc881c1cfb247fbd38 (127.26.165.3) to dd980b706f2f42deabbcb923b7f4746b (127.26.165.1). New cstate: current_term: 4 leader_uuid: "dd980b706f2f42deabbcb923b7f4746b" committed_config { opid_index: -1 OBSOLETE_local: false peers { permanent_uuid: "dd980b706f2f42deabbcb923b7f4746b" member_type: VOTER last_known_addr { host: "127.26.165.1" port: 45527 } health_report { overall_health: HEALTHY } } peers { permanent_uuid: "1bb4af56f4104295bf8bd2a8a3e36689" member_type: VOTER last_known_addr { host: "127.26.165.2" port: 33071 } health_report { overall_health: UNKNOWN } } peers { permanent_uuid: "93ea0eba8f9d40dc881c1cfb247fbd38" member_type: VOTER last_known_addr { host: "127.26.165.3" port: 38657 } health_report { overall_health: UNKNOWN } } }
I20260710 13:25:05.713755 28146 raft_consensus.cc:993] T 59ef10197c564b8aacbd861595bd555d P 1bb4af56f4104295bf8bd2a8a3e36689: : Instructing follower dd980b706f2f42deabbcb923b7f4746b to start an election
I20260710 13:25:05.714133 28146 raft_consensus.cc:1081] T 59ef10197c564b8aacbd861595bd555d P 1bb4af56f4104295bf8bd2a8a3e36689 [term 1 LEADER]: Signalling peer dd980b706f2f42deabbcb923b7f4746b to start an election
I20260710 13:25:05.715298 27909 tablet_service.cc:2044] Received Run Leader Election RPC: tablet_id: "59ef10197c564b8aacbd861595bd555d"
dest_uuid: "dd980b706f2f42deabbcb923b7f4746b"
 from {username='slave'} at 127.0.0.1:49032
I20260710 13:25:05.715667 27909 raft_consensus.cc:493] T 59ef10197c564b8aacbd861595bd555d P dd980b706f2f42deabbcb923b7f4746b [term 1 FOLLOWER]: Starting forced leader election (received explicit request)
I20260710 13:25:05.715874 27909 raft_consensus.cc:3060] T 59ef10197c564b8aacbd861595bd555d P dd980b706f2f42deabbcb923b7f4746b [term 1 FOLLOWER]: Advancing to term 2
I20260710 13:25:05.719873 27909 raft_consensus.cc:515] T 59ef10197c564b8aacbd861595bd555d P dd980b706f2f42deabbcb923b7f4746b [term 2 FOLLOWER]: Starting forced leader election with config: opid_index: -1 OBSOLETE_local: false peers { permanent_uuid: "dd980b706f2f42deabbcb923b7f4746b" member_type: VOTER last_known_addr { host: "127.26.165.1" port: 45527 } } peers { permanent_uuid: "1bb4af56f4104295bf8bd2a8a3e36689" member_type: VOTER last_known_addr { host: "127.26.165.2" port: 33071 } } peers { permanent_uuid: "93ea0eba8f9d40dc881c1cfb247fbd38" member_type: VOTER last_known_addr { host: "127.26.165.3" port: 38657 } }
I20260710 13:25:05.721182 27909 leader_election.cc:290] T 59ef10197c564b8aacbd861595bd555d P dd980b706f2f42deabbcb923b7f4746b [CANDIDATE]: Term 2 election: Requested vote from peers 1bb4af56f4104295bf8bd2a8a3e36689 (127.26.165.2:33071), 93ea0eba8f9d40dc881c1cfb247fbd38 (127.26.165.3:38657)
I20260710 13:25:05.721973 27984 tablet_service.cc:1917] Received RequestConsensusVote() RPC: tablet_id: "59ef10197c564b8aacbd861595bd555d" candidate_uuid: "dd980b706f2f42deabbcb923b7f4746b" candidate_term: 2 candidate_status { last_received { term: 1 index: 1 } } ignore_live_leader: true dest_uuid: "1bb4af56f4104295bf8bd2a8a3e36689"
I20260710 13:25:05.722175 28058 tablet_service.cc:1917] Received RequestConsensusVote() RPC: tablet_id: "59ef10197c564b8aacbd861595bd555d" candidate_uuid: "dd980b706f2f42deabbcb923b7f4746b" candidate_term: 2 candidate_status { last_received { term: 1 index: 1 } } ignore_live_leader: true dest_uuid: "93ea0eba8f9d40dc881c1cfb247fbd38"
I20260710 13:25:05.722466 27984 raft_consensus.cc:3055] T 59ef10197c564b8aacbd861595bd555d P 1bb4af56f4104295bf8bd2a8a3e36689 [term 1 LEADER]: Stepping down as leader of term 1
I20260710 13:25:05.722641 28058 raft_consensus.cc:3060] T 59ef10197c564b8aacbd861595bd555d P 93ea0eba8f9d40dc881c1cfb247fbd38 [term 1 FOLLOWER]: Advancing to term 2
I20260710 13:25:05.722761 27984 raft_consensus.cc:740] T 59ef10197c564b8aacbd861595bd555d P 1bb4af56f4104295bf8bd2a8a3e36689 [term 1 LEADER]: Becoming Follower/Learner. State: Replica: 1bb4af56f4104295bf8bd2a8a3e36689, State: Running, Role: LEADER
I20260710 13:25:05.723464 27984 consensus_queue.cc:260] T 59ef10197c564b8aacbd861595bd555d P 1bb4af56f4104295bf8bd2a8a3e36689 [NON_LEADER]: Queue going to NON_LEADER mode. State: All replicated index: 0, Majority replicated index: 1, Committed index: 1, Last appended: 1.1, Last appended by leader: 1, Current term: 1, Majority size: -1, State: 0, Mode: NON_LEADER, active raft config: opid_index: -1 OBSOLETE_local: false peers { permanent_uuid: "dd980b706f2f42deabbcb923b7f4746b" member_type: VOTER last_known_addr { host: "127.26.165.1" port: 45527 } } peers { permanent_uuid: "1bb4af56f4104295bf8bd2a8a3e36689" member_type: VOTER last_known_addr { host: "127.26.165.2" port: 33071 } } peers { permanent_uuid: "93ea0eba8f9d40dc881c1cfb247fbd38" member_type: VOTER last_known_addr { host: "127.26.165.3" port: 38657 } }
I20260710 13:25:05.724339 27984 raft_consensus.cc:3060] T 59ef10197c564b8aacbd861595bd555d P 1bb4af56f4104295bf8bd2a8a3e36689 [term 1 FOLLOWER]: Advancing to term 2
I20260710 13:25:05.726629 28058 raft_consensus.cc:2468] T 59ef10197c564b8aacbd861595bd555d P 93ea0eba8f9d40dc881c1cfb247fbd38 [term 2 FOLLOWER]: Leader election vote request: Granting yes vote for candidate dd980b706f2f42deabbcb923b7f4746b in term 2.
I20260710 13:25:05.727471 27874 leader_election.cc:304] T 59ef10197c564b8aacbd861595bd555d P dd980b706f2f42deabbcb923b7f4746b [CANDIDATE]: Term 2 election: Election decided. Result: candidate won. Election summary: received 2 responses out of 3 voters: 2 yes votes; 0 no votes. yes voters: 93ea0eba8f9d40dc881c1cfb247fbd38, dd980b706f2f42deabbcb923b7f4746b; no voters: 
I20260710 13:25:05.728178 28193 raft_consensus.cc:2804] T 59ef10197c564b8aacbd861595bd555d P dd980b706f2f42deabbcb923b7f4746b [term 2 FOLLOWER]: Leader election won for term 2
I20260710 13:25:05.728554 28193 raft_consensus.cc:697] T 59ef10197c564b8aacbd861595bd555d P dd980b706f2f42deabbcb923b7f4746b [term 2 LEADER]: Becoming Leader. State: Replica: dd980b706f2f42deabbcb923b7f4746b, State: Running, Role: LEADER
I20260710 13:25:05.728792 27984 raft_consensus.cc:2468] T 59ef10197c564b8aacbd861595bd555d P 1bb4af56f4104295bf8bd2a8a3e36689 [term 2 FOLLOWER]: Leader election vote request: Granting yes vote for candidate dd980b706f2f42deabbcb923b7f4746b in term 2.
I20260710 13:25:05.729281 28193 consensus_queue.cc:237] T 59ef10197c564b8aacbd861595bd555d P dd980b706f2f42deabbcb923b7f4746b [LEADER]: Queue going to LEADER mode. State: All replicated index: 0, Majority replicated index: 1, Committed index: 1, Last appended: 1.1, Last appended by leader: 1, Current term: 2, Majority size: 2, State: 0, Mode: LEADER, active raft config: opid_index: -1 OBSOLETE_local: false peers { permanent_uuid: "dd980b706f2f42deabbcb923b7f4746b" member_type: VOTER last_known_addr { host: "127.26.165.1" port: 45527 } } peers { permanent_uuid: "1bb4af56f4104295bf8bd2a8a3e36689" member_type: VOTER last_known_addr { host: "127.26.165.2" port: 33071 } } peers { permanent_uuid: "93ea0eba8f9d40dc881c1cfb247fbd38" member_type: VOTER last_known_addr { host: "127.26.165.3" port: 38657 } }
I20260710 13:25:05.735231 27808 catalog_manager.cc:5697] T 59ef10197c564b8aacbd861595bd555d P dd980b706f2f42deabbcb923b7f4746b reported cstate change: term changed from 1 to 2, leader changed from 1bb4af56f4104295bf8bd2a8a3e36689 (127.26.165.2) to dd980b706f2f42deabbcb923b7f4746b (127.26.165.1). New cstate: current_term: 2 leader_uuid: "dd980b706f2f42deabbcb923b7f4746b" committed_config { opid_index: -1 OBSOLETE_local: false peers { permanent_uuid: "dd980b706f2f42deabbcb923b7f4746b" member_type: VOTER last_known_addr { host: "127.26.165.1" port: 45527 } health_report { overall_health: HEALTHY } } peers { permanent_uuid: "1bb4af56f4104295bf8bd2a8a3e36689" member_type: VOTER last_known_addr { host: "127.26.165.2" port: 33071 } health_report { overall_health: UNKNOWN } } peers { permanent_uuid: "93ea0eba8f9d40dc881c1cfb247fbd38" member_type: VOTER last_known_addr { host: "127.26.165.3" port: 38657 } health_report { overall_health: UNKNOWN } } }
I20260710 13:25:05.962541 28214 raft_consensus.cc:993] T a03b690c7cfc4dc59e8a256ad0ac2152 P 1bb4af56f4104295bf8bd2a8a3e36689: : Instructing follower dd980b706f2f42deabbcb923b7f4746b to start an election
I20260710 13:25:05.962950 28146 raft_consensus.cc:1081] T a03b690c7cfc4dc59e8a256ad0ac2152 P 1bb4af56f4104295bf8bd2a8a3e36689 [term 1 LEADER]: Signalling peer dd980b706f2f42deabbcb923b7f4746b to start an election
I20260710 13:25:05.964200 27909 tablet_service.cc:2044] Received Run Leader Election RPC: tablet_id: "a03b690c7cfc4dc59e8a256ad0ac2152"
dest_uuid: "dd980b706f2f42deabbcb923b7f4746b"
 from {username='slave'} at 127.0.0.1:49032
I20260710 13:25:05.964560 27909 raft_consensus.cc:493] T a03b690c7cfc4dc59e8a256ad0ac2152 P dd980b706f2f42deabbcb923b7f4746b [term 1 FOLLOWER]: Starting forced leader election (received explicit request)
I20260710 13:25:05.964767 27909 raft_consensus.cc:3060] T a03b690c7cfc4dc59e8a256ad0ac2152 P dd980b706f2f42deabbcb923b7f4746b [term 1 FOLLOWER]: Advancing to term 2
I20260710 13:25:05.968357 27909 raft_consensus.cc:515] T a03b690c7cfc4dc59e8a256ad0ac2152 P dd980b706f2f42deabbcb923b7f4746b [term 2 FOLLOWER]: Starting forced leader election with config: opid_index: -1 OBSOLETE_local: false peers { permanent_uuid: "dd980b706f2f42deabbcb923b7f4746b" member_type: VOTER last_known_addr { host: "127.26.165.1" port: 45527 } } peers { permanent_uuid: "1bb4af56f4104295bf8bd2a8a3e36689" member_type: VOTER last_known_addr { host: "127.26.165.2" port: 33071 } } peers { permanent_uuid: "93ea0eba8f9d40dc881c1cfb247fbd38" member_type: VOTER last_known_addr { host: "127.26.165.3" port: 38657 } }
I20260710 13:25:05.969584 27909 leader_election.cc:290] T a03b690c7cfc4dc59e8a256ad0ac2152 P dd980b706f2f42deabbcb923b7f4746b [CANDIDATE]: Term 2 election: Requested vote from peers 1bb4af56f4104295bf8bd2a8a3e36689 (127.26.165.2:33071), 93ea0eba8f9d40dc881c1cfb247fbd38 (127.26.165.3:38657)
I20260710 13:25:05.970394 27984 tablet_service.cc:1917] Received RequestConsensusVote() RPC: tablet_id: "a03b690c7cfc4dc59e8a256ad0ac2152" candidate_uuid: "dd980b706f2f42deabbcb923b7f4746b" candidate_term: 2 candidate_status { last_received { term: 1 index: 1 } } ignore_live_leader: true dest_uuid: "1bb4af56f4104295bf8bd2a8a3e36689"
I20260710 13:25:05.970573 28058 tablet_service.cc:1917] Received RequestConsensusVote() RPC: tablet_id: "a03b690c7cfc4dc59e8a256ad0ac2152" candidate_uuid: "dd980b706f2f42deabbcb923b7f4746b" candidate_term: 2 candidate_status { last_received { term: 1 index: 1 } } ignore_live_leader: true dest_uuid: "93ea0eba8f9d40dc881c1cfb247fbd38"
I20260710 13:25:05.970930 27984 raft_consensus.cc:3055] T a03b690c7cfc4dc59e8a256ad0ac2152 P 1bb4af56f4104295bf8bd2a8a3e36689 [term 1 LEADER]: Stepping down as leader of term 1
I20260710 13:25:05.971002 28058 raft_consensus.cc:3060] T a03b690c7cfc4dc59e8a256ad0ac2152 P 93ea0eba8f9d40dc881c1cfb247fbd38 [term 1 FOLLOWER]: Advancing to term 2
I20260710 13:25:05.971288 27984 raft_consensus.cc:740] T a03b690c7cfc4dc59e8a256ad0ac2152 P 1bb4af56f4104295bf8bd2a8a3e36689 [term 1 LEADER]: Becoming Follower/Learner. State: Replica: 1bb4af56f4104295bf8bd2a8a3e36689, State: Running, Role: LEADER
I20260710 13:25:05.971971 27984 consensus_queue.cc:260] T a03b690c7cfc4dc59e8a256ad0ac2152 P 1bb4af56f4104295bf8bd2a8a3e36689 [NON_LEADER]: Queue going to NON_LEADER mode. State: All replicated index: 0, Majority replicated index: 1, Committed index: 1, Last appended: 1.1, Last appended by leader: 1, Current term: 1, Majority size: -1, State: 0, Mode: NON_LEADER, active raft config: opid_index: -1 OBSOLETE_local: false peers { permanent_uuid: "dd980b706f2f42deabbcb923b7f4746b" member_type: VOTER last_known_addr { host: "127.26.165.1" port: 45527 } } peers { permanent_uuid: "1bb4af56f4104295bf8bd2a8a3e36689" member_type: VOTER last_known_addr { host: "127.26.165.2" port: 33071 } } peers { permanent_uuid: "93ea0eba8f9d40dc881c1cfb247fbd38" member_type: VOTER last_known_addr { host: "127.26.165.3" port: 38657 } }
I20260710 13:25:05.973017 27984 raft_consensus.cc:3060] T a03b690c7cfc4dc59e8a256ad0ac2152 P 1bb4af56f4104295bf8bd2a8a3e36689 [term 1 FOLLOWER]: Advancing to term 2
I20260710 13:25:05.976691 28058 raft_consensus.cc:2468] T a03b690c7cfc4dc59e8a256ad0ac2152 P 93ea0eba8f9d40dc881c1cfb247fbd38 [term 2 FOLLOWER]: Leader election vote request: Granting yes vote for candidate dd980b706f2f42deabbcb923b7f4746b in term 2.
I20260710 13:25:05.977630 27874 leader_election.cc:304] T a03b690c7cfc4dc59e8a256ad0ac2152 P dd980b706f2f42deabbcb923b7f4746b [CANDIDATE]: Term 2 election: Election decided. Result: candidate won. Election summary: received 2 responses out of 3 voters: 2 yes votes; 0 no votes. yes voters: 93ea0eba8f9d40dc881c1cfb247fbd38, dd980b706f2f42deabbcb923b7f4746b; no voters: 
I20260710 13:25:05.978314 28193 raft_consensus.cc:2804] T a03b690c7cfc4dc59e8a256ad0ac2152 P dd980b706f2f42deabbcb923b7f4746b [term 2 FOLLOWER]: Leader election won for term 2
I20260710 13:25:05.978422 27984 raft_consensus.cc:2468] T a03b690c7cfc4dc59e8a256ad0ac2152 P 1bb4af56f4104295bf8bd2a8a3e36689 [term 2 FOLLOWER]: Leader election vote request: Granting yes vote for candidate dd980b706f2f42deabbcb923b7f4746b in term 2.
I20260710 13:25:05.978724 28193 raft_consensus.cc:697] T a03b690c7cfc4dc59e8a256ad0ac2152 P dd980b706f2f42deabbcb923b7f4746b [term 2 LEADER]: Becoming Leader. State: Replica: dd980b706f2f42deabbcb923b7f4746b, State: Running, Role: LEADER
I20260710 13:25:05.979449 28193 consensus_queue.cc:237] T a03b690c7cfc4dc59e8a256ad0ac2152 P dd980b706f2f42deabbcb923b7f4746b [LEADER]: Queue going to LEADER mode. State: All replicated index: 0, Majority replicated index: 1, Committed index: 1, Last appended: 1.1, Last appended by leader: 1, Current term: 2, Majority size: 2, State: 0, Mode: LEADER, active raft config: opid_index: -1 OBSOLETE_local: false peers { permanent_uuid: "dd980b706f2f42deabbcb923b7f4746b" member_type: VOTER last_known_addr { host: "127.26.165.1" port: 45527 } } peers { permanent_uuid: "1bb4af56f4104295bf8bd2a8a3e36689" member_type: VOTER last_known_addr { host: "127.26.165.2" port: 33071 } } peers { permanent_uuid: "93ea0eba8f9d40dc881c1cfb247fbd38" member_type: VOTER last_known_addr { host: "127.26.165.3" port: 38657 } }
I20260710 13:25:05.985589 27808 catalog_manager.cc:5697] T a03b690c7cfc4dc59e8a256ad0ac2152 P dd980b706f2f42deabbcb923b7f4746b reported cstate change: term changed from 1 to 2, leader changed from 1bb4af56f4104295bf8bd2a8a3e36689 (127.26.165.2) to dd980b706f2f42deabbcb923b7f4746b (127.26.165.1). New cstate: current_term: 2 leader_uuid: "dd980b706f2f42deabbcb923b7f4746b" committed_config { opid_index: -1 OBSOLETE_local: false peers { permanent_uuid: "dd980b706f2f42deabbcb923b7f4746b" member_type: VOTER last_known_addr { host: "127.26.165.1" port: 45527 } health_report { overall_health: HEALTHY } } peers { permanent_uuid: "1bb4af56f4104295bf8bd2a8a3e36689" member_type: VOTER last_known_addr { host: "127.26.165.2" port: 33071 } health_report { overall_health: UNKNOWN } } peers { permanent_uuid: "93ea0eba8f9d40dc881c1cfb247fbd38" member_type: VOTER last_known_addr { host: "127.26.165.3" port: 38657 } health_report { overall_health: UNKNOWN } } }
I20260710 13:25:06.032893 28214 raft_consensus.cc:993] T 2b16433b7a504f82ba3daf20d561f880 P 1bb4af56f4104295bf8bd2a8a3e36689: : Instructing follower dd980b706f2f42deabbcb923b7f4746b to start an election
I20260710 13:25:06.033237 28146 raft_consensus.cc:1081] T 2b16433b7a504f82ba3daf20d561f880 P 1bb4af56f4104295bf8bd2a8a3e36689 [term 1 LEADER]: Signalling peer dd980b706f2f42deabbcb923b7f4746b to start an election
I20260710 13:25:06.034498 27909 tablet_service.cc:2044] Received Run Leader Election RPC: tablet_id: "2b16433b7a504f82ba3daf20d561f880"
dest_uuid: "dd980b706f2f42deabbcb923b7f4746b"
 from {username='slave'} at 127.0.0.1:49032
I20260710 13:25:06.034871 27909 raft_consensus.cc:493] T 2b16433b7a504f82ba3daf20d561f880 P dd980b706f2f42deabbcb923b7f4746b [term 1 FOLLOWER]: Starting forced leader election (received explicit request)
I20260710 13:25:06.035085 27909 raft_consensus.cc:3060] T 2b16433b7a504f82ba3daf20d561f880 P dd980b706f2f42deabbcb923b7f4746b [term 1 FOLLOWER]: Advancing to term 2
I20260710 13:25:06.038710 27909 raft_consensus.cc:515] T 2b16433b7a504f82ba3daf20d561f880 P dd980b706f2f42deabbcb923b7f4746b [term 2 FOLLOWER]: Starting forced leader election with config: opid_index: -1 OBSOLETE_local: false peers { permanent_uuid: "dd980b706f2f42deabbcb923b7f4746b" member_type: VOTER last_known_addr { host: "127.26.165.1" port: 45527 } } peers { permanent_uuid: "1bb4af56f4104295bf8bd2a8a3e36689" member_type: VOTER last_known_addr { host: "127.26.165.2" port: 33071 } } peers { permanent_uuid: "93ea0eba8f9d40dc881c1cfb247fbd38" member_type: VOTER last_known_addr { host: "127.26.165.3" port: 38657 } }
I20260710 13:25:06.039951 27909 leader_election.cc:290] T 2b16433b7a504f82ba3daf20d561f880 P dd980b706f2f42deabbcb923b7f4746b [CANDIDATE]: Term 2 election: Requested vote from peers 1bb4af56f4104295bf8bd2a8a3e36689 (127.26.165.2:33071), 93ea0eba8f9d40dc881c1cfb247fbd38 (127.26.165.3:38657)
I20260710 13:25:06.040766 27984 tablet_service.cc:1917] Received RequestConsensusVote() RPC: tablet_id: "2b16433b7a504f82ba3daf20d561f880" candidate_uuid: "dd980b706f2f42deabbcb923b7f4746b" candidate_term: 2 candidate_status { last_received { term: 1 index: 1 } } ignore_live_leader: true dest_uuid: "1bb4af56f4104295bf8bd2a8a3e36689"
I20260710 13:25:06.040966 28058 tablet_service.cc:1917] Received RequestConsensusVote() RPC: tablet_id: "2b16433b7a504f82ba3daf20d561f880" candidate_uuid: "dd980b706f2f42deabbcb923b7f4746b" candidate_term: 2 candidate_status { last_received { term: 1 index: 1 } } ignore_live_leader: true dest_uuid: "93ea0eba8f9d40dc881c1cfb247fbd38"
I20260710 13:25:06.041213 27984 raft_consensus.cc:3055] T 2b16433b7a504f82ba3daf20d561f880 P 1bb4af56f4104295bf8bd2a8a3e36689 [term 1 LEADER]: Stepping down as leader of term 1
I20260710 13:25:06.041379 28058 raft_consensus.cc:3060] T 2b16433b7a504f82ba3daf20d561f880 P 93ea0eba8f9d40dc881c1cfb247fbd38 [term 1 FOLLOWER]: Advancing to term 2
I20260710 13:25:06.041499 27984 raft_consensus.cc:740] T 2b16433b7a504f82ba3daf20d561f880 P 1bb4af56f4104295bf8bd2a8a3e36689 [term 1 LEADER]: Becoming Follower/Learner. State: Replica: 1bb4af56f4104295bf8bd2a8a3e36689, State: Running, Role: LEADER
I20260710 13:25:06.042192 27984 consensus_queue.cc:260] T 2b16433b7a504f82ba3daf20d561f880 P 1bb4af56f4104295bf8bd2a8a3e36689 [NON_LEADER]: Queue going to NON_LEADER mode. State: All replicated index: 0, Majority replicated index: 1, Committed index: 1, Last appended: 1.1, Last appended by leader: 1, Current term: 1, Majority size: -1, State: 0, Mode: NON_LEADER, active raft config: opid_index: -1 OBSOLETE_local: false peers { permanent_uuid: "dd980b706f2f42deabbcb923b7f4746b" member_type: VOTER last_known_addr { host: "127.26.165.1" port: 45527 } } peers { permanent_uuid: "1bb4af56f4104295bf8bd2a8a3e36689" member_type: VOTER last_known_addr { host: "127.26.165.2" port: 33071 } } peers { permanent_uuid: "93ea0eba8f9d40dc881c1cfb247fbd38" member_type: VOTER last_known_addr { host: "127.26.165.3" port: 38657 } }
I20260710 13:25:06.042999 27984 raft_consensus.cc:3060] T 2b16433b7a504f82ba3daf20d561f880 P 1bb4af56f4104295bf8bd2a8a3e36689 [term 1 FOLLOWER]: Advancing to term 2
I20260710 13:25:06.045158 28058 raft_consensus.cc:2468] T 2b16433b7a504f82ba3daf20d561f880 P 93ea0eba8f9d40dc881c1cfb247fbd38 [term 2 FOLLOWER]: Leader election vote request: Granting yes vote for candidate dd980b706f2f42deabbcb923b7f4746b in term 2.
I20260710 13:25:06.045953 27874 leader_election.cc:304] T 2b16433b7a504f82ba3daf20d561f880 P dd980b706f2f42deabbcb923b7f4746b [CANDIDATE]: Term 2 election: Election decided. Result: candidate won. Election summary: received 2 responses out of 3 voters: 2 yes votes; 0 no votes. yes voters: 93ea0eba8f9d40dc881c1cfb247fbd38, dd980b706f2f42deabbcb923b7f4746b; no voters: 
I20260710 13:25:06.046566 28193 raft_consensus.cc:2804] T 2b16433b7a504f82ba3daf20d561f880 P dd980b706f2f42deabbcb923b7f4746b [term 2 FOLLOWER]: Leader election won for term 2
I20260710 13:25:06.047032 28193 raft_consensus.cc:697] T 2b16433b7a504f82ba3daf20d561f880 P dd980b706f2f42deabbcb923b7f4746b [term 2 LEADER]: Becoming Leader. State: Replica: dd980b706f2f42deabbcb923b7f4746b, State: Running, Role: LEADER
I20260710 13:25:06.047142 27984 raft_consensus.cc:2468] T 2b16433b7a504f82ba3daf20d561f880 P 1bb4af56f4104295bf8bd2a8a3e36689 [term 2 FOLLOWER]: Leader election vote request: Granting yes vote for candidate dd980b706f2f42deabbcb923b7f4746b in term 2.
I20260710 13:25:06.047873 28193 consensus_queue.cc:237] T 2b16433b7a504f82ba3daf20d561f880 P dd980b706f2f42deabbcb923b7f4746b [LEADER]: Queue going to LEADER mode. State: All replicated index: 0, Majority replicated index: 1, Committed index: 1, Last appended: 1.1, Last appended by leader: 1, Current term: 2, Majority size: 2, State: 0, Mode: LEADER, active raft config: opid_index: -1 OBSOLETE_local: false peers { permanent_uuid: "dd980b706f2f42deabbcb923b7f4746b" member_type: VOTER last_known_addr { host: "127.26.165.1" port: 45527 } } peers { permanent_uuid: "1bb4af56f4104295bf8bd2a8a3e36689" member_type: VOTER last_known_addr { host: "127.26.165.2" port: 33071 } } peers { permanent_uuid: "93ea0eba8f9d40dc881c1cfb247fbd38" member_type: VOTER last_known_addr { host: "127.26.165.3" port: 38657 } }
I20260710 13:25:06.054067 27808 catalog_manager.cc:5697] T 2b16433b7a504f82ba3daf20d561f880 P dd980b706f2f42deabbcb923b7f4746b reported cstate change: term changed from 1 to 2, leader changed from 1bb4af56f4104295bf8bd2a8a3e36689 (127.26.165.2) to dd980b706f2f42deabbcb923b7f4746b (127.26.165.1). New cstate: current_term: 2 leader_uuid: "dd980b706f2f42deabbcb923b7f4746b" committed_config { opid_index: -1 OBSOLETE_local: false peers { permanent_uuid: "dd980b706f2f42deabbcb923b7f4746b" member_type: VOTER last_known_addr { host: "127.26.165.1" port: 45527 } health_report { overall_health: HEALTHY } } peers { permanent_uuid: "1bb4af56f4104295bf8bd2a8a3e36689" member_type: VOTER last_known_addr { host: "127.26.165.2" port: 33071 } health_report { overall_health: UNKNOWN } } peers { permanent_uuid: "93ea0eba8f9d40dc881c1cfb247fbd38" member_type: VOTER last_known_addr { host: "127.26.165.3" port: 38657 } health_report { overall_health: UNKNOWN } } }
I20260710 13:25:06.083029 28192 raft_consensus.cc:993] T c030d7616ef14d109002eb95615efa25 P 93ea0eba8f9d40dc881c1cfb247fbd38: : Instructing follower dd980b706f2f42deabbcb923b7f4746b to start an election
I20260710 13:25:06.083401 28209 raft_consensus.cc:1081] T c030d7616ef14d109002eb95615efa25 P 93ea0eba8f9d40dc881c1cfb247fbd38 [term 3 LEADER]: Signalling peer dd980b706f2f42deabbcb923b7f4746b to start an election
I20260710 13:25:06.084614 27909 tablet_service.cc:2044] Received Run Leader Election RPC: tablet_id: "c030d7616ef14d109002eb95615efa25"
dest_uuid: "dd980b706f2f42deabbcb923b7f4746b"
 from {username='slave'} at 127.0.0.1:49030
I20260710 13:25:06.085006 27909 raft_consensus.cc:493] T c030d7616ef14d109002eb95615efa25 P dd980b706f2f42deabbcb923b7f4746b [term 3 FOLLOWER]: Starting forced leader election (received explicit request)
I20260710 13:25:06.085254 27909 raft_consensus.cc:3060] T c030d7616ef14d109002eb95615efa25 P dd980b706f2f42deabbcb923b7f4746b [term 3 FOLLOWER]: Advancing to term 4
I20260710 13:25:06.088999 27909 raft_consensus.cc:515] T c030d7616ef14d109002eb95615efa25 P dd980b706f2f42deabbcb923b7f4746b [term 4 FOLLOWER]: Starting forced leader election with config: opid_index: -1 OBSOLETE_local: false peers { permanent_uuid: "dd980b706f2f42deabbcb923b7f4746b" member_type: VOTER last_known_addr { host: "127.26.165.1" port: 45527 } } peers { permanent_uuid: "1bb4af56f4104295bf8bd2a8a3e36689" member_type: VOTER last_known_addr { host: "127.26.165.2" port: 33071 } } peers { permanent_uuid: "93ea0eba8f9d40dc881c1cfb247fbd38" member_type: VOTER last_known_addr { host: "127.26.165.3" port: 38657 } }
I20260710 13:25:06.090263 27909 leader_election.cc:290] T c030d7616ef14d109002eb95615efa25 P dd980b706f2f42deabbcb923b7f4746b [CANDIDATE]: Term 4 election: Requested vote from peers 1bb4af56f4104295bf8bd2a8a3e36689 (127.26.165.2:33071), 93ea0eba8f9d40dc881c1cfb247fbd38 (127.26.165.3:38657)
