I20260710 13:25:00.414978 28487 consensus_queue.cc:1048] T 2e0d0516465f440795abc9ece296e711 P 8c0cd6901ef54b8692f82d1367abfa8f [LEADER]: Connected to new peer: Peer: permanent_uuid: "dedef848dc804402b07220b4eeefa829" member_type: VOTER last_known_addr { host: "127.26.248.3" port: 46113 }, Status: LMP_MISMATCH, Last received: 0.0, Next index: 2, Last known committed idx: 1, Time since last communication: 0.000s
I20260710 13:25:00.422118 28246 raft_consensus.cc:1275] T 2e0d0516465f440795abc9ece296e711 P c7137f260a21475088b4a1b206d43e1b [term 2 FOLLOWER]: Refusing update from remote peer 8c0cd6901ef54b8692f82d1367abfa8f: Log matching property violated. Preceding OpId in replica: term: 1 index: 1. Preceding OpId from leader: term: 2 index: 2. (index mismatch)
I20260710 13:25:00.423660 28483 consensus_queue.cc:1048] T 2e0d0516465f440795abc9ece296e711 P 8c0cd6901ef54b8692f82d1367abfa8f [LEADER]: Connected to new peer: Peer: permanent_uuid: "c7137f260a21475088b4a1b206d43e1b" member_type: VOTER last_known_addr { host: "127.26.248.1" port: 33735 }, Status: LMP_MISMATCH, Last received: 0.0, Next index: 2, Last known committed idx: 1, Time since last communication: 0.000s
I20260710 13:25:00.479807 28322 raft_consensus.cc:1275] T e15f0325853c42a7a5a1075477822d96 P 8c0cd6901ef54b8692f82d1367abfa8f [term 2 FOLLOWER]: Refusing update from remote peer c7137f260a21475088b4a1b206d43e1b: Log matching property violated. Preceding OpId in replica: term: 1 index: 1. Preceding OpId from leader: term: 2 index: 2. (index mismatch)
I20260710 13:25:00.481073 28469 consensus_queue.cc:1048] T e15f0325853c42a7a5a1075477822d96 P c7137f260a21475088b4a1b206d43e1b [LEADER]: Connected to new peer: Peer: permanent_uuid: "8c0cd6901ef54b8692f82d1367abfa8f" member_type: VOTER last_known_addr { host: "127.26.248.2" port: 34037 }, Status: LMP_MISMATCH, Last received: 0.0, Next index: 2, Last known committed idx: 1, Time since last communication: 0.000s
I20260710 13:25:00.485790 28395 raft_consensus.cc:1275] T e15f0325853c42a7a5a1075477822d96 P dedef848dc804402b07220b4eeefa829 [term 2 FOLLOWER]: Refusing update from remote peer c7137f260a21475088b4a1b206d43e1b: Log matching property violated. Preceding OpId in replica: term: 1 index: 1. Preceding OpId from leader: term: 2 index: 2. (index mismatch)
I20260710 13:25:00.487213 28524 consensus_queue.cc:1048] T e15f0325853c42a7a5a1075477822d96 P c7137f260a21475088b4a1b206d43e1b [LEADER]: Connected to new peer: Peer: permanent_uuid: "dedef848dc804402b07220b4eeefa829" member_type: VOTER last_known_addr { host: "127.26.248.3" port: 46113 }, Status: LMP_MISMATCH, Last received: 0.0, Next index: 2, Last known committed idx: 1, Time since last communication: 0.001s
I20260710 13:25:00.628604 28246 raft_consensus.cc:1275] T c4288184cb154fe0a9ae967cf8f5cafa P c7137f260a21475088b4a1b206d43e1b [term 2 FOLLOWER]: Refusing update from remote peer dedef848dc804402b07220b4eeefa829: Log matching property violated. Preceding OpId in replica: term: 1 index: 1. Preceding OpId from leader: term: 2 index: 2. (index mismatch)
I20260710 13:25:00.629933 28482 consensus_queue.cc:1048] T c4288184cb154fe0a9ae967cf8f5cafa P dedef848dc804402b07220b4eeefa829 [LEADER]: Connected to new peer: Peer: permanent_uuid: "c7137f260a21475088b4a1b206d43e1b" member_type: VOTER last_known_addr { host: "127.26.248.1" port: 33735 }, Status: LMP_MISMATCH, Last received: 0.0, Next index: 2, Last known committed idx: 1, Time since last communication: 0.000s
I20260710 13:25:00.637522 28322 raft_consensus.cc:1275] T c4288184cb154fe0a9ae967cf8f5cafa P 8c0cd6901ef54b8692f82d1367abfa8f [term 2 FOLLOWER]: Refusing update from remote peer dedef848dc804402b07220b4eeefa829: Log matching property violated. Preceding OpId in replica: term: 1 index: 1. Preceding OpId from leader: term: 2 index: 2. (index mismatch)
I20260710 13:25:00.639042 28444 consensus_queue.cc:1048] T c4288184cb154fe0a9ae967cf8f5cafa P dedef848dc804402b07220b4eeefa829 [LEADER]: Connected to new peer: Peer: permanent_uuid: "8c0cd6901ef54b8692f82d1367abfa8f" member_type: VOTER last_known_addr { host: "127.26.248.2" port: 34037 }, Status: LMP_MISMATCH, Last received: 0.0, Next index: 2, Last known committed idx: 1, Time since last communication: 0.000s
I20260710 13:25:02.810016 27616 auto_leader_rebalancer-test.cc:348] The leader distribution is 
I20260710 13:25:02.810735 27616 auto_leader_rebalancer.cc:141] leader rebalance for table test-workload
I20260710 13:25:02.829520 28246 tablet_service.cc:2072] Received LeaderStepDown RPC: tablet_id: "1799f5c3570b4dd3ac31ee6abd11775f"
dest_uuid: "c7137f260a21475088b4a1b206d43e1b"
mode: GRACEFUL
new_leader_uuid: "dedef848dc804402b07220b4eeefa829"
 from {username='slave'} at 127.0.0.1:45034
I20260710 13:25:02.830075 28246 raft_consensus.cc:606] T 1799f5c3570b4dd3ac31ee6abd11775f P c7137f260a21475088b4a1b206d43e1b [term 2 LEADER]: Received request to transfer leadership to TS dedef848dc804402b07220b4eeefa829
I20260710 13:25:02.832643 28246 tablet_service.cc:2072] Received LeaderStepDown RPC: tablet_id: "bd8921a83a704536b2447996ee43621a"
dest_uuid: "c7137f260a21475088b4a1b206d43e1b"
mode: GRACEFUL
new_leader_uuid: "dedef848dc804402b07220b4eeefa829"
 from {username='slave'} at 127.0.0.1:45034
I20260710 13:25:02.833209 28246 raft_consensus.cc:606] T bd8921a83a704536b2447996ee43621a P c7137f260a21475088b4a1b206d43e1b [term 1 LEADER]: Received request to transfer leadership to TS dedef848dc804402b07220b4eeefa829
I20260710 13:25:02.834208 27616 auto_leader_rebalancer.cc:479] table: test-workload, leader rebalance finish, leader transfer count: 2
I20260710 13:25:02.834631 27616 auto_leader_rebalancer.cc:554] All tables' leader rebalancing finished this round
I20260710 13:25:02.851691 28524 raft_consensus.cc:993] T bd8921a83a704536b2447996ee43621a P c7137f260a21475088b4a1b206d43e1b: : Instructing follower dedef848dc804402b07220b4eeefa829 to start an election
I20260710 13:25:02.852149 28530 raft_consensus.cc:1081] T bd8921a83a704536b2447996ee43621a P c7137f260a21475088b4a1b206d43e1b [term 1 LEADER]: Signalling peer dedef848dc804402b07220b4eeefa829 to start an election
I20260710 13:25:02.853762 28395 tablet_service.cc:2044] Received Run Leader Election RPC: tablet_id: "bd8921a83a704536b2447996ee43621a"
dest_uuid: "dedef848dc804402b07220b4eeefa829"
 from {username='slave'} at 127.0.0.1:58488
I20260710 13:25:02.854262 28395 raft_consensus.cc:493] T bd8921a83a704536b2447996ee43621a P dedef848dc804402b07220b4eeefa829 [term 1 FOLLOWER]: Starting forced leader election (received explicit request)
I20260710 13:25:02.854564 28395 raft_consensus.cc:3060] T bd8921a83a704536b2447996ee43621a P dedef848dc804402b07220b4eeefa829 [term 1 FOLLOWER]: Advancing to term 2
I20260710 13:25:02.858982 28395 raft_consensus.cc:515] T bd8921a83a704536b2447996ee43621a P dedef848dc804402b07220b4eeefa829 [term 2 FOLLOWER]: Starting forced leader election with config: opid_index: -1 OBSOLETE_local: false peers { permanent_uuid: "c7137f260a21475088b4a1b206d43e1b" member_type: VOTER last_known_addr { host: "127.26.248.1" port: 33735 } } peers { permanent_uuid: "8c0cd6901ef54b8692f82d1367abfa8f" member_type: VOTER last_known_addr { host: "127.26.248.2" port: 34037 } } peers { permanent_uuid: "dedef848dc804402b07220b4eeefa829" member_type: VOTER last_known_addr { host: "127.26.248.3" port: 46113 } }
I20260710 13:25:02.860569 28395 leader_election.cc:290] T bd8921a83a704536b2447996ee43621a P dedef848dc804402b07220b4eeefa829 [CANDIDATE]: Term 2 election: Requested vote from peers c7137f260a21475088b4a1b206d43e1b (127.26.248.1:33735), 8c0cd6901ef54b8692f82d1367abfa8f (127.26.248.2:34037)
I20260710 13:25:02.861802 28322 tablet_service.cc:1917] Received RequestConsensusVote() RPC: tablet_id: "bd8921a83a704536b2447996ee43621a" candidate_uuid: "dedef848dc804402b07220b4eeefa829" candidate_term: 2 candidate_status { last_received { term: 1 index: 1 } } ignore_live_leader: true dest_uuid: "8c0cd6901ef54b8692f82d1367abfa8f"
I20260710 13:25:02.861696 28246 tablet_service.cc:1917] Received RequestConsensusVote() RPC: tablet_id: "bd8921a83a704536b2447996ee43621a" candidate_uuid: "dedef848dc804402b07220b4eeefa829" candidate_term: 2 candidate_status { last_received { term: 1 index: 1 } } ignore_live_leader: true dest_uuid: "c7137f260a21475088b4a1b206d43e1b"
I20260710 13:25:02.862417 28322 raft_consensus.cc:3060] T bd8921a83a704536b2447996ee43621a P 8c0cd6901ef54b8692f82d1367abfa8f [term 1 FOLLOWER]: Advancing to term 2
I20260710 13:25:02.862466 28246 raft_consensus.cc:3055] T bd8921a83a704536b2447996ee43621a P c7137f260a21475088b4a1b206d43e1b [term 1 LEADER]: Stepping down as leader of term 1
I20260710 13:25:02.864253 28246 raft_consensus.cc:740] T bd8921a83a704536b2447996ee43621a P c7137f260a21475088b4a1b206d43e1b [term 1 LEADER]: Becoming Follower/Learner. State: Replica: c7137f260a21475088b4a1b206d43e1b, State: Running, Role: LEADER
I20260710 13:25:02.865175 28246 consensus_queue.cc:260] T bd8921a83a704536b2447996ee43621a P c7137f260a21475088b4a1b206d43e1b [NON_LEADER]: Queue going to NON_LEADER mode. State: All replicated index: 0, Majority replicated index: 1, Committed index: 1, Last appended: 1.1, Last appended by leader: 1, Current term: 1, Majority size: -1, State: 0, Mode: NON_LEADER, active raft config: opid_index: -1 OBSOLETE_local: false peers { permanent_uuid: "c7137f260a21475088b4a1b206d43e1b" member_type: VOTER last_known_addr { host: "127.26.248.1" port: 33735 } } peers { permanent_uuid: "8c0cd6901ef54b8692f82d1367abfa8f" member_type: VOTER last_known_addr { host: "127.26.248.2" port: 34037 } } peers { permanent_uuid: "dedef848dc804402b07220b4eeefa829" member_type: VOTER last_known_addr { host: "127.26.248.3" port: 46113 } }
I20260710 13:25:02.866503 28246 raft_consensus.cc:3060] T bd8921a83a704536b2447996ee43621a P c7137f260a21475088b4a1b206d43e1b [term 1 FOLLOWER]: Advancing to term 2
I20260710 13:25:02.869400 28322 raft_consensus.cc:2468] T bd8921a83a704536b2447996ee43621a P 8c0cd6901ef54b8692f82d1367abfa8f [term 2 FOLLOWER]: Leader election vote request: Granting yes vote for candidate dedef848dc804402b07220b4eeefa829 in term 2.
I20260710 13:25:02.870731 28362 leader_election.cc:304] T bd8921a83a704536b2447996ee43621a P dedef848dc804402b07220b4eeefa829 [CANDIDATE]: Term 2 election: Election decided. Result: candidate won. Election summary: received 2 responses out of 3 voters: 2 yes votes; 0 no votes. yes voters: 8c0cd6901ef54b8692f82d1367abfa8f, dedef848dc804402b07220b4eeefa829; no voters: 
I20260710 13:25:02.871619 28444 raft_consensus.cc:2804] T bd8921a83a704536b2447996ee43621a P dedef848dc804402b07220b4eeefa829 [term 2 FOLLOWER]: Leader election won for term 2
I20260710 13:25:02.872828 28444 raft_consensus.cc:697] T bd8921a83a704536b2447996ee43621a P dedef848dc804402b07220b4eeefa829 [term 2 LEADER]: Becoming Leader. State: Replica: dedef848dc804402b07220b4eeefa829, State: Running, Role: LEADER
I20260710 13:25:02.873265 28246 raft_consensus.cc:2468] T bd8921a83a704536b2447996ee43621a P c7137f260a21475088b4a1b206d43e1b [term 2 FOLLOWER]: Leader election vote request: Granting yes vote for candidate dedef848dc804402b07220b4eeefa829 in term 2.
I20260710 13:25:02.873801 28444 consensus_queue.cc:237] T bd8921a83a704536b2447996ee43621a P dedef848dc804402b07220b4eeefa829 [LEADER]: Queue going to LEADER mode. State: All replicated index: 0, Majority replicated index: 1, Committed index: 1, Last appended: 1.1, Last appended by leader: 1, Current term: 2, Majority size: 2, State: 0, Mode: LEADER, active raft config: opid_index: -1 OBSOLETE_local: false peers { permanent_uuid: "c7137f260a21475088b4a1b206d43e1b" member_type: VOTER last_known_addr { host: "127.26.248.1" port: 33735 } } peers { permanent_uuid: "8c0cd6901ef54b8692f82d1367abfa8f" member_type: VOTER last_known_addr { host: "127.26.248.2" port: 34037 } } peers { permanent_uuid: "dedef848dc804402b07220b4eeefa829" member_type: VOTER last_known_addr { host: "127.26.248.3" port: 46113 } }
I20260710 13:25:02.881389 28143 catalog_manager.cc:5697] T bd8921a83a704536b2447996ee43621a P dedef848dc804402b07220b4eeefa829 reported cstate change: term changed from 1 to 2, leader changed from c7137f260a21475088b4a1b206d43e1b (127.26.248.1) to dedef848dc804402b07220b4eeefa829 (127.26.248.3). New cstate: current_term: 2 leader_uuid: "dedef848dc804402b07220b4eeefa829" committed_config { opid_index: -1 OBSOLETE_local: false peers { permanent_uuid: "c7137f260a21475088b4a1b206d43e1b" member_type: VOTER last_known_addr { host: "127.26.248.1" port: 33735 } health_report { overall_health: UNKNOWN } } peers { permanent_uuid: "8c0cd6901ef54b8692f82d1367abfa8f" member_type: VOTER last_known_addr { host: "127.26.248.2" port: 34037 } health_report { overall_health: UNKNOWN } } peers { permanent_uuid: "dedef848dc804402b07220b4eeefa829" member_type: VOTER last_known_addr { host: "127.26.248.3" port: 46113 } health_report { overall_health: HEALTHY } } }
I20260710 13:25:03.170641 28524 raft_consensus.cc:993] T 1799f5c3570b4dd3ac31ee6abd11775f P c7137f260a21475088b4a1b206d43e1b: : Instructing follower dedef848dc804402b07220b4eeefa829 to start an election
I20260710 13:25:03.171116 28530 raft_consensus.cc:1081] T 1799f5c3570b4dd3ac31ee6abd11775f P c7137f260a21475088b4a1b206d43e1b [term 2 LEADER]: Signalling peer dedef848dc804402b07220b4eeefa829 to start an election
I20260710 13:25:03.172652 28395 tablet_service.cc:2044] Received Run Leader Election RPC: tablet_id: "1799f5c3570b4dd3ac31ee6abd11775f"
dest_uuid: "dedef848dc804402b07220b4eeefa829"
 from {username='slave'} at 127.0.0.1:58488
I20260710 13:25:03.173156 28395 raft_consensus.cc:493] T 1799f5c3570b4dd3ac31ee6abd11775f P dedef848dc804402b07220b4eeefa829 [term 2 FOLLOWER]: Starting forced leader election (received explicit request)
I20260710 13:25:03.173382 28395 raft_consensus.cc:3060] T 1799f5c3570b4dd3ac31ee6abd11775f P dedef848dc804402b07220b4eeefa829 [term 2 FOLLOWER]: Advancing to term 3
I20260710 13:25:03.177304 28395 raft_consensus.cc:515] T 1799f5c3570b4dd3ac31ee6abd11775f P dedef848dc804402b07220b4eeefa829 [term 3 FOLLOWER]: Starting forced leader election with config: opid_index: -1 OBSOLETE_local: false peers { permanent_uuid: "c7137f260a21475088b4a1b206d43e1b" member_type: VOTER last_known_addr { host: "127.26.248.1" port: 33735 } } peers { permanent_uuid: "8c0cd6901ef54b8692f82d1367abfa8f" member_type: VOTER last_known_addr { host: "127.26.248.2" port: 34037 } } peers { permanent_uuid: "dedef848dc804402b07220b4eeefa829" member_type: VOTER last_known_addr { host: "127.26.248.3" port: 46113 } }
I20260710 13:25:03.178710 28395 leader_election.cc:290] T 1799f5c3570b4dd3ac31ee6abd11775f P dedef848dc804402b07220b4eeefa829 [CANDIDATE]: Term 3 election: Requested vote from peers c7137f260a21475088b4a1b206d43e1b (127.26.248.1:33735), 8c0cd6901ef54b8692f82d1367abfa8f (127.26.248.2:34037)
I20260710 13:25:03.179669 28246 tablet_service.cc:1917] Received RequestConsensusVote() RPC: tablet_id: "1799f5c3570b4dd3ac31ee6abd11775f" candidate_uuid: "dedef848dc804402b07220b4eeefa829" candidate_term: 3 candidate_status { last_received { term: 2 index: 2 } } ignore_live_leader: true dest_uuid: "c7137f260a21475088b4a1b206d43e1b"
I20260710 13:25:03.179836 28322 tablet_service.cc:1917] Received RequestConsensusVote() RPC: tablet_id: "1799f5c3570b4dd3ac31ee6abd11775f" candidate_uuid: "dedef848dc804402b07220b4eeefa829" candidate_term: 3 candidate_status { last_received { term: 2 index: 2 } } ignore_live_leader: true dest_uuid: "8c0cd6901ef54b8692f82d1367abfa8f"
I20260710 13:25:03.180181 28246 raft_consensus.cc:3055] T 1799f5c3570b4dd3ac31ee6abd11775f P c7137f260a21475088b4a1b206d43e1b [term 2 LEADER]: Stepping down as leader of term 2
I20260710 13:25:03.180486 28322 raft_consensus.cc:3060] T 1799f5c3570b4dd3ac31ee6abd11775f P 8c0cd6901ef54b8692f82d1367abfa8f [term 2 FOLLOWER]: Advancing to term 3
I20260710 13:25:03.180492 28246 raft_consensus.cc:740] T 1799f5c3570b4dd3ac31ee6abd11775f P c7137f260a21475088b4a1b206d43e1b [term 2 LEADER]: Becoming Follower/Learner. State: Replica: c7137f260a21475088b4a1b206d43e1b, State: Running, Role: LEADER
I20260710 13:25:03.181438 28246 consensus_queue.cc:260] T 1799f5c3570b4dd3ac31ee6abd11775f P c7137f260a21475088b4a1b206d43e1b [NON_LEADER]: Queue going to NON_LEADER mode. State: All replicated index: 0, Majority replicated index: 2, Committed index: 2, Last appended: 2.2, Last appended by leader: 2, Current term: 2, Majority size: -1, State: 0, Mode: NON_LEADER, active raft config: opid_index: -1 OBSOLETE_local: false peers { permanent_uuid: "c7137f260a21475088b4a1b206d43e1b" member_type: VOTER last_known_addr { host: "127.26.248.1" port: 33735 } } peers { permanent_uuid: "8c0cd6901ef54b8692f82d1367abfa8f" member_type: VOTER last_known_addr { host: "127.26.248.2" port: 34037 } } peers { permanent_uuid: "dedef848dc804402b07220b4eeefa829" member_type: VOTER last_known_addr { host: "127.26.248.3" port: 46113 } }
I20260710 13:25:03.182358 28246 raft_consensus.cc:3060] T 1799f5c3570b4dd3ac31ee6abd11775f P c7137f260a21475088b4a1b206d43e1b [term 2 FOLLOWER]: Advancing to term 3
I20260710 13:25:03.185082 28322 raft_consensus.cc:2468] T 1799f5c3570b4dd3ac31ee6abd11775f P 8c0cd6901ef54b8692f82d1367abfa8f [term 3 FOLLOWER]: Leader election vote request: Granting yes vote for candidate dedef848dc804402b07220b4eeefa829 in term 3.
I20260710 13:25:03.186223 28362 leader_election.cc:304] T 1799f5c3570b4dd3ac31ee6abd11775f P dedef848dc804402b07220b4eeefa829 [CANDIDATE]: Term 3 election: Election decided. Result: candidate won. Election summary: received 2 responses out of 3 voters: 2 yes votes; 0 no votes. yes voters: 8c0cd6901ef54b8692f82d1367abfa8f, dedef848dc804402b07220b4eeefa829; no voters: 
I20260710 13:25:03.187022 28444 raft_consensus.cc:2804] T 1799f5c3570b4dd3ac31ee6abd11775f P dedef848dc804402b07220b4eeefa829 [term 3 FOLLOWER]: Leader election won for term 3
I20260710 13:25:03.187376 28246 raft_consensus.cc:2468] T 1799f5c3570b4dd3ac31ee6abd11775f P c7137f260a21475088b4a1b206d43e1b [term 3 FOLLOWER]: Leader election vote request: Granting yes vote for candidate dedef848dc804402b07220b4eeefa829 in term 3.
I20260710 13:25:03.187494 28444 raft_consensus.cc:697] T 1799f5c3570b4dd3ac31ee6abd11775f P dedef848dc804402b07220b4eeefa829 [term 3 LEADER]: Becoming Leader. State: Replica: dedef848dc804402b07220b4eeefa829, State: Running, Role: LEADER
I20260710 13:25:03.188416 28444 consensus_queue.cc:237] T 1799f5c3570b4dd3ac31ee6abd11775f P dedef848dc804402b07220b4eeefa829 [LEADER]: Queue going to LEADER mode. State: All replicated index: 0, Majority replicated index: 2, Committed index: 2, Last appended: 2.2, Last appended by leader: 2, Current term: 3, Majority size: 2, State: 0, Mode: LEADER, active raft config: opid_index: -1 OBSOLETE_local: false peers { permanent_uuid: "c7137f260a21475088b4a1b206d43e1b" member_type: VOTER last_known_addr { host: "127.26.248.1" port: 33735 } } peers { permanent_uuid: "8c0cd6901ef54b8692f82d1367abfa8f" member_type: VOTER last_known_addr { host: "127.26.248.2" port: 34037 } } peers { permanent_uuid: "dedef848dc804402b07220b4eeefa829" member_type: VOTER last_known_addr { host: "127.26.248.3" port: 46113 } }
I20260710 13:25:03.196295 28143 catalog_manager.cc:5697] T 1799f5c3570b4dd3ac31ee6abd11775f P dedef848dc804402b07220b4eeefa829 reported cstate change: term changed from 2 to 3, leader changed from c7137f260a21475088b4a1b206d43e1b (127.26.248.1) to dedef848dc804402b07220b4eeefa829 (127.26.248.3). New cstate: current_term: 3 leader_uuid: "dedef848dc804402b07220b4eeefa829" committed_config { opid_index: -1 OBSOLETE_local: false peers { permanent_uuid: "c7137f260a21475088b4a1b206d43e1b" member_type: VOTER last_known_addr { host: "127.26.248.1" port: 33735 } health_report { overall_health: UNKNOWN } } peers { permanent_uuid: "8c0cd6901ef54b8692f82d1367abfa8f" member_type: VOTER last_known_addr { host: "127.26.248.2" port: 34037 } health_report { overall_health: UNKNOWN } } peers { permanent_uuid: "dedef848dc804402b07220b4eeefa829" member_type: VOTER last_known_addr { host: "127.26.248.3" port: 46113 } health_report { overall_health: HEALTHY } } }
I20260710 13:25:03.368151 28246 raft_consensus.cc:1275] T bd8921a83a704536b2447996ee43621a P c7137f260a21475088b4a1b206d43e1b [term 2 FOLLOWER]: Refusing update from remote peer dedef848dc804402b07220b4eeefa829: Log matching property violated. Preceding OpId in replica: term: 1 index: 1. Preceding OpId from leader: term: 2 index: 2. (index mismatch)
I20260710 13:25:03.369551 28444 consensus_queue.cc:1048] T bd8921a83a704536b2447996ee43621a P dedef848dc804402b07220b4eeefa829 [LEADER]: Connected to new peer: Peer: permanent_uuid: "c7137f260a21475088b4a1b206d43e1b" member_type: VOTER last_known_addr { host: "127.26.248.1" port: 33735 }, Status: LMP_MISMATCH, Last received: 0.0, Next index: 2, Last known committed idx: 1, Time since last communication: 0.000s
I20260710 13:25:03.379384 28322 raft_consensus.cc:1275] T bd8921a83a704536b2447996ee43621a P 8c0cd6901ef54b8692f82d1367abfa8f [term 2 FOLLOWER]: Refusing update from remote peer dedef848dc804402b07220b4eeefa829: Log matching property violated. Preceding OpId in replica: term: 1 index: 1. Preceding OpId from leader: term: 2 index: 2. (index mismatch)
I20260710 13:25:03.382619 28531 consensus_queue.cc:1048] T bd8921a83a704536b2447996ee43621a P dedef848dc804402b07220b4eeefa829 [LEADER]: Connected to new peer: Peer: permanent_uuid: "8c0cd6901ef54b8692f82d1367abfa8f" member_type: VOTER last_known_addr { host: "127.26.248.2" port: 34037 }, Status: LMP_MISMATCH, Last received: 0.0, Next index: 2, Last known committed idx: 1, Time since last communication: 0.000s
I20260710 13:25:03.653187 28322 raft_consensus.cc:1275] T 1799f5c3570b4dd3ac31ee6abd11775f P 8c0cd6901ef54b8692f82d1367abfa8f [term 3 FOLLOWER]: Refusing update from remote peer dedef848dc804402b07220b4eeefa829: Log matching property violated. Preceding OpId in replica: term: 2 index: 2. Preceding OpId from leader: term: 3 index: 3. (index mismatch)
I20260710 13:25:03.654587 28541 consensus_queue.cc:1048] T 1799f5c3570b4dd3ac31ee6abd11775f P dedef848dc804402b07220b4eeefa829 [LEADER]: Connected to new peer: Peer: permanent_uuid: "8c0cd6901ef54b8692f82d1367abfa8f" member_type: VOTER last_known_addr { host: "127.26.248.2" port: 34037 }, Status: LMP_MISMATCH, Last received: 0.0, Next index: 3, Last known committed idx: 2, Time since last communication: 0.000s
I20260710 13:25:03.664324 28246 raft_consensus.cc:1275] T 1799f5c3570b4dd3ac31ee6abd11775f P c7137f260a21475088b4a1b206d43e1b [term 3 FOLLOWER]: Refusing update from remote peer dedef848dc804402b07220b4eeefa829: Log matching property violated. Preceding OpId in replica: term: 2 index: 2. Preceding OpId from leader: term: 3 index: 3. (index mismatch)
I20260710 13:25:03.666288 28545 consensus_queue.cc:1048] T 1799f5c3570b4dd3ac31ee6abd11775f P dedef848dc804402b07220b4eeefa829 [LEADER]: Connected to new peer: Peer: permanent_uuid: "c7137f260a21475088b4a1b206d43e1b" member_type: VOTER last_known_addr { host: "127.26.248.1" port: 33735 }, Status: LMP_MISMATCH, Last received: 0.0, Next index: 3, Last known committed idx: 2, Time since last communication: 0.000s
I20260710 13:25:03.835516 27616 auto_leader_rebalancer.cc:141] leader rebalance for table test-workload
I20260710 13:25:03.850522 28395 tablet_service.cc:2072] Received LeaderStepDown RPC: tablet_id: "1799f5c3570b4dd3ac31ee6abd11775f"
dest_uuid: "dedef848dc804402b07220b4eeefa829"
mode: GRACEFUL
new_leader_uuid: "c7137f260a21475088b4a1b206d43e1b"
 from {username='slave'} at 127.0.0.1:58500
I20260710 13:25:03.851085 28395 raft_consensus.cc:606] T 1799f5c3570b4dd3ac31ee6abd11775f P dedef848dc804402b07220b4eeefa829 [term 3 LEADER]: Received request to transfer leadership to TS c7137f260a21475088b4a1b206d43e1b
I20260710 13:25:03.864038 28395 tablet_service.cc:2072] Received LeaderStepDown RPC: tablet_id: "bd8921a83a704536b2447996ee43621a"
dest_uuid: "dedef848dc804402b07220b4eeefa829"
mode: GRACEFUL
new_leader_uuid: "c7137f260a21475088b4a1b206d43e1b"
 from {username='slave'} at 127.0.0.1:58500
I20260710 13:25:03.864741 28395 raft_consensus.cc:606] T bd8921a83a704536b2447996ee43621a P dedef848dc804402b07220b4eeefa829 [term 2 LEADER]: Received request to transfer leadership to TS c7137f260a21475088b4a1b206d43e1b
I20260710 13:25:03.870396 28319 tablet_service.cc:2072] Received LeaderStepDown RPC: tablet_id: "f605633da6cb434aab08910bba350f0b"
dest_uuid: "8c0cd6901ef54b8692f82d1367abfa8f"
mode: GRACEFUL
new_leader_uuid: "c7137f260a21475088b4a1b206d43e1b"
 from {username='slave'} at 127.0.0.1:48576
I20260710 13:25:03.871006 28319 raft_consensus.cc:606] T f605633da6cb434aab08910bba350f0b P 8c0cd6901ef54b8692f82d1367abfa8f [term 1 LEADER]: Received request to transfer leadership to TS c7137f260a21475088b4a1b206d43e1b
I20260710 13:25:03.877218 28319 tablet_service.cc:2072] Received LeaderStepDown RPC: tablet_id: "c7f51f24992546b8a585b25de93e517b"
dest_uuid: "8c0cd6901ef54b8692f82d1367abfa8f"
mode: GRACEFUL
new_leader_uuid: "c7137f260a21475088b4a1b206d43e1b"
 from {username='slave'} at 127.0.0.1:48576
I20260710 13:25:03.877833 28319 raft_consensus.cc:606] T c7f51f24992546b8a585b25de93e517b P 8c0cd6901ef54b8692f82d1367abfa8f [term 2 LEADER]: Received request to transfer leadership to TS c7137f260a21475088b4a1b206d43e1b
I20260710 13:25:03.884527 28319 tablet_service.cc:2072] Received LeaderStepDown RPC: tablet_id: "28eec0abc9314f78bebc52192ed652d4"
dest_uuid: "8c0cd6901ef54b8692f82d1367abfa8f"
mode: GRACEFUL
new_leader_uuid: "c7137f260a21475088b4a1b206d43e1b"
 from {username='slave'} at 127.0.0.1:48576
I20260710 13:25:03.885150 28319 raft_consensus.cc:606] T 28eec0abc9314f78bebc52192ed652d4 P 8c0cd6901ef54b8692f82d1367abfa8f [term 2 LEADER]: Received request to transfer leadership to TS c7137f260a21475088b4a1b206d43e1b
I20260710 13:25:03.888978 28441 raft_consensus.cc:993] T 28eec0abc9314f78bebc52192ed652d4 P 8c0cd6901ef54b8692f82d1367abfa8f: : Instructing follower c7137f260a21475088b4a1b206d43e1b to start an election
I20260710 13:25:03.889464 28547 raft_consensus.cc:1081] T 28eec0abc9314f78bebc52192ed652d4 P 8c0cd6901ef54b8692f82d1367abfa8f [term 2 LEADER]: Signalling peer c7137f260a21475088b4a1b206d43e1b to start an election
I20260710 13:25:03.891294 28246 tablet_service.cc:2044] Received Run Leader Election RPC: tablet_id: "28eec0abc9314f78bebc52192ed652d4"
dest_uuid: "c7137f260a21475088b4a1b206d43e1b"
 from {username='slave'} at 127.0.0.1:45020
I20260710 13:25:03.891764 28246 raft_consensus.cc:493] T 28eec0abc9314f78bebc52192ed652d4 P c7137f260a21475088b4a1b206d43e1b [term 2 FOLLOWER]: Starting forced leader election (received explicit request)
I20260710 13:25:03.892041 28246 raft_consensus.cc:3060] T 28eec0abc9314f78bebc52192ed652d4 P c7137f260a21475088b4a1b206d43e1b [term 2 FOLLOWER]: Advancing to term 3
I20260710 13:25:03.896693 28246 raft_consensus.cc:515] T 28eec0abc9314f78bebc52192ed652d4 P c7137f260a21475088b4a1b206d43e1b [term 3 FOLLOWER]: Starting forced leader election with config: opid_index: -1 OBSOLETE_local: false peers { permanent_uuid: "c7137f260a21475088b4a1b206d43e1b" member_type: VOTER last_known_addr { host: "127.26.248.1" port: 33735 } } peers { permanent_uuid: "8c0cd6901ef54b8692f82d1367abfa8f" member_type: VOTER last_known_addr { host: "127.26.248.2" port: 34037 } } peers { permanent_uuid: "dedef848dc804402b07220b4eeefa829" member_type: VOTER last_known_addr { host: "127.26.248.3" port: 46113 } }
I20260710 13:25:03.898350 28246 leader_election.cc:290] T 28eec0abc9314f78bebc52192ed652d4 P c7137f260a21475088b4a1b206d43e1b [CANDIDATE]: Term 3 election: Requested vote from peers 8c0cd6901ef54b8692f82d1367abfa8f (127.26.248.2:34037), dedef848dc804402b07220b4eeefa829 (127.26.248.3:46113)
I20260710 13:25:03.899545 28395 tablet_service.cc:1917] Received RequestConsensusVote() RPC: tablet_id: "28eec0abc9314f78bebc52192ed652d4" candidate_uuid: "c7137f260a21475088b4a1b206d43e1b" candidate_term: 3 candidate_status { last_received { term: 2 index: 2 } } ignore_live_leader: true dest_uuid: "dedef848dc804402b07220b4eeefa829"
I20260710 13:25:03.899576 28319 tablet_service.cc:1917] Received RequestConsensusVote() RPC: tablet_id: "28eec0abc9314f78bebc52192ed652d4" candidate_uuid: "c7137f260a21475088b4a1b206d43e1b" candidate_term: 3 candidate_status { last_received { term: 2 index: 2 } } ignore_live_leader: true dest_uuid: "8c0cd6901ef54b8692f82d1367abfa8f"
I20260710 13:25:03.900051 28395 raft_consensus.cc:3060] T 28eec0abc9314f78bebc52192ed652d4 P dedef848dc804402b07220b4eeefa829 [term 2 FOLLOWER]: Advancing to term 3
I20260710 13:25:03.900388 28319 raft_consensus.cc:3055] T 28eec0abc9314f78bebc52192ed652d4 P 8c0cd6901ef54b8692f82d1367abfa8f [term 2 LEADER]: Stepping down as leader of term 2
I20260710 13:25:03.900696 28319 raft_consensus.cc:740] T 28eec0abc9314f78bebc52192ed652d4 P 8c0cd6901ef54b8692f82d1367abfa8f [term 2 LEADER]: Becoming Follower/Learner. State: Replica: 8c0cd6901ef54b8692f82d1367abfa8f, State: Running, Role: LEADER
I20260710 13:25:03.901424 28319 consensus_queue.cc:260] T 28eec0abc9314f78bebc52192ed652d4 P 8c0cd6901ef54b8692f82d1367abfa8f [NON_LEADER]: Queue going to NON_LEADER mode. State: All replicated index: 0, Majority replicated index: 2, Committed index: 2, Last appended: 2.2, Last appended by leader: 2, Current term: 2, Majority size: -1, State: 0, Mode: NON_LEADER, active raft config: opid_index: -1 OBSOLETE_local: false peers { permanent_uuid: "c7137f260a21475088b4a1b206d43e1b" member_type: VOTER last_known_addr { host: "127.26.248.1" port: 33735 } } peers { permanent_uuid: "8c0cd6901ef54b8692f82d1367abfa8f" member_type: VOTER last_known_addr { host: "127.26.248.2" port: 34037 } } peers { permanent_uuid: "dedef848dc804402b07220b4eeefa829" member_type: VOTER last_known_addr { host: "127.26.248.3" port: 46113 } }
I20260710 13:25:03.902376 28319 raft_consensus.cc:3060] T 28eec0abc9314f78bebc52192ed652d4 P 8c0cd6901ef54b8692f82d1367abfa8f [term 2 FOLLOWER]: Advancing to term 3
I20260710 13:25:03.904644 28395 raft_consensus.cc:2468] T 28eec0abc9314f78bebc52192ed652d4 P dedef848dc804402b07220b4eeefa829 [term 3 FOLLOWER]: Leader election vote request: Granting yes vote for candidate c7137f260a21475088b4a1b206d43e1b in term 3.
I20260710 13:25:03.905738 28210 leader_election.cc:304] T 28eec0abc9314f78bebc52192ed652d4 P c7137f260a21475088b4a1b206d43e1b [CANDIDATE]: Term 3 election: Election decided. Result: candidate won. Election summary: received 2 responses out of 3 voters: 2 yes votes; 0 no votes. yes voters: c7137f260a21475088b4a1b206d43e1b, dedef848dc804402b07220b4eeefa829; no voters: 
I20260710 13:25:03.906513 28530 raft_consensus.cc:2804] T 28eec0abc9314f78bebc52192ed652d4 P c7137f260a21475088b4a1b206d43e1b [term 3 FOLLOWER]: Leader election won for term 3
I20260710 13:25:03.908335 28319 raft_consensus.cc:2468] T 28eec0abc9314f78bebc52192ed652d4 P 8c0cd6901ef54b8692f82d1367abfa8f [term 3 FOLLOWER]: Leader election vote request: Granting yes vote for candidate c7137f260a21475088b4a1b206d43e1b in term 3.
I20260710 13:25:03.908783 28530 raft_consensus.cc:697] T 28eec0abc9314f78bebc52192ed652d4 P c7137f260a21475088b4a1b206d43e1b [term 3 LEADER]: Becoming Leader. State: Replica: c7137f260a21475088b4a1b206d43e1b, State: Running, Role: LEADER
I20260710 13:25:03.909837 28530 consensus_queue.cc:237] T 28eec0abc9314f78bebc52192ed652d4 P c7137f260a21475088b4a1b206d43e1b [LEADER]: Queue going to LEADER mode. State: All replicated index: 0, Majority replicated index: 2, Committed index: 2, Last appended: 2.2, Last appended by leader: 2, Current term: 3, Majority size: 2, State: 0, Mode: LEADER, active raft config: opid_index: -1 OBSOLETE_local: false peers { permanent_uuid: "c7137f260a21475088b4a1b206d43e1b" member_type: VOTER last_known_addr { host: "127.26.248.1" port: 33735 } } peers { permanent_uuid: "8c0cd6901ef54b8692f82d1367abfa8f" member_type: VOTER last_known_addr { host: "127.26.248.2" port: 34037 } } peers { permanent_uuid: "dedef848dc804402b07220b4eeefa829" member_type: VOTER last_known_addr { host: "127.26.248.3" port: 46113 } }
I20260710 13:25:03.917480 28145 catalog_manager.cc:5697] T 28eec0abc9314f78bebc52192ed652d4 P c7137f260a21475088b4a1b206d43e1b reported cstate change: term changed from 2 to 3, leader changed from 8c0cd6901ef54b8692f82d1367abfa8f (127.26.248.2) to c7137f260a21475088b4a1b206d43e1b (127.26.248.1). New cstate: current_term: 3 leader_uuid: "c7137f260a21475088b4a1b206d43e1b" committed_config { opid_index: -1 OBSOLETE_local: false peers { permanent_uuid: "c7137f260a21475088b4a1b206d43e1b" member_type: VOTER last_known_addr { host: "127.26.248.1" port: 33735 } health_report { overall_health: HEALTHY } } peers { permanent_uuid: "8c0cd6901ef54b8692f82d1367abfa8f" member_type: VOTER last_known_addr { host: "127.26.248.2" port: 34037 } health_report { overall_health: UNKNOWN } } peers { permanent_uuid: "dedef848dc804402b07220b4eeefa829" member_type: VOTER last_known_addr { host: "127.26.248.3" port: 46113 } health_report { overall_health: UNKNOWN } } }
I20260710 13:25:03.975565 28531 raft_consensus.cc:993] T bd8921a83a704536b2447996ee43621a P dedef848dc804402b07220b4eeefa829: : Instructing follower c7137f260a21475088b4a1b206d43e1b to start an election
I20260710 13:25:03.976063 28531 raft_consensus.cc:1081] T bd8921a83a704536b2447996ee43621a P dedef848dc804402b07220b4eeefa829 [term 2 LEADER]: Signalling peer c7137f260a21475088b4a1b206d43e1b to start an election
I20260710 13:25:03.977703 28246 tablet_service.cc:2044] Received Run Leader Election RPC: tablet_id: "bd8921a83a704536b2447996ee43621a"
dest_uuid: "c7137f260a21475088b4a1b206d43e1b"
 from {username='slave'} at 127.0.0.1:45032
I20260710 13:25:03.978291 28246 raft_consensus.cc:493] T bd8921a83a704536b2447996ee43621a P c7137f260a21475088b4a1b206d43e1b [term 2 FOLLOWER]: Starting forced leader election (received explicit request)
I20260710 13:25:03.978596 28246 raft_consensus.cc:3060] T bd8921a83a704536b2447996ee43621a P c7137f260a21475088b4a1b206d43e1b [term 2 FOLLOWER]: Advancing to term 3
I20260710 13:25:03.982985 28246 raft_consensus.cc:515] T bd8921a83a704536b2447996ee43621a P c7137f260a21475088b4a1b206d43e1b [term 3 FOLLOWER]: Starting forced leader election with config: opid_index: -1 OBSOLETE_local: false peers { permanent_uuid: "c7137f260a21475088b4a1b206d43e1b" member_type: VOTER last_known_addr { host: "127.26.248.1" port: 33735 } } peers { permanent_uuid: "8c0cd6901ef54b8692f82d1367abfa8f" member_type: VOTER last_known_addr { host: "127.26.248.2" port: 34037 } } peers { permanent_uuid: "dedef848dc804402b07220b4eeefa829" member_type: VOTER last_known_addr { host: "127.26.248.3" port: 46113 } }
I20260710 13:25:03.984572 28246 leader_election.cc:290] T bd8921a83a704536b2447996ee43621a P c7137f260a21475088b4a1b206d43e1b [CANDIDATE]: Term 3 election: Requested vote from peers 8c0cd6901ef54b8692f82d1367abfa8f (127.26.248.2:34037), dedef848dc804402b07220b4eeefa829 (127.26.248.3:46113)
I20260710 13:25:03.985659 28319 tablet_service.cc:1917] Received RequestConsensusVote() RPC: tablet_id: "bd8921a83a704536b2447996ee43621a" candidate_uuid: "c7137f260a21475088b4a1b206d43e1b" candidate_term: 3 candidate_status { last_received { term: 2 index: 2 } } ignore_live_leader: true dest_uuid: "8c0cd6901ef54b8692f82d1367abfa8f"
I20260710 13:25:03.985739 28395 tablet_service.cc:1917] Received RequestConsensusVote() RPC: tablet_id: "bd8921a83a704536b2447996ee43621a" candidate_uuid: "c7137f260a21475088b4a1b206d43e1b" candidate_term: 3 candidate_status { last_received { term: 2 index: 2 } } ignore_live_leader: true dest_uuid: "dedef848dc804402b07220b4eeefa829"
I20260710 13:25:03.986204 28319 raft_consensus.cc:3060] T bd8921a83a704536b2447996ee43621a P 8c0cd6901ef54b8692f82d1367abfa8f [term 2 FOLLOWER]: Advancing to term 3
I20260710 13:25:03.986310 28395 raft_consensus.cc:3055] T bd8921a83a704536b2447996ee43621a P dedef848dc804402b07220b4eeefa829 [term 2 LEADER]: Stepping down as leader of term 2
I20260710 13:25:03.986682 28395 raft_consensus.cc:740] T bd8921a83a704536b2447996ee43621a P dedef848dc804402b07220b4eeefa829 [term 2 LEADER]: Becoming Follower/Learner. State: Replica: dedef848dc804402b07220b4eeefa829, State: Running, Role: LEADER
I20260710 13:25:03.987426 28395 consensus_queue.cc:260] T bd8921a83a704536b2447996ee43621a P dedef848dc804402b07220b4eeefa829 [NON_LEADER]: Queue going to NON_LEADER mode. State: All replicated index: 0, Majority replicated index: 2, Committed index: 2, Last appended: 2.2, Last appended by leader: 2, Current term: 2, Majority size: -1, State: 0, Mode: NON_LEADER, active raft config: opid_index: -1 OBSOLETE_local: false peers { permanent_uuid: "c7137f260a21475088b4a1b206d43e1b" member_type: VOTER last_known_addr { host: "127.26.248.1" port: 33735 } } peers { permanent_uuid: "8c0cd6901ef54b8692f82d1367abfa8f" member_type: VOTER last_known_addr { host: "127.26.248.2" port: 34037 } } peers { permanent_uuid: "dedef848dc804402b07220b4eeefa829" member_type: VOTER last_known_addr { host: "127.26.248.3" port: 46113 } }
I20260710 13:25:03.988389 28395 raft_consensus.cc:3060] T bd8921a83a704536b2447996ee43621a P dedef848dc804402b07220b4eeefa829 [term 2 FOLLOWER]: Advancing to term 3
I20260710 13:25:03.991883 28319 raft_consensus.cc:2468] T bd8921a83a704536b2447996ee43621a P 8c0cd6901ef54b8692f82d1367abfa8f [term 3 FOLLOWER]: Leader election vote request: Granting yes vote for candidate c7137f260a21475088b4a1b206d43e1b in term 3.
I20260710 13:25:03.992920 28395 raft_consensus.cc:2468] T bd8921a83a704536b2447996ee43621a P dedef848dc804402b07220b4eeefa829 [term 3 FOLLOWER]: Leader election vote request: Granting yes vote for candidate c7137f260a21475088b4a1b206d43e1b in term 3.
I20260710 13:25:03.993175 28213 leader_election.cc:304] T bd8921a83a704536b2447996ee43621a P c7137f260a21475088b4a1b206d43e1b [CANDIDATE]: Term 3 election: Election decided. Result: candidate won. Election summary: received 2 responses out of 3 voters: 2 yes votes; 0 no votes. yes voters: 8c0cd6901ef54b8692f82d1367abfa8f, c7137f260a21475088b4a1b206d43e1b; no voters: 
I20260710 13:25:03.994076 28530 raft_consensus.cc:2804] T bd8921a83a704536b2447996ee43621a P c7137f260a21475088b4a1b206d43e1b [term 3 FOLLOWER]: Leader election won for term 3
I20260710 13:25:03.994534 28530 raft_consensus.cc:697] T bd8921a83a704536b2447996ee43621a P c7137f260a21475088b4a1b206d43e1b [term 3 LEADER]: Becoming Leader. State: Replica: c7137f260a21475088b4a1b206d43e1b, State: Running, Role: LEADER
I20260710 13:25:03.995359 28530 consensus_queue.cc:237] T bd8921a83a704536b2447996ee43621a P c7137f260a21475088b4a1b206d43e1b [LEADER]: Queue going to LEADER mode. State: All replicated index: 0, Majority replicated index: 2, Committed index: 2, Last appended: 2.2, Last appended by leader: 2, Current term: 3, Majority size: 2, State: 0, Mode: LEADER, active raft config: opid_index: -1 OBSOLETE_local: false peers { permanent_uuid: "c7137f260a21475088b4a1b206d43e1b" member_type: VOTER last_known_addr { host: "127.26.248.1" port: 33735 } } peers { permanent_uuid: "8c0cd6901ef54b8692f82d1367abfa8f" member_type: VOTER last_known_addr { host: "127.26.248.2" port: 34037 } } peers { permanent_uuid: "dedef848dc804402b07220b4eeefa829" member_type: VOTER last_known_addr { host: "127.26.248.3" port: 46113 } }
I20260710 13:25:04.001850 28145 catalog_manager.cc:5697] T bd8921a83a704536b2447996ee43621a P c7137f260a21475088b4a1b206d43e1b reported cstate change: term changed from 2 to 3, leader changed from dedef848dc804402b07220b4eeefa829 (127.26.248.3) to c7137f260a21475088b4a1b206d43e1b (127.26.248.1). New cstate: current_term: 3 leader_uuid: "c7137f260a21475088b4a1b206d43e1b" committed_config { opid_index: -1 OBSOLETE_local: false peers { permanent_uuid: "c7137f260a21475088b4a1b206d43e1b" member_type: VOTER last_known_addr { host: "127.26.248.1" port: 33735 } health_report { overall_health: HEALTHY } } peers { permanent_uuid: "8c0cd6901ef54b8692f82d1367abfa8f" member_type: VOTER last_known_addr { host: "127.26.248.2" port: 34037 } health_report { overall_health: UNKNOWN } } peers { permanent_uuid: "dedef848dc804402b07220b4eeefa829" member_type: VOTER last_known_addr { host: "127.26.248.3" port: 46113 } health_report { overall_health: UNKNOWN } } }
I20260710 13:25:04.136243 28547 raft_consensus.cc:993] T f605633da6cb434aab08910bba350f0b P 8c0cd6901ef54b8692f82d1367abfa8f: : Instructing follower c7137f260a21475088b4a1b206d43e1b to start an election
I20260710 13:25:04.136783 28547 raft_consensus.cc:1081] T f605633da6cb434aab08910bba350f0b P 8c0cd6901ef54b8692f82d1367abfa8f [term 1 LEADER]: Signalling peer c7137f260a21475088b4a1b206d43e1b to start an election
I20260710 13:25:04.138245 28246 tablet_service.cc:2044] Received Run Leader Election RPC: tablet_id: "f605633da6cb434aab08910bba350f0b"
dest_uuid: "c7137f260a21475088b4a1b206d43e1b"
 from {username='slave'} at 127.0.0.1:45020
I20260710 13:25:04.138885 28246 raft_consensus.cc:493] T f605633da6cb434aab08910bba350f0b P c7137f260a21475088b4a1b206d43e1b [term 1 FOLLOWER]: Starting forced leader election (received explicit request)
I20260710 13:25:04.139207 28246 raft_consensus.cc:3060] T f605633da6cb434aab08910bba350f0b P c7137f260a21475088b4a1b206d43e1b [term 1 FOLLOWER]: Advancing to term 2
I20260710 13:25:04.143790 28246 raft_consensus.cc:515] T f605633da6cb434aab08910bba350f0b P c7137f260a21475088b4a1b206d43e1b [term 2 FOLLOWER]: Starting forced leader election with config: opid_index: -1 OBSOLETE_local: false peers { permanent_uuid: "c7137f260a21475088b4a1b206d43e1b" member_type: VOTER last_known_addr { host: "127.26.248.1" port: 33735 } } peers { permanent_uuid: "8c0cd6901ef54b8692f82d1367abfa8f" member_type: VOTER last_known_addr { host: "127.26.248.2" port: 34037 } } peers { permanent_uuid: "dedef848dc804402b07220b4eeefa829" member_type: VOTER last_known_addr { host: "127.26.248.3" port: 46113 } }
I20260710 13:25:04.145515 28246 leader_election.cc:290] T f605633da6cb434aab08910bba350f0b P c7137f260a21475088b4a1b206d43e1b [CANDIDATE]: Term 2 election: Requested vote from peers 8c0cd6901ef54b8692f82d1367abfa8f (127.26.248.2:34037), dedef848dc804402b07220b4eeefa829 (127.26.248.3:46113)
I20260710 13:25:04.146387 28319 tablet_service.cc:1917] Received RequestConsensusVote() RPC: tablet_id: "f605633da6cb434aab08910bba350f0b" candidate_uuid: "c7137f260a21475088b4a1b206d43e1b" candidate_term: 2 candidate_status { last_received { term: 1 index: 1 } } ignore_live_leader: true dest_uuid: "8c0cd6901ef54b8692f82d1367abfa8f"
I20260710 13:25:04.146631 28395 tablet_service.cc:1917] Received RequestConsensusVote() RPC: tablet_id: "f605633da6cb434aab08910bba350f0b" candidate_uuid: "c7137f260a21475088b4a1b206d43e1b" candidate_term: 2 candidate_status { last_received { term: 1 index: 1 } } ignore_live_leader: true dest_uuid: "dedef848dc804402b07220b4eeefa829"
I20260710 13:25:04.147382 28395 raft_consensus.cc:3060] T f605633da6cb434aab08910bba350f0b P dedef848dc804402b07220b4eeefa829 [term 1 FOLLOWER]: Advancing to term 2
I20260710 13:25:04.147382 28319 raft_consensus.cc:3055] T f605633da6cb434aab08910bba350f0b P 8c0cd6901ef54b8692f82d1367abfa8f [term 1 LEADER]: Stepping down as leader of term 1
I20260710 13:25:04.148132 28319 raft_consensus.cc:740] T f605633da6cb434aab08910bba350f0b P 8c0cd6901ef54b8692f82d1367abfa8f [term 1 LEADER]: Becoming Follower/Learner. State: Replica: 8c0cd6901ef54b8692f82d1367abfa8f, State: Running, Role: LEADER
I20260710 13:25:04.149317 28319 consensus_queue.cc:260] T f605633da6cb434aab08910bba350f0b P 8c0cd6901ef54b8692f82d1367abfa8f [NON_LEADER]: Queue going to NON_LEADER mode. State: All replicated index: 0, Majority replicated index: 1, Committed index: 1, Last appended: 1.1, Last appended by leader: 1, Current term: 1, Majority size: -1, State: 0, Mode: NON_LEADER, active raft config: opid_index: -1 OBSOLETE_local: false peers { permanent_uuid: "c7137f260a21475088b4a1b206d43e1b" member_type: VOTER last_known_addr { host: "127.26.248.1" port: 33735 } } peers { permanent_uuid: "8c0cd6901ef54b8692f82d1367abfa8f" member_type: VOTER last_known_addr { host: "127.26.248.2" port: 34037 } } peers { permanent_uuid: "dedef848dc804402b07220b4eeefa829" member_type: VOTER last_known_addr { host: "127.26.248.3" port: 46113 } }
I20260710 13:25:04.150619 28319 raft_consensus.cc:3060] T f605633da6cb434aab08910bba350f0b P 8c0cd6901ef54b8692f82d1367abfa8f [term 1 FOLLOWER]: Advancing to term 2
I20260710 13:25:04.154750 28395 raft_consensus.cc:2468] T f605633da6cb434aab08910bba350f0b P dedef848dc804402b07220b4eeefa829 [term 2 FOLLOWER]: Leader election vote request: Granting yes vote for candidate c7137f260a21475088b4a1b206d43e1b in term 2.
I20260710 13:25:04.156029 28210 leader_election.cc:304] T f605633da6cb434aab08910bba350f0b P c7137f260a21475088b4a1b206d43e1b [CANDIDATE]: Term 2 election: Election decided. Result: candidate won. Election summary: received 2 responses out of 3 voters: 2 yes votes; 0 no votes. yes voters: c7137f260a21475088b4a1b206d43e1b, dedef848dc804402b07220b4eeefa829; no voters: 
I20260710 13:25:04.156915 28530 raft_consensus.cc:2804] T f605633da6cb434aab08910bba350f0b P c7137f260a21475088b4a1b206d43e1b [term 2 FOLLOWER]: Leader election won for term 2
I20260710 13:25:04.157420 28530 raft_consensus.cc:697] T f605633da6cb434aab08910bba350f0b P c7137f260a21475088b4a1b206d43e1b [term 2 LEADER]: Becoming Leader. State: Replica: c7137f260a21475088b4a1b206d43e1b, State: Running, Role: LEADER
I20260710 13:25:04.158355 28319 raft_consensus.cc:2468] T f605633da6cb434aab08910bba350f0b P 8c0cd6901ef54b8692f82d1367abfa8f [term 2 FOLLOWER]: Leader election vote request: Granting yes vote for candidate c7137f260a21475088b4a1b206d43e1b in term 2.
I20260710 13:25:04.158231 28530 consensus_queue.cc:237] T f605633da6cb434aab08910bba350f0b P c7137f260a21475088b4a1b206d43e1b [LEADER]: Queue going to LEADER mode. State: All replicated index: 0, Majority replicated index: 1, Committed index: 1, Last appended: 1.1, Last appended by leader: 1, Current term: 2, Majority size: 2, State: 0, Mode: LEADER, active raft config: opid_index: -1 OBSOLETE_local: false peers { permanent_uuid: "c7137f260a21475088b4a1b206d43e1b" member_type: VOTER last_known_addr { host: "127.26.248.1" port: 33735 } } peers { permanent_uuid: "8c0cd6901ef54b8692f82d1367abfa8f" member_type: VOTER last_known_addr { host: "127.26.248.2" port: 34037 } } peers { permanent_uuid: "dedef848dc804402b07220b4eeefa829" member_type: VOTER last_known_addr { host: "127.26.248.3" port: 46113 } }
I20260710 13:25:04.168185 28145 catalog_manager.cc:5697] T f605633da6cb434aab08910bba350f0b P c7137f260a21475088b4a1b206d43e1b reported cstate change: term changed from 1 to 2, leader changed from 8c0cd6901ef54b8692f82d1367abfa8f (127.26.248.2) to c7137f260a21475088b4a1b206d43e1b (127.26.248.1). New cstate: current_term: 2 leader_uuid: "c7137f260a21475088b4a1b206d43e1b" committed_config { opid_index: -1 OBSOLETE_local: false peers { permanent_uuid: "c7137f260a21475088b4a1b206d43e1b" member_type: VOTER last_known_addr { host: "127.26.248.1" port: 33735 } health_report { overall_health: HEALTHY } } peers { permanent_uuid: "8c0cd6901ef54b8692f82d1367abfa8f" member_type: VOTER last_known_addr { host: "127.26.248.2" port: 34037 } health_report { overall_health: UNKNOWN } } peers { permanent_uuid: "dedef848dc804402b07220b4eeefa829" member_type: VOTER last_known_addr { host: "127.26.248.3" port: 46113 } health_report { overall_health: UNKNOWN } } }
I20260710 13:25:04.253902 28545 raft_consensus.cc:993] T 1799f5c3570b4dd3ac31ee6abd11775f P dedef848dc804402b07220b4eeefa829: : Instructing follower c7137f260a21475088b4a1b206d43e1b to start an election
I20260710 13:25:04.254456 28545 raft_consensus.cc:1081] T 1799f5c3570b4dd3ac31ee6abd11775f P dedef848dc804402b07220b4eeefa829 [term 3 LEADER]: Signalling peer c7137f260a21475088b4a1b206d43e1b to start an election
I20260710 13:25:04.256209 28246 tablet_service.cc:2044] Received Run Leader Election RPC: tablet_id: "1799f5c3570b4dd3ac31ee6abd11775f"
dest_uuid: "c7137f260a21475088b4a1b206d43e1b"
 from {username='slave'} at 127.0.0.1:45032
I20260710 13:25:04.256779 28246 raft_consensus.cc:493] T 1799f5c3570b4dd3ac31ee6abd11775f P c7137f260a21475088b4a1b206d43e1b [term 3 FOLLOWER]: Starting forced leader election (received explicit request)
I20260710 13:25:04.257185 28246 raft_consensus.cc:3060] T 1799f5c3570b4dd3ac31ee6abd11775f P c7137f260a21475088b4a1b206d43e1b [term 3 FOLLOWER]: Advancing to term 4
I20260710 13:25:04.261891 28246 raft_consensus.cc:515] T 1799f5c3570b4dd3ac31ee6abd11775f P c7137f260a21475088b4a1b206d43e1b [term 4 FOLLOWER]: Starting forced leader election with config: opid_index: -1 OBSOLETE_local: false peers { permanent_uuid: "c7137f260a21475088b4a1b206d43e1b" member_type: VOTER last_known_addr { host: "127.26.248.1" port: 33735 } } peers { permanent_uuid: "8c0cd6901ef54b8692f82d1367abfa8f" member_type: VOTER last_known_addr { host: "127.26.248.2" port: 34037 } } peers { permanent_uuid: "dedef848dc804402b07220b4eeefa829" member_type: VOTER last_known_addr { host: "127.26.248.3" port: 46113 } }
I20260710 13:25:04.264029 28246 leader_election.cc:290] T 1799f5c3570b4dd3ac31ee6abd11775f P c7137f260a21475088b4a1b206d43e1b [CANDIDATE]: Term 4 election: Requested vote from peers 8c0cd6901ef54b8692f82d1367abfa8f (127.26.248.2:34037), dedef848dc804402b07220b4eeefa829 (127.26.248.3:46113)
I20260710 13:25:04.265148 28319 tablet_service.cc:1917] Received RequestConsensusVote() RPC: tablet_id: "1799f5c3570b4dd3ac31ee6abd11775f" candidate_uuid: "c7137f260a21475088b4a1b206d43e1b" candidate_term: 4 candidate_status { last_received { term: 3 index: 3 } } ignore_live_leader: true dest_uuid: "8c0cd6901ef54b8692f82d1367abfa8f"
