I20260710 13:24:46.792713 22288 raft_consensus.cc:385] T 4f19d31e388a4fd590431f3525e9b604 P 8b32f18fd5ae44068f003ed883dc3de0 [term 0 FOLLOWER]: Consensus starting up: Expiring failure detector timer to make a prompt election more likely
I20260710 13:24:46.792979 22288 raft_consensus.cc:740] T 4f19d31e388a4fd590431f3525e9b604 P 8b32f18fd5ae44068f003ed883dc3de0 [term 0 FOLLOWER]: Becoming Follower/Learner. State: Replica: 8b32f18fd5ae44068f003ed883dc3de0, State: Initialized, Role: FOLLOWER
I20260710 13:24:46.793876 22294 raft_consensus.cc:493] T 0f4258fdba844d3db85d3ee5c346228d P 8b32f18fd5ae44068f003ed883dc3de0 [term 0 FOLLOWER]: Starting pre-election (no leader contacted us within the election timeout)
I20260710 13:24:46.794298 22294 raft_consensus.cc:515] T 0f4258fdba844d3db85d3ee5c346228d P 8b32f18fd5ae44068f003ed883dc3de0 [term 0 FOLLOWER]: Starting pre-election with config: opid_index: -1 OBSOLETE_local: false peers { permanent_uuid: "82a1c707abca479cafab9028577a04c1" member_type: VOTER last_known_addr { host: "127.21.114.65" port: 39509 } } peers { permanent_uuid: "8b32f18fd5ae44068f003ed883dc3de0" member_type: VOTER last_known_addr { host: "127.21.114.66" port: 34671 } } peers { permanent_uuid: "1cc715b8dd4a4137a6ff26bc8ab1ad8a" member_type: VOTER last_known_addr { host: "127.21.114.67" port: 41043 } }
I20260710 13:24:46.795122 22289 tablet_bootstrap.cc:492] T bd9e30678d26475ebef0bde9872eecf5 P 82a1c707abca479cafab9028577a04c1: Bootstrap starting.
I20260710 13:24:46.796244 22294 leader_election.cc:290] T 0f4258fdba844d3db85d3ee5c346228d P 8b32f18fd5ae44068f003ed883dc3de0 [CANDIDATE]: Term 1 pre-election: Requested pre-vote from peers 82a1c707abca479cafab9028577a04c1 (127.21.114.65:39509), 1cc715b8dd4a4137a6ff26bc8ab1ad8a (127.21.114.67:41043)
I20260710 13:24:46.798367 22096 tablet_service.cc:1917] Received RequestConsensusVote() RPC: tablet_id: "0f4258fdba844d3db85d3ee5c346228d" candidate_uuid: "8b32f18fd5ae44068f003ed883dc3de0" candidate_term: 1 candidate_status { last_received { term: 0 index: 0 } } ignore_live_leader: false dest_uuid: "82a1c707abca479cafab9028577a04c1" is_pre_election: true
I20260710 13:24:46.798935 22096 raft_consensus.cc:2468] T 0f4258fdba844d3db85d3ee5c346228d P 82a1c707abca479cafab9028577a04c1 [term 0 FOLLOWER]: Leader pre-election vote request: Granting yes vote for candidate 8b32f18fd5ae44068f003ed883dc3de0 in term 0.
I20260710 13:24:46.799861 22245 tablet_service.cc:1917] Received RequestConsensusVote() RPC: tablet_id: "0f4258fdba844d3db85d3ee5c346228d" candidate_uuid: "8b32f18fd5ae44068f003ed883dc3de0" candidate_term: 1 candidate_status { last_received { term: 0 index: 0 } } ignore_live_leader: false dest_uuid: "1cc715b8dd4a4137a6ff26bc8ab1ad8a" is_pre_election: true
I20260710 13:24:46.800413 22245 raft_consensus.cc:2468] T 0f4258fdba844d3db85d3ee5c346228d P 1cc715b8dd4a4137a6ff26bc8ab1ad8a [term 0 FOLLOWER]: Leader pre-election vote request: Granting yes vote for candidate 8b32f18fd5ae44068f003ed883dc3de0 in term 0.
I20260710 13:24:46.801870 22134 leader_election.cc:304] T 0f4258fdba844d3db85d3ee5c346228d P 8b32f18fd5ae44068f003ed883dc3de0 [CANDIDATE]: Term 1 pre-election: Election decided. Result: candidate won. Election summary: received 2 responses out of 3 voters: 2 yes votes; 0 no votes. yes voters: 82a1c707abca479cafab9028577a04c1, 8b32f18fd5ae44068f003ed883dc3de0; no voters: 
I20260710 13:24:46.802336 22289 tablet_bootstrap.cc:654] T bd9e30678d26475ebef0bde9872eecf5 P 82a1c707abca479cafab9028577a04c1: Neither blocks nor log segments found. Creating new log.
I20260710 13:24:46.803068 22294 raft_consensus.cc:2804] T 0f4258fdba844d3db85d3ee5c346228d P 8b32f18fd5ae44068f003ed883dc3de0 [term 0 FOLLOWER]: Leader pre-election won for term 1
I20260710 13:24:46.803408 22294 raft_consensus.cc:493] T 0f4258fdba844d3db85d3ee5c346228d P 8b32f18fd5ae44068f003ed883dc3de0 [term 0 FOLLOWER]: Starting leader election (no leader contacted us within the election timeout)
I20260710 13:24:46.803726 22294 raft_consensus.cc:3060] T 0f4258fdba844d3db85d3ee5c346228d P 8b32f18fd5ae44068f003ed883dc3de0 [term 0 FOLLOWER]: Advancing to term 1
I20260710 13:24:46.808365 22295 raft_consensus.cc:493] T bd9e30678d26475ebef0bde9872eecf5 P 1cc715b8dd4a4137a6ff26bc8ab1ad8a [term 0 FOLLOWER]: Starting pre-election (no leader contacted us within the election timeout)
I20260710 13:24:46.808811 22295 raft_consensus.cc:515] T bd9e30678d26475ebef0bde9872eecf5 P 1cc715b8dd4a4137a6ff26bc8ab1ad8a [term 0 FOLLOWER]: Starting pre-election with config: opid_index: -1 OBSOLETE_local: false peers { permanent_uuid: "8b32f18fd5ae44068f003ed883dc3de0" member_type: VOTER last_known_addr { host: "127.21.114.66" port: 34671 } } peers { permanent_uuid: "1cc715b8dd4a4137a6ff26bc8ab1ad8a" member_type: VOTER last_known_addr { host: "127.21.114.67" port: 41043 } } peers { permanent_uuid: "82a1c707abca479cafab9028577a04c1" member_type: VOTER last_known_addr { host: "127.21.114.65" port: 39509 } }
I20260710 13:24:46.810947 22295 leader_election.cc:290] T bd9e30678d26475ebef0bde9872eecf5 P 1cc715b8dd4a4137a6ff26bc8ab1ad8a [CANDIDATE]: Term 1 pre-election: Requested pre-vote from peers 8b32f18fd5ae44068f003ed883dc3de0 (127.21.114.66:34671), 82a1c707abca479cafab9028577a04c1 (127.21.114.65:39509)
I20260710 13:24:46.812381 22096 tablet_service.cc:1917] Received RequestConsensusVote() RPC: tablet_id: "bd9e30678d26475ebef0bde9872eecf5" candidate_uuid: "1cc715b8dd4a4137a6ff26bc8ab1ad8a" candidate_term: 1 candidate_status { last_received { term: 0 index: 0 } } ignore_live_leader: false dest_uuid: "82a1c707abca479cafab9028577a04c1" is_pre_election: true
I20260710 13:24:46.811606 21990 catalog_manager.cc:5697] T 75592fd7e35140ac9fdeb625a18c2db8 P 82a1c707abca479cafab9028577a04c1 reported cstate change: term changed from 0 to 1, leader changed from <none> to 82a1c707abca479cafab9028577a04c1 (127.21.114.65). New cstate: current_term: 1 leader_uuid: "82a1c707abca479cafab9028577a04c1" committed_config { opid_index: -1 OBSOLETE_local: false peers { permanent_uuid: "82a1c707abca479cafab9028577a04c1" member_type: VOTER last_known_addr { host: "127.21.114.65" port: 39509 } health_report { overall_health: HEALTHY } } peers { permanent_uuid: "8b32f18fd5ae44068f003ed883dc3de0" member_type: VOTER last_known_addr { host: "127.21.114.66" port: 34671 } health_report { overall_health: UNKNOWN } } peers { permanent_uuid: "1cc715b8dd4a4137a6ff26bc8ab1ad8a" member_type: VOTER last_known_addr { host: "127.21.114.67" port: 41043 } health_report { overall_health: UNKNOWN } } }
W20260710 13:24:46.813730 22208 leader_election.cc:343] T bd9e30678d26475ebef0bde9872eecf5 P 1cc715b8dd4a4137a6ff26bc8ab1ad8a [CANDIDATE]: Term 1 pre-election: Tablet error from VoteRequest() call to peer 82a1c707abca479cafab9028577a04c1 (127.21.114.65:39509): Illegal state: must be running to vote when last-logged opid is not known
I20260710 13:24:46.814711 22310 raft_consensus.cc:493] T fbbb7b56889e4c5eac4a3f77e24c8272 P 8b32f18fd5ae44068f003ed883dc3de0 [term 0 FOLLOWER]: Starting pre-election (no leader contacted us within the election timeout)
I20260710 13:24:46.815141 22310 raft_consensus.cc:515] T fbbb7b56889e4c5eac4a3f77e24c8272 P 8b32f18fd5ae44068f003ed883dc3de0 [term 0 FOLLOWER]: Starting pre-election with config: opid_index: -1 OBSOLETE_local: false peers { permanent_uuid: "82a1c707abca479cafab9028577a04c1" member_type: VOTER last_known_addr { host: "127.21.114.65" port: 39509 } } peers { permanent_uuid: "8b32f18fd5ae44068f003ed883dc3de0" member_type: VOTER last_known_addr { host: "127.21.114.66" port: 34671 } } peers { permanent_uuid: "1cc715b8dd4a4137a6ff26bc8ab1ad8a" member_type: VOTER last_known_addr { host: "127.21.114.67" port: 41043 } }
I20260710 13:24:46.811532 22170 tablet_service.cc:1917] Received RequestConsensusVote() RPC: tablet_id: "bd9e30678d26475ebef0bde9872eecf5" candidate_uuid: "1cc715b8dd4a4137a6ff26bc8ab1ad8a" candidate_term: 1 candidate_status { last_received { term: 0 index: 0 } } ignore_live_leader: false dest_uuid: "8b32f18fd5ae44068f003ed883dc3de0" is_pre_election: true
I20260710 13:24:46.816108 22170 raft_consensus.cc:2468] T bd9e30678d26475ebef0bde9872eecf5 P 8b32f18fd5ae44068f003ed883dc3de0 [term 0 FOLLOWER]: Leader pre-election vote request: Granting yes vote for candidate 1cc715b8dd4a4137a6ff26bc8ab1ad8a in term 0.
I20260710 13:24:46.817377 22310 leader_election.cc:290] T fbbb7b56889e4c5eac4a3f77e24c8272 P 8b32f18fd5ae44068f003ed883dc3de0 [CANDIDATE]: Term 1 pre-election: Requested pre-vote from peers 82a1c707abca479cafab9028577a04c1 (127.21.114.65:39509), 1cc715b8dd4a4137a6ff26bc8ab1ad8a (127.21.114.67:41043)
I20260710 13:24:46.817346 22209 leader_election.cc:304] T bd9e30678d26475ebef0bde9872eecf5 P 1cc715b8dd4a4137a6ff26bc8ab1ad8a [CANDIDATE]: Term 1 pre-election: Election decided. Result: candidate won. Election summary: received 3 responses out of 3 voters: 2 yes votes; 1 no votes. yes voters: 1cc715b8dd4a4137a6ff26bc8ab1ad8a, 8b32f18fd5ae44068f003ed883dc3de0; no voters: 82a1c707abca479cafab9028577a04c1
I20260710 13:24:46.818213 22295 raft_consensus.cc:2804] T bd9e30678d26475ebef0bde9872eecf5 P 1cc715b8dd4a4137a6ff26bc8ab1ad8a [term 0 FOLLOWER]: Leader pre-election won for term 1
I20260710 13:24:46.818507 22295 raft_consensus.cc:493] T bd9e30678d26475ebef0bde9872eecf5 P 1cc715b8dd4a4137a6ff26bc8ab1ad8a [term 0 FOLLOWER]: Starting leader election (no leader contacted us within the election timeout)
I20260710 13:24:46.818809 22295 raft_consensus.cc:3060] T bd9e30678d26475ebef0bde9872eecf5 P 1cc715b8dd4a4137a6ff26bc8ab1ad8a [term 0 FOLLOWER]: Advancing to term 1
I20260710 13:24:46.819628 22096 tablet_service.cc:1917] Received RequestConsensusVote() RPC: tablet_id: "fbbb7b56889e4c5eac4a3f77e24c8272" candidate_uuid: "8b32f18fd5ae44068f003ed883dc3de0" candidate_term: 1 candidate_status { last_received { term: 0 index: 0 } } ignore_live_leader: false dest_uuid: "82a1c707abca479cafab9028577a04c1" is_pre_election: true
I20260710 13:24:46.820351 22096 raft_consensus.cc:2468] T fbbb7b56889e4c5eac4a3f77e24c8272 P 82a1c707abca479cafab9028577a04c1 [term 0 FOLLOWER]: Leader pre-election vote request: Granting yes vote for candidate 8b32f18fd5ae44068f003ed883dc3de0 in term 0.
I20260710 13:24:46.819658 22245 tablet_service.cc:1917] Received RequestConsensusVote() RPC: tablet_id: "fbbb7b56889e4c5eac4a3f77e24c8272" candidate_uuid: "8b32f18fd5ae44068f003ed883dc3de0" candidate_term: 1 candidate_status { last_received { term: 0 index: 0 } } ignore_live_leader: false dest_uuid: "1cc715b8dd4a4137a6ff26bc8ab1ad8a" is_pre_election: true
I20260710 13:24:46.821455 22245 raft_consensus.cc:2468] T fbbb7b56889e4c5eac4a3f77e24c8272 P 1cc715b8dd4a4137a6ff26bc8ab1ad8a [term 0 FOLLOWER]: Leader pre-election vote request: Granting yes vote for candidate 8b32f18fd5ae44068f003ed883dc3de0 in term 0.
I20260710 13:24:46.822321 22134 leader_election.cc:304] T fbbb7b56889e4c5eac4a3f77e24c8272 P 8b32f18fd5ae44068f003ed883dc3de0 [CANDIDATE]: Term 1 pre-election: Election decided. Result: candidate won. Election summary: received 2 responses out of 3 voters: 2 yes votes; 0 no votes. yes voters: 82a1c707abca479cafab9028577a04c1, 8b32f18fd5ae44068f003ed883dc3de0; no voters: 
I20260710 13:24:46.823546 22310 raft_consensus.cc:2804] T fbbb7b56889e4c5eac4a3f77e24c8272 P 8b32f18fd5ae44068f003ed883dc3de0 [term 0 FOLLOWER]: Leader pre-election won for term 1
I20260710 13:24:46.823921 22310 raft_consensus.cc:493] T fbbb7b56889e4c5eac4a3f77e24c8272 P 8b32f18fd5ae44068f003ed883dc3de0 [term 0 FOLLOWER]: Starting leader election (no leader contacted us within the election timeout)
I20260710 13:24:46.824339 22310 raft_consensus.cc:3060] T fbbb7b56889e4c5eac4a3f77e24c8272 P 8b32f18fd5ae44068f003ed883dc3de0 [term 0 FOLLOWER]: Advancing to term 1
I20260710 13:24:46.825026 22295 raft_consensus.cc:515] T bd9e30678d26475ebef0bde9872eecf5 P 1cc715b8dd4a4137a6ff26bc8ab1ad8a [term 1 FOLLOWER]: Starting leader election with config: opid_index: -1 OBSOLETE_local: false peers { permanent_uuid: "8b32f18fd5ae44068f003ed883dc3de0" member_type: VOTER last_known_addr { host: "127.21.114.66" port: 34671 } } peers { permanent_uuid: "1cc715b8dd4a4137a6ff26bc8ab1ad8a" member_type: VOTER last_known_addr { host: "127.21.114.67" port: 41043 } } peers { permanent_uuid: "82a1c707abca479cafab9028577a04c1" member_type: VOTER last_known_addr { host: "127.21.114.65" port: 39509 } }
I20260710 13:24:46.827024 22295 leader_election.cc:290] T bd9e30678d26475ebef0bde9872eecf5 P 1cc715b8dd4a4137a6ff26bc8ab1ad8a [CANDIDATE]: Term 1 election: Requested vote from peers 8b32f18fd5ae44068f003ed883dc3de0 (127.21.114.66:34671), 82a1c707abca479cafab9028577a04c1 (127.21.114.65:39509)
I20260710 13:24:46.828825 22170 tablet_service.cc:1917] Received RequestConsensusVote() RPC: tablet_id: "bd9e30678d26475ebef0bde9872eecf5" candidate_uuid: "1cc715b8dd4a4137a6ff26bc8ab1ad8a" candidate_term: 1 candidate_status { last_received { term: 0 index: 0 } } ignore_live_leader: false dest_uuid: "8b32f18fd5ae44068f003ed883dc3de0"
I20260710 13:24:46.829265 22289 tablet_bootstrap.cc:492] T bd9e30678d26475ebef0bde9872eecf5 P 82a1c707abca479cafab9028577a04c1: No bootstrap required, opened a new log
I20260710 13:24:46.829408 22170 raft_consensus.cc:3060] T bd9e30678d26475ebef0bde9872eecf5 P 8b32f18fd5ae44068f003ed883dc3de0 [term 0 FOLLOWER]: Advancing to term 1
I20260710 13:24:46.829696 22289 ts_tablet_manager.cc:1403] T bd9e30678d26475ebef0bde9872eecf5 P 82a1c707abca479cafab9028577a04c1: Time spent bootstrapping tablet: real 0.035s	user 0.012s	sys 0.005s
I20260710 13:24:46.831656 22289 raft_consensus.cc:359] T bd9e30678d26475ebef0bde9872eecf5 P 82a1c707abca479cafab9028577a04c1 [term 0 FOLLOWER]: Replica starting. Triggering 0 pending ops. Active config: opid_index: -1 OBSOLETE_local: false peers { permanent_uuid: "8b32f18fd5ae44068f003ed883dc3de0" member_type: VOTER last_known_addr { host: "127.21.114.66" port: 34671 } } peers { permanent_uuid: "1cc715b8dd4a4137a6ff26bc8ab1ad8a" member_type: VOTER last_known_addr { host: "127.21.114.67" port: 41043 } } peers { permanent_uuid: "82a1c707abca479cafab9028577a04c1" member_type: VOTER last_known_addr { host: "127.21.114.65" port: 39509 } }
I20260710 13:24:46.832118 22289 raft_consensus.cc:385] T bd9e30678d26475ebef0bde9872eecf5 P 82a1c707abca479cafab9028577a04c1 [term 0 FOLLOWER]: Consensus starting up: Expiring failure detector timer to make a prompt election more likely
I20260710 13:24:46.832340 22289 raft_consensus.cc:740] T bd9e30678d26475ebef0bde9872eecf5 P 82a1c707abca479cafab9028577a04c1 [term 0 FOLLOWER]: Becoming Follower/Learner. State: Replica: 82a1c707abca479cafab9028577a04c1, State: Initialized, Role: FOLLOWER
I20260710 13:24:46.832424 22096 tablet_service.cc:1917] Received RequestConsensusVote() RPC: tablet_id: "bd9e30678d26475ebef0bde9872eecf5" candidate_uuid: "1cc715b8dd4a4137a6ff26bc8ab1ad8a" candidate_term: 1 candidate_status { last_received { term: 0 index: 0 } } ignore_live_leader: false dest_uuid: "82a1c707abca479cafab9028577a04c1"
I20260710 13:24:46.832998 22289 consensus_queue.cc:260] T bd9e30678d26475ebef0bde9872eecf5 P 82a1c707abca479cafab9028577a04c1 [NON_LEADER]: Queue going to NON_LEADER mode. State: All replicated index: 0, Majority replicated index: 0, Committed index: 0, Last appended: 0.0, Last appended by leader: 0, Current term: 0, Majority size: -1, State: 0, Mode: NON_LEADER, active raft config: opid_index: -1 OBSOLETE_local: false peers { permanent_uuid: "8b32f18fd5ae44068f003ed883dc3de0" member_type: VOTER last_known_addr { host: "127.21.114.66" port: 34671 } } peers { permanent_uuid: "1cc715b8dd4a4137a6ff26bc8ab1ad8a" member_type: VOTER last_known_addr { host: "127.21.114.67" port: 41043 } } peers { permanent_uuid: "82a1c707abca479cafab9028577a04c1" member_type: VOTER last_known_addr { host: "127.21.114.65" port: 39509 } }
I20260710 13:24:46.833784 22096 raft_consensus.cc:3060] T bd9e30678d26475ebef0bde9872eecf5 P 82a1c707abca479cafab9028577a04c1 [term 0 FOLLOWER]: Advancing to term 1
I20260710 13:24:46.835191 22289 ts_tablet_manager.cc:1434] T bd9e30678d26475ebef0bde9872eecf5 P 82a1c707abca479cafab9028577a04c1: Time spent starting tablet: real 0.005s	user 0.005s	sys 0.000s
I20260710 13:24:46.836036 22289 tablet_bootstrap.cc:492] T 38caf9bcb93f4fe780062ffebe11f6e1 P 82a1c707abca479cafab9028577a04c1: Bootstrap starting.
I20260710 13:24:46.837158 22170 raft_consensus.cc:2468] T bd9e30678d26475ebef0bde9872eecf5 P 8b32f18fd5ae44068f003ed883dc3de0 [term 1 FOLLOWER]: Leader election vote request: Granting yes vote for candidate 1cc715b8dd4a4137a6ff26bc8ab1ad8a in term 1.
I20260710 13:24:46.838387 22209 leader_election.cc:304] T bd9e30678d26475ebef0bde9872eecf5 P 1cc715b8dd4a4137a6ff26bc8ab1ad8a [CANDIDATE]: Term 1 election: Election decided. Result: candidate won. Election summary: received 2 responses out of 3 voters: 2 yes votes; 0 no votes. yes voters: 1cc715b8dd4a4137a6ff26bc8ab1ad8a, 8b32f18fd5ae44068f003ed883dc3de0; no voters: 
I20260710 13:24:46.839176 22295 raft_consensus.cc:2804] T bd9e30678d26475ebef0bde9872eecf5 P 1cc715b8dd4a4137a6ff26bc8ab1ad8a [term 1 FOLLOWER]: Leader election won for term 1
I20260710 13:24:46.839651 22295 raft_consensus.cc:697] T bd9e30678d26475ebef0bde9872eecf5 P 1cc715b8dd4a4137a6ff26bc8ab1ad8a [term 1 LEADER]: Becoming Leader. State: Replica: 1cc715b8dd4a4137a6ff26bc8ab1ad8a, State: Running, Role: LEADER
I20260710 13:24:46.841964 22096 raft_consensus.cc:2468] T bd9e30678d26475ebef0bde9872eecf5 P 82a1c707abca479cafab9028577a04c1 [term 1 FOLLOWER]: Leader election vote request: Granting yes vote for candidate 1cc715b8dd4a4137a6ff26bc8ab1ad8a in term 1.
I20260710 13:24:46.840432 22295 consensus_queue.cc:237] T bd9e30678d26475ebef0bde9872eecf5 P 1cc715b8dd4a4137a6ff26bc8ab1ad8a [LEADER]: Queue going to LEADER mode. State: All replicated index: 0, Majority replicated index: 0, Committed index: 0, Last appended: 0.0, Last appended by leader: 0, Current term: 1, Majority size: 2, State: 0, Mode: LEADER, active raft config: opid_index: -1 OBSOLETE_local: false peers { permanent_uuid: "8b32f18fd5ae44068f003ed883dc3de0" member_type: VOTER last_known_addr { host: "127.21.114.66" port: 34671 } } peers { permanent_uuid: "1cc715b8dd4a4137a6ff26bc8ab1ad8a" member_type: VOTER last_known_addr { host: "127.21.114.67" port: 41043 } } peers { permanent_uuid: "82a1c707abca479cafab9028577a04c1" member_type: VOTER last_known_addr { host: "127.21.114.65" port: 39509 } }
I20260710 13:24:46.843725 22310 raft_consensus.cc:515] T fbbb7b56889e4c5eac4a3f77e24c8272 P 8b32f18fd5ae44068f003ed883dc3de0 [term 1 FOLLOWER]: Starting leader election with config: opid_index: -1 OBSOLETE_local: false peers { permanent_uuid: "82a1c707abca479cafab9028577a04c1" member_type: VOTER last_known_addr { host: "127.21.114.65" port: 39509 } } peers { permanent_uuid: "8b32f18fd5ae44068f003ed883dc3de0" member_type: VOTER last_known_addr { host: "127.21.114.66" port: 34671 } } peers { permanent_uuid: "1cc715b8dd4a4137a6ff26bc8ab1ad8a" member_type: VOTER last_known_addr { host: "127.21.114.67" port: 41043 } }
I20260710 13:24:46.793629 22288 consensus_queue.cc:260] T 4f19d31e388a4fd590431f3525e9b604 P 8b32f18fd5ae44068f003ed883dc3de0 [NON_LEADER]: Queue going to NON_LEADER mode. State: All replicated index: 0, Majority replicated index: 0, Committed index: 0, Last appended: 0.0, Last appended by leader: 0, Current term: 0, Majority size: -1, State: 0, Mode: NON_LEADER, active raft config: opid_index: -1 OBSOLETE_local: false peers { permanent_uuid: "82a1c707abca479cafab9028577a04c1" member_type: VOTER last_known_addr { host: "127.21.114.65" port: 39509 } } peers { permanent_uuid: "8b32f18fd5ae44068f003ed883dc3de0" member_type: VOTER last_known_addr { host: "127.21.114.66" port: 34671 } } peers { permanent_uuid: "1cc715b8dd4a4137a6ff26bc8ab1ad8a" member_type: VOTER last_known_addr { host: "127.21.114.67" port: 41043 } }
I20260710 13:24:46.809979 22294 raft_consensus.cc:515] T 0f4258fdba844d3db85d3ee5c346228d P 8b32f18fd5ae44068f003ed883dc3de0 [term 1 FOLLOWER]: Starting leader election with config: opid_index: -1 OBSOLETE_local: false peers { permanent_uuid: "82a1c707abca479cafab9028577a04c1" member_type: VOTER last_known_addr { host: "127.21.114.65" port: 39509 } } peers { permanent_uuid: "8b32f18fd5ae44068f003ed883dc3de0" member_type: VOTER last_known_addr { host: "127.21.114.66" port: 34671 } } peers { permanent_uuid: "1cc715b8dd4a4137a6ff26bc8ab1ad8a" member_type: VOTER last_known_addr { host: "127.21.114.67" port: 41043 } }
I20260710 13:24:46.848016 22289 tablet_bootstrap.cc:654] T 38caf9bcb93f4fe780062ffebe11f6e1 P 82a1c707abca479cafab9028577a04c1: Neither blocks nor log segments found. Creating new log.
I20260710 13:24:46.849439 22095 tablet_service.cc:1917] Received RequestConsensusVote() RPC: tablet_id: "0f4258fdba844d3db85d3ee5c346228d" candidate_uuid: "8b32f18fd5ae44068f003ed883dc3de0" candidate_term: 1 candidate_status { last_received { term: 0 index: 0 } } ignore_live_leader: false dest_uuid: "82a1c707abca479cafab9028577a04c1"
I20260710 13:24:46.850315 22095 raft_consensus.cc:3060] T 0f4258fdba844d3db85d3ee5c346228d P 82a1c707abca479cafab9028577a04c1 [term 0 FOLLOWER]: Advancing to term 1
I20260710 13:24:46.856046 22096 tablet_service.cc:1917] Received RequestConsensusVote() RPC: tablet_id: "fbbb7b56889e4c5eac4a3f77e24c8272" candidate_uuid: "8b32f18fd5ae44068f003ed883dc3de0" candidate_term: 1 candidate_status { last_received { term: 0 index: 0 } } ignore_live_leader: false dest_uuid: "82a1c707abca479cafab9028577a04c1"
I20260710 13:24:46.856590 22096 raft_consensus.cc:3060] T fbbb7b56889e4c5eac4a3f77e24c8272 P 82a1c707abca479cafab9028577a04c1 [term 0 FOLLOWER]: Advancing to term 1
I20260710 13:24:46.862916 22096 raft_consensus.cc:2468] T fbbb7b56889e4c5eac4a3f77e24c8272 P 82a1c707abca479cafab9028577a04c1 [term 1 FOLLOWER]: Leader election vote request: Granting yes vote for candidate 8b32f18fd5ae44068f003ed883dc3de0 in term 1.
I20260710 13:24:46.863966 22134 leader_election.cc:304] T fbbb7b56889e4c5eac4a3f77e24c8272 P 8b32f18fd5ae44068f003ed883dc3de0 [CANDIDATE]: Term 1 election: Election decided. Result: candidate won. Election summary: received 2 responses out of 3 voters: 2 yes votes; 0 no votes. yes voters: 82a1c707abca479cafab9028577a04c1, 8b32f18fd5ae44068f003ed883dc3de0; no voters: 
I20260710 13:24:46.872761 22288 ts_tablet_manager.cc:1434] T 4f19d31e388a4fd590431f3525e9b604 P 8b32f18fd5ae44068f003ed883dc3de0: Time spent starting tablet: real 0.084s	user 0.006s	sys 0.007s
I20260710 13:24:46.873517 22288 tablet_bootstrap.cc:492] T 47f323b39aa44188b2175ff697978258 P 8b32f18fd5ae44068f003ed883dc3de0: Bootstrap starting.
I20260710 13:24:46.870909 22095 raft_consensus.cc:2468] T 0f4258fdba844d3db85d3ee5c346228d P 82a1c707abca479cafab9028577a04c1 [term 1 FOLLOWER]: Leader election vote request: Granting yes vote for candidate 8b32f18fd5ae44068f003ed883dc3de0 in term 1.
I20260710 13:24:46.875114 22134 leader_election.cc:304] T 0f4258fdba844d3db85d3ee5c346228d P 8b32f18fd5ae44068f003ed883dc3de0 [CANDIDATE]: Term 1 election: Election decided. Result: candidate won. Election summary: received 2 responses out of 3 voters: 2 yes votes; 0 no votes. yes voters: 82a1c707abca479cafab9028577a04c1, 8b32f18fd5ae44068f003ed883dc3de0; no voters: 
I20260710 13:24:46.881524 22294 leader_election.cc:290] T 0f4258fdba844d3db85d3ee5c346228d P 8b32f18fd5ae44068f003ed883dc3de0 [CANDIDATE]: Term 1 election: Requested vote from peers 82a1c707abca479cafab9028577a04c1 (127.21.114.65:39509), 1cc715b8dd4a4137a6ff26bc8ab1ad8a (127.21.114.67:41043)
I20260710 13:24:46.887190 22341 raft_consensus.cc:2804] T 0f4258fdba844d3db85d3ee5c346228d P 8b32f18fd5ae44068f003ed883dc3de0 [term 1 FOLLOWER]: Leader election won for term 1
I20260710 13:24:46.888819 22341 raft_consensus.cc:697] T 0f4258fdba844d3db85d3ee5c346228d P 8b32f18fd5ae44068f003ed883dc3de0 [term 1 LEADER]: Becoming Leader. State: Replica: 8b32f18fd5ae44068f003ed883dc3de0, State: Running, Role: LEADER
I20260710 13:24:46.888492 21990 catalog_manager.cc:5697] T bd9e30678d26475ebef0bde9872eecf5 P 1cc715b8dd4a4137a6ff26bc8ab1ad8a reported cstate change: term changed from 0 to 1, leader changed from <none> to 1cc715b8dd4a4137a6ff26bc8ab1ad8a (127.21.114.67). New cstate: current_term: 1 leader_uuid: "1cc715b8dd4a4137a6ff26bc8ab1ad8a" committed_config { opid_index: -1 OBSOLETE_local: false peers { permanent_uuid: "8b32f18fd5ae44068f003ed883dc3de0" member_type: VOTER last_known_addr { host: "127.21.114.66" port: 34671 } health_report { overall_health: UNKNOWN } } peers { permanent_uuid: "1cc715b8dd4a4137a6ff26bc8ab1ad8a" member_type: VOTER last_known_addr { host: "127.21.114.67" port: 41043 } health_report { overall_health: HEALTHY } } peers { permanent_uuid: "82a1c707abca479cafab9028577a04c1" member_type: VOTER last_known_addr { host: "127.21.114.65" port: 39509 } health_report { overall_health: UNKNOWN } } }
I20260710 13:24:46.890848 22340 raft_consensus.cc:2804] T fbbb7b56889e4c5eac4a3f77e24c8272 P 8b32f18fd5ae44068f003ed883dc3de0 [term 1 FOLLOWER]: Leader election won for term 1
I20260710 13:24:46.891476 22340 raft_consensus.cc:697] T fbbb7b56889e4c5eac4a3f77e24c8272 P 8b32f18fd5ae44068f003ed883dc3de0 [term 1 LEADER]: Becoming Leader. State: Replica: 8b32f18fd5ae44068f003ed883dc3de0, State: Running, Role: LEADER
I20260710 13:24:46.902755 22310 leader_election.cc:290] T fbbb7b56889e4c5eac4a3f77e24c8272 P 8b32f18fd5ae44068f003ed883dc3de0 [CANDIDATE]: Term 1 election: Requested vote from peers 82a1c707abca479cafab9028577a04c1 (127.21.114.65:39509), 1cc715b8dd4a4137a6ff26bc8ab1ad8a (127.21.114.67:41043)
W20260710 13:24:46.903620 22040 auto_rebalancer.cc:288] Could not retrieve cluster info: Service unavailable: Tablet not running
I20260710 13:24:46.913192 22297 raft_consensus.cc:493] T 47f323b39aa44188b2175ff697978258 P 82a1c707abca479cafab9028577a04c1 [term 0 FOLLOWER]: Starting pre-election (no leader contacted us within the election timeout)
I20260710 13:24:46.913712 22297 raft_consensus.cc:515] T 47f323b39aa44188b2175ff697978258 P 82a1c707abca479cafab9028577a04c1 [term 0 FOLLOWER]: Starting pre-election with config: opid_index: -1 OBSOLETE_local: false peers { permanent_uuid: "82a1c707abca479cafab9028577a04c1" member_type: VOTER last_known_addr { host: "127.21.114.65" port: 39509 } } peers { permanent_uuid: "8b32f18fd5ae44068f003ed883dc3de0" member_type: VOTER last_known_addr { host: "127.21.114.66" port: 34671 } } peers { permanent_uuid: "1cc715b8dd4a4137a6ff26bc8ab1ad8a" member_type: VOTER last_known_addr { host: "127.21.114.67" port: 41043 } }
I20260710 13:24:46.889756 22341 consensus_queue.cc:237] T 0f4258fdba844d3db85d3ee5c346228d P 8b32f18fd5ae44068f003ed883dc3de0 [LEADER]: Queue going to LEADER mode. State: All replicated index: 0, Majority replicated index: 0, Committed index: 0, Last appended: 0.0, Last appended by leader: 0, Current term: 1, Majority size: 2, State: 0, Mode: LEADER, active raft config: opid_index: -1 OBSOLETE_local: false peers { permanent_uuid: "82a1c707abca479cafab9028577a04c1" member_type: VOTER last_known_addr { host: "127.21.114.65" port: 39509 } } peers { permanent_uuid: "8b32f18fd5ae44068f003ed883dc3de0" member_type: VOTER last_known_addr { host: "127.21.114.66" port: 34671 } } peers { permanent_uuid: "1cc715b8dd4a4137a6ff26bc8ab1ad8a" member_type: VOTER last_known_addr { host: "127.21.114.67" port: 41043 } }
I20260710 13:24:46.916872 22297 leader_election.cc:290] T 47f323b39aa44188b2175ff697978258 P 82a1c707abca479cafab9028577a04c1 [CANDIDATE]: Term 1 pre-election: Requested pre-vote from peers 8b32f18fd5ae44068f003ed883dc3de0 (127.21.114.66:34671), 1cc715b8dd4a4137a6ff26bc8ab1ad8a (127.21.114.67:41043)
I20260710 13:24:46.918988 22245 tablet_service.cc:1917] Received RequestConsensusVote() RPC: tablet_id: "47f323b39aa44188b2175ff697978258" candidate_uuid: "82a1c707abca479cafab9028577a04c1" candidate_term: 1 candidate_status { last_received { term: 0 index: 0 } } ignore_live_leader: false dest_uuid: "1cc715b8dd4a4137a6ff26bc8ab1ad8a" is_pre_election: true
I20260710 13:24:46.919687 22245 raft_consensus.cc:2468] T 47f323b39aa44188b2175ff697978258 P 1cc715b8dd4a4137a6ff26bc8ab1ad8a [term 0 FOLLOWER]: Leader pre-election vote request: Granting yes vote for candidate 82a1c707abca479cafab9028577a04c1 in term 0.
I20260710 13:24:46.908072 22340 consensus_queue.cc:237] T fbbb7b56889e4c5eac4a3f77e24c8272 P 8b32f18fd5ae44068f003ed883dc3de0 [LEADER]: Queue going to LEADER mode. State: All replicated index: 0, Majority replicated index: 0, Committed index: 0, Last appended: 0.0, Last appended by leader: 0, Current term: 1, Majority size: 2, State: 0, Mode: LEADER, active raft config: opid_index: -1 OBSOLETE_local: false peers { permanent_uuid: "82a1c707abca479cafab9028577a04c1" member_type: VOTER last_known_addr { host: "127.21.114.65" port: 39509 } } peers { permanent_uuid: "8b32f18fd5ae44068f003ed883dc3de0" member_type: VOTER last_known_addr { host: "127.21.114.66" port: 34671 } } peers { permanent_uuid: "1cc715b8dd4a4137a6ff26bc8ab1ad8a" member_type: VOTER last_known_addr { host: "127.21.114.67" port: 41043 } }
I20260710 13:24:46.920657 22297 raft_consensus.cc:493] T d8c25512a2bb471abe4a21f7d7a277a2 P 82a1c707abca479cafab9028577a04c1 [term 0 FOLLOWER]: Starting pre-election (no leader contacted us within the election timeout)
I20260710 13:24:46.907498 22288 tablet_bootstrap.cc:654] T 47f323b39aa44188b2175ff697978258 P 8b32f18fd5ae44068f003ed883dc3de0: Neither blocks nor log segments found. Creating new log.
I20260710 13:24:46.921103 22297 raft_consensus.cc:515] T d8c25512a2bb471abe4a21f7d7a277a2 P 82a1c707abca479cafab9028577a04c1 [term 0 FOLLOWER]: Starting pre-election with config: opid_index: -1 OBSOLETE_local: false peers { permanent_uuid: "82a1c707abca479cafab9028577a04c1" member_type: VOTER last_known_addr { host: "127.21.114.65" port: 39509 } } peers { permanent_uuid: "8b32f18fd5ae44068f003ed883dc3de0" member_type: VOTER last_known_addr { host: "127.21.114.66" port: 34671 } } peers { permanent_uuid: "1cc715b8dd4a4137a6ff26bc8ab1ad8a" member_type: VOTER last_known_addr { host: "127.21.114.67" port: 41043 } }
I20260710 13:24:46.922938 22059 leader_election.cc:304] T 47f323b39aa44188b2175ff697978258 P 82a1c707abca479cafab9028577a04c1 [CANDIDATE]: Term 1 pre-election: Election decided. Result: candidate won. Election summary: received 2 responses out of 3 voters: 2 yes votes; 0 no votes. yes voters: 1cc715b8dd4a4137a6ff26bc8ab1ad8a, 82a1c707abca479cafab9028577a04c1; no voters: 
I20260710 13:24:46.924069 22330 raft_consensus.cc:2804] T 47f323b39aa44188b2175ff697978258 P 82a1c707abca479cafab9028577a04c1 [term 0 FOLLOWER]: Leader pre-election won for term 1
I20260710 13:24:46.924546 22330 raft_consensus.cc:493] T 47f323b39aa44188b2175ff697978258 P 82a1c707abca479cafab9028577a04c1 [term 0 FOLLOWER]: Starting leader election (no leader contacted us within the election timeout)
I20260710 13:24:46.924757 22297 leader_election.cc:290] T d8c25512a2bb471abe4a21f7d7a277a2 P 82a1c707abca479cafab9028577a04c1 [CANDIDATE]: Term 1 pre-election: Requested pre-vote from peers 8b32f18fd5ae44068f003ed883dc3de0 (127.21.114.66:34671), 1cc715b8dd4a4137a6ff26bc8ab1ad8a (127.21.114.67:41043)
I20260710 13:24:46.925014 22330 raft_consensus.cc:3060] T 47f323b39aa44188b2175ff697978258 P 82a1c707abca479cafab9028577a04c1 [term 0 FOLLOWER]: Advancing to term 1
I20260710 13:24:46.927812 22245 tablet_service.cc:1917] Received RequestConsensusVote() RPC: tablet_id: "d8c25512a2bb471abe4a21f7d7a277a2" candidate_uuid: "82a1c707abca479cafab9028577a04c1" candidate_term: 1 candidate_status { last_received { term: 0 index: 0 } } ignore_live_leader: false dest_uuid: "1cc715b8dd4a4137a6ff26bc8ab1ad8a" is_pre_election: true
W20260710 13:24:46.934121 22134 outbound_call.cc:321] RPC callback for RPC call kudu.consensus.ConsensusService.RequestConsensusVote -> {remote=127.21.114.65:39509, user_credentials={real_user=slave}} blocked reactor thread for 59097.3us
I20260710 13:24:46.938426 22245 tablet_service.cc:1917] Received RequestConsensusVote() RPC: tablet_id: "0f4258fdba844d3db85d3ee5c346228d" candidate_uuid: "8b32f18fd5ae44068f003ed883dc3de0" candidate_term: 1 candidate_status { last_received { term: 0 index: 0 } } ignore_live_leader: false dest_uuid: "1cc715b8dd4a4137a6ff26bc8ab1ad8a"
I20260710 13:24:46.939090 22245 raft_consensus.cc:3060] T 0f4258fdba844d3db85d3ee5c346228d P 1cc715b8dd4a4137a6ff26bc8ab1ad8a [term 0 FOLLOWER]: Advancing to term 1
I20260710 13:24:46.942780 22330 raft_consensus.cc:515] T 47f323b39aa44188b2175ff697978258 P 82a1c707abca479cafab9028577a04c1 [term 1 FOLLOWER]: Starting leader election with config: opid_index: -1 OBSOLETE_local: false peers { permanent_uuid: "82a1c707abca479cafab9028577a04c1" member_type: VOTER last_known_addr { host: "127.21.114.65" port: 39509 } } peers { permanent_uuid: "8b32f18fd5ae44068f003ed883dc3de0" member_type: VOTER last_known_addr { host: "127.21.114.66" port: 34671 } } peers { permanent_uuid: "1cc715b8dd4a4137a6ff26bc8ab1ad8a" member_type: VOTER last_known_addr { host: "127.21.114.67" port: 41043 } }
I20260710 13:24:46.943984 22244 tablet_service.cc:1917] Received RequestConsensusVote() RPC: tablet_id: "fbbb7b56889e4c5eac4a3f77e24c8272" candidate_uuid: "8b32f18fd5ae44068f003ed883dc3de0" candidate_term: 1 candidate_status { last_received { term: 0 index: 0 } } ignore_live_leader: false dest_uuid: "1cc715b8dd4a4137a6ff26bc8ab1ad8a"
I20260710 13:24:46.944623 22244 raft_consensus.cc:3060] T fbbb7b56889e4c5eac4a3f77e24c8272 P 1cc715b8dd4a4137a6ff26bc8ab1ad8a [term 0 FOLLOWER]: Advancing to term 1
I20260710 13:24:46.946219 22289 tablet_bootstrap.cc:492] T 38caf9bcb93f4fe780062ffebe11f6e1 P 82a1c707abca479cafab9028577a04c1: No bootstrap required, opened a new log
I20260710 13:24:46.946717 22289 ts_tablet_manager.cc:1403] T 38caf9bcb93f4fe780062ffebe11f6e1 P 82a1c707abca479cafab9028577a04c1: Time spent bootstrapping tablet: real 0.111s	user 0.015s	sys 0.001s
I20260710 13:24:46.950379 22330 leader_election.cc:290] T 47f323b39aa44188b2175ff697978258 P 82a1c707abca479cafab9028577a04c1 [CANDIDATE]: Term 1 election: Requested vote from peers 8b32f18fd5ae44068f003ed883dc3de0 (127.21.114.66:34671), 1cc715b8dd4a4137a6ff26bc8ab1ad8a (127.21.114.67:41043)
I20260710 13:24:46.950687 22243 tablet_service.cc:1917] Received RequestConsensusVote() RPC: tablet_id: "47f323b39aa44188b2175ff697978258" candidate_uuid: "82a1c707abca479cafab9028577a04c1" candidate_term: 1 candidate_status { last_received { term: 0 index: 0 } } ignore_live_leader: false dest_uuid: "1cc715b8dd4a4137a6ff26bc8ab1ad8a"
I20260710 13:24:46.951627 22243 raft_consensus.cc:3060] T 47f323b39aa44188b2175ff697978258 P 1cc715b8dd4a4137a6ff26bc8ab1ad8a [term 0 FOLLOWER]: Advancing to term 1
I20260710 13:24:46.953413 22289 raft_consensus.cc:359] T 38caf9bcb93f4fe780062ffebe11f6e1 P 82a1c707abca479cafab9028577a04c1 [term 0 FOLLOWER]: Replica starting. Triggering 0 pending ops. Active config: opid_index: -1 OBSOLETE_local: false peers { permanent_uuid: "82a1c707abca479cafab9028577a04c1" member_type: VOTER last_known_addr { host: "127.21.114.65" port: 39509 } } peers { permanent_uuid: "8b32f18fd5ae44068f003ed883dc3de0" member_type: VOTER last_known_addr { host: "127.21.114.66" port: 34671 } } peers { permanent_uuid: "1cc715b8dd4a4137a6ff26bc8ab1ad8a" member_type: VOTER last_known_addr { host: "127.21.114.67" port: 41043 } }
I20260710 13:24:46.954303 22289 raft_consensus.cc:385] T 38caf9bcb93f4fe780062ffebe11f6e1 P 82a1c707abca479cafab9028577a04c1 [term 0 FOLLOWER]: Consensus starting up: Expiring failure detector timer to make a prompt election more likely
I20260710 13:24:46.956271 22289 raft_consensus.cc:740] T 38caf9bcb93f4fe780062ffebe11f6e1 P 82a1c707abca479cafab9028577a04c1 [term 0 FOLLOWER]: Becoming Follower/Learner. State: Replica: 82a1c707abca479cafab9028577a04c1, State: Initialized, Role: FOLLOWER
I20260710 13:24:46.957013 22289 consensus_queue.cc:260] T 38caf9bcb93f4fe780062ffebe11f6e1 P 82a1c707abca479cafab9028577a04c1 [NON_LEADER]: Queue going to NON_LEADER mode. State: All replicated index: 0, Majority replicated index: 0, Committed index: 0, Last appended: 0.0, Last appended by leader: 0, Current term: 0, Majority size: -1, State: 0, Mode: NON_LEADER, active raft config: opid_index: -1 OBSOLETE_local: false peers { permanent_uuid: "82a1c707abca479cafab9028577a04c1" member_type: VOTER last_known_addr { host: "127.21.114.65" port: 39509 } } peers { permanent_uuid: "8b32f18fd5ae44068f003ed883dc3de0" member_type: VOTER last_known_addr { host: "127.21.114.66" port: 34671 } } peers { permanent_uuid: "1cc715b8dd4a4137a6ff26bc8ab1ad8a" member_type: VOTER last_known_addr { host: "127.21.114.67" port: 41043 } }
I20260710 13:24:46.959105 21990 catalog_manager.cc:5697] T 0f4258fdba844d3db85d3ee5c346228d P 8b32f18fd5ae44068f003ed883dc3de0 reported cstate change: term changed from 0 to 1, leader changed from <none> to 8b32f18fd5ae44068f003ed883dc3de0 (127.21.114.66). New cstate: current_term: 1 leader_uuid: "8b32f18fd5ae44068f003ed883dc3de0" committed_config { opid_index: -1 OBSOLETE_local: false peers { permanent_uuid: "82a1c707abca479cafab9028577a04c1" member_type: VOTER last_known_addr { host: "127.21.114.65" port: 39509 } health_report { overall_health: UNKNOWN } } peers { permanent_uuid: "8b32f18fd5ae44068f003ed883dc3de0" member_type: VOTER last_known_addr { host: "127.21.114.66" port: 34671 } health_report { overall_health: HEALTHY } } peers { permanent_uuid: "1cc715b8dd4a4137a6ff26bc8ab1ad8a" member_type: VOTER last_known_addr { host: "127.21.114.67" port: 41043 } health_report { overall_health: UNKNOWN } } }
I20260710 13:24:46.961405 22289 ts_tablet_manager.cc:1434] T 38caf9bcb93f4fe780062ffebe11f6e1 P 82a1c707abca479cafab9028577a04c1: Time spent starting tablet: real 0.014s	user 0.009s	sys 0.000s
I20260710 13:24:46.968590 22170 tablet_service.cc:1917] Received RequestConsensusVote() RPC: tablet_id: "47f323b39aa44188b2175ff697978258" candidate_uuid: "82a1c707abca479cafab9028577a04c1" candidate_term: 1 candidate_status { last_received { term: 0 index: 0 } } ignore_live_leader: false dest_uuid: "8b32f18fd5ae44068f003ed883dc3de0" is_pre_election: true
I20260710 13:24:46.969933 22170 tablet_service.cc:1917] Received RequestConsensusVote() RPC: tablet_id: "d8c25512a2bb471abe4a21f7d7a277a2" candidate_uuid: "82a1c707abca479cafab9028577a04c1" candidate_term: 1 candidate_status { last_received { term: 0 index: 0 } } ignore_live_leader: false dest_uuid: "8b32f18fd5ae44068f003ed883dc3de0" is_pre_election: true
W20260710 13:24:46.974049 22060 leader_election.cc:343] T 47f323b39aa44188b2175ff697978258 P 82a1c707abca479cafab9028577a04c1 [CANDIDATE]: Term 1 pre-election: Tablet error from VoteRequest() call to peer 8b32f18fd5ae44068f003ed883dc3de0 (127.21.114.66:34671): Illegal state: must be running to vote when last-logged opid is not known
I20260710 13:24:46.974043 22171 tablet_service.cc:1917] Received RequestConsensusVote() RPC: tablet_id: "47f323b39aa44188b2175ff697978258" candidate_uuid: "82a1c707abca479cafab9028577a04c1" candidate_term: 1 candidate_status { last_received { term: 0 index: 0 } } ignore_live_leader: false dest_uuid: "8b32f18fd5ae44068f003ed883dc3de0"
I20260710 13:24:46.974345 22243 raft_consensus.cc:2468] T 47f323b39aa44188b2175ff697978258 P 1cc715b8dd4a4137a6ff26bc8ab1ad8a [term 1 FOLLOWER]: Leader election vote request: Granting yes vote for candidate 82a1c707abca479cafab9028577a04c1 in term 1.
I20260710 13:24:46.975906 22059 leader_election.cc:304] T 47f323b39aa44188b2175ff697978258 P 82a1c707abca479cafab9028577a04c1 [CANDIDATE]: Term 1 election: Election decided. Result: candidate won. Election summary: received 2 responses out of 3 voters: 2 yes votes; 0 no votes. yes voters: 1cc715b8dd4a4137a6ff26bc8ab1ad8a, 82a1c707abca479cafab9028577a04c1; no voters: 
I20260710 13:24:46.976599 22170 raft_consensus.cc:2393] T d8c25512a2bb471abe4a21f7d7a277a2 P 8b32f18fd5ae44068f003ed883dc3de0 [term 1 FOLLOWER]: Leader pre-election vote request: Denying vote to candidate 82a1c707abca479cafab9028577a04c1 in current term 1: Already voted for candidate 1cc715b8dd4a4137a6ff26bc8ab1ad8a in this term.
I20260710 13:24:46.976797 22330 raft_consensus.cc:2804] T 47f323b39aa44188b2175ff697978258 P 82a1c707abca479cafab9028577a04c1 [term 1 FOLLOWER]: Leader election won for term 1
I20260710 13:24:46.967003 22244 raft_consensus.cc:2468] T fbbb7b56889e4c5eac4a3f77e24c8272 P 1cc715b8dd4a4137a6ff26bc8ab1ad8a [term 1 FOLLOWER]: Leader election vote request: Granting yes vote for candidate 8b32f18fd5ae44068f003ed883dc3de0 in term 1.
I20260710 13:24:46.977365 22330 raft_consensus.cc:697] T 47f323b39aa44188b2175ff697978258 P 82a1c707abca479cafab9028577a04c1 [term 1 LEADER]: Becoming Leader. State: Replica: 82a1c707abca479cafab9028577a04c1, State: Running, Role: LEADER
W20260710 13:24:46.977804 22134 consensus_peers.cc:597] T 38caf9bcb93f4fe780062ffebe11f6e1 P 8b32f18fd5ae44068f003ed883dc3de0 -> Peer 82a1c707abca479cafab9028577a04c1 (127.21.114.65:39509): Couldn't send request to peer 82a1c707abca479cafab9028577a04c1. Error code: TABLET_NOT_RUNNING (12). Status: Illegal state: Tablet not RUNNING: BOOTSTRAPPING. This is attempt 1: this message will repeat every 5th retry.
W20260710 13:24:46.978494 22060 leader_election.cc:343] T 47f323b39aa44188b2175ff697978258 P 82a1c707abca479cafab9028577a04c1 [CANDIDATE]: Term 1 election: Tablet error from VoteRequest() call to peer 8b32f18fd5ae44068f003ed883dc3de0 (127.21.114.66:34671): Illegal state: must be running to vote when last-logged opid is not known
I20260710 13:24:46.978258 22330 consensus_queue.cc:237] T 47f323b39aa44188b2175ff697978258 P 82a1c707abca479cafab9028577a04c1 [LEADER]: Queue going to LEADER mode. State: All replicated index: 0, Majority replicated index: 0, Committed index: 0, Last appended: 0.0, Last appended by leader: 0, Current term: 1, Majority size: 2, State: 0, Mode: LEADER, active raft config: opid_index: -1 OBSOLETE_local: false peers { permanent_uuid: "82a1c707abca479cafab9028577a04c1" member_type: VOTER last_known_addr { host: "127.21.114.65" port: 39509 } } peers { permanent_uuid: "8b32f18fd5ae44068f003ed883dc3de0" member_type: VOTER last_known_addr { host: "127.21.114.66" port: 34671 } } peers { permanent_uuid: "1cc715b8dd4a4137a6ff26bc8ab1ad8a" member_type: VOTER last_known_addr { host: "127.21.114.67" port: 41043 } }
I20260710 13:24:46.979483 22245 raft_consensus.cc:2468] T 0f4258fdba844d3db85d3ee5c346228d P 1cc715b8dd4a4137a6ff26bc8ab1ad8a [term 1 FOLLOWER]: Leader election vote request: Granting yes vote for candidate 8b32f18fd5ae44068f003ed883dc3de0 in term 1.
I20260710 13:24:46.979180 21991 catalog_manager.cc:5697] T fbbb7b56889e4c5eac4a3f77e24c8272 P 8b32f18fd5ae44068f003ed883dc3de0 reported cstate change: term changed from 0 to 1, leader changed from <none> to 8b32f18fd5ae44068f003ed883dc3de0 (127.21.114.66). New cstate: current_term: 1 leader_uuid: "8b32f18fd5ae44068f003ed883dc3de0" committed_config { opid_index: -1 OBSOLETE_local: false peers { permanent_uuid: "82a1c707abca479cafab9028577a04c1" member_type: VOTER last_known_addr { host: "127.21.114.65" port: 39509 } health_report { overall_health: UNKNOWN } } peers { permanent_uuid: "8b32f18fd5ae44068f003ed883dc3de0" member_type: VOTER last_known_addr { host: "127.21.114.66" port: 34671 } health_report { overall_health: HEALTHY } } peers { permanent_uuid: "1cc715b8dd4a4137a6ff26bc8ab1ad8a" member_type: VOTER last_known_addr { host: "127.21.114.67" port: 41043 } health_report { overall_health: UNKNOWN } } }
I20260710 13:24:46.980270 22060 leader_election.cc:304] T d8c25512a2bb471abe4a21f7d7a277a2 P 82a1c707abca479cafab9028577a04c1 [CANDIDATE]: Term 1 pre-election: Election decided. Result: candidate lost. Election summary: received 3 responses out of 3 voters: 1 yes votes; 2 no votes. yes voters: 82a1c707abca479cafab9028577a04c1; no voters: 1cc715b8dd4a4137a6ff26bc8ab1ad8a, 8b32f18fd5ae44068f003ed883dc3de0
I20260710 13:24:46.981503 22297 raft_consensus.cc:3060] T d8c25512a2bb471abe4a21f7d7a277a2 P 82a1c707abca479cafab9028577a04c1 [term 0 FOLLOWER]: Advancing to term 1
I20260710 13:24:46.997371 22295 raft_consensus.cc:493] T e3449ea6d4dc495789689ab9dc0855b3 P 1cc715b8dd4a4137a6ff26bc8ab1ad8a [term 0 FOLLOWER]: Starting pre-election (no leader contacted us within the election timeout)
I20260710 13:24:46.997895 22295 raft_consensus.cc:515] T e3449ea6d4dc495789689ab9dc0855b3 P 1cc715b8dd4a4137a6ff26bc8ab1ad8a [term 0 FOLLOWER]: Starting pre-election with config: opid_index: -1 OBSOLETE_local: false peers { permanent_uuid: "82a1c707abca479cafab9028577a04c1" member_type: VOTER last_known_addr { host: "127.21.114.65" port: 39509 } } peers { permanent_uuid: "8b32f18fd5ae44068f003ed883dc3de0" member_type: VOTER last_known_addr { host: "127.21.114.66" port: 34671 } } peers { permanent_uuid: "1cc715b8dd4a4137a6ff26bc8ab1ad8a" member_type: VOTER last_known_addr { host: "127.21.114.67" port: 41043 } }
I20260710 13:24:47.000169 22295 leader_election.cc:290] T e3449ea6d4dc495789689ab9dc0855b3 P 1cc715b8dd4a4137a6ff26bc8ab1ad8a [CANDIDATE]: Term 1 pre-election: Requested pre-vote from peers 82a1c707abca479cafab9028577a04c1 (127.21.114.65:39509), 8b32f18fd5ae44068f003ed883dc3de0 (127.21.114.66:34671)
I20260710 13:24:47.000326 22297 raft_consensus.cc:2749] T d8c25512a2bb471abe4a21f7d7a277a2 P 82a1c707abca479cafab9028577a04c1 [term 1 FOLLOWER]: Leader pre-election lost for term 1. Reason: could not achieve majority
I20260710 13:24:47.001431 22170 tablet_service.cc:1917] Received RequestConsensusVote() RPC: tablet_id: "e3449ea6d4dc495789689ab9dc0855b3" candidate_uuid: "1cc715b8dd4a4137a6ff26bc8ab1ad8a" candidate_term: 1 candidate_status { last_received { term: 0 index: 0 } } ignore_live_leader: false dest_uuid: "8b32f18fd5ae44068f003ed883dc3de0" is_pre_election: true
I20260710 13:24:47.002487 22288 tablet_bootstrap.cc:492] T 47f323b39aa44188b2175ff697978258 P 8b32f18fd5ae44068f003ed883dc3de0: No bootstrap required, opened a new log
I20260710 13:24:47.001428 22095 tablet_service.cc:1917] Received RequestConsensusVote() RPC: tablet_id: "e3449ea6d4dc495789689ab9dc0855b3" candidate_uuid: "1cc715b8dd4a4137a6ff26bc8ab1ad8a" candidate_term: 1 candidate_status { last_received { term: 0 index: 0 } } ignore_live_leader: false dest_uuid: "82a1c707abca479cafab9028577a04c1" is_pre_election: true
I20260710 13:24:47.003054 22288 ts_tablet_manager.cc:1403] T 47f323b39aa44188b2175ff697978258 P 8b32f18fd5ae44068f003ed883dc3de0: Time spent bootstrapping tablet: real 0.130s	user 0.010s	sys 0.015s
I20260710 13:24:47.003751 22095 raft_consensus.cc:2393] T e3449ea6d4dc495789689ab9dc0855b3 P 82a1c707abca479cafab9028577a04c1 [term 1 FOLLOWER]: Leader pre-election vote request: Denying vote to candidate 1cc715b8dd4a4137a6ff26bc8ab1ad8a in current term 1: Already voted for candidate 8b32f18fd5ae44068f003ed883dc3de0 in this term.
I20260710 13:24:47.004902 22208 leader_election.cc:304] T e3449ea6d4dc495789689ab9dc0855b3 P 1cc715b8dd4a4137a6ff26bc8ab1ad8a [CANDIDATE]: Term 1 pre-election: Election decided. Result: candidate lost. Election summary: received 3 responses out of 3 voters: 1 yes votes; 2 no votes. yes voters: 1cc715b8dd4a4137a6ff26bc8ab1ad8a; no voters: 82a1c707abca479cafab9028577a04c1, 8b32f18fd5ae44068f003ed883dc3de0
I20260710 13:24:47.005694 22295 raft_consensus.cc:3060] T e3449ea6d4dc495789689ab9dc0855b3 P 1cc715b8dd4a4137a6ff26bc8ab1ad8a [term 0 FOLLOWER]: Advancing to term 1
I20260710 13:24:47.006633 22288 raft_consensus.cc:359] T 47f323b39aa44188b2175ff697978258 P 8b32f18fd5ae44068f003ed883dc3de0 [term 0 FOLLOWER]: Replica starting. Triggering 0 pending ops. Active config: opid_index: -1 OBSOLETE_local: false peers { permanent_uuid: "82a1c707abca479cafab9028577a04c1" member_type: VOTER last_known_addr { host: "127.21.114.65" port: 39509 } } peers { permanent_uuid: "8b32f18fd5ae44068f003ed883dc3de0" member_type: VOTER last_known_addr { host: "127.21.114.66" port: 34671 } } peers { permanent_uuid: "1cc715b8dd4a4137a6ff26bc8ab1ad8a" member_type: VOTER last_known_addr { host: "127.21.114.67" port: 41043 } }
I20260710 13:24:47.007337 22288 raft_consensus.cc:385] T 47f323b39aa44188b2175ff697978258 P 8b32f18fd5ae44068f003ed883dc3de0 [term 0 FOLLOWER]: Consensus starting up: Expiring failure detector timer to make a prompt election more likely
I20260710 13:24:47.007648 22288 raft_consensus.cc:740] T 47f323b39aa44188b2175ff697978258 P 8b32f18fd5ae44068f003ed883dc3de0 [term 0 FOLLOWER]: Becoming Follower/Learner. State: Replica: 8b32f18fd5ae44068f003ed883dc3de0, State: Initialized, Role: FOLLOWER
I20260710 13:24:47.008437 22288 consensus_queue.cc:260] T 47f323b39aa44188b2175ff697978258 P 8b32f18fd5ae44068f003ed883dc3de0 [NON_LEADER]: Queue going to NON_LEADER mode. State: All replicated index: 0, Majority replicated index: 0, Committed index: 0, Last appended: 0.0, Last appended by leader: 0, Current term: 0, Majority size: -1, State: 0, Mode: NON_LEADER, active raft config: opid_index: -1 OBSOLETE_local: false peers { permanent_uuid: "82a1c707abca479cafab9028577a04c1" member_type: VOTER last_known_addr { host: "127.21.114.65" port: 39509 } } peers { permanent_uuid: "8b32f18fd5ae44068f003ed883dc3de0" member_type: VOTER last_known_addr { host: "127.21.114.66" port: 34671 } } peers { permanent_uuid: "1cc715b8dd4a4137a6ff26bc8ab1ad8a" member_type: VOTER last_known_addr { host: "127.21.114.67" port: 41043 } }
I20260710 13:24:47.012653 22295 raft_consensus.cc:2749] T e3449ea6d4dc495789689ab9dc0855b3 P 1cc715b8dd4a4137a6ff26bc8ab1ad8a [term 1 FOLLOWER]: Leader pre-election lost for term 1. Reason: could not achieve majority
I20260710 13:24:47.012940 22288 ts_tablet_manager.cc:1434] T 47f323b39aa44188b2175ff697978258 P 8b32f18fd5ae44068f003ed883dc3de0: Time spent starting tablet: real 0.009s	user 0.006s	sys 0.000s
