I20260710 13:24:44.477625 32756 raft_consensus.cc:993] T 57d3d4a9c7fd4728917222b83102c357 P 5d3551fc006e4387a8e02d0364549788: : Instructing follower 1628a521d4d2444b80d085667ad75bd1 to start an election
I20260710 13:24:44.478045 32739 raft_consensus.cc:1081] T 57d3d4a9c7fd4728917222b83102c357 P 5d3551fc006e4387a8e02d0364549788 [term 2 LEADER]: Signalling peer 1628a521d4d2444b80d085667ad75bd1 to start an election
I20260710 13:24:44.479413 32606 tablet_service.cc:2044] Received Run Leader Election RPC: tablet_id: "57d3d4a9c7fd4728917222b83102c357"
dest_uuid: "1628a521d4d2444b80d085667ad75bd1"
 from {username='slave'} at 127.0.0.1:58220
I20260710 13:24:44.479882 32606 raft_consensus.cc:493] T 57d3d4a9c7fd4728917222b83102c357 P 1628a521d4d2444b80d085667ad75bd1 [term 2 FOLLOWER]: Starting forced leader election (received explicit request)
I20260710 13:24:44.480165 32606 raft_consensus.cc:3060] T 57d3d4a9c7fd4728917222b83102c357 P 1628a521d4d2444b80d085667ad75bd1 [term 2 FOLLOWER]: Advancing to term 3
I20260710 13:24:44.484285 32606 raft_consensus.cc:515] T 57d3d4a9c7fd4728917222b83102c357 P 1628a521d4d2444b80d085667ad75bd1 [term 3 FOLLOWER]: Starting forced leader election with config: opid_index: -1 OBSOLETE_local: false peers { permanent_uuid: "072554393d264e1eb9af4d39552d906f" member_type: VOTER last_known_addr { host: "127.31.145.129" port: 38427 } } peers { permanent_uuid: "5d3551fc006e4387a8e02d0364549788" member_type: VOTER last_known_addr { host: "127.31.145.130" port: 44489 } } peers { permanent_uuid: "1628a521d4d2444b80d085667ad75bd1" member_type: VOTER last_known_addr { host: "127.31.145.131" port: 46217 } }
I20260710 13:24:44.485944 32606 leader_election.cc:290] T 57d3d4a9c7fd4728917222b83102c357 P 1628a521d4d2444b80d085667ad75bd1 [CANDIDATE]: Term 3 election: Requested vote from peers 072554393d264e1eb9af4d39552d906f (127.31.145.129:38427), 5d3551fc006e4387a8e02d0364549788 (127.31.145.130:44489)
I20260710 13:24:44.486400 32459 tablet_service.cc:1917] Received RequestConsensusVote() RPC: tablet_id: "57d3d4a9c7fd4728917222b83102c357" candidate_uuid: "1628a521d4d2444b80d085667ad75bd1" candidate_term: 3 candidate_status { last_received { term: 2 index: 2 } } ignore_live_leader: true dest_uuid: "072554393d264e1eb9af4d39552d906f"
I20260710 13:24:44.486943 32459 raft_consensus.cc:3060] T 57d3d4a9c7fd4728917222b83102c357 P 072554393d264e1eb9af4d39552d906f [term 2 FOLLOWER]: Advancing to term 3
I20260710 13:24:44.486975 32534 tablet_service.cc:1917] Received RequestConsensusVote() RPC: tablet_id: "57d3d4a9c7fd4728917222b83102c357" candidate_uuid: "1628a521d4d2444b80d085667ad75bd1" candidate_term: 3 candidate_status { last_received { term: 2 index: 2 } } ignore_live_leader: true dest_uuid: "5d3551fc006e4387a8e02d0364549788"
I20260710 13:24:44.487581 32534 raft_consensus.cc:3055] T 57d3d4a9c7fd4728917222b83102c357 P 5d3551fc006e4387a8e02d0364549788 [term 2 LEADER]: Stepping down as leader of term 2
I20260710 13:24:44.487886 32534 raft_consensus.cc:740] T 57d3d4a9c7fd4728917222b83102c357 P 5d3551fc006e4387a8e02d0364549788 [term 2 LEADER]: Becoming Follower/Learner. State: Replica: 5d3551fc006e4387a8e02d0364549788, State: Running, Role: LEADER
I20260710 13:24:44.488623 32534 consensus_queue.cc:260] T 57d3d4a9c7fd4728917222b83102c357 P 5d3551fc006e4387a8e02d0364549788 [NON_LEADER]: Queue going to NON_LEADER mode. State: All replicated index: 0, Majority replicated index: 2, Committed index: 2, Last appended: 2.2, Last appended by leader: 2, Current term: 2, Majority size: -1, State: 0, Mode: NON_LEADER, active raft config: opid_index: -1 OBSOLETE_local: false peers { permanent_uuid: "072554393d264e1eb9af4d39552d906f" member_type: VOTER last_known_addr { host: "127.31.145.129" port: 38427 } } peers { permanent_uuid: "5d3551fc006e4387a8e02d0364549788" member_type: VOTER last_known_addr { host: "127.31.145.130" port: 44489 } } peers { permanent_uuid: "1628a521d4d2444b80d085667ad75bd1" member_type: VOTER last_known_addr { host: "127.31.145.131" port: 46217 } }
I20260710 13:24:44.489735 32534 raft_consensus.cc:3060] T 57d3d4a9c7fd4728917222b83102c357 P 5d3551fc006e4387a8e02d0364549788 [term 2 FOLLOWER]: Advancing to term 3
I20260710 13:24:44.493207 32459 raft_consensus.cc:2468] T 57d3d4a9c7fd4728917222b83102c357 P 072554393d264e1eb9af4d39552d906f [term 3 FOLLOWER]: Leader election vote request: Granting yes vote for candidate 1628a521d4d2444b80d085667ad75bd1 in term 3.
I20260710 13:24:44.494277 32574 leader_election.cc:304] T 57d3d4a9c7fd4728917222b83102c357 P 1628a521d4d2444b80d085667ad75bd1 [CANDIDATE]: Term 3 election: Election decided. Result: candidate won. Election summary: received 2 responses out of 3 voters: 2 yes votes; 0 no votes. yes voters: 072554393d264e1eb9af4d39552d906f, 1628a521d4d2444b80d085667ad75bd1; no voters: 
I20260710 13:24:44.495007 32660 raft_consensus.cc:2804] T 57d3d4a9c7fd4728917222b83102c357 P 1628a521d4d2444b80d085667ad75bd1 [term 3 FOLLOWER]: Leader election won for term 3
I20260710 13:24:44.495493 32660 raft_consensus.cc:697] T 57d3d4a9c7fd4728917222b83102c357 P 1628a521d4d2444b80d085667ad75bd1 [term 3 LEADER]: Becoming Leader. State: Replica: 1628a521d4d2444b80d085667ad75bd1, State: Running, Role: LEADER
I20260710 13:24:44.496232 32660 consensus_queue.cc:237] T 57d3d4a9c7fd4728917222b83102c357 P 1628a521d4d2444b80d085667ad75bd1 [LEADER]: Queue going to LEADER mode. State: All replicated index: 0, Majority replicated index: 2, Committed index: 2, Last appended: 2.2, Last appended by leader: 2, Current term: 3, Majority size: 2, State: 0, Mode: LEADER, active raft config: opid_index: -1 OBSOLETE_local: false peers { permanent_uuid: "072554393d264e1eb9af4d39552d906f" member_type: VOTER last_known_addr { host: "127.31.145.129" port: 38427 } } peers { permanent_uuid: "5d3551fc006e4387a8e02d0364549788" member_type: VOTER last_known_addr { host: "127.31.145.130" port: 44489 } } peers { permanent_uuid: "1628a521d4d2444b80d085667ad75bd1" member_type: VOTER last_known_addr { host: "127.31.145.131" port: 46217 } }
I20260710 13:24:44.496534 32534 raft_consensus.cc:2468] T 57d3d4a9c7fd4728917222b83102c357 P 5d3551fc006e4387a8e02d0364549788 [term 3 FOLLOWER]: Leader election vote request: Granting yes vote for candidate 1628a521d4d2444b80d085667ad75bd1 in term 3.
I20260710 13:24:44.504609 32355 catalog_manager.cc:5697] T 57d3d4a9c7fd4728917222b83102c357 P 1628a521d4d2444b80d085667ad75bd1 reported cstate change: term changed from 2 to 3, leader changed from 5d3551fc006e4387a8e02d0364549788 (127.31.145.130) to 1628a521d4d2444b80d085667ad75bd1 (127.31.145.131). New cstate: current_term: 3 leader_uuid: "1628a521d4d2444b80d085667ad75bd1" committed_config { opid_index: -1 OBSOLETE_local: false peers { permanent_uuid: "072554393d264e1eb9af4d39552d906f" member_type: VOTER last_known_addr { host: "127.31.145.129" port: 38427 } health_report { overall_health: UNKNOWN } } peers { permanent_uuid: "5d3551fc006e4387a8e02d0364549788" member_type: VOTER last_known_addr { host: "127.31.145.130" port: 44489 } health_report { overall_health: UNKNOWN } } peers { permanent_uuid: "1628a521d4d2444b80d085667ad75bd1" member_type: VOTER last_known_addr { host: "127.31.145.131" port: 46217 } health_report { overall_health: HEALTHY } } }
I20260710 13:24:44.758486 32459 raft_consensus.cc:1275] T 5338ba20416043389b8acc1cf23c208a P 072554393d264e1eb9af4d39552d906f [term 3 FOLLOWER]: Refusing update from remote peer 1628a521d4d2444b80d085667ad75bd1: Log matching property violated. Preceding OpId in replica: term: 2 index: 2. Preceding OpId from leader: term: 3 index: 3. (index mismatch)
I20260710 13:24:44.759564 32660 consensus_queue.cc:1048] T 5338ba20416043389b8acc1cf23c208a P 1628a521d4d2444b80d085667ad75bd1 [LEADER]: Connected to new peer: Peer: permanent_uuid: "072554393d264e1eb9af4d39552d906f" member_type: VOTER last_known_addr { host: "127.31.145.129" port: 38427 }, Status: LMP_MISMATCH, Last received: 0.0, Next index: 3, Last known committed idx: 2, Time since last communication: 0.000s
I20260710 13:24:44.767992 32534 raft_consensus.cc:1275] T 5338ba20416043389b8acc1cf23c208a P 5d3551fc006e4387a8e02d0364549788 [term 3 FOLLOWER]: Refusing update from remote peer 1628a521d4d2444b80d085667ad75bd1: Log matching property violated. Preceding OpId in replica: term: 2 index: 2. Preceding OpId from leader: term: 3 index: 3. (index mismatch)
I20260710 13:24:44.769706 32750 consensus_queue.cc:1048] T 5338ba20416043389b8acc1cf23c208a P 1628a521d4d2444b80d085667ad75bd1 [LEADER]: Connected to new peer: Peer: permanent_uuid: "5d3551fc006e4387a8e02d0364549788" member_type: VOTER last_known_addr { host: "127.31.145.130" port: 44489 }, Status: LMP_MISMATCH, Last received: 0.0, Next index: 3, Last known committed idx: 2, Time since last communication: 0.000s
I20260710 13:24:44.942919 32534 raft_consensus.cc:1275] T 57d3d4a9c7fd4728917222b83102c357 P 5d3551fc006e4387a8e02d0364549788 [term 3 FOLLOWER]: Refusing update from remote peer 1628a521d4d2444b80d085667ad75bd1: Log matching property violated. Preceding OpId in replica: term: 2 index: 2. Preceding OpId from leader: term: 3 index: 3. (index mismatch)
I20260710 13:24:44.944106 32760 consensus_queue.cc:1048] T 57d3d4a9c7fd4728917222b83102c357 P 1628a521d4d2444b80d085667ad75bd1 [LEADER]: Connected to new peer: Peer: permanent_uuid: "5d3551fc006e4387a8e02d0364549788" member_type: VOTER last_known_addr { host: "127.31.145.130" port: 44489 }, Status: LMP_MISMATCH, Last received: 0.0, Next index: 3, Last known committed idx: 2, Time since last communication: 0.000s
I20260710 13:24:44.952788 32459 raft_consensus.cc:1275] T 57d3d4a9c7fd4728917222b83102c357 P 072554393d264e1eb9af4d39552d906f [term 3 FOLLOWER]: Refusing update from remote peer 1628a521d4d2444b80d085667ad75bd1: Log matching property violated. Preceding OpId in replica: term: 2 index: 2. Preceding OpId from leader: term: 3 index: 3. (index mismatch)
I20260710 13:24:44.954475 32750 consensus_queue.cc:1048] T 57d3d4a9c7fd4728917222b83102c357 P 1628a521d4d2444b80d085667ad75bd1 [LEADER]: Connected to new peer: Peer: permanent_uuid: "072554393d264e1eb9af4d39552d906f" member_type: VOTER last_known_addr { host: "127.31.145.129" port: 38427 }, Status: LMP_MISMATCH, Last received: 0.0, Next index: 3, Last known committed idx: 2, Time since last communication: 0.000s
I20260710 13:24:45.037945 32326 auto_leader_rebalancer.cc:141] leader rebalance for table test-workload
I20260710 13:24:45.047055 32459 tablet_service.cc:2072] Received LeaderStepDown RPC: tablet_id: "7d8a90cfe0224515ba92f46a15877c46"
dest_uuid: "072554393d264e1eb9af4d39552d906f"
mode: GRACEFUL
new_leader_uuid: "5d3551fc006e4387a8e02d0364549788"
 from {username='slave'} at 127.0.0.1:50284
I20260710 13:24:45.047477 32459 raft_consensus.cc:606] T 7d8a90cfe0224515ba92f46a15877c46 P 072554393d264e1eb9af4d39552d906f [term 2 LEADER]: Received request to transfer leadership to TS 5d3551fc006e4387a8e02d0364549788
I20260710 13:24:45.051420 32459 tablet_service.cc:2072] Received LeaderStepDown RPC: tablet_id: "5bdf3691ff9d4bd6b29ad3ad679b95ee"
dest_uuid: "072554393d264e1eb9af4d39552d906f"
mode: GRACEFUL
new_leader_uuid: "5d3551fc006e4387a8e02d0364549788"
 from {username='slave'} at 127.0.0.1:50284
I20260710 13:24:45.051784 32459 raft_consensus.cc:606] T 5bdf3691ff9d4bd6b29ad3ad679b95ee P 072554393d264e1eb9af4d39552d906f [term 1 LEADER]: Received request to transfer leadership to TS 5d3551fc006e4387a8e02d0364549788
I20260710 13:24:45.055548 32606 tablet_service.cc:2072] Received LeaderStepDown RPC: tablet_id: "5338ba20416043389b8acc1cf23c208a"
dest_uuid: "1628a521d4d2444b80d085667ad75bd1"
mode: GRACEFUL
new_leader_uuid: "5d3551fc006e4387a8e02d0364549788"
 from {username='slave'} at 127.0.0.1:58246
I20260710 13:24:45.055948 32606 raft_consensus.cc:606] T 5338ba20416043389b8acc1cf23c208a P 1628a521d4d2444b80d085667ad75bd1 [term 3 LEADER]: Received request to transfer leadership to TS 5d3551fc006e4387a8e02d0364549788
I20260710 13:24:45.059882 32459 tablet_service.cc:2072] Received LeaderStepDown RPC: tablet_id: "8b01c555b4e64e3cb046483a66025968"
dest_uuid: "072554393d264e1eb9af4d39552d906f"
mode: GRACEFUL
new_leader_uuid: "5d3551fc006e4387a8e02d0364549788"
 from {username='slave'} at 127.0.0.1:50284
I20260710 13:24:45.060266 32459 raft_consensus.cc:606] T 8b01c555b4e64e3cb046483a66025968 P 072554393d264e1eb9af4d39552d906f [term 2 LEADER]: Received request to transfer leadership to TS 5d3551fc006e4387a8e02d0364549788
I20260710 13:24:45.070501 32606 tablet_service.cc:2072] Received LeaderStepDown RPC: tablet_id: "57d3d4a9c7fd4728917222b83102c357"
dest_uuid: "1628a521d4d2444b80d085667ad75bd1"
mode: GRACEFUL
new_leader_uuid: "5d3551fc006e4387a8e02d0364549788"
 from {username='slave'} at 127.0.0.1:58246
I20260710 13:24:45.070930 32606 raft_consensus.cc:606] T 57d3d4a9c7fd4728917222b83102c357 P 1628a521d4d2444b80d085667ad75bd1 [term 3 LEADER]: Received request to transfer leadership to TS 5d3551fc006e4387a8e02d0364549788
I20260710 13:24:45.164618 32764 raft_consensus.cc:993] T 7d8a90cfe0224515ba92f46a15877c46 P 072554393d264e1eb9af4d39552d906f: : Instructing follower 5d3551fc006e4387a8e02d0364549788 to start an election
I20260710 13:24:45.165015 32693 raft_consensus.cc:1081] T 7d8a90cfe0224515ba92f46a15877c46 P 072554393d264e1eb9af4d39552d906f [term 2 LEADER]: Signalling peer 5d3551fc006e4387a8e02d0364549788 to start an election
I20260710 13:24:45.166267 32536 tablet_service.cc:2044] Received Run Leader Election RPC: tablet_id: "7d8a90cfe0224515ba92f46a15877c46"
dest_uuid: "5d3551fc006e4387a8e02d0364549788"
 from {username='slave'} at 127.0.0.1:34454
I20260710 13:24:45.166728 32536 raft_consensus.cc:493] T 7d8a90cfe0224515ba92f46a15877c46 P 5d3551fc006e4387a8e02d0364549788 [term 2 FOLLOWER]: Starting forced leader election (received explicit request)
I20260710 13:24:45.167006 32536 raft_consensus.cc:3060] T 7d8a90cfe0224515ba92f46a15877c46 P 5d3551fc006e4387a8e02d0364549788 [term 2 FOLLOWER]: Advancing to term 3
I20260710 13:24:45.171106 32536 raft_consensus.cc:515] T 7d8a90cfe0224515ba92f46a15877c46 P 5d3551fc006e4387a8e02d0364549788 [term 3 FOLLOWER]: Starting forced leader election with config: opid_index: -1 OBSOLETE_local: false peers { permanent_uuid: "5d3551fc006e4387a8e02d0364549788" member_type: VOTER last_known_addr { host: "127.31.145.130" port: 44489 } } peers { permanent_uuid: "072554393d264e1eb9af4d39552d906f" member_type: VOTER last_known_addr { host: "127.31.145.129" port: 38427 } } peers { permanent_uuid: "1628a521d4d2444b80d085667ad75bd1" member_type: VOTER last_known_addr { host: "127.31.145.131" port: 46217 } }
I20260710 13:24:45.172519 32536 leader_election.cc:290] T 7d8a90cfe0224515ba92f46a15877c46 P 5d3551fc006e4387a8e02d0364549788 [CANDIDATE]: Term 3 election: Requested vote from peers 072554393d264e1eb9af4d39552d906f (127.31.145.129:38427), 1628a521d4d2444b80d085667ad75bd1 (127.31.145.131:46217)
I20260710 13:24:45.173233 32459 tablet_service.cc:1917] Received RequestConsensusVote() RPC: tablet_id: "7d8a90cfe0224515ba92f46a15877c46" candidate_uuid: "5d3551fc006e4387a8e02d0364549788" candidate_term: 3 candidate_status { last_received { term: 2 index: 2 } } ignore_live_leader: true dest_uuid: "072554393d264e1eb9af4d39552d906f"
I20260710 13:24:45.173434 32606 tablet_service.cc:1917] Received RequestConsensusVote() RPC: tablet_id: "7d8a90cfe0224515ba92f46a15877c46" candidate_uuid: "5d3551fc006e4387a8e02d0364549788" candidate_term: 3 candidate_status { last_received { term: 2 index: 2 } } ignore_live_leader: true dest_uuid: "1628a521d4d2444b80d085667ad75bd1"
I20260710 13:24:45.173750 32459 raft_consensus.cc:3055] T 7d8a90cfe0224515ba92f46a15877c46 P 072554393d264e1eb9af4d39552d906f [term 2 LEADER]: Stepping down as leader of term 2
I20260710 13:24:45.173874 32606 raft_consensus.cc:3060] T 7d8a90cfe0224515ba92f46a15877c46 P 1628a521d4d2444b80d085667ad75bd1 [term 2 FOLLOWER]: Advancing to term 3
I20260710 13:24:45.174028 32459 raft_consensus.cc:740] T 7d8a90cfe0224515ba92f46a15877c46 P 072554393d264e1eb9af4d39552d906f [term 2 LEADER]: Becoming Follower/Learner. State: Replica: 072554393d264e1eb9af4d39552d906f, State: Running, Role: LEADER
I20260710 13:24:45.174635 32459 consensus_queue.cc:260] T 7d8a90cfe0224515ba92f46a15877c46 P 072554393d264e1eb9af4d39552d906f [NON_LEADER]: Queue going to NON_LEADER mode. State: All replicated index: 0, Majority replicated index: 2, Committed index: 2, Last appended: 2.2, Last appended by leader: 2, Current term: 2, Majority size: -1, State: 0, Mode: NON_LEADER, active raft config: opid_index: -1 OBSOLETE_local: false peers { permanent_uuid: "5d3551fc006e4387a8e02d0364549788" member_type: VOTER last_known_addr { host: "127.31.145.130" port: 44489 } } peers { permanent_uuid: "072554393d264e1eb9af4d39552d906f" member_type: VOTER last_known_addr { host: "127.31.145.129" port: 38427 } } peers { permanent_uuid: "1628a521d4d2444b80d085667ad75bd1" member_type: VOTER last_known_addr { host: "127.31.145.131" port: 46217 } }
I20260710 13:24:45.175400 32459 raft_consensus.cc:3060] T 7d8a90cfe0224515ba92f46a15877c46 P 072554393d264e1eb9af4d39552d906f [term 2 FOLLOWER]: Advancing to term 3
I20260710 13:24:45.178047 32606 raft_consensus.cc:2468] T 7d8a90cfe0224515ba92f46a15877c46 P 1628a521d4d2444b80d085667ad75bd1 [term 3 FOLLOWER]: Leader election vote request: Granting yes vote for candidate 5d3551fc006e4387a8e02d0364549788 in term 3.
I20260710 13:24:45.178972 32459 raft_consensus.cc:2468] T 7d8a90cfe0224515ba92f46a15877c46 P 072554393d264e1eb9af4d39552d906f [term 3 FOLLOWER]: Leader election vote request: Granting yes vote for candidate 5d3551fc006e4387a8e02d0364549788 in term 3.
I20260710 13:24:45.179018 32502 leader_election.cc:304] T 7d8a90cfe0224515ba92f46a15877c46 P 5d3551fc006e4387a8e02d0364549788 [CANDIDATE]: Term 3 election: Election decided. Result: candidate won. Election summary: received 2 responses out of 3 voters: 2 yes votes; 0 no votes. yes voters: 1628a521d4d2444b80d085667ad75bd1, 5d3551fc006e4387a8e02d0364549788; no voters: 
I20260710 13:24:45.179826 32739 raft_consensus.cc:2804] T 7d8a90cfe0224515ba92f46a15877c46 P 5d3551fc006e4387a8e02d0364549788 [term 3 FOLLOWER]: Leader election won for term 3
I20260710 13:24:45.180544 32739 raft_consensus.cc:697] T 7d8a90cfe0224515ba92f46a15877c46 P 5d3551fc006e4387a8e02d0364549788 [term 3 LEADER]: Becoming Leader. State: Replica: 5d3551fc006e4387a8e02d0364549788, State: Running, Role: LEADER
I20260710 13:24:45.181226 32739 consensus_queue.cc:237] T 7d8a90cfe0224515ba92f46a15877c46 P 5d3551fc006e4387a8e02d0364549788 [LEADER]: Queue going to LEADER mode. State: All replicated index: 0, Majority replicated index: 2, Committed index: 2, Last appended: 2.2, Last appended by leader: 2, Current term: 3, Majority size: 2, State: 0, Mode: LEADER, active raft config: opid_index: -1 OBSOLETE_local: false peers { permanent_uuid: "5d3551fc006e4387a8e02d0364549788" member_type: VOTER last_known_addr { host: "127.31.145.130" port: 44489 } } peers { permanent_uuid: "072554393d264e1eb9af4d39552d906f" member_type: VOTER last_known_addr { host: "127.31.145.129" port: 38427 } } peers { permanent_uuid: "1628a521d4d2444b80d085667ad75bd1" member_type: VOTER last_known_addr { host: "127.31.145.131" port: 46217 } }
I20260710 13:24:45.186746 32356 catalog_manager.cc:5697] T 7d8a90cfe0224515ba92f46a15877c46 P 5d3551fc006e4387a8e02d0364549788 reported cstate change: term changed from 2 to 3, leader changed from 072554393d264e1eb9af4d39552d906f (127.31.145.129) to 5d3551fc006e4387a8e02d0364549788 (127.31.145.130). New cstate: current_term: 3 leader_uuid: "5d3551fc006e4387a8e02d0364549788" committed_config { opid_index: -1 OBSOLETE_local: false peers { permanent_uuid: "5d3551fc006e4387a8e02d0364549788" member_type: VOTER last_known_addr { host: "127.31.145.130" port: 44489 } health_report { overall_health: HEALTHY } } peers { permanent_uuid: "072554393d264e1eb9af4d39552d906f" member_type: VOTER last_known_addr { host: "127.31.145.129" port: 38427 } health_report { overall_health: UNKNOWN } } peers { permanent_uuid: "1628a521d4d2444b80d085667ad75bd1" member_type: VOTER last_known_addr { host: "127.31.145.131" port: 46217 } health_report { overall_health: UNKNOWN } } }
I20260710 13:24:45.233194 32660 raft_consensus.cc:993] T 5338ba20416043389b8acc1cf23c208a P 1628a521d4d2444b80d085667ad75bd1: : Instructing follower 5d3551fc006e4387a8e02d0364549788 to start an election
I20260710 13:24:45.233680 32750 raft_consensus.cc:1081] T 5338ba20416043389b8acc1cf23c208a P 1628a521d4d2444b80d085667ad75bd1 [term 3 LEADER]: Signalling peer 5d3551fc006e4387a8e02d0364549788 to start an election
I20260710 13:24:45.235224 32536 tablet_service.cc:2044] Received Run Leader Election RPC: tablet_id: "5338ba20416043389b8acc1cf23c208a"
dest_uuid: "5d3551fc006e4387a8e02d0364549788"
 from {username='slave'} at 127.0.0.1:34438
I20260710 13:24:45.235790 32536 raft_consensus.cc:493] T 5338ba20416043389b8acc1cf23c208a P 5d3551fc006e4387a8e02d0364549788 [term 3 FOLLOWER]: Starting forced leader election (received explicit request)
I20260710 13:24:45.236117 32536 raft_consensus.cc:3060] T 5338ba20416043389b8acc1cf23c208a P 5d3551fc006e4387a8e02d0364549788 [term 3 FOLLOWER]: Advancing to term 4
I20260710 13:24:45.240814 32536 raft_consensus.cc:515] T 5338ba20416043389b8acc1cf23c208a P 5d3551fc006e4387a8e02d0364549788 [term 4 FOLLOWER]: Starting forced leader election with config: opid_index: -1 OBSOLETE_local: false peers { permanent_uuid: "072554393d264e1eb9af4d39552d906f" member_type: VOTER last_known_addr { host: "127.31.145.129" port: 38427 } } peers { permanent_uuid: "5d3551fc006e4387a8e02d0364549788" member_type: VOTER last_known_addr { host: "127.31.145.130" port: 44489 } } peers { permanent_uuid: "1628a521d4d2444b80d085667ad75bd1" member_type: VOTER last_known_addr { host: "127.31.145.131" port: 46217 } }
I20260710 13:24:45.242405 32536 leader_election.cc:290] T 5338ba20416043389b8acc1cf23c208a P 5d3551fc006e4387a8e02d0364549788 [CANDIDATE]: Term 4 election: Requested vote from peers 072554393d264e1eb9af4d39552d906f (127.31.145.129:38427), 1628a521d4d2444b80d085667ad75bd1 (127.31.145.131:46217)
I20260710 13:24:45.242888 32459 tablet_service.cc:1917] Received RequestConsensusVote() RPC: tablet_id: "5338ba20416043389b8acc1cf23c208a" candidate_uuid: "5d3551fc006e4387a8e02d0364549788" candidate_term: 4 candidate_status { last_received { term: 3 index: 3 } } ignore_live_leader: true dest_uuid: "072554393d264e1eb9af4d39552d906f"
I20260710 13:24:45.243358 32459 raft_consensus.cc:3060] T 5338ba20416043389b8acc1cf23c208a P 072554393d264e1eb9af4d39552d906f [term 3 FOLLOWER]: Advancing to term 4
I20260710 13:24:45.243391 32606 tablet_service.cc:1917] Received RequestConsensusVote() RPC: tablet_id: "5338ba20416043389b8acc1cf23c208a" candidate_uuid: "5d3551fc006e4387a8e02d0364549788" candidate_term: 4 candidate_status { last_received { term: 3 index: 3 } } ignore_live_leader: true dest_uuid: "1628a521d4d2444b80d085667ad75bd1"
I20260710 13:24:45.243924 32606 raft_consensus.cc:3055] T 5338ba20416043389b8acc1cf23c208a P 1628a521d4d2444b80d085667ad75bd1 [term 3 LEADER]: Stepping down as leader of term 3
I20260710 13:24:45.244136 32606 raft_consensus.cc:740] T 5338ba20416043389b8acc1cf23c208a P 1628a521d4d2444b80d085667ad75bd1 [term 3 LEADER]: Becoming Follower/Learner. State: Replica: 1628a521d4d2444b80d085667ad75bd1, State: Running, Role: LEADER
I20260710 13:24:45.244732 32606 consensus_queue.cc:260] T 5338ba20416043389b8acc1cf23c208a P 1628a521d4d2444b80d085667ad75bd1 [NON_LEADER]: Queue going to NON_LEADER mode. State: All replicated index: 0, Majority replicated index: 3, Committed index: 3, Last appended: 3.3, Last appended by leader: 3, Current term: 3, Majority size: -1, State: 0, Mode: NON_LEADER, active raft config: opid_index: -1 OBSOLETE_local: false peers { permanent_uuid: "072554393d264e1eb9af4d39552d906f" member_type: VOTER last_known_addr { host: "127.31.145.129" port: 38427 } } peers { permanent_uuid: "5d3551fc006e4387a8e02d0364549788" member_type: VOTER last_known_addr { host: "127.31.145.130" port: 44489 } } peers { permanent_uuid: "1628a521d4d2444b80d085667ad75bd1" member_type: VOTER last_known_addr { host: "127.31.145.131" port: 46217 } }
I20260710 13:24:45.245517 32606 raft_consensus.cc:3060] T 5338ba20416043389b8acc1cf23c208a P 1628a521d4d2444b80d085667ad75bd1 [term 3 FOLLOWER]: Advancing to term 4
I20260710 13:24:45.246975 32459 raft_consensus.cc:2468] T 5338ba20416043389b8acc1cf23c208a P 072554393d264e1eb9af4d39552d906f [term 4 FOLLOWER]: Leader election vote request: Granting yes vote for candidate 5d3551fc006e4387a8e02d0364549788 in term 4.
I20260710 13:24:45.247831 32500 leader_election.cc:304] T 5338ba20416043389b8acc1cf23c208a P 5d3551fc006e4387a8e02d0364549788 [CANDIDATE]: Term 4 election: Election decided. Result: candidate won. Election summary: received 2 responses out of 3 voters: 2 yes votes; 0 no votes. yes voters: 072554393d264e1eb9af4d39552d906f, 5d3551fc006e4387a8e02d0364549788; no voters: 
I20260710 13:24:45.248394 32739 raft_consensus.cc:2804] T 5338ba20416043389b8acc1cf23c208a P 5d3551fc006e4387a8e02d0364549788 [term 4 FOLLOWER]: Leader election won for term 4
I20260710 13:24:45.248775 32739 raft_consensus.cc:697] T 5338ba20416043389b8acc1cf23c208a P 5d3551fc006e4387a8e02d0364549788 [term 4 LEADER]: Becoming Leader. State: Replica: 5d3551fc006e4387a8e02d0364549788, State: Running, Role: LEADER
I20260710 13:24:45.249419 32739 consensus_queue.cc:237] T 5338ba20416043389b8acc1cf23c208a P 5d3551fc006e4387a8e02d0364549788 [LEADER]: Queue going to LEADER mode. State: All replicated index: 0, Majority replicated index: 3, Committed index: 3, Last appended: 3.3, Last appended by leader: 3, Current term: 4, Majority size: 2, State: 0, Mode: LEADER, active raft config: opid_index: -1 OBSOLETE_local: false peers { permanent_uuid: "072554393d264e1eb9af4d39552d906f" member_type: VOTER last_known_addr { host: "127.31.145.129" port: 38427 } } peers { permanent_uuid: "5d3551fc006e4387a8e02d0364549788" member_type: VOTER last_known_addr { host: "127.31.145.130" port: 44489 } } peers { permanent_uuid: "1628a521d4d2444b80d085667ad75bd1" member_type: VOTER last_known_addr { host: "127.31.145.131" port: 46217 } }
I20260710 13:24:45.249886 32606 raft_consensus.cc:2468] T 5338ba20416043389b8acc1cf23c208a P 1628a521d4d2444b80d085667ad75bd1 [term 4 FOLLOWER]: Leader election vote request: Granting yes vote for candidate 5d3551fc006e4387a8e02d0364549788 in term 4.
I20260710 13:24:45.254555 32356 catalog_manager.cc:5697] T 5338ba20416043389b8acc1cf23c208a P 5d3551fc006e4387a8e02d0364549788 reported cstate change: term changed from 3 to 4, leader changed from 1628a521d4d2444b80d085667ad75bd1 (127.31.145.131) to 5d3551fc006e4387a8e02d0364549788 (127.31.145.130). New cstate: current_term: 4 leader_uuid: "5d3551fc006e4387a8e02d0364549788" committed_config { opid_index: -1 OBSOLETE_local: false peers { permanent_uuid: "072554393d264e1eb9af4d39552d906f" member_type: VOTER last_known_addr { host: "127.31.145.129" port: 38427 } health_report { overall_health: UNKNOWN } } peers { permanent_uuid: "5d3551fc006e4387a8e02d0364549788" member_type: VOTER last_known_addr { host: "127.31.145.130" port: 44489 } health_report { overall_health: HEALTHY } } peers { permanent_uuid: "1628a521d4d2444b80d085667ad75bd1" member_type: VOTER last_known_addr { host: "127.31.145.131" port: 46217 } health_report { overall_health: UNKNOWN } } }
I20260710 13:24:45.349766 32764 raft_consensus.cc:993] T 8b01c555b4e64e3cb046483a66025968 P 072554393d264e1eb9af4d39552d906f: : Instructing follower 5d3551fc006e4387a8e02d0364549788 to start an election
I20260710 13:24:45.350190 32693 raft_consensus.cc:1081] T 8b01c555b4e64e3cb046483a66025968 P 072554393d264e1eb9af4d39552d906f [term 2 LEADER]: Signalling peer 5d3551fc006e4387a8e02d0364549788 to start an election
I20260710 13:24:45.351437 32536 tablet_service.cc:2044] Received Run Leader Election RPC: tablet_id: "8b01c555b4e64e3cb046483a66025968"
dest_uuid: "5d3551fc006e4387a8e02d0364549788"
 from {username='slave'} at 127.0.0.1:34454
I20260710 13:24:45.351842 32536 raft_consensus.cc:493] T 8b01c555b4e64e3cb046483a66025968 P 5d3551fc006e4387a8e02d0364549788 [term 2 FOLLOWER]: Starting forced leader election (received explicit request)
I20260710 13:24:45.352077 32536 raft_consensus.cc:3060] T 8b01c555b4e64e3cb046483a66025968 P 5d3551fc006e4387a8e02d0364549788 [term 2 FOLLOWER]: Advancing to term 3
I20260710 13:24:45.356531 32536 raft_consensus.cc:515] T 8b01c555b4e64e3cb046483a66025968 P 5d3551fc006e4387a8e02d0364549788 [term 3 FOLLOWER]: Starting forced leader election with config: opid_index: -1 OBSOLETE_local: false peers { permanent_uuid: "072554393d264e1eb9af4d39552d906f" member_type: VOTER last_known_addr { host: "127.31.145.129" port: 38427 } } peers { permanent_uuid: "5d3551fc006e4387a8e02d0364549788" member_type: VOTER last_known_addr { host: "127.31.145.130" port: 44489 } } peers { permanent_uuid: "1628a521d4d2444b80d085667ad75bd1" member_type: VOTER last_known_addr { host: "127.31.145.131" port: 46217 } }
I20260710 13:24:45.358109 32536 leader_election.cc:290] T 8b01c555b4e64e3cb046483a66025968 P 5d3551fc006e4387a8e02d0364549788 [CANDIDATE]: Term 3 election: Requested vote from peers 072554393d264e1eb9af4d39552d906f (127.31.145.129:38427), 1628a521d4d2444b80d085667ad75bd1 (127.31.145.131:46217)
I20260710 13:24:45.358739 32459 tablet_service.cc:1917] Received RequestConsensusVote() RPC: tablet_id: "8b01c555b4e64e3cb046483a66025968" candidate_uuid: "5d3551fc006e4387a8e02d0364549788" candidate_term: 3 candidate_status { last_received { term: 2 index: 2 } } ignore_live_leader: true dest_uuid: "072554393d264e1eb9af4d39552d906f"
I20260710 13:24:45.359215 32459 raft_consensus.cc:3055] T 8b01c555b4e64e3cb046483a66025968 P 072554393d264e1eb9af4d39552d906f [term 2 LEADER]: Stepping down as leader of term 2
I20260710 13:24:45.359141 32606 tablet_service.cc:1917] Received RequestConsensusVote() RPC: tablet_id: "8b01c555b4e64e3cb046483a66025968" candidate_uuid: "5d3551fc006e4387a8e02d0364549788" candidate_term: 3 candidate_status { last_received { term: 2 index: 2 } } ignore_live_leader: true dest_uuid: "1628a521d4d2444b80d085667ad75bd1"
I20260710 13:24:45.359450 32459 raft_consensus.cc:740] T 8b01c555b4e64e3cb046483a66025968 P 072554393d264e1eb9af4d39552d906f [term 2 LEADER]: Becoming Follower/Learner. State: Replica: 072554393d264e1eb9af4d39552d906f, State: Running, Role: LEADER
I20260710 13:24:45.359597 32606 raft_consensus.cc:3060] T 8b01c555b4e64e3cb046483a66025968 P 1628a521d4d2444b80d085667ad75bd1 [term 2 FOLLOWER]: Advancing to term 3
I20260710 13:24:45.360045 32459 consensus_queue.cc:260] T 8b01c555b4e64e3cb046483a66025968 P 072554393d264e1eb9af4d39552d906f [NON_LEADER]: Queue going to NON_LEADER mode. State: All replicated index: 0, Majority replicated index: 2, Committed index: 2, Last appended: 2.2, Last appended by leader: 2, Current term: 2, Majority size: -1, State: 0, Mode: NON_LEADER, active raft config: opid_index: -1 OBSOLETE_local: false peers { permanent_uuid: "072554393d264e1eb9af4d39552d906f" member_type: VOTER last_known_addr { host: "127.31.145.129" port: 38427 } } peers { permanent_uuid: "5d3551fc006e4387a8e02d0364549788" member_type: VOTER last_known_addr { host: "127.31.145.130" port: 44489 } } peers { permanent_uuid: "1628a521d4d2444b80d085667ad75bd1" member_type: VOTER last_known_addr { host: "127.31.145.131" port: 46217 } }
I20260710 13:24:45.361084 32459 raft_consensus.cc:3060] T 8b01c555b4e64e3cb046483a66025968 P 072554393d264e1eb9af4d39552d906f [term 2 FOLLOWER]: Advancing to term 3
I20260710 13:24:45.363910 32606 raft_consensus.cc:2468] T 8b01c555b4e64e3cb046483a66025968 P 1628a521d4d2444b80d085667ad75bd1 [term 3 FOLLOWER]: Leader election vote request: Granting yes vote for candidate 5d3551fc006e4387a8e02d0364549788 in term 3.
I20260710 13:24:45.364898 32459 raft_consensus.cc:2468] T 8b01c555b4e64e3cb046483a66025968 P 072554393d264e1eb9af4d39552d906f [term 3 FOLLOWER]: Leader election vote request: Granting yes vote for candidate 5d3551fc006e4387a8e02d0364549788 in term 3.
I20260710 13:24:45.364800 32502 leader_election.cc:304] T 8b01c555b4e64e3cb046483a66025968 P 5d3551fc006e4387a8e02d0364549788 [CANDIDATE]: Term 3 election: Election decided. Result: candidate won. Election summary: received 2 responses out of 3 voters: 2 yes votes; 0 no votes. yes voters: 1628a521d4d2444b80d085667ad75bd1, 5d3551fc006e4387a8e02d0364549788; no voters: 
I20260710 13:24:45.365645 32739 raft_consensus.cc:2804] T 8b01c555b4e64e3cb046483a66025968 P 5d3551fc006e4387a8e02d0364549788 [term 3 FOLLOWER]: Leader election won for term 3
I20260710 13:24:45.366281 32739 raft_consensus.cc:697] T 8b01c555b4e64e3cb046483a66025968 P 5d3551fc006e4387a8e02d0364549788 [term 3 LEADER]: Becoming Leader. State: Replica: 5d3551fc006e4387a8e02d0364549788, State: Running, Role: LEADER
I20260710 13:24:45.367024 32739 consensus_queue.cc:237] T 8b01c555b4e64e3cb046483a66025968 P 5d3551fc006e4387a8e02d0364549788 [LEADER]: Queue going to LEADER mode. State: All replicated index: 0, Majority replicated index: 2, Committed index: 2, Last appended: 2.2, Last appended by leader: 2, Current term: 3, Majority size: 2, State: 0, Mode: LEADER, active raft config: opid_index: -1 OBSOLETE_local: false peers { permanent_uuid: "072554393d264e1eb9af4d39552d906f" member_type: VOTER last_known_addr { host: "127.31.145.129" port: 38427 } } peers { permanent_uuid: "5d3551fc006e4387a8e02d0364549788" member_type: VOTER last_known_addr { host: "127.31.145.130" port: 44489 } } peers { permanent_uuid: "1628a521d4d2444b80d085667ad75bd1" member_type: VOTER last_known_addr { host: "127.31.145.131" port: 46217 } }
I20260710 13:24:45.373169 32356 catalog_manager.cc:5697] T 8b01c555b4e64e3cb046483a66025968 P 5d3551fc006e4387a8e02d0364549788 reported cstate change: term changed from 2 to 3, leader changed from 072554393d264e1eb9af4d39552d906f (127.31.145.129) to 5d3551fc006e4387a8e02d0364549788 (127.31.145.130). New cstate: current_term: 3 leader_uuid: "5d3551fc006e4387a8e02d0364549788" committed_config { opid_index: -1 OBSOLETE_local: false peers { permanent_uuid: "072554393d264e1eb9af4d39552d906f" member_type: VOTER last_known_addr { host: "127.31.145.129" port: 38427 } health_report { overall_health: UNKNOWN } } peers { permanent_uuid: "5d3551fc006e4387a8e02d0364549788" member_type: VOTER last_known_addr { host: "127.31.145.130" port: 44489 } health_report { overall_health: HEALTHY } } peers { permanent_uuid: "1628a521d4d2444b80d085667ad75bd1" member_type: VOTER last_known_addr { host: "127.31.145.131" port: 46217 } health_report { overall_health: UNKNOWN } } }
I20260710 13:24:45.398345 32660 raft_consensus.cc:993] T 57d3d4a9c7fd4728917222b83102c357 P 1628a521d4d2444b80d085667ad75bd1: : Instructing follower 5d3551fc006e4387a8e02d0364549788 to start an election
I20260710 13:24:45.398702 32750 raft_consensus.cc:1081] T 57d3d4a9c7fd4728917222b83102c357 P 1628a521d4d2444b80d085667ad75bd1 [term 3 LEADER]: Signalling peer 5d3551fc006e4387a8e02d0364549788 to start an election
I20260710 13:24:45.399935 32536 tablet_service.cc:2044] Received Run Leader Election RPC: tablet_id: "57d3d4a9c7fd4728917222b83102c357"
dest_uuid: "5d3551fc006e4387a8e02d0364549788"
 from {username='slave'} at 127.0.0.1:34438
I20260710 13:24:45.400357 32536 raft_consensus.cc:493] T 57d3d4a9c7fd4728917222b83102c357 P 5d3551fc006e4387a8e02d0364549788 [term 3 FOLLOWER]: Starting forced leader election (received explicit request)
I20260710 13:24:45.400636 32536 raft_consensus.cc:3060] T 57d3d4a9c7fd4728917222b83102c357 P 5d3551fc006e4387a8e02d0364549788 [term 3 FOLLOWER]: Advancing to term 4
I20260710 13:24:45.404726 32536 raft_consensus.cc:515] T 57d3d4a9c7fd4728917222b83102c357 P 5d3551fc006e4387a8e02d0364549788 [term 4 FOLLOWER]: Starting forced leader election with config: opid_index: -1 OBSOLETE_local: false peers { permanent_uuid: "072554393d264e1eb9af4d39552d906f" member_type: VOTER last_known_addr { host: "127.31.145.129" port: 38427 } } peers { permanent_uuid: "5d3551fc006e4387a8e02d0364549788" member_type: VOTER last_known_addr { host: "127.31.145.130" port: 44489 } } peers { permanent_uuid: "1628a521d4d2444b80d085667ad75bd1" member_type: VOTER last_known_addr { host: "127.31.145.131" port: 46217 } }
I20260710 13:24:45.406168 32536 leader_election.cc:290] T 57d3d4a9c7fd4728917222b83102c357 P 5d3551fc006e4387a8e02d0364549788 [CANDIDATE]: Term 4 election: Requested vote from peers 072554393d264e1eb9af4d39552d906f (127.31.145.129:38427), 1628a521d4d2444b80d085667ad75bd1 (127.31.145.131:46217)
I20260710 13:24:45.406946 32459 tablet_service.cc:1917] Received RequestConsensusVote() RPC: tablet_id: "57d3d4a9c7fd4728917222b83102c357" candidate_uuid: "5d3551fc006e4387a8e02d0364549788" candidate_term: 4 candidate_status { last_received { term: 3 index: 3 } } ignore_live_leader: true dest_uuid: "072554393d264e1eb9af4d39552d906f"
I20260710 13:24:45.407199 32606 tablet_service.cc:1917] Received RequestConsensusVote() RPC: tablet_id: "57d3d4a9c7fd4728917222b83102c357" candidate_uuid: "5d3551fc006e4387a8e02d0364549788" candidate_term: 4 candidate_status { last_received { term: 3 index: 3 } } ignore_live_leader: true dest_uuid: "1628a521d4d2444b80d085667ad75bd1"
I20260710 13:24:45.407506 32459 raft_consensus.cc:3060] T 57d3d4a9c7fd4728917222b83102c357 P 072554393d264e1eb9af4d39552d906f [term 3 FOLLOWER]: Advancing to term 4
I20260710 13:24:45.407781 32606 raft_consensus.cc:3055] T 57d3d4a9c7fd4728917222b83102c357 P 1628a521d4d2444b80d085667ad75bd1 [term 3 LEADER]: Stepping down as leader of term 3
I20260710 13:24:45.408056 32606 raft_consensus.cc:740] T 57d3d4a9c7fd4728917222b83102c357 P 1628a521d4d2444b80d085667ad75bd1 [term 3 LEADER]: Becoming Follower/Learner. State: Replica: 1628a521d4d2444b80d085667ad75bd1, State: Running, Role: LEADER
I20260710 13:24:45.408746 32606 consensus_queue.cc:260] T 57d3d4a9c7fd4728917222b83102c357 P 1628a521d4d2444b80d085667ad75bd1 [NON_LEADER]: Queue going to NON_LEADER mode. State: All replicated index: 0, Majority replicated index: 3, Committed index: 3, Last appended: 3.3, Last appended by leader: 3, Current term: 3, Majority size: -1, State: 0, Mode: NON_LEADER, active raft config: opid_index: -1 OBSOLETE_local: false peers { permanent_uuid: "072554393d264e1eb9af4d39552d906f" member_type: VOTER last_known_addr { host: "127.31.145.129" port: 38427 } } peers { permanent_uuid: "5d3551fc006e4387a8e02d0364549788" member_type: VOTER last_known_addr { host: "127.31.145.130" port: 44489 } } peers { permanent_uuid: "1628a521d4d2444b80d085667ad75bd1" member_type: VOTER last_known_addr { host: "127.31.145.131" port: 46217 } }
I20260710 13:24:45.409866 32606 raft_consensus.cc:3060] T 57d3d4a9c7fd4728917222b83102c357 P 1628a521d4d2444b80d085667ad75bd1 [term 3 FOLLOWER]: Advancing to term 4
I20260710 13:24:45.412611 32459 raft_consensus.cc:2468] T 57d3d4a9c7fd4728917222b83102c357 P 072554393d264e1eb9af4d39552d906f [term 4 FOLLOWER]: Leader election vote request: Granting yes vote for candidate 5d3551fc006e4387a8e02d0364549788 in term 4.
I20260710 13:24:45.413528 32500 leader_election.cc:304] T 57d3d4a9c7fd4728917222b83102c357 P 5d3551fc006e4387a8e02d0364549788 [CANDIDATE]: Term 4 election: Election decided. Result: candidate won. Election summary: received 2 responses out of 3 voters: 2 yes votes; 0 no votes. yes voters: 072554393d264e1eb9af4d39552d906f, 5d3551fc006e4387a8e02d0364549788; no voters: 
I20260710 13:24:45.414310 32739 raft_consensus.cc:2804] T 57d3d4a9c7fd4728917222b83102c357 P 5d3551fc006e4387a8e02d0364549788 [term 4 FOLLOWER]: Leader election won for term 4
I20260710 13:24:45.414770 32739 raft_consensus.cc:697] T 57d3d4a9c7fd4728917222b83102c357 P 5d3551fc006e4387a8e02d0364549788 [term 4 LEADER]: Becoming Leader. State: Replica: 5d3551fc006e4387a8e02d0364549788, State: Running, Role: LEADER
I20260710 13:24:45.415140 32606 raft_consensus.cc:2468] T 57d3d4a9c7fd4728917222b83102c357 P 1628a521d4d2444b80d085667ad75bd1 [term 4 FOLLOWER]: Leader election vote request: Granting yes vote for candidate 5d3551fc006e4387a8e02d0364549788 in term 4.
I20260710 13:24:45.415526 32739 consensus_queue.cc:237] T 57d3d4a9c7fd4728917222b83102c357 P 5d3551fc006e4387a8e02d0364549788 [LEADER]: Queue going to LEADER mode. State: All replicated index: 0, Majority replicated index: 3, Committed index: 3, Last appended: 3.3, Last appended by leader: 3, Current term: 4, Majority size: 2, State: 0, Mode: LEADER, active raft config: opid_index: -1 OBSOLETE_local: false peers { permanent_uuid: "072554393d264e1eb9af4d39552d906f" member_type: VOTER last_known_addr { host: "127.31.145.129" port: 38427 } } peers { permanent_uuid: "5d3551fc006e4387a8e02d0364549788" member_type: VOTER last_known_addr { host: "127.31.145.130" port: 44489 } } peers { permanent_uuid: "1628a521d4d2444b80d085667ad75bd1" member_type: VOTER last_known_addr { host: "127.31.145.131" port: 46217 } }
I20260710 13:24:45.420593 32356 catalog_manager.cc:5697] T 57d3d4a9c7fd4728917222b83102c357 P 5d3551fc006e4387a8e02d0364549788 reported cstate change: term changed from 3 to 4, leader changed from 1628a521d4d2444b80d085667ad75bd1 (127.31.145.131) to 5d3551fc006e4387a8e02d0364549788 (127.31.145.130). New cstate: current_term: 4 leader_uuid: "5d3551fc006e4387a8e02d0364549788" committed_config { opid_index: -1 OBSOLETE_local: false peers { permanent_uuid: "072554393d264e1eb9af4d39552d906f" member_type: VOTER last_known_addr { host: "127.31.145.129" port: 38427 } health_report { overall_health: UNKNOWN } } peers { permanent_uuid: "5d3551fc006e4387a8e02d0364549788" member_type: VOTER last_known_addr { host: "127.31.145.130" port: 44489 } health_report { overall_health: HEALTHY } } peers { permanent_uuid: "1628a521d4d2444b80d085667ad75bd1" member_type: VOTER last_known_addr { host: "127.31.145.131" port: 46217 } health_report { overall_health: UNKNOWN } } }
I20260710 13:24:45.423357 32764 raft_consensus.cc:993] T 5bdf3691ff9d4bd6b29ad3ad679b95ee P 072554393d264e1eb9af4d39552d906f: : Instructing follower 5d3551fc006e4387a8e02d0364549788 to start an election
I20260710 13:24:45.423717 32693 raft_consensus.cc:1081] T 5bdf3691ff9d4bd6b29ad3ad679b95ee P 072554393d264e1eb9af4d39552d906f [term 1 LEADER]: Signalling peer 5d3551fc006e4387a8e02d0364549788 to start an election
I20260710 13:24:45.425460 32536 tablet_service.cc:2044] Received Run Leader Election RPC: tablet_id: "5bdf3691ff9d4bd6b29ad3ad679b95ee"
dest_uuid: "5d3551fc006e4387a8e02d0364549788"
 from {username='slave'} at 127.0.0.1:34454
I20260710 13:24:45.425969 32536 raft_consensus.cc:493] T 5bdf3691ff9d4bd6b29ad3ad679b95ee P 5d3551fc006e4387a8e02d0364549788 [term 1 FOLLOWER]: Starting forced leader election (received explicit request)
I20260710 13:24:45.426268 32536 raft_consensus.cc:3060] T 5bdf3691ff9d4bd6b29ad3ad679b95ee P 5d3551fc006e4387a8e02d0364549788 [term 1 FOLLOWER]: Advancing to term 2
I20260710 13:24:45.431061 32536 raft_consensus.cc:515] T 5bdf3691ff9d4bd6b29ad3ad679b95ee P 5d3551fc006e4387a8e02d0364549788 [term 2 FOLLOWER]: Starting forced leader election with config: opid_index: -1 OBSOLETE_local: false peers { permanent_uuid: "072554393d264e1eb9af4d39552d906f" member_type: VOTER last_known_addr { host: "127.31.145.129" port: 38427 } } peers { permanent_uuid: "5d3551fc006e4387a8e02d0364549788" member_type: VOTER last_known_addr { host: "127.31.145.130" port: 44489 } } peers { permanent_uuid: "1628a521d4d2444b80d085667ad75bd1" member_type: VOTER last_known_addr { host: "127.31.145.131" port: 46217 } }
I20260710 13:24:45.432456 32536 leader_election.cc:290] T 5bdf3691ff9d4bd6b29ad3ad679b95ee P 5d3551fc006e4387a8e02d0364549788 [CANDIDATE]: Term 2 election: Requested vote from peers 072554393d264e1eb9af4d39552d906f (127.31.145.129:38427), 1628a521d4d2444b80d085667ad75bd1 (127.31.145.131:46217)
I20260710 13:24:45.433185 32459 tablet_service.cc:1917] Received RequestConsensusVote() RPC: tablet_id: "5bdf3691ff9d4bd6b29ad3ad679b95ee" candidate_uuid: "5d3551fc006e4387a8e02d0364549788" candidate_term: 2 candidate_status { last_received { term: 1 index: 1 } } ignore_live_leader: true dest_uuid: "072554393d264e1eb9af4d39552d906f"
I20260710 13:24:45.433398 32606 tablet_service.cc:1917] Received RequestConsensusVote() RPC: tablet_id: "5bdf3691ff9d4bd6b29ad3ad679b95ee" candidate_uuid: "5d3551fc006e4387a8e02d0364549788" candidate_term: 2 candidate_status { last_received { term: 1 index: 1 } } ignore_live_leader: true dest_uuid: "1628a521d4d2444b80d085667ad75bd1"
I20260710 13:24:45.433715 32459 raft_consensus.cc:3055] T 5bdf3691ff9d4bd6b29ad3ad679b95ee P 072554393d264e1eb9af4d39552d906f [term 1 LEADER]: Stepping down as leader of term 1
I20260710 13:24:45.433887 32606 raft_consensus.cc:3060] T 5bdf3691ff9d4bd6b29ad3ad679b95ee P 1628a521d4d2444b80d085667ad75bd1 [term 1 FOLLOWER]: Advancing to term 2
I20260710 13:24:45.434041 32459 raft_consensus.cc:740] T 5bdf3691ff9d4bd6b29ad3ad679b95ee P 072554393d264e1eb9af4d39552d906f [term 1 LEADER]: Becoming Follower/Learner. State: Replica: 072554393d264e1eb9af4d39552d906f, State: Running, Role: LEADER
I20260710 13:24:45.434733 32459 consensus_queue.cc:260] T 5bdf3691ff9d4bd6b29ad3ad679b95ee P 072554393d264e1eb9af4d39552d906f [NON_LEADER]: Queue going to NON_LEADER mode. State: All replicated index: 0, Majority replicated index: 1, Committed index: 1, Last appended: 1.1, Last appended by leader: 1, Current term: 1, Majority size: -1, State: 0, Mode: NON_LEADER, active raft config: opid_index: -1 OBSOLETE_local: false peers { permanent_uuid: "072554393d264e1eb9af4d39552d906f" member_type: VOTER last_known_addr { host: "127.31.145.129" port: 38427 } } peers { permanent_uuid: "5d3551fc006e4387a8e02d0364549788" member_type: VOTER last_known_addr { host: "127.31.145.130" port: 44489 } } peers { permanent_uuid: "1628a521d4d2444b80d085667ad75bd1" member_type: VOTER last_known_addr { host: "127.31.145.131" port: 46217 } }
I20260710 13:24:45.435788 32459 raft_consensus.cc:3060] T 5bdf3691ff9d4bd6b29ad3ad679b95ee P 072554393d264e1eb9af4d39552d906f [term 1 FOLLOWER]: Advancing to term 2
I20260710 13:24:45.440116 32606 raft_consensus.cc:2468] T 5bdf3691ff9d4bd6b29ad3ad679b95ee P 1628a521d4d2444b80d085667ad75bd1 [term 2 FOLLOWER]: Leader election vote request: Granting yes vote for candidate 5d3551fc006e4387a8e02d0364549788 in term 2.
I20260710 13:24:45.441165 32502 leader_election.cc:304] T 5bdf3691ff9d4bd6b29ad3ad679b95ee P 5d3551fc006e4387a8e02d0364549788 [CANDIDATE]: Term 2 election: Election decided. Result: candidate won. Election summary: received 2 responses out of 3 voters: 2 yes votes; 0 no votes. yes voters: 1628a521d4d2444b80d085667ad75bd1, 5d3551fc006e4387a8e02d0364549788; no voters: 
I20260710 13:24:45.441318 32459 raft_consensus.cc:2468] T 5bdf3691ff9d4bd6b29ad3ad679b95ee P 072554393d264e1eb9af4d39552d906f [term 2 FOLLOWER]: Leader election vote request: Granting yes vote for candidate 5d3551fc006e4387a8e02d0364549788 in term 2.
I20260710 13:24:45.441808 32739 raft_consensus.cc:2804] T 5bdf3691ff9d4bd6b29ad3ad679b95ee P 5d3551fc006e4387a8e02d0364549788 [term 2 FOLLOWER]: Leader election won for term 2
I20260710 13:24:45.442267 32739 raft_consensus.cc:697] T 5bdf3691ff9d4bd6b29ad3ad679b95ee P 5d3551fc006e4387a8e02d0364549788 [term 2 LEADER]: Becoming Leader. State: Replica: 5d3551fc006e4387a8e02d0364549788, State: Running, Role: LEADER
I20260710 13:24:45.442909 32739 consensus_queue.cc:237] T 5bdf3691ff9d4bd6b29ad3ad679b95ee P 5d3551fc006e4387a8e02d0364549788 [LEADER]: Queue going to LEADER mode. State: All replicated index: 0, Majority replicated index: 1, Committed index: 1, Last appended: 1.1, Last appended by leader: 1, Current term: 2, Majority size: 2, State: 0, Mode: LEADER, active raft config: opid_index: -1 OBSOLETE_local: false peers { permanent_uuid: "072554393d264e1eb9af4d39552d906f" member_type: VOTER last_known_addr { host: "127.31.145.129" port: 38427 } } peers { permanent_uuid: "5d3551fc006e4387a8e02d0364549788" member_type: VOTER last_known_addr { host: "127.31.145.130" port: 44489 } } peers { permanent_uuid: "1628a521d4d2444b80d085667ad75bd1" member_type: VOTER last_known_addr { host: "127.31.145.131" port: 46217 } }
I20260710 13:24:45.449170 32356 catalog_manager.cc:5697] T 5bdf3691ff9d4bd6b29ad3ad679b95ee P 5d3551fc006e4387a8e02d0364549788 reported cstate change: term changed from 1 to 2, leader changed from 072554393d264e1eb9af4d39552d906f (127.31.145.129) to 5d3551fc006e4387a8e02d0364549788 (127.31.145.130). New cstate: current_term: 2 leader_uuid: "5d3551fc006e4387a8e02d0364549788" committed_config { opid_index: -1 OBSOLETE_local: false peers { permanent_uuid: "072554393d264e1eb9af4d39552d906f" member_type: VOTER last_known_addr { host: "127.31.145.129" port: 38427 } health_report { overall_health: UNKNOWN } } peers { permanent_uuid: "5d3551fc006e4387a8e02d0364549788" member_type: VOTER last_known_addr { host: "127.31.145.130" port: 44489 } health_report { overall_health: HEALTHY } } peers { permanent_uuid: "1628a521d4d2444b80d085667ad75bd1" member_type: VOTER last_known_addr { host: "127.31.145.131" port: 46217 } health_report { overall_health: UNKNOWN } } }
I20260710 13:24:45.594942 32606 raft_consensus.cc:1275] T 7d8a90cfe0224515ba92f46a15877c46 P 1628a521d4d2444b80d085667ad75bd1 [term 3 FOLLOWER]: Refusing update from remote peer 5d3551fc006e4387a8e02d0364549788: Log matching property violated. Preceding OpId in replica: term: 2 index: 2. Preceding OpId from leader: term: 3 index: 3. (index mismatch)
