I20260710 13:25:02.732456 28756 leader_election.cc:290] T 84edb2e2bb2b40ec983101daa056f79a P 1ab08799196e4435b4edfe7eee205295 [CANDIDATE]: Term 1 election: Requested vote from peers d68976c1817e477c8d6be964d61916b8 (127.26.201.194:38727), 1587f2fb91704b9e8177f60a6aebdf70 (127.26.201.195:40179)
I20260710 13:25:02.732359 28655 leader_election.cc:304] T 98e024b3cd2e4e099170cdb93e2e07b2 P 1587f2fb91704b9e8177f60a6aebdf70 [CANDIDATE]: Term 1 election: Election decided. Result: candidate won. Election summary: received 3 responses out of 3 voters: 2 yes votes; 1 no votes. yes voters: 1587f2fb91704b9e8177f60a6aebdf70, 1ab08799196e4435b4edfe7eee205295; no voters: d68976c1817e477c8d6be964d61916b8
I20260710 13:25:02.733327 28782 raft_consensus.cc:2804] T 98e024b3cd2e4e099170cdb93e2e07b2 P 1587f2fb91704b9e8177f60a6aebdf70 [term 1 FOLLOWER]: Leader election won for term 1
I20260710 13:25:02.733814 28687 tablet_service.cc:1917] Received RequestConsensusVote() RPC: tablet_id: "84edb2e2bb2b40ec983101daa056f79a" candidate_uuid: "1ab08799196e4435b4edfe7eee205295" candidate_term: 1 candidate_status { last_received { term: 0 index: 0 } } ignore_live_leader: false dest_uuid: "1587f2fb91704b9e8177f60a6aebdf70"
I20260710 13:25:02.733954 28782 raft_consensus.cc:697] T 98e024b3cd2e4e099170cdb93e2e07b2 P 1587f2fb91704b9e8177f60a6aebdf70 [term 1 LEADER]: Becoming Leader. State: Replica: 1587f2fb91704b9e8177f60a6aebdf70, State: Running, Role: LEADER
I20260710 13:25:02.734408 28687 raft_consensus.cc:3060] T 84edb2e2bb2b40ec983101daa056f79a P 1587f2fb91704b9e8177f60a6aebdf70 [term 0 FOLLOWER]: Advancing to term 1
I20260710 13:25:02.734886 28782 consensus_queue.cc:237] T 98e024b3cd2e4e099170cdb93e2e07b2 P 1587f2fb91704b9e8177f60a6aebdf70 [LEADER]: Queue going to LEADER mode. State: All replicated index: 0, Majority replicated index: 0, Committed index: 0, Last appended: 0.0, Last appended by leader: 0, Current term: 1, Majority size: 2, State: 0, Mode: LEADER, active raft config: opid_index: -1 OBSOLETE_local: false peers { permanent_uuid: "1ab08799196e4435b4edfe7eee205295" member_type: VOTER last_known_addr { host: "127.26.201.193" port: 45691 } } peers { permanent_uuid: "d68976c1817e477c8d6be964d61916b8" member_type: VOTER last_known_addr { host: "127.26.201.194" port: 38727 } } peers { permanent_uuid: "1587f2fb91704b9e8177f60a6aebdf70" member_type: VOTER last_known_addr { host: "127.26.201.195" port: 40179 } }
I20260710 13:25:02.739775 28615 tablet_service.cc:1917] Received RequestConsensusVote() RPC: tablet_id: "84edb2e2bb2b40ec983101daa056f79a" candidate_uuid: "1ab08799196e4435b4edfe7eee205295" candidate_term: 1 candidate_status { last_received { term: 0 index: 0 } } ignore_live_leader: false dest_uuid: "d68976c1817e477c8d6be964d61916b8"
I20260710 13:25:02.740329 28615 raft_consensus.cc:3060] T 84edb2e2bb2b40ec983101daa056f79a P d68976c1817e477c8d6be964d61916b8 [term 0 FOLLOWER]: Advancing to term 1
I20260710 13:25:02.740610 28435 catalog_manager.cc:5697] T a8c755c5153f46dfb2bd6faed61e5d1f P 1587f2fb91704b9e8177f60a6aebdf70 reported cstate change: term changed from 0 to 1, leader changed from <none> to 1587f2fb91704b9e8177f60a6aebdf70 (127.26.201.195). New cstate: current_term: 1 leader_uuid: "1587f2fb91704b9e8177f60a6aebdf70" committed_config { opid_index: -1 OBSOLETE_local: false peers { permanent_uuid: "1ab08799196e4435b4edfe7eee205295" member_type: VOTER last_known_addr { host: "127.26.201.193" port: 45691 } health_report { overall_health: UNKNOWN } } peers { permanent_uuid: "d68976c1817e477c8d6be964d61916b8" member_type: VOTER last_known_addr { host: "127.26.201.194" port: 38727 } health_report { overall_health: UNKNOWN } } peers { permanent_uuid: "1587f2fb91704b9e8177f60a6aebdf70" member_type: VOTER last_known_addr { host: "127.26.201.195" port: 40179 } health_report { overall_health: HEALTHY } } }
I20260710 13:25:02.786813 28687 raft_consensus.cc:2468] T 84edb2e2bb2b40ec983101daa056f79a P 1587f2fb91704b9e8177f60a6aebdf70 [term 1 FOLLOWER]: Leader election vote request: Granting yes vote for candidate 1ab08799196e4435b4edfe7eee205295 in term 1.
I20260710 13:25:02.789104 28506 leader_election.cc:304] T 84edb2e2bb2b40ec983101daa056f79a P 1ab08799196e4435b4edfe7eee205295 [CANDIDATE]: Term 1 election: Election decided. Result: candidate won. Election summary: received 2 responses out of 3 voters: 2 yes votes; 0 no votes. yes voters: 1587f2fb91704b9e8177f60a6aebdf70, 1ab08799196e4435b4edfe7eee205295; no voters: 
I20260710 13:25:02.789935 28756 raft_consensus.cc:2804] T 84edb2e2bb2b40ec983101daa056f79a P 1ab08799196e4435b4edfe7eee205295 [term 1 FOLLOWER]: Leader election won for term 1
I20260710 13:25:02.790022 28729 tablet_bootstrap.cc:492] T 655fae5e55784af98bfd134f9d0c4315 P d68976c1817e477c8d6be964d61916b8: No bootstrap required, opened a new log
I20260710 13:25:02.790120 28804 raft_consensus.cc:493] T f5079eaed7174b3fb5f763d5dffb3947 P 1ab08799196e4435b4edfe7eee205295 [term 0 FOLLOWER]: Starting pre-election (no leader contacted us within the election timeout)
I20260710 13:25:02.790635 28729 ts_tablet_manager.cc:1403] T 655fae5e55784af98bfd134f9d0c4315 P d68976c1817e477c8d6be964d61916b8: Time spent bootstrapping tablet: real 0.159s	user 0.043s	sys 0.032s
I20260710 13:25:02.790570 28756 raft_consensus.cc:697] T 84edb2e2bb2b40ec983101daa056f79a P 1ab08799196e4435b4edfe7eee205295 [term 1 LEADER]: Becoming Leader. State: Replica: 1ab08799196e4435b4edfe7eee205295, State: Running, Role: LEADER
I20260710 13:25:02.790699 28804 raft_consensus.cc:515] T f5079eaed7174b3fb5f763d5dffb3947 P 1ab08799196e4435b4edfe7eee205295 [term 0 FOLLOWER]: Starting pre-election with config: opid_index: -1 OBSOLETE_local: false peers { permanent_uuid: "1ab08799196e4435b4edfe7eee205295" member_type: VOTER last_known_addr { host: "127.26.201.193" port: 45691 } } peers { permanent_uuid: "d68976c1817e477c8d6be964d61916b8" member_type: VOTER last_known_addr { host: "127.26.201.194" port: 38727 } } peers { permanent_uuid: "1587f2fb91704b9e8177f60a6aebdf70" member_type: VOTER last_known_addr { host: "127.26.201.195" port: 40179 } }
I20260710 13:25:02.791635 28756 consensus_queue.cc:237] T 84edb2e2bb2b40ec983101daa056f79a P 1ab08799196e4435b4edfe7eee205295 [LEADER]: Queue going to LEADER mode. State: All replicated index: 0, Majority replicated index: 0, Committed index: 0, Last appended: 0.0, Last appended by leader: 0, Current term: 1, Majority size: 2, State: 0, Mode: LEADER, active raft config: opid_index: -1 OBSOLETE_local: false peers { permanent_uuid: "1ab08799196e4435b4edfe7eee205295" member_type: VOTER last_known_addr { host: "127.26.201.193" port: 45691 } } peers { permanent_uuid: "d68976c1817e477c8d6be964d61916b8" member_type: VOTER last_known_addr { host: "127.26.201.194" port: 38727 } } peers { permanent_uuid: "1587f2fb91704b9e8177f60a6aebdf70" member_type: VOTER last_known_addr { host: "127.26.201.195" port: 40179 } }
I20260710 13:25:02.792502 28615 raft_consensus.cc:2468] T 84edb2e2bb2b40ec983101daa056f79a P d68976c1817e477c8d6be964d61916b8 [term 1 FOLLOWER]: Leader election vote request: Granting yes vote for candidate 1ab08799196e4435b4edfe7eee205295 in term 1.
I20260710 13:25:02.793027 28804 leader_election.cc:290] T f5079eaed7174b3fb5f763d5dffb3947 P 1ab08799196e4435b4edfe7eee205295 [CANDIDATE]: Term 1 pre-election: Requested pre-vote from peers d68976c1817e477c8d6be964d61916b8 (127.26.201.194:38727), 1587f2fb91704b9e8177f60a6aebdf70 (127.26.201.195:40179)
I20260710 13:25:02.795589 28730 tablet_bootstrap.cc:492] T 655fae5e55784af98bfd134f9d0c4315 P 1ab08799196e4435b4edfe7eee205295: No bootstrap required, opened a new log
I20260710 13:25:02.796039 28730 ts_tablet_manager.cc:1403] T 655fae5e55784af98bfd134f9d0c4315 P 1ab08799196e4435b4edfe7eee205295: Time spent bootstrapping tablet: real 0.099s	user 0.010s	sys 0.011s
I20260710 13:25:02.797192 28435 catalog_manager.cc:5697] T 98e024b3cd2e4e099170cdb93e2e07b2 P 1587f2fb91704b9e8177f60a6aebdf70 reported cstate change: term changed from 0 to 1, leader changed from <none> to 1587f2fb91704b9e8177f60a6aebdf70 (127.26.201.195). New cstate: current_term: 1 leader_uuid: "1587f2fb91704b9e8177f60a6aebdf70" committed_config { opid_index: -1 OBSOLETE_local: false peers { permanent_uuid: "1ab08799196e4435b4edfe7eee205295" member_type: VOTER last_known_addr { host: "127.26.201.193" port: 45691 } health_report { overall_health: UNKNOWN } } peers { permanent_uuid: "d68976c1817e477c8d6be964d61916b8" member_type: VOTER last_known_addr { host: "127.26.201.194" port: 38727 } health_report { overall_health: UNKNOWN } } peers { permanent_uuid: "1587f2fb91704b9e8177f60a6aebdf70" member_type: VOTER last_known_addr { host: "127.26.201.195" port: 40179 } health_report { overall_health: HEALTHY } } }
I20260710 13:25:02.797065 28614 tablet_service.cc:1917] Received RequestConsensusVote() RPC: tablet_id: "f5079eaed7174b3fb5f763d5dffb3947" candidate_uuid: "1ab08799196e4435b4edfe7eee205295" candidate_term: 1 candidate_status { last_received { term: 0 index: 0 } } ignore_live_leader: false dest_uuid: "d68976c1817e477c8d6be964d61916b8" is_pre_election: true
I20260710 13:25:02.799456 28730 raft_consensus.cc:359] T 655fae5e55784af98bfd134f9d0c4315 P 1ab08799196e4435b4edfe7eee205295 [term 0 FOLLOWER]: Replica starting. Triggering 0 pending ops. Active config: opid_index: -1 OBSOLETE_local: false peers { permanent_uuid: "1ab08799196e4435b4edfe7eee205295" member_type: VOTER last_known_addr { host: "127.26.201.193" port: 45691 } } peers { permanent_uuid: "d68976c1817e477c8d6be964d61916b8" member_type: VOTER last_known_addr { host: "127.26.201.194" port: 38727 } } peers { permanent_uuid: "1587f2fb91704b9e8177f60a6aebdf70" member_type: VOTER last_known_addr { host: "127.26.201.195" port: 40179 } }
I20260710 13:25:02.800133 28730 raft_consensus.cc:385] T 655fae5e55784af98bfd134f9d0c4315 P 1ab08799196e4435b4edfe7eee205295 [term 0 FOLLOWER]: Consensus starting up: Expiring failure detector timer to make a prompt election more likely
I20260710 13:25:02.800464 28730 raft_consensus.cc:740] T 655fae5e55784af98bfd134f9d0c4315 P 1ab08799196e4435b4edfe7eee205295 [term 0 FOLLOWER]: Becoming Follower/Learner. State: Replica: 1ab08799196e4435b4edfe7eee205295, State: Initialized, Role: FOLLOWER
I20260710 13:25:02.800827 28687 tablet_service.cc:1917] Received RequestConsensusVote() RPC: tablet_id: "f5079eaed7174b3fb5f763d5dffb3947" candidate_uuid: "1ab08799196e4435b4edfe7eee205295" candidate_term: 1 candidate_status { last_received { term: 0 index: 0 } } ignore_live_leader: false dest_uuid: "1587f2fb91704b9e8177f60a6aebdf70" is_pre_election: true
I20260710 13:25:02.801244 28730 consensus_queue.cc:260] T 655fae5e55784af98bfd134f9d0c4315 P 1ab08799196e4435b4edfe7eee205295 [NON_LEADER]: Queue going to NON_LEADER mode. State: All replicated index: 0, Majority replicated index: 0, Committed index: 0, Last appended: 0.0, Last appended by leader: 0, Current term: 0, Majority size: -1, State: 0, Mode: NON_LEADER, active raft config: opid_index: -1 OBSOLETE_local: false peers { permanent_uuid: "1ab08799196e4435b4edfe7eee205295" member_type: VOTER last_known_addr { host: "127.26.201.193" port: 45691 } } peers { permanent_uuid: "d68976c1817e477c8d6be964d61916b8" member_type: VOTER last_known_addr { host: "127.26.201.194" port: 38727 } } peers { permanent_uuid: "1587f2fb91704b9e8177f60a6aebdf70" member_type: VOTER last_known_addr { host: "127.26.201.195" port: 40179 } }
I20260710 13:25:02.804695 28506 leader_election.cc:304] T f5079eaed7174b3fb5f763d5dffb3947 P 1ab08799196e4435b4edfe7eee205295 [CANDIDATE]: Term 1 pre-election: Election decided. Result: candidate lost. Election summary: received 3 responses out of 3 voters: 1 yes votes; 2 no votes. yes voters: 1ab08799196e4435b4edfe7eee205295; no voters: 1587f2fb91704b9e8177f60a6aebdf70, d68976c1817e477c8d6be964d61916b8
I20260710 13:25:02.805791 28844 raft_consensus.cc:2749] T f5079eaed7174b3fb5f763d5dffb3947 P 1ab08799196e4435b4edfe7eee205295 [term 0 FOLLOWER]: Leader pre-election lost for term 1. Reason: could not achieve majority
I20260710 13:25:02.807325 28731 tablet_bootstrap.cc:492] T 17d398d92a00410fabd8cccf115d8af5 P 1587f2fb91704b9e8177f60a6aebdf70: No bootstrap required, opened a new log
I20260710 13:25:02.807945 28731 ts_tablet_manager.cc:1403] T 17d398d92a00410fabd8cccf115d8af5 P 1587f2fb91704b9e8177f60a6aebdf70: Time spent bootstrapping tablet: real 0.127s	user 0.029s	sys 0.036s
I20260710 13:25:02.808843 28730 ts_tablet_manager.cc:1434] T 655fae5e55784af98bfd134f9d0c4315 P 1ab08799196e4435b4edfe7eee205295: Time spent starting tablet: real 0.013s	user 0.006s	sys 0.002s
I20260710 13:25:02.802399 28782 raft_consensus.cc:493] T c00bda2a6afb49a5a27db4459ed34740 P 1587f2fb91704b9e8177f60a6aebdf70 [term 0 FOLLOWER]: Starting pre-election (no leader contacted us within the election timeout)
I20260710 13:25:02.809728 28730 tablet_bootstrap.cc:492] T 4191943f67da4eb99e2153ae00355924 P 1ab08799196e4435b4edfe7eee205295: Bootstrap starting.
I20260710 13:25:02.810051 28782 raft_consensus.cc:515] T c00bda2a6afb49a5a27db4459ed34740 P 1587f2fb91704b9e8177f60a6aebdf70 [term 0 FOLLOWER]: Starting pre-election with config: opid_index: -1 OBSOLETE_local: false peers { permanent_uuid: "1ab08799196e4435b4edfe7eee205295" member_type: VOTER last_known_addr { host: "127.26.201.193" port: 45691 } } peers { permanent_uuid: "d68976c1817e477c8d6be964d61916b8" member_type: VOTER last_known_addr { host: "127.26.201.194" port: 38727 } } peers { permanent_uuid: "1587f2fb91704b9e8177f60a6aebdf70" member_type: VOTER last_known_addr { host: "127.26.201.195" port: 40179 } }
I20260710 13:25:02.814143 28538 tablet_service.cc:1917] Received RequestConsensusVote() RPC: tablet_id: "c00bda2a6afb49a5a27db4459ed34740" candidate_uuid: "1587f2fb91704b9e8177f60a6aebdf70" candidate_term: 1 candidate_status { last_received { term: 0 index: 0 } } ignore_live_leader: false dest_uuid: "1ab08799196e4435b4edfe7eee205295" is_pre_election: true
W20260710 13:25:02.815982 28655 leader_election.cc:343] T c00bda2a6afb49a5a27db4459ed34740 P 1587f2fb91704b9e8177f60a6aebdf70 [CANDIDATE]: Term 1 pre-election: Tablet error from VoteRequest() call to peer 1ab08799196e4435b4edfe7eee205295 (127.26.201.193:45691): Illegal state: must be running to vote when last-logged opid is not known
I20260710 13:25:02.817332 28731 raft_consensus.cc:359] T 17d398d92a00410fabd8cccf115d8af5 P 1587f2fb91704b9e8177f60a6aebdf70 [term 0 FOLLOWER]: Replica starting. Triggering 0 pending ops. Active config: opid_index: -1 OBSOLETE_local: false peers { permanent_uuid: "1ab08799196e4435b4edfe7eee205295" member_type: VOTER last_known_addr { host: "127.26.201.193" port: 45691 } } peers { permanent_uuid: "d68976c1817e477c8d6be964d61916b8" member_type: VOTER last_known_addr { host: "127.26.201.194" port: 38727 } } peers { permanent_uuid: "1587f2fb91704b9e8177f60a6aebdf70" member_type: VOTER last_known_addr { host: "127.26.201.195" port: 40179 } }
I20260710 13:25:02.818329 28731 raft_consensus.cc:385] T 17d398d92a00410fabd8cccf115d8af5 P 1587f2fb91704b9e8177f60a6aebdf70 [term 0 FOLLOWER]: Consensus starting up: Expiring failure detector timer to make a prompt election more likely
I20260710 13:25:02.819089 28731 raft_consensus.cc:740] T 17d398d92a00410fabd8cccf115d8af5 P 1587f2fb91704b9e8177f60a6aebdf70 [term 0 FOLLOWER]: Becoming Follower/Learner. State: Replica: 1587f2fb91704b9e8177f60a6aebdf70, State: Initialized, Role: FOLLOWER
I20260710 13:25:02.819747 28731 consensus_queue.cc:260] T 17d398d92a00410fabd8cccf115d8af5 P 1587f2fb91704b9e8177f60a6aebdf70 [NON_LEADER]: Queue going to NON_LEADER mode. State: All replicated index: 0, Majority replicated index: 0, Committed index: 0, Last appended: 0.0, Last appended by leader: 0, Current term: 0, Majority size: -1, State: 0, Mode: NON_LEADER, active raft config: opid_index: -1 OBSOLETE_local: false peers { permanent_uuid: "1ab08799196e4435b4edfe7eee205295" member_type: VOTER last_known_addr { host: "127.26.201.193" port: 45691 } } peers { permanent_uuid: "d68976c1817e477c8d6be964d61916b8" member_type: VOTER last_known_addr { host: "127.26.201.194" port: 38727 } } peers { permanent_uuid: "1587f2fb91704b9e8177f60a6aebdf70" member_type: VOTER last_known_addr { host: "127.26.201.195" port: 40179 } }
I20260710 13:25:02.821467 28782 leader_election.cc:290] T c00bda2a6afb49a5a27db4459ed34740 P 1587f2fb91704b9e8177f60a6aebdf70 [CANDIDATE]: Term 1 pre-election: Requested pre-vote from peers 1ab08799196e4435b4edfe7eee205295 (127.26.201.193:45691), d68976c1817e477c8d6be964d61916b8 (127.26.201.194:38727)
I20260710 13:25:02.822690 28614 tablet_service.cc:1917] Received RequestConsensusVote() RPC: tablet_id: "c00bda2a6afb49a5a27db4459ed34740" candidate_uuid: "1587f2fb91704b9e8177f60a6aebdf70" candidate_term: 1 candidate_status { last_received { term: 0 index: 0 } } ignore_live_leader: false dest_uuid: "d68976c1817e477c8d6be964d61916b8" is_pre_election: true
I20260710 13:25:02.822947 28731 ts_tablet_manager.cc:1434] T 17d398d92a00410fabd8cccf115d8af5 P 1587f2fb91704b9e8177f60a6aebdf70: Time spent starting tablet: real 0.015s	user 0.008s	sys 0.001s
I20260710 13:25:02.823717 28729 raft_consensus.cc:359] T 655fae5e55784af98bfd134f9d0c4315 P d68976c1817e477c8d6be964d61916b8 [term 0 FOLLOWER]: Replica starting. Triggering 0 pending ops. Active config: opid_index: -1 OBSOLETE_local: false peers { permanent_uuid: "1ab08799196e4435b4edfe7eee205295" member_type: VOTER last_known_addr { host: "127.26.201.193" port: 45691 } } peers { permanent_uuid: "d68976c1817e477c8d6be964d61916b8" member_type: VOTER last_known_addr { host: "127.26.201.194" port: 38727 } } peers { permanent_uuid: "1587f2fb91704b9e8177f60a6aebdf70" member_type: VOTER last_known_addr { host: "127.26.201.195" port: 40179 } }
I20260710 13:25:02.824441 28729 raft_consensus.cc:385] T 655fae5e55784af98bfd134f9d0c4315 P d68976c1817e477c8d6be964d61916b8 [term 0 FOLLOWER]: Consensus starting up: Expiring failure detector timer to make a prompt election more likely
I20260710 13:25:02.825065 28729 raft_consensus.cc:740] T 655fae5e55784af98bfd134f9d0c4315 P d68976c1817e477c8d6be964d61916b8 [term 0 FOLLOWER]: Becoming Follower/Learner. State: Replica: d68976c1817e477c8d6be964d61916b8, State: Initialized, Role: FOLLOWER
I20260710 13:25:02.825789 28731 tablet_bootstrap.cc:492] T a426eb58c8444addad10c7c9e1e9524a P 1587f2fb91704b9e8177f60a6aebdf70: Bootstrap starting.
W20260710 13:25:02.826221 28652 leader_election.cc:343] T c00bda2a6afb49a5a27db4459ed34740 P 1587f2fb91704b9e8177f60a6aebdf70 [CANDIDATE]: Term 1 pre-election: Tablet error from VoteRequest() call to peer d68976c1817e477c8d6be964d61916b8 (127.26.201.194:38727): Illegal state: must be running to vote when last-logged opid is not known
I20260710 13:25:02.826741 28652 leader_election.cc:304] T c00bda2a6afb49a5a27db4459ed34740 P 1587f2fb91704b9e8177f60a6aebdf70 [CANDIDATE]: Term 1 pre-election: Election decided. Result: candidate lost. Election summary: received 3 responses out of 3 voters: 1 yes votes; 2 no votes. yes voters: 1587f2fb91704b9e8177f60a6aebdf70; no voters: 1ab08799196e4435b4edfe7eee205295, d68976c1817e477c8d6be964d61916b8
I20260710 13:25:02.825798 28729 consensus_queue.cc:260] T 655fae5e55784af98bfd134f9d0c4315 P d68976c1817e477c8d6be964d61916b8 [NON_LEADER]: Queue going to NON_LEADER mode. State: All replicated index: 0, Majority replicated index: 0, Committed index: 0, Last appended: 0.0, Last appended by leader: 0, Current term: 0, Majority size: -1, State: 0, Mode: NON_LEADER, active raft config: opid_index: -1 OBSOLETE_local: false peers { permanent_uuid: "1ab08799196e4435b4edfe7eee205295" member_type: VOTER last_known_addr { host: "127.26.201.193" port: 45691 } } peers { permanent_uuid: "d68976c1817e477c8d6be964d61916b8" member_type: VOTER last_known_addr { host: "127.26.201.194" port: 38727 } } peers { permanent_uuid: "1587f2fb91704b9e8177f60a6aebdf70" member_type: VOTER last_known_addr { host: "127.26.201.195" port: 40179 } }
I20260710 13:25:02.828577 28823 raft_consensus.cc:2749] T c00bda2a6afb49a5a27db4459ed34740 P 1587f2fb91704b9e8177f60a6aebdf70 [term 0 FOLLOWER]: Leader pre-election lost for term 1. Reason: could not achieve majority
I20260710 13:25:02.831378 28538 raft_consensus.cc:3060] T 058a43255185496db8e03036b0309170 P 1ab08799196e4435b4edfe7eee205295 [term 0 FOLLOWER]: Advancing to term 1
I20260710 13:25:02.833735 28729 ts_tablet_manager.cc:1434] T 655fae5e55784af98bfd134f9d0c4315 P d68976c1817e477c8d6be964d61916b8: Time spent starting tablet: real 0.038s	user 0.005s	sys 0.000s
I20260710 13:25:02.834728 28729 tablet_bootstrap.cc:492] T 98e024b3cd2e4e099170cdb93e2e07b2 P d68976c1817e477c8d6be964d61916b8: Bootstrap starting.
I20260710 13:25:02.836321 28730 tablet_bootstrap.cc:654] T 4191943f67da4eb99e2153ae00355924 P 1ab08799196e4435b4edfe7eee205295: Neither blocks nor log segments found. Creating new log.
I20260710 13:25:02.838713 28756 consensus_queue.cc:1048] T 2f34885ec0554f0cbb5745d51fe94d80 P 1ab08799196e4435b4edfe7eee205295 [LEADER]: Connected to new peer: Peer: permanent_uuid: "d68976c1817e477c8d6be964d61916b8" member_type: VOTER last_known_addr { host: "127.26.201.194" port: 38727 }, Status: LMP_MISMATCH, Last received: 0.0, Next index: 1, Last known committed idx: 0, Time since last communication: 0.000s
I20260710 13:25:02.842361 28731 tablet_bootstrap.cc:654] T a426eb58c8444addad10c7c9e1e9524a P 1587f2fb91704b9e8177f60a6aebdf70: Neither blocks nor log segments found. Creating new log.
I20260710 13:25:02.843139 28438 catalog_manager.cc:5697] T 84edb2e2bb2b40ec983101daa056f79a P 1ab08799196e4435b4edfe7eee205295 reported cstate change: term changed from 0 to 1, leader changed from <none> to 1ab08799196e4435b4edfe7eee205295 (127.26.201.193). New cstate: current_term: 1 leader_uuid: "1ab08799196e4435b4edfe7eee205295" committed_config { opid_index: -1 OBSOLETE_local: false peers { permanent_uuid: "1ab08799196e4435b4edfe7eee205295" member_type: VOTER last_known_addr { host: "127.26.201.193" port: 45691 } health_report { overall_health: HEALTHY } } peers { permanent_uuid: "d68976c1817e477c8d6be964d61916b8" member_type: VOTER last_known_addr { host: "127.26.201.194" port: 38727 } health_report { overall_health: UNKNOWN } } peers { permanent_uuid: "1587f2fb91704b9e8177f60a6aebdf70" member_type: VOTER last_known_addr { host: "127.26.201.195" port: 40179 } health_report { overall_health: UNKNOWN } } }
W20260710 13:25:02.860153 28506 consensus_peers.cc:597] T 2f34885ec0554f0cbb5745d51fe94d80 P 1ab08799196e4435b4edfe7eee205295 -> Peer 1587f2fb91704b9e8177f60a6aebdf70 (127.26.201.195:40179): Couldn't send request to peer 1587f2fb91704b9e8177f60a6aebdf70. Error code: TABLET_NOT_RUNNING (12). Status: Illegal state: Tablet not RUNNING: INITIALIZED. This is attempt 1: this message will repeat every 5th retry.
I20260710 13:25:02.865383 28729 tablet_bootstrap.cc:654] T 98e024b3cd2e4e099170cdb93e2e07b2 P d68976c1817e477c8d6be964d61916b8: Neither blocks nor log segments found. Creating new log.
I20260710 13:25:02.868203 28731 tablet_bootstrap.cc:492] T a426eb58c8444addad10c7c9e1e9524a P 1587f2fb91704b9e8177f60a6aebdf70: No bootstrap required, opened a new log
I20260710 13:25:02.868731 28731 ts_tablet_manager.cc:1403] T a426eb58c8444addad10c7c9e1e9524a P 1587f2fb91704b9e8177f60a6aebdf70: Time spent bootstrapping tablet: real 0.043s	user 0.013s	sys 0.004s
I20260710 13:25:02.875137 28730 tablet_bootstrap.cc:492] T 4191943f67da4eb99e2153ae00355924 P 1ab08799196e4435b4edfe7eee205295: No bootstrap required, opened a new log
I20260710 13:25:02.876180 28730 ts_tablet_manager.cc:1403] T 4191943f67da4eb99e2153ae00355924 P 1ab08799196e4435b4edfe7eee205295: Time spent bootstrapping tablet: real 0.066s	user 0.016s	sys 0.004s
I20260710 13:25:02.879642 28730 raft_consensus.cc:359] T 4191943f67da4eb99e2153ae00355924 P 1ab08799196e4435b4edfe7eee205295 [term 0 FOLLOWER]: Replica starting. Triggering 0 pending ops. Active config: opid_index: -1 OBSOLETE_local: false peers { permanent_uuid: "1ab08799196e4435b4edfe7eee205295" member_type: VOTER last_known_addr { host: "127.26.201.193" port: 45691 } } peers { permanent_uuid: "d68976c1817e477c8d6be964d61916b8" member_type: VOTER last_known_addr { host: "127.26.201.194" port: 38727 } } peers { permanent_uuid: "1587f2fb91704b9e8177f60a6aebdf70" member_type: VOTER last_known_addr { host: "127.26.201.195" port: 40179 } }
I20260710 13:25:02.880533 28730 raft_consensus.cc:385] T 4191943f67da4eb99e2153ae00355924 P 1ab08799196e4435b4edfe7eee205295 [term 0 FOLLOWER]: Consensus starting up: Expiring failure detector timer to make a prompt election more likely
I20260710 13:25:02.880872 28730 raft_consensus.cc:740] T 4191943f67da4eb99e2153ae00355924 P 1ab08799196e4435b4edfe7eee205295 [term 0 FOLLOWER]: Becoming Follower/Learner. State: Replica: 1ab08799196e4435b4edfe7eee205295, State: Initialized, Role: FOLLOWER
I20260710 13:25:02.881670 28730 consensus_queue.cc:260] T 4191943f67da4eb99e2153ae00355924 P 1ab08799196e4435b4edfe7eee205295 [NON_LEADER]: Queue going to NON_LEADER mode. State: All replicated index: 0, Majority replicated index: 0, Committed index: 0, Last appended: 0.0, Last appended by leader: 0, Current term: 0, Majority size: -1, State: 0, Mode: NON_LEADER, active raft config: opid_index: -1 OBSOLETE_local: false peers { permanent_uuid: "1ab08799196e4435b4edfe7eee205295" member_type: VOTER last_known_addr { host: "127.26.201.193" port: 45691 } } peers { permanent_uuid: "d68976c1817e477c8d6be964d61916b8" member_type: VOTER last_known_addr { host: "127.26.201.194" port: 38727 } } peers { permanent_uuid: "1587f2fb91704b9e8177f60a6aebdf70" member_type: VOTER last_known_addr { host: "127.26.201.195" port: 40179 } }
I20260710 13:25:02.872081 28731 raft_consensus.cc:359] T a426eb58c8444addad10c7c9e1e9524a P 1587f2fb91704b9e8177f60a6aebdf70 [term 0 FOLLOWER]: Replica starting. Triggering 0 pending ops. Active config: opid_index: -1 OBSOLETE_local: false peers { permanent_uuid: "1ab08799196e4435b4edfe7eee205295" member_type: VOTER last_known_addr { host: "127.26.201.193" port: 45691 } } peers { permanent_uuid: "d68976c1817e477c8d6be964d61916b8" member_type: VOTER last_known_addr { host: "127.26.201.194" port: 38727 } } peers { permanent_uuid: "1587f2fb91704b9e8177f60a6aebdf70" member_type: VOTER last_known_addr { host: "127.26.201.195" port: 40179 } }
I20260710 13:25:02.882839 28731 raft_consensus.cc:385] T a426eb58c8444addad10c7c9e1e9524a P 1587f2fb91704b9e8177f60a6aebdf70 [term 0 FOLLOWER]: Consensus starting up: Expiring failure detector timer to make a prompt election more likely
I20260710 13:25:02.883086 28731 raft_consensus.cc:740] T a426eb58c8444addad10c7c9e1e9524a P 1587f2fb91704b9e8177f60a6aebdf70 [term 0 FOLLOWER]: Becoming Follower/Learner. State: Replica: 1587f2fb91704b9e8177f60a6aebdf70, State: Initialized, Role: FOLLOWER
I20260710 13:25:02.883587 28731 consensus_queue.cc:260] T a426eb58c8444addad10c7c9e1e9524a P 1587f2fb91704b9e8177f60a6aebdf70 [NON_LEADER]: Queue going to NON_LEADER mode. State: All replicated index: 0, Majority replicated index: 0, Committed index: 0, Last appended: 0.0, Last appended by leader: 0, Current term: 0, Majority size: -1, State: 0, Mode: NON_LEADER, active raft config: opid_index: -1 OBSOLETE_local: false peers { permanent_uuid: "1ab08799196e4435b4edfe7eee205295" member_type: VOTER last_known_addr { host: "127.26.201.193" port: 45691 } } peers { permanent_uuid: "d68976c1817e477c8d6be964d61916b8" member_type: VOTER last_known_addr { host: "127.26.201.194" port: 38727 } } peers { permanent_uuid: "1587f2fb91704b9e8177f60a6aebdf70" member_type: VOTER last_known_addr { host: "127.26.201.195" port: 40179 } }
I20260710 13:25:02.885722 28773 raft_consensus.cc:493] T 655fae5e55784af98bfd134f9d0c4315 P d68976c1817e477c8d6be964d61916b8 [term 0 FOLLOWER]: Starting pre-election (no leader contacted us within the election timeout)
I20260710 13:25:02.886215 28773 raft_consensus.cc:515] T 655fae5e55784af98bfd134f9d0c4315 P d68976c1817e477c8d6be964d61916b8 [term 0 FOLLOWER]: Starting pre-election with config: opid_index: -1 OBSOLETE_local: false peers { permanent_uuid: "1ab08799196e4435b4edfe7eee205295" member_type: VOTER last_known_addr { host: "127.26.201.193" port: 45691 } } peers { permanent_uuid: "d68976c1817e477c8d6be964d61916b8" member_type: VOTER last_known_addr { host: "127.26.201.194" port: 38727 } } peers { permanent_uuid: "1587f2fb91704b9e8177f60a6aebdf70" member_type: VOTER last_known_addr { host: "127.26.201.195" port: 40179 } }
I20260710 13:25:02.886709 28731 ts_tablet_manager.cc:1434] T a426eb58c8444addad10c7c9e1e9524a P 1587f2fb91704b9e8177f60a6aebdf70: Time spent starting tablet: real 0.018s	user 0.006s	sys 0.002s
I20260710 13:25:02.887642 28731 tablet_bootstrap.cc:492] T 2f34885ec0554f0cbb5745d51fe94d80 P 1587f2fb91704b9e8177f60a6aebdf70: Bootstrap starting.
I20260710 13:25:02.888199 28773 leader_election.cc:290] T 655fae5e55784af98bfd134f9d0c4315 P d68976c1817e477c8d6be964d61916b8 [CANDIDATE]: Term 1 pre-election: Requested pre-vote from peers 1ab08799196e4435b4edfe7eee205295 (127.26.201.193:45691), 1587f2fb91704b9e8177f60a6aebdf70 (127.26.201.195:40179)
I20260710 13:25:02.890354 28687 tablet_service.cc:1917] Received RequestConsensusVote() RPC: tablet_id: "655fae5e55784af98bfd134f9d0c4315" candidate_uuid: "d68976c1817e477c8d6be964d61916b8" candidate_term: 1 candidate_status { last_received { term: 0 index: 0 } } ignore_live_leader: false dest_uuid: "1587f2fb91704b9e8177f60a6aebdf70" is_pre_election: true
W20260710 13:25:02.892227 28581 leader_election.cc:343] T 655fae5e55784af98bfd134f9d0c4315 P d68976c1817e477c8d6be964d61916b8 [CANDIDATE]: Term 1 pre-election: Tablet error from VoteRequest() call to peer 1587f2fb91704b9e8177f60a6aebdf70 (127.26.201.195:40179): Illegal state: must be running to vote when last-logged opid is not known
I20260710 13:25:02.892460 28730 ts_tablet_manager.cc:1434] T 4191943f67da4eb99e2153ae00355924 P 1ab08799196e4435b4edfe7eee205295: Time spent starting tablet: real 0.016s	user 0.007s	sys 0.000s
I20260710 13:25:02.893018 28538 tablet_service.cc:1917] Received RequestConsensusVote() RPC: tablet_id: "655fae5e55784af98bfd134f9d0c4315" candidate_uuid: "d68976c1817e477c8d6be964d61916b8" candidate_term: 1 candidate_status { last_received { term: 0 index: 0 } } ignore_live_leader: false dest_uuid: "1ab08799196e4435b4edfe7eee205295" is_pre_election: true
I20260710 13:25:02.893437 28731 tablet_bootstrap.cc:654] T 2f34885ec0554f0cbb5745d51fe94d80 P 1587f2fb91704b9e8177f60a6aebdf70: Neither blocks nor log segments found. Creating new log.
I20260710 13:25:02.893625 28538 raft_consensus.cc:2468] T 655fae5e55784af98bfd134f9d0c4315 P 1ab08799196e4435b4edfe7eee205295 [term 0 FOLLOWER]: Leader pre-election vote request: Granting yes vote for candidate d68976c1817e477c8d6be964d61916b8 in term 0.
I20260710 13:25:02.894807 28581 leader_election.cc:304] T 655fae5e55784af98bfd134f9d0c4315 P d68976c1817e477c8d6be964d61916b8 [CANDIDATE]: Term 1 pre-election: Election decided. Result: candidate won. Election summary: received 3 responses out of 3 voters: 2 yes votes; 1 no votes. yes voters: 1ab08799196e4435b4edfe7eee205295, d68976c1817e477c8d6be964d61916b8; no voters: 1587f2fb91704b9e8177f60a6aebdf70
I20260710 13:25:02.895905 28773 raft_consensus.cc:2804] T 655fae5e55784af98bfd134f9d0c4315 P d68976c1817e477c8d6be964d61916b8 [term 0 FOLLOWER]: Leader pre-election won for term 1
I20260710 13:25:02.896250 28773 raft_consensus.cc:493] T 655fae5e55784af98bfd134f9d0c4315 P d68976c1817e477c8d6be964d61916b8 [term 0 FOLLOWER]: Starting leader election (no leader contacted us within the election timeout)
I20260710 13:25:02.896705 28773 raft_consensus.cc:3060] T 655fae5e55784af98bfd134f9d0c4315 P d68976c1817e477c8d6be964d61916b8 [term 0 FOLLOWER]: Advancing to term 1
I20260710 13:25:02.900837 28730 tablet_bootstrap.cc:492] T 01daff36b68644f3b848fa9d19d34438 P 1ab08799196e4435b4edfe7eee205295: Bootstrap starting.
I20260710 13:25:02.903167 28773 raft_consensus.cc:515] T 655fae5e55784af98bfd134f9d0c4315 P d68976c1817e477c8d6be964d61916b8 [term 1 FOLLOWER]: Starting leader election with config: opid_index: -1 OBSOLETE_local: false peers { permanent_uuid: "1ab08799196e4435b4edfe7eee205295" member_type: VOTER last_known_addr { host: "127.26.201.193" port: 45691 } } peers { permanent_uuid: "d68976c1817e477c8d6be964d61916b8" member_type: VOTER last_known_addr { host: "127.26.201.194" port: 38727 } } peers { permanent_uuid: "1587f2fb91704b9e8177f60a6aebdf70" member_type: VOTER last_known_addr { host: "127.26.201.195" port: 40179 } }
I20260710 13:25:02.906351 28538 tablet_service.cc:1917] Received RequestConsensusVote() RPC: tablet_id: "655fae5e55784af98bfd134f9d0c4315" candidate_uuid: "d68976c1817e477c8d6be964d61916b8" candidate_term: 1 candidate_status { last_received { term: 0 index: 0 } } ignore_live_leader: false dest_uuid: "1ab08799196e4435b4edfe7eee205295"
I20260710 13:25:02.906929 28538 raft_consensus.cc:3060] T 655fae5e55784af98bfd134f9d0c4315 P 1ab08799196e4435b4edfe7eee205295 [term 0 FOLLOWER]: Advancing to term 1
I20260710 13:25:02.907104 28730 tablet_bootstrap.cc:654] T 01daff36b68644f3b848fa9d19d34438 P 1ab08799196e4435b4edfe7eee205295: Neither blocks nor log segments found. Creating new log.
I20260710 13:25:02.907783 28731 tablet_bootstrap.cc:492] T 2f34885ec0554f0cbb5745d51fe94d80 P 1587f2fb91704b9e8177f60a6aebdf70: No bootstrap required, opened a new log
I20260710 13:25:02.908164 28731 ts_tablet_manager.cc:1403] T 2f34885ec0554f0cbb5745d51fe94d80 P 1587f2fb91704b9e8177f60a6aebdf70: Time spent bootstrapping tablet: real 0.021s	user 0.006s	sys 0.009s
I20260710 13:25:02.910245 28731 raft_consensus.cc:359] T 2f34885ec0554f0cbb5745d51fe94d80 P 1587f2fb91704b9e8177f60a6aebdf70 [term 0 FOLLOWER]: Replica starting. Triggering 0 pending ops. Active config: opid_index: -1 OBSOLETE_local: false peers { permanent_uuid: "1ab08799196e4435b4edfe7eee205295" member_type: VOTER last_known_addr { host: "127.26.201.193" port: 45691 } } peers { permanent_uuid: "d68976c1817e477c8d6be964d61916b8" member_type: VOTER last_known_addr { host: "127.26.201.194" port: 38727 } } peers { permanent_uuid: "1587f2fb91704b9e8177f60a6aebdf70" member_type: VOTER last_known_addr { host: "127.26.201.195" port: 40179 } }
I20260710 13:25:02.910993 28731 raft_consensus.cc:385] T 2f34885ec0554f0cbb5745d51fe94d80 P 1587f2fb91704b9e8177f60a6aebdf70 [term 0 FOLLOWER]: Consensus starting up: Expiring failure detector timer to make a prompt election more likely
I20260710 13:25:02.911266 28731 raft_consensus.cc:740] T 2f34885ec0554f0cbb5745d51fe94d80 P 1587f2fb91704b9e8177f60a6aebdf70 [term 0 FOLLOWER]: Becoming Follower/Learner. State: Replica: 1587f2fb91704b9e8177f60a6aebdf70, State: Initialized, Role: FOLLOWER
I20260710 13:25:02.911936 28731 consensus_queue.cc:260] T 2f34885ec0554f0cbb5745d51fe94d80 P 1587f2fb91704b9e8177f60a6aebdf70 [NON_LEADER]: Queue going to NON_LEADER mode. State: All replicated index: 0, Majority replicated index: 0, Committed index: 0, Last appended: 0.0, Last appended by leader: 0, Current term: 0, Majority size: -1, State: 0, Mode: NON_LEADER, active raft config: opid_index: -1 OBSOLETE_local: false peers { permanent_uuid: "1ab08799196e4435b4edfe7eee205295" member_type: VOTER last_known_addr { host: "127.26.201.193" port: 45691 } } peers { permanent_uuid: "d68976c1817e477c8d6be964d61916b8" member_type: VOTER last_known_addr { host: "127.26.201.194" port: 38727 } } peers { permanent_uuid: "1587f2fb91704b9e8177f60a6aebdf70" member_type: VOTER last_known_addr { host: "127.26.201.195" port: 40179 } }
I20260710 13:25:02.912983 28729 tablet_bootstrap.cc:492] T 98e024b3cd2e4e099170cdb93e2e07b2 P d68976c1817e477c8d6be964d61916b8: No bootstrap required, opened a new log
I20260710 13:25:02.912998 28730 tablet_bootstrap.cc:492] T 01daff36b68644f3b848fa9d19d34438 P 1ab08799196e4435b4edfe7eee205295: No bootstrap required, opened a new log
I20260710 13:25:02.913569 28729 ts_tablet_manager.cc:1403] T 98e024b3cd2e4e099170cdb93e2e07b2 P d68976c1817e477c8d6be964d61916b8: Time spent bootstrapping tablet: real 0.079s	user 0.021s	sys 0.005s
I20260710 13:25:02.914180 28730 ts_tablet_manager.cc:1403] T 01daff36b68644f3b848fa9d19d34438 P 1ab08799196e4435b4edfe7eee205295: Time spent bootstrapping tablet: real 0.014s	user 0.009s	sys 0.003s
I20260710 13:25:02.914111 28538 raft_consensus.cc:2468] T 655fae5e55784af98bfd134f9d0c4315 P 1ab08799196e4435b4edfe7eee205295 [term 1 FOLLOWER]: Leader election vote request: Granting yes vote for candidate d68976c1817e477c8d6be964d61916b8 in term 1.
I20260710 13:25:02.915447 28581 leader_election.cc:304] T 655fae5e55784af98bfd134f9d0c4315 P d68976c1817e477c8d6be964d61916b8 [CANDIDATE]: Term 1 election: Election decided. Result: candidate won. Election summary: received 2 responses out of 3 voters: 2 yes votes; 0 no votes. yes voters: 1ab08799196e4435b4edfe7eee205295, d68976c1817e477c8d6be964d61916b8; no voters: 
I20260710 13:25:02.916260 28735 raft_consensus.cc:2804] T 655fae5e55784af98bfd134f9d0c4315 P d68976c1817e477c8d6be964d61916b8 [term 1 FOLLOWER]: Leader election won for term 1
I20260710 13:25:02.916177 28729 raft_consensus.cc:359] T 98e024b3cd2e4e099170cdb93e2e07b2 P d68976c1817e477c8d6be964d61916b8 [term 0 FOLLOWER]: Replica starting. Triggering 0 pending ops. Active config: opid_index: -1 OBSOLETE_local: false peers { permanent_uuid: "1ab08799196e4435b4edfe7eee205295" member_type: VOTER last_known_addr { host: "127.26.201.193" port: 45691 } } peers { permanent_uuid: "d68976c1817e477c8d6be964d61916b8" member_type: VOTER last_known_addr { host: "127.26.201.194" port: 38727 } } peers { permanent_uuid: "1587f2fb91704b9e8177f60a6aebdf70" member_type: VOTER last_known_addr { host: "127.26.201.195" port: 40179 } }
I20260710 13:25:02.916792 28735 raft_consensus.cc:697] T 655fae5e55784af98bfd134f9d0c4315 P d68976c1817e477c8d6be964d61916b8 [term 1 LEADER]: Becoming Leader. State: Replica: d68976c1817e477c8d6be964d61916b8, State: Running, Role: LEADER
I20260710 13:25:02.917135 28731 ts_tablet_manager.cc:1434] T 2f34885ec0554f0cbb5745d51fe94d80 P 1587f2fb91704b9e8177f60a6aebdf70: Time spent starting tablet: real 0.009s	user 0.005s	sys 0.001s
I20260710 13:25:02.917655 28773 leader_election.cc:290] T 655fae5e55784af98bfd134f9d0c4315 P d68976c1817e477c8d6be964d61916b8 [CANDIDATE]: Term 1 election: Requested vote from peers 1ab08799196e4435b4edfe7eee205295 (127.26.201.193:45691), 1587f2fb91704b9e8177f60a6aebdf70 (127.26.201.195:40179)
I20260710 13:25:02.918128 28731 tablet_bootstrap.cc:492] T 8e562a20eac34dbb87d5926f7e05c42a P 1587f2fb91704b9e8177f60a6aebdf70: Bootstrap starting.
I20260710 13:25:02.919610 28687 tablet_service.cc:1917] Received RequestConsensusVote() RPC: tablet_id: "655fae5e55784af98bfd134f9d0c4315" candidate_uuid: "d68976c1817e477c8d6be964d61916b8" candidate_term: 1 candidate_status { last_received { term: 0 index: 0 } } ignore_live_leader: false dest_uuid: "1587f2fb91704b9e8177f60a6aebdf70"
I20260710 13:25:02.919747 28730 raft_consensus.cc:359] T 01daff36b68644f3b848fa9d19d34438 P 1ab08799196e4435b4edfe7eee205295 [term 0 FOLLOWER]: Replica starting. Triggering 0 pending ops. Active config: opid_index: -1 OBSOLETE_local: false peers { permanent_uuid: "1ab08799196e4435b4edfe7eee205295" member_type: VOTER last_known_addr { host: "127.26.201.193" port: 45691 } } peers { permanent_uuid: "d68976c1817e477c8d6be964d61916b8" member_type: VOTER last_known_addr { host: "127.26.201.194" port: 38727 } } peers { permanent_uuid: "1587f2fb91704b9e8177f60a6aebdf70" member_type: VOTER last_known_addr { host: "127.26.201.195" port: 40179 } }
I20260710 13:25:02.920463 28730 raft_consensus.cc:385] T 01daff36b68644f3b848fa9d19d34438 P 1ab08799196e4435b4edfe7eee205295 [term 0 FOLLOWER]: Consensus starting up: Expiring failure detector timer to make a prompt election more likely
I20260710 13:25:02.920749 28730 raft_consensus.cc:740] T 01daff36b68644f3b848fa9d19d34438 P 1ab08799196e4435b4edfe7eee205295 [term 0 FOLLOWER]: Becoming Follower/Learner. State: Replica: 1ab08799196e4435b4edfe7eee205295, State: Initialized, Role: FOLLOWER
W20260710 13:25:02.920923 28581 leader_election.cc:343] T 655fae5e55784af98bfd134f9d0c4315 P d68976c1817e477c8d6be964d61916b8 [CANDIDATE]: Term 1 election: Tablet error from VoteRequest() call to peer 1587f2fb91704b9e8177f60a6aebdf70 (127.26.201.195:40179): Illegal state: must be running to vote when last-logged opid is not known
I20260710 13:25:02.917618 28735 consensus_queue.cc:237] T 655fae5e55784af98bfd134f9d0c4315 P d68976c1817e477c8d6be964d61916b8 [LEADER]: Queue going to LEADER mode. State: All replicated index: 0, Majority replicated index: 0, Committed index: 0, Last appended: 0.0, Last appended by leader: 0, Current term: 1, Majority size: 2, State: 0, Mode: LEADER, active raft config: opid_index: -1 OBSOLETE_local: false peers { permanent_uuid: "1ab08799196e4435b4edfe7eee205295" member_type: VOTER last_known_addr { host: "127.26.201.193" port: 45691 } } peers { permanent_uuid: "d68976c1817e477c8d6be964d61916b8" member_type: VOTER last_known_addr { host: "127.26.201.194" port: 38727 } } peers { permanent_uuid: "1587f2fb91704b9e8177f60a6aebdf70" member_type: VOTER last_known_addr { host: "127.26.201.195" port: 40179 } }
I20260710 13:25:02.921497 28730 consensus_queue.cc:260] T 01daff36b68644f3b848fa9d19d34438 P 1ab08799196e4435b4edfe7eee205295 [NON_LEADER]: Queue going to NON_LEADER mode. State: All replicated index: 0, Majority replicated index: 0, Committed index: 0, Last appended: 0.0, Last appended by leader: 0, Current term: 0, Majority size: -1, State: 0, Mode: NON_LEADER, active raft config: opid_index: -1 OBSOLETE_local: false peers { permanent_uuid: "1ab08799196e4435b4edfe7eee205295" member_type: VOTER last_known_addr { host: "127.26.201.193" port: 45691 } } peers { permanent_uuid: "d68976c1817e477c8d6be964d61916b8" member_type: VOTER last_known_addr { host: "127.26.201.194" port: 38727 } } peers { permanent_uuid: "1587f2fb91704b9e8177f60a6aebdf70" member_type: VOTER last_known_addr { host: "127.26.201.195" port: 40179 } }
I20260710 13:25:02.923642 28730 ts_tablet_manager.cc:1434] T 01daff36b68644f3b848fa9d19d34438 P 1ab08799196e4435b4edfe7eee205295: Time spent starting tablet: real 0.009s	user 0.004s	sys 0.001s
I20260710 13:25:02.924567 28731 tablet_bootstrap.cc:654] T 8e562a20eac34dbb87d5926f7e05c42a P 1587f2fb91704b9e8177f60a6aebdf70: Neither blocks nor log segments found. Creating new log.
I20260710 13:25:02.927865 28730 tablet_bootstrap.cc:492] T 17d398d92a00410fabd8cccf115d8af5 P 1ab08799196e4435b4edfe7eee205295: Bootstrap starting.
I20260710 13:25:02.916882 28729 raft_consensus.cc:385] T 98e024b3cd2e4e099170cdb93e2e07b2 P d68976c1817e477c8d6be964d61916b8 [term 0 FOLLOWER]: Consensus starting up: Expiring failure detector timer to make a prompt election more likely
I20260710 13:25:02.928822 28729 raft_consensus.cc:740] T 98e024b3cd2e4e099170cdb93e2e07b2 P d68976c1817e477c8d6be964d61916b8 [term 0 FOLLOWER]: Becoming Follower/Learner. State: Replica: d68976c1817e477c8d6be964d61916b8, State: Initialized, Role: FOLLOWER
I20260710 13:25:02.930661 28729 consensus_queue.cc:260] T 98e024b3cd2e4e099170cdb93e2e07b2 P d68976c1817e477c8d6be964d61916b8 [NON_LEADER]: Queue going to NON_LEADER mode. State: All replicated index: 0, Majority replicated index: 0, Committed index: 0, Last appended: 0.0, Last appended by leader: 0, Current term: 0, Majority size: -1, State: 0, Mode: NON_LEADER, active raft config: opid_index: -1 OBSOLETE_local: false peers { permanent_uuid: "1ab08799196e4435b4edfe7eee205295" member_type: VOTER last_known_addr { host: "127.26.201.193" port: 45691 } } peers { permanent_uuid: "d68976c1817e477c8d6be964d61916b8" member_type: VOTER last_known_addr { host: "127.26.201.194" port: 38727 } } peers { permanent_uuid: "1587f2fb91704b9e8177f60a6aebdf70" member_type: VOTER last_known_addr { host: "127.26.201.195" port: 40179 } }
I20260710 13:25:02.934585 28729 ts_tablet_manager.cc:1434] T 98e024b3cd2e4e099170cdb93e2e07b2 P d68976c1817e477c8d6be964d61916b8: Time spent starting tablet: real 0.021s	user 0.008s	sys 0.000s
I20260710 13:25:02.935540 28729 tablet_bootstrap.cc:492] T e07172dcd3974f1ea785d62daa73da84 P d68976c1817e477c8d6be964d61916b8: Bootstrap starting.
I20260710 13:25:02.937534 28731 tablet_bootstrap.cc:492] T 8e562a20eac34dbb87d5926f7e05c42a P 1587f2fb91704b9e8177f60a6aebdf70: No bootstrap required, opened a new log
I20260710 13:25:02.937973 28731 ts_tablet_manager.cc:1403] T 8e562a20eac34dbb87d5926f7e05c42a P 1587f2fb91704b9e8177f60a6aebdf70: Time spent bootstrapping tablet: real 0.020s	user 0.009s	sys 0.008s
I20260710 13:25:02.939194 28823 raft_consensus.cc:493] T a426eb58c8444addad10c7c9e1e9524a P 1587f2fb91704b9e8177f60a6aebdf70 [term 0 FOLLOWER]: Starting pre-election (no leader contacted us within the election timeout)
I20260710 13:25:02.939661 28823 raft_consensus.cc:515] T a426eb58c8444addad10c7c9e1e9524a P 1587f2fb91704b9e8177f60a6aebdf70 [term 0 FOLLOWER]: Starting pre-election with config: opid_index: -1 OBSOLETE_local: false peers { permanent_uuid: "1ab08799196e4435b4edfe7eee205295" member_type: VOTER last_known_addr { host: "127.26.201.193" port: 45691 } } peers { permanent_uuid: "d68976c1817e477c8d6be964d61916b8" member_type: VOTER last_known_addr { host: "127.26.201.194" port: 38727 } } peers { permanent_uuid: "1587f2fb91704b9e8177f60a6aebdf70" member_type: VOTER last_known_addr { host: "127.26.201.195" port: 40179 } }
I20260710 13:25:02.940595 28730 tablet_bootstrap.cc:654] T 17d398d92a00410fabd8cccf115d8af5 P 1ab08799196e4435b4edfe7eee205295: Neither blocks nor log segments found. Creating new log.
I20260710 13:25:02.941915 28823 leader_election.cc:290] T a426eb58c8444addad10c7c9e1e9524a P 1587f2fb91704b9e8177f60a6aebdf70 [CANDIDATE]: Term 1 pre-election: Requested pre-vote from peers 1ab08799196e4435b4edfe7eee205295 (127.26.201.193:45691), d68976c1817e477c8d6be964d61916b8 (127.26.201.194:38727)
I20260710 13:25:02.942690 28538 tablet_service.cc:1917] Received RequestConsensusVote() RPC: tablet_id: "a426eb58c8444addad10c7c9e1e9524a" candidate_uuid: "1587f2fb91704b9e8177f60a6aebdf70" candidate_term: 1 candidate_status { last_received { term: 0 index: 0 } } ignore_live_leader: false dest_uuid: "1ab08799196e4435b4edfe7eee205295" is_pre_election: true
I20260710 13:25:02.943511 28614 tablet_service.cc:1917] Received RequestConsensusVote() RPC: tablet_id: "a426eb58c8444addad10c7c9e1e9524a" candidate_uuid: "1587f2fb91704b9e8177f60a6aebdf70" candidate_term: 1 candidate_status { last_received { term: 0 index: 0 } } ignore_live_leader: false dest_uuid: "d68976c1817e477c8d6be964d61916b8" is_pre_election: true
W20260710 13:25:02.944084 28655 leader_election.cc:343] T a426eb58c8444addad10c7c9e1e9524a P 1587f2fb91704b9e8177f60a6aebdf70 [CANDIDATE]: Term 1 pre-election: Tablet error from VoteRequest() call to peer 1ab08799196e4435b4edfe7eee205295 (127.26.201.193:45691): Illegal state: must be running to vote when last-logged opid is not known
I20260710 13:25:02.944119 28614 raft_consensus.cc:2468] T a426eb58c8444addad10c7c9e1e9524a P d68976c1817e477c8d6be964d61916b8 [term 0 FOLLOWER]: Leader pre-election vote request: Granting yes vote for candidate 1587f2fb91704b9e8177f60a6aebdf70 in term 0.
I20260710 13:25:02.944521 28731 raft_consensus.cc:359] T 8e562a20eac34dbb87d5926f7e05c42a P 1587f2fb91704b9e8177f60a6aebdf70 [term 0 FOLLOWER]: Replica starting. Triggering 0 pending ops. Active config: opid_index: -1 OBSOLETE_local: false peers { permanent_uuid: "1ab08799196e4435b4edfe7eee205295" member_type: VOTER last_known_addr { host: "127.26.201.193" port: 45691 } } peers { permanent_uuid: "d68976c1817e477c8d6be964d61916b8" member_type: VOTER last_known_addr { host: "127.26.201.194" port: 38727 } } peers { permanent_uuid: "1587f2fb91704b9e8177f60a6aebdf70" member_type: VOTER last_known_addr { host: "127.26.201.195" port: 40179 } }
I20260710 13:25:02.945232 28731 raft_consensus.cc:385] T 8e562a20eac34dbb87d5926f7e05c42a P 1587f2fb91704b9e8177f60a6aebdf70 [term 0 FOLLOWER]: Consensus starting up: Expiring failure detector timer to make a prompt election more likely
I20260710 13:25:02.945524 28731 raft_consensus.cc:740] T 8e562a20eac34dbb87d5926f7e05c42a P 1587f2fb91704b9e8177f60a6aebdf70 [term 0 FOLLOWER]: Becoming Follower/Learner. State: Replica: 1587f2fb91704b9e8177f60a6aebdf70, State: Initialized, Role: FOLLOWER
I20260710 13:25:02.945573 28652 leader_election.cc:304] T a426eb58c8444addad10c7c9e1e9524a P 1587f2fb91704b9e8177f60a6aebdf70 [CANDIDATE]: Term 1 pre-election: Election decided. Result: candidate won. Election summary: received 3 responses out of 3 voters: 2 yes votes; 1 no votes. yes voters: 1587f2fb91704b9e8177f60a6aebdf70, d68976c1817e477c8d6be964d61916b8; no voters: 1ab08799196e4435b4edfe7eee205295
I20260710 13:25:02.946334 28731 consensus_queue.cc:260] T 8e562a20eac34dbb87d5926f7e05c42a P 1587f2fb91704b9e8177f60a6aebdf70 [NON_LEADER]: Queue going to NON_LEADER mode. State: All replicated index: 0, Majority replicated index: 0, Committed index: 0, Last appended: 0.0, Last appended by leader: 0, Current term: 0, Majority size: -1, State: 0, Mode: NON_LEADER, active raft config: opid_index: -1 OBSOLETE_local: false peers { permanent_uuid: "1ab08799196e4435b4edfe7eee205295" member_type: VOTER last_known_addr { host: "127.26.201.193" port: 45691 } } peers { permanent_uuid: "d68976c1817e477c8d6be964d61916b8" member_type: VOTER last_known_addr { host: "127.26.201.194" port: 38727 } } peers { permanent_uuid: "1587f2fb91704b9e8177f60a6aebdf70" member_type: VOTER last_known_addr { host: "127.26.201.195" port: 40179 } }
I20260710 13:25:02.947062 28823 raft_consensus.cc:2804] T a426eb58c8444addad10c7c9e1e9524a P 1587f2fb91704b9e8177f60a6aebdf70 [term 0 FOLLOWER]: Leader pre-election won for term 1
