[==========] Running 8 tests from 2 test suites.
[----------] Global test environment set-up.
[----------] 6 tests from LeaderRebalancerTest
[ RUN      ] LeaderRebalancerTest.FunctionalTestForDivided
WARNING: Logging before InitGoogleLogging() is written to STDERR
I20260710 13:24:33.226397 27446 internal_mini_cluster.cc:156] Creating distributed mini masters. Addrs: 127.26.205.190:42473
I20260710 13:24:33.228011 27446 env_posix.cc:2285] Not raising this process' open files per process limit of 1048576; it is already as high as it can go
I20260710 13:24:33.229012 27446 file_cache.cc:504] Constructed file cache file cache with capacity 419430
I20260710 13:24:33.247676 27446 server_base.cc:1061] running on GCE node
W20260710 13:24:33.247782 27452 instance_detector.cc:116] could not retrieve AWS instance metadata: Network error: curl error: HTTP response code said error: The requested URL returned error: 404
W20260710 13:24:34.248926 27446 thread.cc:527] Waited for 1000ms trying to join with AWS (tid 27452)
W20260710 13:24:33.247956 27455 instance_detector.cc:116] could not retrieve OpenStack instance metadata: Network error: curl error: HTTP response code said error: The requested URL returned error: 404
W20260710 13:24:33.247789 27453 instance_detector.cc:116] could not retrieve Azure instance metadata: Network error: curl error: HTTP response code said error: The requested URL returned error: 404
I20260710 13:24:34.516569 27446 hybrid_clock.cc:584] initializing the hybrid clock with 'system_unsync' time source
W20260710 13:24:34.516839 27446 system_unsync_time.cc:38] NTP support is disabled. Clock error bounds will not be accurate. This configuration is not suitable for distributed clusters.
I20260710 13:24:34.517094 27446 hybrid_clock.cc:648] HybridClock initialized: now 1783689874517072 us; error 0 us; skew 500 ppm
I20260710 13:24:34.518056 27446 server_base.cc:861] Flag tcmalloc_max_total_thread_cache_bytes is not working since tcmalloc is not enabled.
I20260710 13:24:34.524494 27446 webserver.cc:533] Webserver started at http://127.26.205.190:44839/ using document root <none> and password file <none>
I20260710 13:24:34.525501 27446 fs_manager.cc:362] Metadata directory not provided
I20260710 13:24:34.525763 27446 fs_manager.cc:368] Using write-ahead log directory (fs_wal_dir) as metadata directory
I20260710 13:24:34.526296 27446 server_base.cc:909] This appears to be a new deployment of Kudu; creating new FS layout
I20260710 13:24:34.532984 27446 fs_manager.cc:1068] Generated new instance metadata in path /tmp/dist-test-taskVrI2KS/test-tmp/auto_leader_rebalancer-test.0.LeaderRebalancerTest.FunctionalTestForDivided.1783689873042704-27446-0/minicluster-data/master-0-root/instance:
uuid: "d9dc648594ac4d32bf8c532c0b4320bc"
format_stamp: "Formatted at 2026-07-10 13:24:34 on dist-test-slave-sfkn"
I20260710 13:24:34.542109 27446 fs_manager.cc:696] Time spent creating directory manager: real 0.008s	user 0.005s	sys 0.004s
I20260710 13:24:34.548178 27461 log_block_manager.cc:4127] Time spent loading block containers with low live blocks: real 0.000s	user 0.000s	sys 0.000s
I20260710 13:24:34.549731 27446 fs_manager.cc:730] Time spent opening block manager: real 0.004s	user 0.004s	sys 0.000s
I20260710 13:24:34.550241 27446 fs_manager.cc:647] Opened local filesystem: /tmp/dist-test-taskVrI2KS/test-tmp/auto_leader_rebalancer-test.0.LeaderRebalancerTest.FunctionalTestForDivided.1783689873042704-27446-0/minicluster-data/master-0-root
uuid: "d9dc648594ac4d32bf8c532c0b4320bc"
format_stamp: "Formatted at 2026-07-10 13:24:34 on dist-test-slave-sfkn"
I20260710 13:24:34.550621 27446 fs_report.cc:389] FS layout report
--------------------
wal directory: /tmp/dist-test-taskVrI2KS/test-tmp/auto_leader_rebalancer-test.0.LeaderRebalancerTest.FunctionalTestForDivided.1783689873042704-27446-0/minicluster-data/master-0-root
metadata directory: /tmp/dist-test-taskVrI2KS/test-tmp/auto_leader_rebalancer-test.0.LeaderRebalancerTest.FunctionalTestForDivided.1783689873042704-27446-0/minicluster-data/master-0-root
1 data directories: /tmp/dist-test-taskVrI2KS/test-tmp/auto_leader_rebalancer-test.0.LeaderRebalancerTest.FunctionalTestForDivided.1783689873042704-27446-0/minicluster-data/master-0-root/data
Total live blocks: 0
Total live bytes: 0
Total live bytes (after alignment): 0
Total number of LBM containers: 0 (0 full)
Did not check for missing blocks
Did not check for orphaned blocks
Total full LBM containers with extra space: 0 (0 repaired)
Total full LBM container extra space in bytes: 0 (0 repaired)
Total incomplete LBM containers: 0 (0 repaired)
Total LBM partial records: 0 (0 repaired)
Total corrupted LBM metadata records in RocksDB: 0 (0 repaired)
I20260710 13:24:34.620741 27446 rpc_server.cc:225] running with OpenSSL 1.1.1  11 Sep 2018
I20260710 13:24:34.622491 27446 env_posix.cc:2285] Not raising this process' running threads per effective uid limit of 18446744073709551615; it is already as high as it can go
I20260710 13:24:34.622979 27446 kserver.cc:163] Server-wide thread pool size limit: 3276
I20260710 13:24:34.698990 27446 rpc_server.cc:307] RPC server started. Bound to: 127.26.205.190:42473
I20260710 13:24:34.699347 27512 acceptor_pool.cc:272] collecting diagnostics on the listening RPC socket 127.26.205.190:42473 every 8 connection(s)
I20260710 13:24:34.707849 27513 data_dirs.cc:400] Could only allocate 1 dirs of requested 3 for tablet 00000000000000000000000000000000. 1 dirs total, 0 dirs full, 0 dirs failed
I20260710 13:24:34.730535 27513 tablet_bootstrap.cc:492] T 00000000000000000000000000000000 P d9dc648594ac4d32bf8c532c0b4320bc: Bootstrap starting.
I20260710 13:24:34.737121 27513 tablet_bootstrap.cc:654] T 00000000000000000000000000000000 P d9dc648594ac4d32bf8c532c0b4320bc: Neither blocks nor log segments found. Creating new log.
I20260710 13:24:34.739100 27513 log.cc:826] T 00000000000000000000000000000000 P d9dc648594ac4d32bf8c532c0b4320bc: Log is configured to *not* fsync() on all Append() calls
I20260710 13:24:34.744256 27513 tablet_bootstrap.cc:492] T 00000000000000000000000000000000 P d9dc648594ac4d32bf8c532c0b4320bc: No bootstrap required, opened a new log
I20260710 13:24:34.767421 27513 raft_consensus.cc:359] T 00000000000000000000000000000000 P d9dc648594ac4d32bf8c532c0b4320bc [term 0 FOLLOWER]: Replica starting. Triggering 0 pending ops. Active config: opid_index: -1 OBSOLETE_local: true peers { permanent_uuid: "d9dc648594ac4d32bf8c532c0b4320bc" member_type: VOTER }
I20260710 13:24:34.768114 27513 raft_consensus.cc:385] T 00000000000000000000000000000000 P d9dc648594ac4d32bf8c532c0b4320bc [term 0 FOLLOWER]: Consensus starting up: Expiring failure detector timer to make a prompt election more likely
I20260710 13:24:34.768435 27513 raft_consensus.cc:740] T 00000000000000000000000000000000 P d9dc648594ac4d32bf8c532c0b4320bc [term 0 FOLLOWER]: Becoming Follower/Learner. State: Replica: d9dc648594ac4d32bf8c532c0b4320bc, State: Initialized, Role: FOLLOWER
I20260710 13:24:34.769485 27513 consensus_queue.cc:260] T 00000000000000000000000000000000 P d9dc648594ac4d32bf8c532c0b4320bc [NON_LEADER]: Queue going to NON_LEADER mode. State: All replicated index: 0, Majority replicated index: 0, Committed index: 0, Last appended: 0.0, Last appended by leader: 0, Current term: 0, Majority size: -1, State: 0, Mode: NON_LEADER, active raft config: opid_index: -1 OBSOLETE_local: true peers { permanent_uuid: "d9dc648594ac4d32bf8c532c0b4320bc" member_type: VOTER }
I20260710 13:24:34.770085 27513 raft_consensus.cc:399] T 00000000000000000000000000000000 P d9dc648594ac4d32bf8c532c0b4320bc [term 0 FOLLOWER]: Only one voter in the Raft config. Triggering election immediately
I20260710 13:24:34.770421 27513 raft_consensus.cc:493] T 00000000000000000000000000000000 P d9dc648594ac4d32bf8c532c0b4320bc [term 0 FOLLOWER]: Starting leader election (initial election of a single-replica configuration)
I20260710 13:24:34.770820 27513 raft_consensus.cc:3060] T 00000000000000000000000000000000 P d9dc648594ac4d32bf8c532c0b4320bc [term 0 FOLLOWER]: Advancing to term 1
I20260710 13:24:34.779093 27513 raft_consensus.cc:515] T 00000000000000000000000000000000 P d9dc648594ac4d32bf8c532c0b4320bc [term 1 FOLLOWER]: Starting leader election with config: opid_index: -1 OBSOLETE_local: true peers { permanent_uuid: "d9dc648594ac4d32bf8c532c0b4320bc" member_type: VOTER }
I20260710 13:24:34.780148 27513 leader_election.cc:304] T 00000000000000000000000000000000 P d9dc648594ac4d32bf8c532c0b4320bc [CANDIDATE]: Term 1 election: Election decided. Result: candidate won. Election summary: received 1 responses out of 1 voters: 1 yes votes; 0 no votes. yes voters: d9dc648594ac4d32bf8c532c0b4320bc; no voters: 
I20260710 13:24:34.782285 27513 leader_election.cc:290] T 00000000000000000000000000000000 P d9dc648594ac4d32bf8c532c0b4320bc [CANDIDATE]: Term 1 election: Requested vote from peers 
I20260710 13:24:34.782665 27516 raft_consensus.cc:2804] T 00000000000000000000000000000000 P d9dc648594ac4d32bf8c532c0b4320bc [term 1 FOLLOWER]: Leader election won for term 1
I20260710 13:24:34.785630 27516 raft_consensus.cc:697] T 00000000000000000000000000000000 P d9dc648594ac4d32bf8c532c0b4320bc [term 1 LEADER]: Becoming Leader. State: Replica: d9dc648594ac4d32bf8c532c0b4320bc, State: Running, Role: LEADER
I20260710 13:24:34.786652 27516 consensus_queue.cc:237] T 00000000000000000000000000000000 P d9dc648594ac4d32bf8c532c0b4320bc [LEADER]: Queue going to LEADER mode. State: All replicated index: 0, Majority replicated index: 0, Committed index: 0, Last appended: 0.0, Last appended by leader: 0, Current term: 1, Majority size: 1, State: 0, Mode: LEADER, active raft config: opid_index: -1 OBSOLETE_local: true peers { permanent_uuid: "d9dc648594ac4d32bf8c532c0b4320bc" member_type: VOTER }
I20260710 13:24:34.787711 27513 sys_catalog.cc:565] T 00000000000000000000000000000000 P d9dc648594ac4d32bf8c532c0b4320bc [sys.catalog]: configured and running, proceeding with master startup.
I20260710 13:24:34.798846 27518 sys_catalog.cc:455] T 00000000000000000000000000000000 P d9dc648594ac4d32bf8c532c0b4320bc [sys.catalog]: SysCatalogTable state changed. Reason: New leader d9dc648594ac4d32bf8c532c0b4320bc. Latest consensus state: current_term: 1 leader_uuid: "d9dc648594ac4d32bf8c532c0b4320bc" committed_config { opid_index: -1 OBSOLETE_local: true peers { permanent_uuid: "d9dc648594ac4d32bf8c532c0b4320bc" member_type: VOTER } }
I20260710 13:24:34.799769 27518 sys_catalog.cc:458] T 00000000000000000000000000000000 P d9dc648594ac4d32bf8c532c0b4320bc [sys.catalog]: This master's current role is: LEADER
I20260710 13:24:34.800516 27517 sys_catalog.cc:455] T 00000000000000000000000000000000 P d9dc648594ac4d32bf8c532c0b4320bc [sys.catalog]: SysCatalogTable state changed. Reason: RaftConsensus started. Latest consensus state: current_term: 1 leader_uuid: "d9dc648594ac4d32bf8c532c0b4320bc" committed_config { opid_index: -1 OBSOLETE_local: true peers { permanent_uuid: "d9dc648594ac4d32bf8c532c0b4320bc" member_type: VOTER } }
I20260710 13:24:34.801126 27517 sys_catalog.cc:458] T 00000000000000000000000000000000 P d9dc648594ac4d32bf8c532c0b4320bc [sys.catalog]: This master's current role is: LEADER
I20260710 13:24:34.803598 27524 catalog_manager.cc:1511] Loading table and tablet metadata into memory...
I20260710 13:24:34.819049 27524 catalog_manager.cc:1520] Initializing Kudu cluster ID...
I20260710 13:24:34.821712 27446 internal_mini_cluster.cc:184] Waiting to initialize catalog manager on master 0
I20260710 13:24:34.838174 27524 catalog_manager.cc:1383] Generated new cluster ID: d6edd4721b524fcba6214fc0a6adaaca
I20260710 13:24:34.838582 27524 catalog_manager.cc:1531] Initializing Kudu internal certificate authority...
I20260710 13:24:34.862313 27524 catalog_manager.cc:1406] Generated new certificate authority record
I20260710 13:24:34.864156 27524 catalog_manager.cc:1540] Loading token signing keys...
I20260710 13:24:34.889045 27524 catalog_manager.cc:6070] T 00000000000000000000000000000000 P d9dc648594ac4d32bf8c532c0b4320bc: Generated new TSK 0
I20260710 13:24:34.890259 27524 catalog_manager.cc:1550] Initializing in-progress tserver states...
I20260710 13:24:34.953740 27446 file_cache.cc:504] Constructed file cache file cache with capacity 419430
W20260710 13:24:34.964514 27535 instance_detector.cc:116] could not retrieve AWS instance metadata: Network error: curl error: HTTP response code said error: The requested URL returned error: 404
W20260710 13:24:34.966064 27536 instance_detector.cc:116] could not retrieve Azure instance metadata: Network error: curl error: HTTP response code said error: The requested URL returned error: 404
I20260710 13:24:34.970096 27446 server_base.cc:1061] running on GCE node
W20260710 13:24:34.970345 27538 instance_detector.cc:116] could not retrieve OpenStack instance metadata: Network error: curl error: HTTP response code said error: The requested URL returned error: 404
I20260710 13:24:34.971464 27446 hybrid_clock.cc:584] initializing the hybrid clock with 'system_unsync' time source
W20260710 13:24:34.971817 27446 system_unsync_time.cc:38] NTP support is disabled. Clock error bounds will not be accurate. This configuration is not suitable for distributed clusters.
I20260710 13:24:34.972031 27446 hybrid_clock.cc:648] HybridClock initialized: now 1783689874972011 us; error 0 us; skew 500 ppm
I20260710 13:24:34.972852 27446 server_base.cc:861] Flag tcmalloc_max_total_thread_cache_bytes is not working since tcmalloc is not enabled.
I20260710 13:24:34.977272 27446 webserver.cc:533] Webserver started at http://127.26.205.129:33933/ using document root <none> and password file <none>
I20260710 13:24:34.978076 27446 fs_manager.cc:362] Metadata directory not provided
I20260710 13:24:34.978361 27446 fs_manager.cc:368] Using write-ahead log directory (fs_wal_dir) as metadata directory
I20260710 13:24:34.978757 27446 server_base.cc:909] This appears to be a new deployment of Kudu; creating new FS layout
I20260710 13:24:34.980383 27446 fs_manager.cc:1068] Generated new instance metadata in path /tmp/dist-test-taskVrI2KS/test-tmp/auto_leader_rebalancer-test.0.LeaderRebalancerTest.FunctionalTestForDivided.1783689873042704-27446-0/minicluster-data/ts-0-root/instance:
uuid: "a1cd53e15cf149388f740c0f4c5c65ff"
format_stamp: "Formatted at 2026-07-10 13:24:34 on dist-test-slave-sfkn"
I20260710 13:24:34.987929 27446 fs_manager.cc:696] Time spent creating directory manager: real 0.007s	user 0.007s	sys 0.000s
I20260710 13:24:34.993350 27543 log_block_manager.cc:4127] Time spent loading block containers with low live blocks: real 0.000s	user 0.000s	sys 0.000s
I20260710 13:24:34.994381 27446 fs_manager.cc:730] Time spent opening block manager: real 0.003s	user 0.005s	sys 0.000s
I20260710 13:24:34.994776 27446 fs_manager.cc:647] Opened local filesystem: /tmp/dist-test-taskVrI2KS/test-tmp/auto_leader_rebalancer-test.0.LeaderRebalancerTest.FunctionalTestForDivided.1783689873042704-27446-0/minicluster-data/ts-0-root
uuid: "a1cd53e15cf149388f740c0f4c5c65ff"
format_stamp: "Formatted at 2026-07-10 13:24:34 on dist-test-slave-sfkn"
I20260710 13:24:34.995186 27446 fs_report.cc:389] FS layout report
--------------------
wal directory: /tmp/dist-test-taskVrI2KS/test-tmp/auto_leader_rebalancer-test.0.LeaderRebalancerTest.FunctionalTestForDivided.1783689873042704-27446-0/minicluster-data/ts-0-root
metadata directory: /tmp/dist-test-taskVrI2KS/test-tmp/auto_leader_rebalancer-test.0.LeaderRebalancerTest.FunctionalTestForDivided.1783689873042704-27446-0/minicluster-data/ts-0-root
1 data directories: /tmp/dist-test-taskVrI2KS/test-tmp/auto_leader_rebalancer-test.0.LeaderRebalancerTest.FunctionalTestForDivided.1783689873042704-27446-0/minicluster-data/ts-0-root/data
Total live blocks: 0
Total live bytes: 0
Total live bytes (after alignment): 0
Total number of LBM containers: 0 (0 full)
Did not check for missing blocks
Did not check for orphaned blocks
Total full LBM containers with extra space: 0 (0 repaired)
Total full LBM container extra space in bytes: 0 (0 repaired)
Total incomplete LBM containers: 0 (0 repaired)
Total LBM partial records: 0 (0 repaired)
Total corrupted LBM metadata records in RocksDB: 0 (0 repaired)
I20260710 13:24:35.017179 27446 rpc_server.cc:225] running with OpenSSL 1.1.1  11 Sep 2018
I20260710 13:24:35.019004 27446 kserver.cc:163] Server-wide thread pool size limit: 3276
I20260710 13:24:35.021912 27446 txn_system_client.cc:432] TxnSystemClient initialization is disabled...
I20260710 13:24:35.028251 27446 ts_tablet_manager.cc:585] Loaded tablet metadata (0 total tablets, 0 live tablets)
I20260710 13:24:35.028647 27446 ts_tablet_manager.cc:531] Time spent load tablet metadata: real 0.000s	user 0.000s	sys 0.000s
I20260710 13:24:35.029006 27446 ts_tablet_manager.cc:616] Registered 0 tablets
I20260710 13:24:35.029299 27446 ts_tablet_manager.cc:595] Time spent register tablets: real 0.000s	user 0.000s	sys 0.000s
I20260710 13:24:35.140599 27446 rpc_server.cc:307] RPC server started. Bound to: 127.26.205.129:35723
I20260710 13:24:35.140743 27605 acceptor_pool.cc:272] collecting diagnostics on the listening RPC socket 127.26.205.129:35723 every 8 connection(s)
I20260710 13:24:35.158062 27446 file_cache.cc:504] Constructed file cache file cache with capacity 419430
W20260710 13:24:35.167744 27610 instance_detector.cc:116] could not retrieve AWS instance metadata: Network error: curl error: HTTP response code said error: The requested URL returned error: 404
W20260710 13:24:35.180402 27611 instance_detector.cc:116] could not retrieve Azure instance metadata: Network error: curl error: HTTP response code said error: The requested URL returned error: 404
I20260710 13:24:35.184141 27446 server_base.cc:1061] running on GCE node
W20260710 13:24:35.188102 27613 instance_detector.cc:116] could not retrieve OpenStack instance metadata: Network error: curl error: HTTP response code said error: The requested URL returned error: 404
I20260710 13:24:35.189469 27446 hybrid_clock.cc:584] initializing the hybrid clock with 'system_unsync' time source
W20260710 13:24:35.189781 27446 system_unsync_time.cc:38] NTP support is disabled. Clock error bounds will not be accurate. This configuration is not suitable for distributed clusters.
I20260710 13:24:35.190013 27446 hybrid_clock.cc:648] HybridClock initialized: now 1783689875189991 us; error 0 us; skew 500 ppm
I20260710 13:24:35.190909 27446 server_base.cc:861] Flag tcmalloc_max_total_thread_cache_bytes is not working since tcmalloc is not enabled.
I20260710 13:24:35.194444 27446 webserver.cc:533] Webserver started at http://127.26.205.130:39085/ using document root <none> and password file <none>
I20260710 13:24:35.195183 27446 fs_manager.cc:362] Metadata directory not provided
I20260710 13:24:35.195459 27446 fs_manager.cc:368] Using write-ahead log directory (fs_wal_dir) as metadata directory
I20260710 13:24:35.195849 27446 server_base.cc:909] This appears to be a new deployment of Kudu; creating new FS layout
I20260710 13:24:35.197832 27446 fs_manager.cc:1068] Generated new instance metadata in path /tmp/dist-test-taskVrI2KS/test-tmp/auto_leader_rebalancer-test.0.LeaderRebalancerTest.FunctionalTestForDivided.1783689873042704-27446-0/minicluster-data/ts-1-root/instance:
uuid: "df6b268b4c5642d584ec45620b97e671"
format_stamp: "Formatted at 2026-07-10 13:24:35 on dist-test-slave-sfkn"
I20260710 13:24:35.204435 27606 heartbeater.cc:344] Connected to a master server at 127.26.205.190:42473
I20260710 13:24:35.205312 27606 heartbeater.cc:461] Registering TS with master...
I20260710 13:24:35.205940 27446 fs_manager.cc:696] Time spent creating directory manager: real 0.007s	user 0.004s	sys 0.004s
I20260710 13:24:35.206794 27606 heartbeater.cc:507] Master 127.26.205.190:42473 requested a full tablet report, sending...
I20260710 13:24:35.210954 27478 ts_manager.cc:194] Registered new tserver with Master: a1cd53e15cf149388f740c0f4c5c65ff (127.26.205.129:35723)
I20260710 13:24:35.211894 27618 log_block_manager.cc:4127] Time spent loading block containers with low live blocks: real 0.000s	user 0.000s	sys 0.000s
I20260710 13:24:35.212882 27446 fs_manager.cc:730] Time spent opening block manager: real 0.004s	user 0.001s	sys 0.002s
I20260710 13:24:35.213304 27446 fs_manager.cc:647] Opened local filesystem: /tmp/dist-test-taskVrI2KS/test-tmp/auto_leader_rebalancer-test.0.LeaderRebalancerTest.FunctionalTestForDivided.1783689873042704-27446-0/minicluster-data/ts-1-root
uuid: "df6b268b4c5642d584ec45620b97e671"
format_stamp: "Formatted at 2026-07-10 13:24:35 on dist-test-slave-sfkn"
I20260710 13:24:35.213730 27446 fs_report.cc:389] FS layout report
--------------------
wal directory: /tmp/dist-test-taskVrI2KS/test-tmp/auto_leader_rebalancer-test.0.LeaderRebalancerTest.FunctionalTestForDivided.1783689873042704-27446-0/minicluster-data/ts-1-root
metadata directory: /tmp/dist-test-taskVrI2KS/test-tmp/auto_leader_rebalancer-test.0.LeaderRebalancerTest.FunctionalTestForDivided.1783689873042704-27446-0/minicluster-data/ts-1-root
1 data directories: /tmp/dist-test-taskVrI2KS/test-tmp/auto_leader_rebalancer-test.0.LeaderRebalancerTest.FunctionalTestForDivided.1783689873042704-27446-0/minicluster-data/ts-1-root/data
Total live blocks: 0
Total live bytes: 0
Total live bytes (after alignment): 0
Total number of LBM containers: 0 (0 full)
Did not check for missing blocks
Did not check for orphaned blocks
Total full LBM containers with extra space: 0 (0 repaired)
Total full LBM container extra space in bytes: 0 (0 repaired)
Total incomplete LBM containers: 0 (0 repaired)
Total LBM partial records: 0 (0 repaired)
Total corrupted LBM metadata records in RocksDB: 0 (0 repaired)
I20260710 13:24:35.214454 27478 master_service.cc:502] Signed X509 certificate for tserver {username='slave'} at 127.0.0.1:55708
I20260710 13:24:35.238282 27446 rpc_server.cc:225] running with OpenSSL 1.1.1  11 Sep 2018
I20260710 13:24:35.239880 27446 kserver.cc:163] Server-wide thread pool size limit: 3276
I20260710 13:24:35.242431 27446 txn_system_client.cc:432] TxnSystemClient initialization is disabled...
I20260710 13:24:35.244984 27446 ts_tablet_manager.cc:585] Loaded tablet metadata (0 total tablets, 0 live tablets)
I20260710 13:24:35.245293 27446 ts_tablet_manager.cc:531] Time spent load tablet metadata: real 0.000s	user 0.000s	sys 0.000s
I20260710 13:24:35.245594 27446 ts_tablet_manager.cc:616] Registered 0 tablets
I20260710 13:24:35.245780 27446 ts_tablet_manager.cc:595] Time spent register tablets: real 0.000s	user 0.000s	sys 0.000s
I20260710 13:24:35.341706 27446 rpc_server.cc:307] RPC server started. Bound to: 127.26.205.130:37277
I20260710 13:24:35.341827 27680 acceptor_pool.cc:272] collecting diagnostics on the listening RPC socket 127.26.205.130:37277 every 8 connection(s)
I20260710 13:24:35.348390 27446 file_cache.cc:504] Constructed file cache file cache with capacity 419430
W20260710 13:24:35.357792 27684 instance_detector.cc:116] could not retrieve AWS instance metadata: Network error: curl error: HTTP response code said error: The requested URL returned error: 404
W20260710 13:24:35.362099 27685 instance_detector.cc:116] could not retrieve Azure instance metadata: Network error: curl error: HTTP response code said error: The requested URL returned error: 404
I20260710 13:24:35.362713 27681 heartbeater.cc:344] Connected to a master server at 127.26.205.190:42473
I20260710 13:24:35.363095 27681 heartbeater.cc:461] Registering TS with master...
I20260710 13:24:35.364078 27681 heartbeater.cc:507] Master 127.26.205.190:42473 requested a full tablet report, sending...
I20260710 13:24:35.367009 27478 ts_manager.cc:194] Registered new tserver with Master: df6b268b4c5642d584ec45620b97e671 (127.26.205.130:37277)
I20260710 13:24:35.369997 27478 master_service.cc:502] Signed X509 certificate for tserver {username='slave'} at 127.0.0.1:55710
W20260710 13:24:35.376179 27687 instance_detector.cc:116] could not retrieve OpenStack instance metadata: Network error: curl error: HTTP response code said error: The requested URL returned error: 404
I20260710 13:24:35.376289 27446 server_base.cc:1061] running on GCE node
I20260710 13:24:35.377334 27446 hybrid_clock.cc:584] initializing the hybrid clock with 'system_unsync' time source
W20260710 13:24:35.377556 27446 system_unsync_time.cc:38] NTP support is disabled. Clock error bounds will not be accurate. This configuration is not suitable for distributed clusters.
I20260710 13:24:35.377739 27446 hybrid_clock.cc:648] HybridClock initialized: now 1783689875377721 us; error 0 us; skew 500 ppm
I20260710 13:24:35.378266 27446 server_base.cc:861] Flag tcmalloc_max_total_thread_cache_bytes is not working since tcmalloc is not enabled.
I20260710 13:24:35.380932 27446 webserver.cc:533] Webserver started at http://127.26.205.131:40257/ using document root <none> and password file <none>
I20260710 13:24:35.381502 27446 fs_manager.cc:362] Metadata directory not provided
I20260710 13:24:35.381696 27446 fs_manager.cc:368] Using write-ahead log directory (fs_wal_dir) as metadata directory
I20260710 13:24:35.381978 27446 server_base.cc:909] This appears to be a new deployment of Kudu; creating new FS layout
I20260710 13:24:35.383083 27446 fs_manager.cc:1068] Generated new instance metadata in path /tmp/dist-test-taskVrI2KS/test-tmp/auto_leader_rebalancer-test.0.LeaderRebalancerTest.FunctionalTestForDivided.1783689873042704-27446-0/minicluster-data/ts-2-root/instance:
uuid: "6a226e07116e4fb386cba997fdc4303c"
format_stamp: "Formatted at 2026-07-10 13:24:35 on dist-test-slave-sfkn"
I20260710 13:24:35.387940 27446 fs_manager.cc:696] Time spent creating directory manager: real 0.004s	user 0.004s	sys 0.002s
I20260710 13:24:35.391614 27692 log_block_manager.cc:4127] Time spent loading block containers with low live blocks: real 0.000s	user 0.000s	sys 0.000s
I20260710 13:24:35.392657 27446 fs_manager.cc:730] Time spent opening block manager: real 0.003s	user 0.004s	sys 0.000s
I20260710 13:24:35.392949 27446 fs_manager.cc:647] Opened local filesystem: /tmp/dist-test-taskVrI2KS/test-tmp/auto_leader_rebalancer-test.0.LeaderRebalancerTest.FunctionalTestForDivided.1783689873042704-27446-0/minicluster-data/ts-2-root
uuid: "6a226e07116e4fb386cba997fdc4303c"
format_stamp: "Formatted at 2026-07-10 13:24:35 on dist-test-slave-sfkn"
I20260710 13:24:35.393240 27446 fs_report.cc:389] FS layout report
--------------------
wal directory: /tmp/dist-test-taskVrI2KS/test-tmp/auto_leader_rebalancer-test.0.LeaderRebalancerTest.FunctionalTestForDivided.1783689873042704-27446-0/minicluster-data/ts-2-root
metadata directory: /tmp/dist-test-taskVrI2KS/test-tmp/auto_leader_rebalancer-test.0.LeaderRebalancerTest.FunctionalTestForDivided.1783689873042704-27446-0/minicluster-data/ts-2-root
1 data directories: /tmp/dist-test-taskVrI2KS/test-tmp/auto_leader_rebalancer-test.0.LeaderRebalancerTest.FunctionalTestForDivided.1783689873042704-27446-0/minicluster-data/ts-2-root/data
Total live blocks: 0
Total live bytes: 0
Total live bytes (after alignment): 0
Total number of LBM containers: 0 (0 full)
Did not check for missing blocks
Did not check for orphaned blocks
Total full LBM containers with extra space: 0 (0 repaired)
Total full LBM container extra space in bytes: 0 (0 repaired)
Total incomplete LBM containers: 0 (0 repaired)
Total LBM partial records: 0 (0 repaired)
Total corrupted LBM metadata records in RocksDB: 0 (0 repaired)
I20260710 13:24:35.422214 27446 rpc_server.cc:225] running with OpenSSL 1.1.1  11 Sep 2018
I20260710 13:24:35.423636 27446 kserver.cc:163] Server-wide thread pool size limit: 3276
I20260710 13:24:35.425606 27446 txn_system_client.cc:432] TxnSystemClient initialization is disabled...
I20260710 13:24:35.428655 27446 ts_tablet_manager.cc:585] Loaded tablet metadata (0 total tablets, 0 live tablets)
I20260710 13:24:35.428848 27446 ts_tablet_manager.cc:531] Time spent load tablet metadata: real 0.000s	user 0.000s	sys 0.000s
I20260710 13:24:35.429155 27446 ts_tablet_manager.cc:616] Registered 0 tablets
I20260710 13:24:35.429373 27446 ts_tablet_manager.cc:595] Time spent register tablets: real 0.000s	user 0.000s	sys 0.000s
I20260710 13:24:35.533818 27446 rpc_server.cc:307] RPC server started. Bound to: 127.26.205.131:36949
I20260710 13:24:35.534025 27754 acceptor_pool.cc:272] collecting diagnostics on the listening RPC socket 127.26.205.131:36949 every 8 connection(s)
I20260710 13:24:35.549914 27755 heartbeater.cc:344] Connected to a master server at 127.26.205.190:42473
I20260710 13:24:35.550316 27755 heartbeater.cc:461] Registering TS with master...
I20260710 13:24:35.551129 27755 heartbeater.cc:507] Master 127.26.205.190:42473 requested a full tablet report, sending...
I20260710 13:24:35.553129 27478 ts_manager.cc:194] Registered new tserver with Master: 6a226e07116e4fb386cba997fdc4303c (127.26.205.131:36949)
I20260710 13:24:35.553262 27446 internal_mini_cluster.cc:371] 3 TS(s) registered with all masters after 0.014796493s
I20260710 13:24:35.554507 27478 master_service.cc:502] Signed X509 certificate for tserver {username='slave'} at 127.0.0.1:55712
I20260710 13:24:35.610211 27478 catalog_manager.cc:2283] Servicing CreateTable request from {username='slave'} at 127.0.0.1:55722:
name: "test-workload"
schema {
  columns {
    name: "key"
    type: INT32
    is_key: true
    is_nullable: false
    encoding: AUTO_ENCODING
    compression: DEFAULT_COMPRESSION
    cfile_block_size: 0
    immutable: false
  }
  columns {
    name: "int_val"
    type: INT32
    is_key: false
    is_nullable: false
    encoding: AUTO_ENCODING
    compression: DEFAULT_COMPRESSION
    cfile_block_size: 0
    immutable: false
  }
  columns {
    name: "string_val"
    type: STRING
    is_key: false
    is_nullable: true
    encoding: AUTO_ENCODING
    compression: DEFAULT_COMPRESSION
    cfile_block_size: 0
    immutable: false
  }
}
num_replicas: 3
split_rows_range_bounds {
  rows: "\004\001\000\216\3438\016\004\001\000\034\307q\034\004\001\000\252\252\252*\004\001\0008\216\3438\004\001\000\306q\034G\004\001\000TUUU\004\001\000\3428\216c\004\001\000p\034\307q""\004\001\000\216\3438\016\004\001\000\034\307q\034\004\001\000\252\252\252*\004\001\0008\216\3438\004\001\000\306q\034G\004\001\000TUUU\004\001\000\3428\216c\004\001\000p\034\307q"
  indirect_data: """"
}
partition_schema {
  range_schema {
    columns {
      name: "key"
    }
  }
}
W20260710 13:24:35.614656 27478 catalog_manager.cc:7077] The number of live tablet servers is not enough to re-replicate a tablet replica of the newly created table test-workload in case of a server failure: 4 tablet servers would be needed, 3 are available. Consider bringing up more tablet servers.
I20260710 13:24:35.712621 27646 tablet_service.cc:1511] Processing CreateTablet for tablet 009a08d66f2f46fd8e5e9d4c2c8eb0e2 (DEFAULT_TABLE table=test-workload [id=b93e1dad873d4ca4a73f399f138e30e3]), partition=RANGE (key) PARTITION VALUES < 238609294
I20260710 13:24:35.714540 27646 data_dirs.cc:400] Could only allocate 1 dirs of requested 3 for tablet 009a08d66f2f46fd8e5e9d4c2c8eb0e2. 1 dirs total, 0 dirs full, 0 dirs failed
I20260710 13:24:35.728492 27645 tablet_service.cc:1511] Processing CreateTablet for tablet af36033b2dd84d759264968d65a16065 (DEFAULT_TABLE table=test-workload [id=b93e1dad873d4ca4a73f399f138e30e3]), partition=RANGE (key) PARTITION 238609294 <= VALUES < 477218588
I20260710 13:24:35.732164 27645 data_dirs.cc:400] Could only allocate 1 dirs of requested 3 for tablet af36033b2dd84d759264968d65a16065. 1 dirs total, 0 dirs full, 0 dirs failed
I20260710 13:24:35.729449 27644 tablet_service.cc:1511] Processing CreateTablet for tablet 460b5bac0a7f4a4a804400c4ac2a3966 (DEFAULT_TABLE table=test-workload [id=b93e1dad873d4ca4a73f399f138e30e3]), partition=RANGE (key) PARTITION 477218588 <= VALUES < 715827882
I20260710 13:24:35.734298 27643 tablet_service.cc:1511] Processing CreateTablet for tablet 279a59f599a74d53a4645008bc7dcc3d (DEFAULT_TABLE table=test-workload [id=b93e1dad873d4ca4a73f399f138e30e3]), partition=RANGE (key) PARTITION 715827882 <= VALUES < 954437176
I20260710 13:24:35.738251 27644 data_dirs.cc:400] Could only allocate 1 dirs of requested 3 for tablet 460b5bac0a7f4a4a804400c4ac2a3966. 1 dirs total, 0 dirs full, 0 dirs failed
I20260710 13:24:35.737425 27642 tablet_service.cc:1511] Processing CreateTablet for tablet bc516c26a2e741658315d3d5a6607fd3 (DEFAULT_TABLE table=test-workload [id=b93e1dad873d4ca4a73f399f138e30e3]), partition=RANGE (key) PARTITION 954437176 <= VALUES < 1193046470
I20260710 13:24:35.740688 27643 data_dirs.cc:400] Could only allocate 1 dirs of requested 3 for tablet 279a59f599a74d53a4645008bc7dcc3d. 1 dirs total, 0 dirs full, 0 dirs failed
I20260710 13:24:35.741364 27642 data_dirs.cc:400] Could only allocate 1 dirs of requested 3 for tablet bc516c26a2e741658315d3d5a6607fd3. 1 dirs total, 0 dirs full, 0 dirs failed
I20260710 13:24:35.743870 27641 tablet_service.cc:1511] Processing CreateTablet for tablet 285fc51bb9c844cb9e11ca36227a3c6b (DEFAULT_TABLE table=test-workload [id=b93e1dad873d4ca4a73f399f138e30e3]), partition=RANGE (key) PARTITION 1193046470 <= VALUES < 1431655764
I20260710 13:24:35.747934 27641 data_dirs.cc:400] Could only allocate 1 dirs of requested 3 for tablet 285fc51bb9c844cb9e11ca36227a3c6b. 1 dirs total, 0 dirs full, 0 dirs failed
I20260710 13:24:35.760100 27570 tablet_service.cc:1511] Processing CreateTablet for tablet af36033b2dd84d759264968d65a16065 (DEFAULT_TABLE table=test-workload [id=b93e1dad873d4ca4a73f399f138e30e3]), partition=RANGE (key) PARTITION 238609294 <= VALUES < 477218588
I20260710 13:24:35.763597 27570 data_dirs.cc:400] Could only allocate 1 dirs of requested 3 for tablet af36033b2dd84d759264968d65a16065. 1 dirs total, 0 dirs full, 0 dirs failed
I20260710 13:24:35.763590 27569 tablet_service.cc:1511] Processing CreateTablet for tablet 460b5bac0a7f4a4a804400c4ac2a3966 (DEFAULT_TABLE table=test-workload [id=b93e1dad873d4ca4a73f399f138e30e3]), partition=RANGE (key) PARTITION 477218588 <= VALUES < 715827882
I20260710 13:24:35.765046 27571 tablet_service.cc:1511] Processing CreateTablet for tablet 009a08d66f2f46fd8e5e9d4c2c8eb0e2 (DEFAULT_TABLE table=test-workload [id=b93e1dad873d4ca4a73f399f138e30e3]), partition=RANGE (key) PARTITION VALUES < 238609294
I20260710 13:24:35.767043 27569 data_dirs.cc:400] Could only allocate 1 dirs of requested 3 for tablet 460b5bac0a7f4a4a804400c4ac2a3966. 1 dirs total, 0 dirs full, 0 dirs failed
I20260710 13:24:35.774261 27571 data_dirs.cc:400] Could only allocate 1 dirs of requested 3 for tablet 009a08d66f2f46fd8e5e9d4c2c8eb0e2. 1 dirs total, 0 dirs full, 0 dirs failed
I20260710 13:24:35.772604 27568 tablet_service.cc:1511] Processing CreateTablet for tablet 279a59f599a74d53a4645008bc7dcc3d (DEFAULT_TABLE table=test-workload [id=b93e1dad873d4ca4a73f399f138e30e3]), partition=RANGE (key) PARTITION 715827882 <= VALUES < 954437176
I20260710 13:24:35.777248 27640 tablet_service.cc:1511] Processing CreateTablet for tablet 7283b4f8097e47f38ba7a6f83422683e (DEFAULT_TABLE table=test-workload [id=b93e1dad873d4ca4a73f399f138e30e3]), partition=RANGE (key) PARTITION 1431655764 <= VALUES < 1670265058
I20260710 13:24:35.795099 27565 tablet_service.cc:1511] Processing CreateTablet for tablet 7283b4f8097e47f38ba7a6f83422683e (DEFAULT_TABLE table=test-workload [id=b93e1dad873d4ca4a73f399f138e30e3]), partition=RANGE (key) PARTITION 1431655764 <= VALUES < 1670265058
I20260710 13:24:35.785575 27567 tablet_service.cc:1511] Processing CreateTablet for tablet bc516c26a2e741658315d3d5a6607fd3 (DEFAULT_TABLE table=test-workload [id=b93e1dad873d4ca4a73f399f138e30e3]), partition=RANGE (key) PARTITION 954437176 <= VALUES < 1193046470
I20260710 13:24:35.794606 27568 data_dirs.cc:400] Could only allocate 1 dirs of requested 3 for tablet 279a59f599a74d53a4645008bc7dcc3d. 1 dirs total, 0 dirs full, 0 dirs failed
I20260710 13:24:35.798228 27566 tablet_service.cc:1511] Processing CreateTablet for tablet 285fc51bb9c844cb9e11ca36227a3c6b (DEFAULT_TABLE table=test-workload [id=b93e1dad873d4ca4a73f399f138e30e3]), partition=RANGE (key) PARTITION 1193046470 <= VALUES < 1431655764
I20260710 13:24:35.804177 27638 tablet_service.cc:1511] Processing CreateTablet for tablet 5f9de321b3574e1796db09610ea5b65b (DEFAULT_TABLE table=test-workload [id=b93e1dad873d4ca4a73f399f138e30e3]), partition=RANGE (key) PARTITION 1908874352 <= VALUES
I20260710 13:24:35.806707 27639 tablet_service.cc:1511] Processing CreateTablet for tablet e942d82617824586adc321979fc80ae2 (DEFAULT_TABLE table=test-workload [id=b93e1dad873d4ca4a73f399f138e30e3]), partition=RANGE (key) PARTITION 1670265058 <= VALUES < 1908874352
I20260710 13:24:35.809477 27564 tablet_service.cc:1511] Processing CreateTablet for tablet e942d82617824586adc321979fc80ae2 (DEFAULT_TABLE table=test-workload [id=b93e1dad873d4ca4a73f399f138e30e3]), partition=RANGE (key) PARTITION 1670265058 <= VALUES < 1908874352
I20260710 13:24:35.816648 27563 tablet_service.cc:1511] Processing CreateTablet for tablet 5f9de321b3574e1796db09610ea5b65b (DEFAULT_TABLE table=test-workload [id=b93e1dad873d4ca4a73f399f138e30e3]), partition=RANGE (key) PARTITION 1908874352 <= VALUES
I20260710 13:24:35.814007 27565 data_dirs.cc:400] Could only allocate 1 dirs of requested 3 for tablet 7283b4f8097e47f38ba7a6f83422683e. 1 dirs total, 0 dirs full, 0 dirs failed
I20260710 13:24:35.814049 27640 data_dirs.cc:400] Could only allocate 1 dirs of requested 3 for tablet 7283b4f8097e47f38ba7a6f83422683e. 1 dirs total, 0 dirs full, 0 dirs failed
I20260710 13:24:35.822916 27566 data_dirs.cc:400] Could only allocate 1 dirs of requested 3 for tablet 285fc51bb9c844cb9e11ca36227a3c6b. 1 dirs total, 0 dirs full, 0 dirs failed
W20260710 13:24:35.814323 27526 auto_rebalancer.cc:288] Could not retrieve cluster info: Service unavailable: Tablet not running
I20260710 13:24:35.824712 27563 data_dirs.cc:400] Could only allocate 1 dirs of requested 3 for tablet 5f9de321b3574e1796db09610ea5b65b. 1 dirs total, 0 dirs full, 0 dirs failed
I20260710 13:24:35.839563 27638 data_dirs.cc:400] Could only allocate 1 dirs of requested 3 for tablet 5f9de321b3574e1796db09610ea5b65b. 1 dirs total, 0 dirs full, 0 dirs failed
I20260710 13:24:35.852849 27564 data_dirs.cc:400] Could only allocate 1 dirs of requested 3 for tablet e942d82617824586adc321979fc80ae2. 1 dirs total, 0 dirs full, 0 dirs failed
I20260710 13:24:35.847592 27639 data_dirs.cc:400] Could only allocate 1 dirs of requested 3 for tablet e942d82617824586adc321979fc80ae2. 1 dirs total, 0 dirs full, 0 dirs failed
I20260710 13:24:35.857000 27567 data_dirs.cc:400] Could only allocate 1 dirs of requested 3 for tablet bc516c26a2e741658315d3d5a6607fd3. 1 dirs total, 0 dirs full, 0 dirs failed
I20260710 13:24:35.875742 27773 tablet_bootstrap.cc:492] T 009a08d66f2f46fd8e5e9d4c2c8eb0e2 P df6b268b4c5642d584ec45620b97e671: Bootstrap starting.
I20260710 13:24:35.914625 27716 tablet_service.cc:1511] Processing CreateTablet for tablet bc516c26a2e741658315d3d5a6607fd3 (DEFAULT_TABLE table=test-workload [id=b93e1dad873d4ca4a73f399f138e30e3]), partition=RANGE (key) PARTITION 954437176 <= VALUES < 1193046470
I20260710 13:24:35.930574 27715 tablet_service.cc:1511] Processing CreateTablet for tablet 285fc51bb9c844cb9e11ca36227a3c6b (DEFAULT_TABLE table=test-workload [id=b93e1dad873d4ca4a73f399f138e30e3]), partition=RANGE (key) PARTITION 1193046470 <= VALUES < 1431655764
I20260710 13:24:35.937239 27717 tablet_service.cc:1511] Processing CreateTablet for tablet 279a59f599a74d53a4645008bc7dcc3d (DEFAULT_TABLE table=test-workload [id=b93e1dad873d4ca4a73f399f138e30e3]), partition=RANGE (key) PARTITION 715827882 <= VALUES < 954437176
I20260710 13:24:35.940490 27720 tablet_service.cc:1511] Processing CreateTablet for tablet 009a08d66f2f46fd8e5e9d4c2c8eb0e2 (DEFAULT_TABLE table=test-workload [id=b93e1dad873d4ca4a73f399f138e30e3]), partition=RANGE (key) PARTITION VALUES < 238609294
I20260710 13:24:35.943449 27718 tablet_service.cc:1511] Processing CreateTablet for tablet 460b5bac0a7f4a4a804400c4ac2a3966 (DEFAULT_TABLE table=test-workload [id=b93e1dad873d4ca4a73f399f138e30e3]), partition=RANGE (key) PARTITION 477218588 <= VALUES < 715827882
I20260710 13:24:35.911499 27719 tablet_service.cc:1511] Processing CreateTablet for tablet af36033b2dd84d759264968d65a16065 (DEFAULT_TABLE table=test-workload [id=b93e1dad873d4ca4a73f399f138e30e3]), partition=RANGE (key) PARTITION 238609294 <= VALUES < 477218588
I20260710 13:24:35.945842 27716 data_dirs.cc:400] Could only allocate 1 dirs of requested 3 for tablet bc516c26a2e741658315d3d5a6607fd3. 1 dirs total, 0 dirs full, 0 dirs failed
I20260710 13:24:35.950090 27718 data_dirs.cc:400] Could only allocate 1 dirs of requested 3 for tablet 460b5bac0a7f4a4a804400c4ac2a3966. 1 dirs total, 0 dirs full, 0 dirs failed
I20260710 13:24:35.956539 27719 data_dirs.cc:400] Could only allocate 1 dirs of requested 3 for tablet af36033b2dd84d759264968d65a16065. 1 dirs total, 0 dirs full, 0 dirs failed
I20260710 13:24:35.961302 27720 data_dirs.cc:400] Could only allocate 1 dirs of requested 3 for tablet 009a08d66f2f46fd8e5e9d4c2c8eb0e2. 1 dirs total, 0 dirs full, 0 dirs failed
I20260710 13:24:35.968464 27717 data_dirs.cc:400] Could only allocate 1 dirs of requested 3 for tablet 279a59f599a74d53a4645008bc7dcc3d. 1 dirs total, 0 dirs full, 0 dirs failed
I20260710 13:24:35.972935 27715 data_dirs.cc:400] Could only allocate 1 dirs of requested 3 for tablet 285fc51bb9c844cb9e11ca36227a3c6b. 1 dirs total, 0 dirs full, 0 dirs failed
I20260710 13:24:35.996235 27714 tablet_service.cc:1511] Processing CreateTablet for tablet 7283b4f8097e47f38ba7a6f83422683e (DEFAULT_TABLE table=test-workload [id=b93e1dad873d4ca4a73f399f138e30e3]), partition=RANGE (key) PARTITION 1431655764 <= VALUES < 1670265058
I20260710 13:24:36.006214 27714 data_dirs.cc:400] Could only allocate 1 dirs of requested 3 for tablet 7283b4f8097e47f38ba7a6f83422683e. 1 dirs total, 0 dirs full, 0 dirs failed
I20260710 13:24:36.008036 27713 tablet_service.cc:1511] Processing CreateTablet for tablet e942d82617824586adc321979fc80ae2 (DEFAULT_TABLE table=test-workload [id=b93e1dad873d4ca4a73f399f138e30e3]), partition=RANGE (key) PARTITION 1670265058 <= VALUES < 1908874352
I20260710 13:24:36.013374 27713 data_dirs.cc:400] Could only allocate 1 dirs of requested 3 for tablet e942d82617824586adc321979fc80ae2. 1 dirs total, 0 dirs full, 0 dirs failed
I20260710 13:24:36.026713 27712 tablet_service.cc:1511] Processing CreateTablet for tablet 5f9de321b3574e1796db09610ea5b65b (DEFAULT_TABLE table=test-workload [id=b93e1dad873d4ca4a73f399f138e30e3]), partition=RANGE (key) PARTITION 1908874352 <= VALUES
I20260710 13:24:36.033064 27712 data_dirs.cc:400] Could only allocate 1 dirs of requested 3 for tablet 5f9de321b3574e1796db09610ea5b65b. 1 dirs total, 0 dirs full, 0 dirs failed
I20260710 13:24:36.034668 27774 tablet_bootstrap.cc:492] T 460b5bac0a7f4a4a804400c4ac2a3966 P a1cd53e15cf149388f740c0f4c5c65ff: Bootstrap starting.
I20260710 13:24:36.064025 27773 tablet_bootstrap.cc:654] T 009a08d66f2f46fd8e5e9d4c2c8eb0e2 P df6b268b4c5642d584ec45620b97e671: Neither blocks nor log segments found. Creating new log.
I20260710 13:24:36.103052 27774 tablet_bootstrap.cc:654] T 460b5bac0a7f4a4a804400c4ac2a3966 P a1cd53e15cf149388f740c0f4c5c65ff: Neither blocks nor log segments found. Creating new log.
I20260710 13:24:36.119482 27776 tablet_bootstrap.cc:492] T 285fc51bb9c844cb9e11ca36227a3c6b P 6a226e07116e4fb386cba997fdc4303c: Bootstrap starting.
I20260710 13:24:36.133772 27773 tablet_bootstrap.cc:492] T 009a08d66f2f46fd8e5e9d4c2c8eb0e2 P df6b268b4c5642d584ec45620b97e671: No bootstrap required, opened a new log
I20260710 13:24:36.134343 27773 ts_tablet_manager.cc:1403] T 009a08d66f2f46fd8e5e9d4c2c8eb0e2 P df6b268b4c5642d584ec45620b97e671: Time spent bootstrapping tablet: real 0.273s	user 0.020s	sys 0.039s
I20260710 13:24:36.142572 27776 tablet_bootstrap.cc:654] T 285fc51bb9c844cb9e11ca36227a3c6b P 6a226e07116e4fb386cba997fdc4303c: Neither blocks nor log segments found. Creating new log.
I20260710 13:24:36.150520 27773 raft_consensus.cc:359] T 009a08d66f2f46fd8e5e9d4c2c8eb0e2 P df6b268b4c5642d584ec45620b97e671 [term 0 FOLLOWER]: Replica starting. Triggering 0 pending ops. Active config: opid_index: -1 OBSOLETE_local: false peers { permanent_uuid: "df6b268b4c5642d584ec45620b97e671" member_type: VOTER last_known_addr { host: "127.26.205.130" port: 37277 } } peers { permanent_uuid: "a1cd53e15cf149388f740c0f4c5c65ff" member_type: VOTER last_known_addr { host: "127.26.205.129" port: 35723 } } peers { permanent_uuid: "6a226e07116e4fb386cba997fdc4303c" member_type: VOTER last_known_addr { host: "127.26.205.131" port: 36949 } }
I20260710 13:24:36.154420 27773 raft_consensus.cc:385] T 009a08d66f2f46fd8e5e9d4c2c8eb0e2 P df6b268b4c5642d584ec45620b97e671 [term 0 FOLLOWER]: Consensus starting up: Expiring failure detector timer to make a prompt election more likely
I20260710 13:24:36.154811 27773 raft_consensus.cc:740] T 009a08d66f2f46fd8e5e9d4c2c8eb0e2 P df6b268b4c5642d584ec45620b97e671 [term 0 FOLLOWER]: Becoming Follower/Learner. State: Replica: df6b268b4c5642d584ec45620b97e671, State: Initialized, Role: FOLLOWER
I20260710 13:24:36.156602 27773 consensus_queue.cc:260] T 009a08d66f2f46fd8e5e9d4c2c8eb0e2 P df6b268b4c5642d584ec45620b97e671 [NON_LEADER]: Queue going to NON_LEADER mode. State: All replicated index: 0, Majority replicated index: 0, Committed index: 0, Last appended: 0.0, Last appended by leader: 0, Current term: 0, Majority size: -1, State: 0, Mode: NON_LEADER, active raft config: opid_index: -1 OBSOLETE_local: false peers { permanent_uuid: "df6b268b4c5642d584ec45620b97e671" member_type: VOTER last_known_addr { host: "127.26.205.130" port: 37277 } } peers { permanent_uuid: "a1cd53e15cf149388f740c0f4c5c65ff" member_type: VOTER last_known_addr { host: "127.26.205.129" port: 35723 } } peers { permanent_uuid: "6a226e07116e4fb386cba997fdc4303c" member_type: VOTER last_known_addr { host: "127.26.205.131" port: 36949 } }
I20260710 13:24:36.164083 27681 heartbeater.cc:499] Master 127.26.205.190:42473 was elected leader, sending a full tablet report...
I20260710 13:24:36.166348 27773 ts_tablet_manager.cc:1434] T 009a08d66f2f46fd8e5e9d4c2c8eb0e2 P df6b268b4c5642d584ec45620b97e671: Time spent starting tablet: real 0.032s	user 0.009s	sys 0.004s
I20260710 13:24:36.168331 27773 tablet_bootstrap.cc:492] T 279a59f599a74d53a4645008bc7dcc3d P df6b268b4c5642d584ec45620b97e671: Bootstrap starting.
I20260710 13:24:36.170405 27774 tablet_bootstrap.cc:492] T 460b5bac0a7f4a4a804400c4ac2a3966 P a1cd53e15cf149388f740c0f4c5c65ff: No bootstrap required, opened a new log
I20260710 13:24:36.170951 27774 ts_tablet_manager.cc:1403] T 460b5bac0a7f4a4a804400c4ac2a3966 P a1cd53e15cf149388f740c0f4c5c65ff: Time spent bootstrapping tablet: real 0.172s	user 0.010s	sys 0.012s
I20260710 13:24:36.173956 27774 raft_consensus.cc:359] T 460b5bac0a7f4a4a804400c4ac2a3966 P a1cd53e15cf149388f740c0f4c5c65ff [term 0 FOLLOWER]: Replica starting. Triggering 0 pending ops. Active config: opid_index: -1 OBSOLETE_local: false peers { permanent_uuid: "a1cd53e15cf149388f740c0f4c5c65ff" member_type: VOTER last_known_addr { host: "127.26.205.129" port: 35723 } } peers { permanent_uuid: "df6b268b4c5642d584ec45620b97e671" member_type: VOTER last_known_addr { host: "127.26.205.130" port: 37277 } } peers { permanent_uuid: "6a226e07116e4fb386cba997fdc4303c" member_type: VOTER last_known_addr { host: "127.26.205.131" port: 36949 } }
I20260710 13:24:36.174784 27774 raft_consensus.cc:385] T 460b5bac0a7f4a4a804400c4ac2a3966 P a1cd53e15cf149388f740c0f4c5c65ff [term 0 FOLLOWER]: Consensus starting up: Expiring failure detector timer to make a prompt election more likely
I20260710 13:24:36.175107 27774 raft_consensus.cc:740] T 460b5bac0a7f4a4a804400c4ac2a3966 P a1cd53e15cf149388f740c0f4c5c65ff [term 0 FOLLOWER]: Becoming Follower/Learner. State: Replica: a1cd53e15cf149388f740c0f4c5c65ff, State: Initialized, Role: FOLLOWER
I20260710 13:24:36.175944 27774 consensus_queue.cc:260] T 460b5bac0a7f4a4a804400c4ac2a3966 P a1cd53e15cf149388f740c0f4c5c65ff [NON_LEADER]: Queue going to NON_LEADER mode. State: All replicated index: 0, Majority replicated index: 0, Committed index: 0, Last appended: 0.0, Last appended by leader: 0, Current term: 0, Majority size: -1, State: 0, Mode: NON_LEADER, active raft config: opid_index: -1 OBSOLETE_local: false peers { permanent_uuid: "a1cd53e15cf149388f740c0f4c5c65ff" member_type: VOTER last_known_addr { host: "127.26.205.129" port: 35723 } } peers { permanent_uuid: "df6b268b4c5642d584ec45620b97e671" member_type: VOTER last_known_addr { host: "127.26.205.130" port: 37277 } } peers { permanent_uuid: "6a226e07116e4fb386cba997fdc4303c" member_type: VOTER last_known_addr { host: "127.26.205.131" port: 36949 } }
I20260710 13:24:36.179994 27776 tablet_bootstrap.cc:492] T 285fc51bb9c844cb9e11ca36227a3c6b P 6a226e07116e4fb386cba997fdc4303c: No bootstrap required, opened a new log
I20260710 13:24:36.180727 27773 tablet_bootstrap.cc:654] T 279a59f599a74d53a4645008bc7dcc3d P df6b268b4c5642d584ec45620b97e671: Neither blocks nor log segments found. Creating new log.
I20260710 13:24:36.180867 27776 ts_tablet_manager.cc:1403] T 285fc51bb9c844cb9e11ca36227a3c6b P 6a226e07116e4fb386cba997fdc4303c: Time spent bootstrapping tablet: real 0.063s	user 0.018s	sys 0.000s
