I20260710 13:24:59.765012 28739 raft_consensus.cc:359] T ff43d5d7fda1404ba7a827f02e7a153f P f5890e4d8eb04fc78d403cbc1d32fef7 [term 0 FOLLOWER]: Replica starting. Triggering 0 pending ops. Active config: opid_index: -1 OBSOLETE_local: false peers { permanent_uuid: "c9af6cfa6d24476e9b290e2e2f6b0113" member_type: VOTER last_known_addr { host: "127.26.205.129" port: 41695 } } peers { permanent_uuid: "f1c5732be8054334b3ba9bfb1dea7825" member_type: VOTER last_known_addr { host: "127.26.205.130" port: 38165 } } peers { permanent_uuid: "f5890e4d8eb04fc78d403cbc1d32fef7" member_type: VOTER last_known_addr { host: "127.26.205.131" port: 45715 } }
I20260710 13:24:59.765769 28739 raft_consensus.cc:385] T ff43d5d7fda1404ba7a827f02e7a153f P f5890e4d8eb04fc78d403cbc1d32fef7 [term 0 FOLLOWER]: Consensus starting up: Expiring failure detector timer to make a prompt election more likely
I20260710 13:24:59.766083 28739 raft_consensus.cc:740] T ff43d5d7fda1404ba7a827f02e7a153f P f5890e4d8eb04fc78d403cbc1d32fef7 [term 0 FOLLOWER]: Becoming Follower/Learner. State: Replica: f5890e4d8eb04fc78d403cbc1d32fef7, State: Initialized, Role: FOLLOWER
I20260710 13:24:59.767019 28739 consensus_queue.cc:260] T ff43d5d7fda1404ba7a827f02e7a153f P f5890e4d8eb04fc78d403cbc1d32fef7 [NON_LEADER]: Queue going to NON_LEADER mode. State: All replicated index: 0, Majority replicated index: 0, Committed index: 0, Last appended: 0.0, Last appended by leader: 0, Current term: 0, Majority size: -1, State: 0, Mode: NON_LEADER, active raft config: opid_index: -1 OBSOLETE_local: false peers { permanent_uuid: "c9af6cfa6d24476e9b290e2e2f6b0113" member_type: VOTER last_known_addr { host: "127.26.205.129" port: 41695 } } peers { permanent_uuid: "f1c5732be8054334b3ba9bfb1dea7825" member_type: VOTER last_known_addr { host: "127.26.205.130" port: 38165 } } peers { permanent_uuid: "f5890e4d8eb04fc78d403cbc1d32fef7" member_type: VOTER last_known_addr { host: "127.26.205.131" port: 45715 } }
I20260710 13:24:59.769536 28739 ts_tablet_manager.cc:1434] T ff43d5d7fda1404ba7a827f02e7a153f P f5890e4d8eb04fc78d403cbc1d32fef7: Time spent starting tablet: real 0.007s	user 0.004s	sys 0.003s
I20260710 13:24:59.770725 28739 tablet_bootstrap.cc:492] T 8dcf64c5a1514be4af5c947fa12b1f88 P f5890e4d8eb04fc78d403cbc1d32fef7: Bootstrap starting.
I20260710 13:24:59.772923 28842 raft_consensus.cc:493] T e9049d2b3b224dddb24c452432dbceb2 P f5890e4d8eb04fc78d403cbc1d32fef7 [term 0 FOLLOWER]: Starting pre-election (no leader contacted us within the election timeout)
I20260710 13:24:59.773500 28842 raft_consensus.cc:515] T e9049d2b3b224dddb24c452432dbceb2 P f5890e4d8eb04fc78d403cbc1d32fef7 [term 0 FOLLOWER]: Starting pre-election with config: opid_index: -1 OBSOLETE_local: false peers { permanent_uuid: "c9af6cfa6d24476e9b290e2e2f6b0113" member_type: VOTER last_known_addr { host: "127.26.205.129" port: 41695 } } peers { permanent_uuid: "f1c5732be8054334b3ba9bfb1dea7825" member_type: VOTER last_known_addr { host: "127.26.205.130" port: 38165 } } peers { permanent_uuid: "f5890e4d8eb04fc78d403cbc1d32fef7" member_type: VOTER last_known_addr { host: "127.26.205.131" port: 45715 } }
I20260710 13:24:59.776288 28842 leader_election.cc:290] T e9049d2b3b224dddb24c452432dbceb2 P f5890e4d8eb04fc78d403cbc1d32fef7 [CANDIDATE]: Term 1 pre-election: Requested pre-vote from peers c9af6cfa6d24476e9b290e2e2f6b0113 (127.26.205.129:41695), f1c5732be8054334b3ba9bfb1dea7825 (127.26.205.130:38165)
I20260710 13:24:59.777096 28549 tablet_service.cc:1917] Received RequestConsensusVote() RPC: tablet_id: "e9049d2b3b224dddb24c452432dbceb2" candidate_uuid: "f5890e4d8eb04fc78d403cbc1d32fef7" candidate_term: 1 candidate_status { last_received { term: 0 index: 0 } } ignore_live_leader: false dest_uuid: "c9af6cfa6d24476e9b290e2e2f6b0113" is_pre_election: true
I20260710 13:24:59.777868 28786 raft_consensus.cc:493] T ff43d5d7fda1404ba7a827f02e7a153f P f5890e4d8eb04fc78d403cbc1d32fef7 [term 0 FOLLOWER]: Starting pre-election (no leader contacted us within the election timeout)
I20260710 13:24:59.780380 28786 raft_consensus.cc:515] T ff43d5d7fda1404ba7a827f02e7a153f P f5890e4d8eb04fc78d403cbc1d32fef7 [term 0 FOLLOWER]: Starting pre-election with config: opid_index: -1 OBSOLETE_local: false peers { permanent_uuid: "c9af6cfa6d24476e9b290e2e2f6b0113" member_type: VOTER last_known_addr { host: "127.26.205.129" port: 41695 } } peers { permanent_uuid: "f1c5732be8054334b3ba9bfb1dea7825" member_type: VOTER last_known_addr { host: "127.26.205.130" port: 38165 } } peers { permanent_uuid: "f5890e4d8eb04fc78d403cbc1d32fef7" member_type: VOTER last_known_addr { host: "127.26.205.131" port: 45715 } }
I20260710 13:24:59.780752 28834 raft_consensus.cc:493] T fc016d7458d4467ea40142468773defb P f1c5732be8054334b3ba9bfb1dea7825 [term 0 FOLLOWER]: Starting pre-election (no leader contacted us within the election timeout)
I20260710 13:24:59.781355 28834 raft_consensus.cc:515] T fc016d7458d4467ea40142468773defb P f1c5732be8054334b3ba9bfb1dea7825 [term 0 FOLLOWER]: Starting pre-election with config: opid_index: -1 OBSOLETE_local: false peers { permanent_uuid: "c9af6cfa6d24476e9b290e2e2f6b0113" member_type: VOTER last_known_addr { host: "127.26.205.129" port: 41695 } } peers { permanent_uuid: "f1c5732be8054334b3ba9bfb1dea7825" member_type: VOTER last_known_addr { host: "127.26.205.130" port: 38165 } } peers { permanent_uuid: "f5890e4d8eb04fc78d403cbc1d32fef7" member_type: VOTER last_known_addr { host: "127.26.205.131" port: 45715 } }
I20260710 13:24:59.782754 28786 leader_election.cc:290] T ff43d5d7fda1404ba7a827f02e7a153f P f5890e4d8eb04fc78d403cbc1d32fef7 [CANDIDATE]: Term 1 pre-election: Requested pre-vote from peers c9af6cfa6d24476e9b290e2e2f6b0113 (127.26.205.129:41695), f1c5732be8054334b3ba9bfb1dea7825 (127.26.205.130:38165)
I20260710 13:24:59.783603 28625 tablet_service.cc:1917] Received RequestConsensusVote() RPC: tablet_id: "e9049d2b3b224dddb24c452432dbceb2" candidate_uuid: "f5890e4d8eb04fc78d403cbc1d32fef7" candidate_term: 1 candidate_status { last_received { term: 0 index: 0 } } ignore_live_leader: false dest_uuid: "f1c5732be8054334b3ba9bfb1dea7825" is_pre_election: true
I20260710 13:24:59.784308 28741 tablet_bootstrap.cc:492] T faa163b4f49148c09a296e7a2f48317f P c9af6cfa6d24476e9b290e2e2f6b0113: No bootstrap required, opened a new log
I20260710 13:24:59.784861 28741 ts_tablet_manager.cc:1403] T faa163b4f49148c09a296e7a2f48317f P c9af6cfa6d24476e9b290e2e2f6b0113: Time spent bootstrapping tablet: real 0.032s	user 0.017s	sys 0.004s
I20260710 13:24:59.785272 28698 tablet_service.cc:1917] Received RequestConsensusVote() RPC: tablet_id: "fc016d7458d4467ea40142468773defb" candidate_uuid: "f1c5732be8054334b3ba9bfb1dea7825" candidate_term: 1 candidate_status { last_received { term: 0 index: 0 } } ignore_live_leader: false dest_uuid: "f5890e4d8eb04fc78d403cbc1d32fef7" is_pre_election: true
I20260710 13:24:59.785967 28698 raft_consensus.cc:2468] T fc016d7458d4467ea40142468773defb P f5890e4d8eb04fc78d403cbc1d32fef7 [term 0 FOLLOWER]: Leader pre-election vote request: Granting yes vote for candidate f1c5732be8054334b3ba9bfb1dea7825 in term 0.
I20260710 13:24:59.787016 28549 tablet_service.cc:1917] Received RequestConsensusVote() RPC: tablet_id: "ff43d5d7fda1404ba7a827f02e7a153f" candidate_uuid: "f5890e4d8eb04fc78d403cbc1d32fef7" candidate_term: 1 candidate_status { last_received { term: 0 index: 0 } } ignore_live_leader: false dest_uuid: "c9af6cfa6d24476e9b290e2e2f6b0113" is_pre_election: true
I20260710 13:24:59.787740 28549 raft_consensus.cc:2468] T ff43d5d7fda1404ba7a827f02e7a153f P c9af6cfa6d24476e9b290e2e2f6b0113 [term 0 FOLLOWER]: Leader pre-election vote request: Granting yes vote for candidate f5890e4d8eb04fc78d403cbc1d32fef7 in term 0.
I20260710 13:24:59.787863 28548 tablet_service.cc:1917] Received RequestConsensusVote() RPC: tablet_id: "fc016d7458d4467ea40142468773defb" candidate_uuid: "f1c5732be8054334b3ba9bfb1dea7825" candidate_term: 1 candidate_status { last_received { term: 0 index: 0 } } ignore_live_leader: false dest_uuid: "c9af6cfa6d24476e9b290e2e2f6b0113" is_pre_election: true
I20260710 13:24:59.788472 28548 raft_consensus.cc:2468] T fc016d7458d4467ea40142468773defb P c9af6cfa6d24476e9b290e2e2f6b0113 [term 0 FOLLOWER]: Leader pre-election vote request: Granting yes vote for candidate f1c5732be8054334b3ba9bfb1dea7825 in term 0.
I20260710 13:24:59.788754 28792 raft_consensus.cc:493] T cdf2436ba8534d7c86c4672fde4f8270 P f1c5732be8054334b3ba9bfb1dea7825 [term 0 FOLLOWER]: Starting pre-election (no leader contacted us within the election timeout)
I20260710 13:24:59.789259 28663 leader_election.cc:304] T ff43d5d7fda1404ba7a827f02e7a153f P f5890e4d8eb04fc78d403cbc1d32fef7 [CANDIDATE]: Term 1 pre-election: Election decided. Result: candidate won. Election summary: received 2 responses out of 3 voters: 2 yes votes; 0 no votes. yes voters: c9af6cfa6d24476e9b290e2e2f6b0113, f5890e4d8eb04fc78d403cbc1d32fef7; no voters: 
I20260710 13:24:59.789883 28589 leader_election.cc:304] T fc016d7458d4467ea40142468773defb P f1c5732be8054334b3ba9bfb1dea7825 [CANDIDATE]: Term 1 pre-election: Election decided. Result: candidate won. Election summary: received 2 responses out of 3 voters: 2 yes votes; 0 no votes. yes voters: c9af6cfa6d24476e9b290e2e2f6b0113, f1c5732be8054334b3ba9bfb1dea7825; no voters: 
I20260710 13:24:59.790215 28786 raft_consensus.cc:2804] T ff43d5d7fda1404ba7a827f02e7a153f P f5890e4d8eb04fc78d403cbc1d32fef7 [term 0 FOLLOWER]: Leader pre-election won for term 1
I20260710 13:24:59.790586 28786 raft_consensus.cc:493] T ff43d5d7fda1404ba7a827f02e7a153f P f5890e4d8eb04fc78d403cbc1d32fef7 [term 0 FOLLOWER]: Starting leader election (no leader contacted us within the election timeout)
I20260710 13:24:59.790933 28794 raft_consensus.cc:2804] T fc016d7458d4467ea40142468773defb P f1c5732be8054334b3ba9bfb1dea7825 [term 0 FOLLOWER]: Leader pre-election won for term 1
I20260710 13:24:59.791074 28786 raft_consensus.cc:3060] T ff43d5d7fda1404ba7a827f02e7a153f P f5890e4d8eb04fc78d403cbc1d32fef7 [term 0 FOLLOWER]: Advancing to term 1
I20260710 13:24:59.791361 28794 raft_consensus.cc:493] T fc016d7458d4467ea40142468773defb P f1c5732be8054334b3ba9bfb1dea7825 [term 0 FOLLOWER]: Starting leader election (no leader contacted us within the election timeout)
I20260710 13:24:59.791802 28794 raft_consensus.cc:3060] T fc016d7458d4467ea40142468773defb P f1c5732be8054334b3ba9bfb1dea7825 [term 0 FOLLOWER]: Advancing to term 1
I20260710 13:24:59.789296 28792 raft_consensus.cc:515] T cdf2436ba8534d7c86c4672fde4f8270 P f1c5732be8054334b3ba9bfb1dea7825 [term 0 FOLLOWER]: Starting pre-election with config: opid_index: -1 OBSOLETE_local: false peers { permanent_uuid: "c9af6cfa6d24476e9b290e2e2f6b0113" member_type: VOTER last_known_addr { host: "127.26.205.129" port: 41695 } } peers { permanent_uuid: "f1c5732be8054334b3ba9bfb1dea7825" member_type: VOTER last_known_addr { host: "127.26.205.130" port: 38165 } } peers { permanent_uuid: "f5890e4d8eb04fc78d403cbc1d32fef7" member_type: VOTER last_known_addr { host: "127.26.205.131" port: 45715 } }
I20260710 13:24:59.791690 28662 leader_election.cc:304] T e9049d2b3b224dddb24c452432dbceb2 P f5890e4d8eb04fc78d403cbc1d32fef7 [CANDIDATE]: Term 1 pre-election: Election decided. Result: candidate lost. Election summary: received 3 responses out of 3 voters: 1 yes votes; 2 no votes. yes voters: f5890e4d8eb04fc78d403cbc1d32fef7; no voters: c9af6cfa6d24476e9b290e2e2f6b0113, f1c5732be8054334b3ba9bfb1dea7825
I20260710 13:24:59.794983 28792 leader_election.cc:290] T cdf2436ba8534d7c86c4672fde4f8270 P f1c5732be8054334b3ba9bfb1dea7825 [CANDIDATE]: Term 1 pre-election: Requested pre-vote from peers c9af6cfa6d24476e9b290e2e2f6b0113 (127.26.205.129:41695), f5890e4d8eb04fc78d403cbc1d32fef7 (127.26.205.131:45715)
I20260710 13:24:59.798485 28834 leader_election.cc:290] T fc016d7458d4467ea40142468773defb P f1c5732be8054334b3ba9bfb1dea7825 [CANDIDATE]: Term 1 pre-election: Requested pre-vote from peers c9af6cfa6d24476e9b290e2e2f6b0113 (127.26.205.129:41695), f5890e4d8eb04fc78d403cbc1d32fef7 (127.26.205.131:45715)
I20260710 13:24:59.798900 28786 raft_consensus.cc:515] T ff43d5d7fda1404ba7a827f02e7a153f P f5890e4d8eb04fc78d403cbc1d32fef7 [term 1 FOLLOWER]: Starting leader election with config: opid_index: -1 OBSOLETE_local: false peers { permanent_uuid: "c9af6cfa6d24476e9b290e2e2f6b0113" member_type: VOTER last_known_addr { host: "127.26.205.129" port: 41695 } } peers { permanent_uuid: "f1c5732be8054334b3ba9bfb1dea7825" member_type: VOTER last_known_addr { host: "127.26.205.130" port: 38165 } } peers { permanent_uuid: "f5890e4d8eb04fc78d403cbc1d32fef7" member_type: VOTER last_known_addr { host: "127.26.205.131" port: 45715 } }
I20260710 13:24:59.799786 28696 tablet_service.cc:1917] Received RequestConsensusVote() RPC: tablet_id: "cdf2436ba8534d7c86c4672fde4f8270" candidate_uuid: "f1c5732be8054334b3ba9bfb1dea7825" candidate_term: 1 candidate_status { last_received { term: 0 index: 0 } } ignore_live_leader: false dest_uuid: "f5890e4d8eb04fc78d403cbc1d32fef7" is_pre_election: true
I20260710 13:24:59.801244 28741 raft_consensus.cc:359] T faa163b4f49148c09a296e7a2f48317f P c9af6cfa6d24476e9b290e2e2f6b0113 [term 0 FOLLOWER]: Replica starting. Triggering 0 pending ops. Active config: opid_index: -1 OBSOLETE_local: false peers { permanent_uuid: "c9af6cfa6d24476e9b290e2e2f6b0113" member_type: VOTER last_known_addr { host: "127.26.205.129" port: 41695 } } peers { permanent_uuid: "f1c5732be8054334b3ba9bfb1dea7825" member_type: VOTER last_known_addr { host: "127.26.205.130" port: 38165 } } peers { permanent_uuid: "f5890e4d8eb04fc78d403cbc1d32fef7" member_type: VOTER last_known_addr { host: "127.26.205.131" port: 45715 } }
I20260710 13:24:59.803483 28548 tablet_service.cc:1917] Received RequestConsensusVote() RPC: tablet_id: "cdf2436ba8534d7c86c4672fde4f8270" candidate_uuid: "f1c5732be8054334b3ba9bfb1dea7825" candidate_term: 1 candidate_status { last_received { term: 0 index: 0 } } ignore_live_leader: false dest_uuid: "c9af6cfa6d24476e9b290e2e2f6b0113" is_pre_election: true
I20260710 13:24:59.808207 28548 raft_consensus.cc:2468] T cdf2436ba8534d7c86c4672fde4f8270 P c9af6cfa6d24476e9b290e2e2f6b0113 [term 0 FOLLOWER]: Leader pre-election vote request: Granting yes vote for candidate f1c5732be8054334b3ba9bfb1dea7825 in term 0.
I20260710 13:24:59.808375 28842 raft_consensus.cc:2749] T e9049d2b3b224dddb24c452432dbceb2 P f5890e4d8eb04fc78d403cbc1d32fef7 [term 0 FOLLOWER]: Leader pre-election lost for term 1. Reason: could not achieve majority
I20260710 13:24:59.804244 28549 tablet_service.cc:1917] Received RequestConsensusVote() RPC: tablet_id: "ff43d5d7fda1404ba7a827f02e7a153f" candidate_uuid: "f5890e4d8eb04fc78d403cbc1d32fef7" candidate_term: 1 candidate_status { last_received { term: 0 index: 0 } } ignore_live_leader: false dest_uuid: "c9af6cfa6d24476e9b290e2e2f6b0113"
W20260710 13:24:59.808792 28591 leader_election.cc:343] T cdf2436ba8534d7c86c4672fde4f8270 P f1c5732be8054334b3ba9bfb1dea7825 [CANDIDATE]: Term 1 pre-election: Tablet error from VoteRequest() call to peer f5890e4d8eb04fc78d403cbc1d32fef7 (127.26.205.131:45715): Illegal state: must be running to vote when last-logged opid is not known
I20260710 13:24:59.807997 28741 raft_consensus.cc:385] T faa163b4f49148c09a296e7a2f48317f P c9af6cfa6d24476e9b290e2e2f6b0113 [term 0 FOLLOWER]: Consensus starting up: Expiring failure detector timer to make a prompt election more likely
I20260710 13:24:59.809309 28549 raft_consensus.cc:3060] T ff43d5d7fda1404ba7a827f02e7a153f P c9af6cfa6d24476e9b290e2e2f6b0113 [term 0 FOLLOWER]: Advancing to term 1
I20260710 13:24:59.809559 28741 raft_consensus.cc:740] T faa163b4f49148c09a296e7a2f48317f P c9af6cfa6d24476e9b290e2e2f6b0113 [term 0 FOLLOWER]: Becoming Follower/Learner. State: Replica: c9af6cfa6d24476e9b290e2e2f6b0113, State: Initialized, Role: FOLLOWER
I20260710 13:24:59.809710 28625 tablet_service.cc:1917] Received RequestConsensusVote() RPC: tablet_id: "ff43d5d7fda1404ba7a827f02e7a153f" candidate_uuid: "f5890e4d8eb04fc78d403cbc1d32fef7" candidate_term: 1 candidate_status { last_received { term: 0 index: 0 } } ignore_live_leader: false dest_uuid: "f1c5732be8054334b3ba9bfb1dea7825" is_pre_election: true
I20260710 13:24:59.810316 28741 consensus_queue.cc:260] T faa163b4f49148c09a296e7a2f48317f P c9af6cfa6d24476e9b290e2e2f6b0113 [NON_LEADER]: Queue going to NON_LEADER mode. State: All replicated index: 0, Majority replicated index: 0, Committed index: 0, Last appended: 0.0, Last appended by leader: 0, Current term: 0, Majority size: -1, State: 0, Mode: NON_LEADER, active raft config: opid_index: -1 OBSOLETE_local: false peers { permanent_uuid: "c9af6cfa6d24476e9b290e2e2f6b0113" member_type: VOTER last_known_addr { host: "127.26.205.129" port: 41695 } } peers { permanent_uuid: "f1c5732be8054334b3ba9bfb1dea7825" member_type: VOTER last_known_addr { host: "127.26.205.130" port: 38165 } } peers { permanent_uuid: "f5890e4d8eb04fc78d403cbc1d32fef7" member_type: VOTER last_known_addr { host: "127.26.205.131" port: 45715 } }
I20260710 13:24:59.812683 28741 ts_tablet_manager.cc:1434] T faa163b4f49148c09a296e7a2f48317f P c9af6cfa6d24476e9b290e2e2f6b0113: Time spent starting tablet: real 0.027s	user 0.005s	sys 0.001s
I20260710 13:24:59.814424 28741 tablet_bootstrap.cc:492] T 7cf8101e467845fcb014353815db8bc3 P c9af6cfa6d24476e9b290e2e2f6b0113: Bootstrap starting.
I20260710 13:24:59.808715 28794 raft_consensus.cc:515] T fc016d7458d4467ea40142468773defb P f1c5732be8054334b3ba9bfb1dea7825 [term 1 FOLLOWER]: Starting leader election with config: opid_index: -1 OBSOLETE_local: false peers { permanent_uuid: "c9af6cfa6d24476e9b290e2e2f6b0113" member_type: VOTER last_known_addr { host: "127.26.205.129" port: 41695 } } peers { permanent_uuid: "f1c5732be8054334b3ba9bfb1dea7825" member_type: VOTER last_known_addr { host: "127.26.205.130" port: 38165 } } peers { permanent_uuid: "f5890e4d8eb04fc78d403cbc1d32fef7" member_type: VOTER last_known_addr { host: "127.26.205.131" port: 45715 } }
I20260710 13:24:59.809687 28589 leader_election.cc:304] T cdf2436ba8534d7c86c4672fde4f8270 P f1c5732be8054334b3ba9bfb1dea7825 [CANDIDATE]: Term 1 pre-election: Election decided. Result: candidate won. Election summary: received 3 responses out of 3 voters: 2 yes votes; 1 no votes. yes voters: c9af6cfa6d24476e9b290e2e2f6b0113, f1c5732be8054334b3ba9bfb1dea7825; no voters: f5890e4d8eb04fc78d403cbc1d32fef7
I20260710 13:24:59.820283 28792 raft_consensus.cc:2804] T cdf2436ba8534d7c86c4672fde4f8270 P f1c5732be8054334b3ba9bfb1dea7825 [term 0 FOLLOWER]: Leader pre-election won for term 1
I20260710 13:24:59.820648 28741 tablet_bootstrap.cc:654] T 7cf8101e467845fcb014353815db8bc3 P c9af6cfa6d24476e9b290e2e2f6b0113: Neither blocks nor log segments found. Creating new log.
I20260710 13:24:59.820690 28792 raft_consensus.cc:493] T cdf2436ba8534d7c86c4672fde4f8270 P f1c5732be8054334b3ba9bfb1dea7825 [term 0 FOLLOWER]: Starting leader election (no leader contacted us within the election timeout)
I20260710 13:24:59.821272 28792 raft_consensus.cc:3060] T cdf2436ba8534d7c86c4672fde4f8270 P f1c5732be8054334b3ba9bfb1dea7825 [term 0 FOLLOWER]: Advancing to term 1
I20260710 13:24:59.806159 28739 tablet_bootstrap.cc:654] T 8dcf64c5a1514be4af5c947fa12b1f88 P f5890e4d8eb04fc78d403cbc1d32fef7: Neither blocks nor log segments found. Creating new log.
I20260710 13:24:59.821825 28696 tablet_service.cc:1917] Received RequestConsensusVote() RPC: tablet_id: "fc016d7458d4467ea40142468773defb" candidate_uuid: "f1c5732be8054334b3ba9bfb1dea7825" candidate_term: 1 candidate_status { last_received { term: 0 index: 0 } } ignore_live_leader: false dest_uuid: "f5890e4d8eb04fc78d403cbc1d32fef7"
I20260710 13:24:59.822702 28696 raft_consensus.cc:3060] T fc016d7458d4467ea40142468773defb P f5890e4d8eb04fc78d403cbc1d32fef7 [term 0 FOLLOWER]: Advancing to term 1
I20260710 13:24:59.801271 28740 ts_tablet_manager.cc:1434] T cdf2436ba8534d7c86c4672fde4f8270 P f1c5732be8054334b3ba9bfb1dea7825: Time spent starting tablet: real 0.047s	user 0.007s	sys 0.000s
I20260710 13:24:59.825683 28740 tablet_bootstrap.cc:492] T ff43d5d7fda1404ba7a827f02e7a153f P f1c5732be8054334b3ba9bfb1dea7825: Bootstrap starting.
I20260710 13:24:59.835839 28786 leader_election.cc:290] T ff43d5d7fda1404ba7a827f02e7a153f P f5890e4d8eb04fc78d403cbc1d32fef7 [CANDIDATE]: Term 1 election: Requested vote from peers c9af6cfa6d24476e9b290e2e2f6b0113 (127.26.205.129:41695), f1c5732be8054334b3ba9bfb1dea7825 (127.26.205.130:38165)
I20260710 13:24:59.834203 28696 raft_consensus.cc:2468] T fc016d7458d4467ea40142468773defb P f5890e4d8eb04fc78d403cbc1d32fef7 [term 1 FOLLOWER]: Leader election vote request: Granting yes vote for candidate f1c5732be8054334b3ba9bfb1dea7825 in term 1.
I20260710 13:24:59.825404 28549 raft_consensus.cc:2468] T ff43d5d7fda1404ba7a827f02e7a153f P c9af6cfa6d24476e9b290e2e2f6b0113 [term 1 FOLLOWER]: Leader election vote request: Granting yes vote for candidate f5890e4d8eb04fc78d403cbc1d32fef7 in term 1.
W20260710 13:24:59.828632 28662 leader_election.cc:343] T ff43d5d7fda1404ba7a827f02e7a153f P f5890e4d8eb04fc78d403cbc1d32fef7 [CANDIDATE]: Term 1 pre-election: Tablet error from VoteRequest() call to peer f1c5732be8054334b3ba9bfb1dea7825 (127.26.205.130:38165): Illegal state: must be running to vote when last-logged opid is not known
I20260710 13:24:59.838970 28663 leader_election.cc:304] T ff43d5d7fda1404ba7a827f02e7a153f P f5890e4d8eb04fc78d403cbc1d32fef7 [CANDIDATE]: Term 1 election: Election decided. Result: candidate won. Election summary: received 2 responses out of 3 voters: 2 yes votes; 0 no votes. yes voters: c9af6cfa6d24476e9b290e2e2f6b0113, f5890e4d8eb04fc78d403cbc1d32fef7; no voters: 
I20260710 13:24:59.839042 28591 leader_election.cc:304] T fc016d7458d4467ea40142468773defb P f1c5732be8054334b3ba9bfb1dea7825 [CANDIDATE]: Term 1 election: Election decided. Result: candidate won. Election summary: received 2 responses out of 3 voters: 2 yes votes; 0 no votes. yes voters: f1c5732be8054334b3ba9bfb1dea7825, f5890e4d8eb04fc78d403cbc1d32fef7; no voters: 
I20260710 13:24:59.839888 28786 raft_consensus.cc:2804] T ff43d5d7fda1404ba7a827f02e7a153f P f5890e4d8eb04fc78d403cbc1d32fef7 [term 1 FOLLOWER]: Leader election won for term 1
I20260710 13:24:59.840041 28834 raft_consensus.cc:2804] T fc016d7458d4467ea40142468773defb P f1c5732be8054334b3ba9bfb1dea7825 [term 1 FOLLOWER]: Leader election won for term 1
I20260710 13:24:59.840595 28786 raft_consensus.cc:697] T ff43d5d7fda1404ba7a827f02e7a153f P f5890e4d8eb04fc78d403cbc1d32fef7 [term 1 LEADER]: Becoming Leader. State: Replica: f5890e4d8eb04fc78d403cbc1d32fef7, State: Running, Role: LEADER
I20260710 13:24:59.840651 28834 raft_consensus.cc:697] T fc016d7458d4467ea40142468773defb P f1c5732be8054334b3ba9bfb1dea7825 [term 1 LEADER]: Becoming Leader. State: Replica: f1c5732be8054334b3ba9bfb1dea7825, State: Running, Role: LEADER
I20260710 13:24:59.829176 28548 tablet_service.cc:1917] Received RequestConsensusVote() RPC: tablet_id: "fc016d7458d4467ea40142468773defb" candidate_uuid: "f1c5732be8054334b3ba9bfb1dea7825" candidate_term: 1 candidate_status { last_received { term: 0 index: 0 } } ignore_live_leader: false dest_uuid: "c9af6cfa6d24476e9b290e2e2f6b0113"
I20260710 13:24:59.841573 28786 consensus_queue.cc:237] T ff43d5d7fda1404ba7a827f02e7a153f P f5890e4d8eb04fc78d403cbc1d32fef7 [LEADER]: Queue going to LEADER mode. State: All replicated index: 0, Majority replicated index: 0, Committed index: 0, Last appended: 0.0, Last appended by leader: 0, Current term: 1, Majority size: 2, State: 0, Mode: LEADER, active raft config: opid_index: -1 OBSOLETE_local: false peers { permanent_uuid: "c9af6cfa6d24476e9b290e2e2f6b0113" member_type: VOTER last_known_addr { host: "127.26.205.129" port: 41695 } } peers { permanent_uuid: "f1c5732be8054334b3ba9bfb1dea7825" member_type: VOTER last_known_addr { host: "127.26.205.130" port: 38165 } } peers { permanent_uuid: "f5890e4d8eb04fc78d403cbc1d32fef7" member_type: VOTER last_known_addr { host: "127.26.205.131" port: 45715 } }
I20260710 13:24:59.841975 28842 consensus_queue.cc:1048] T 2a8864531f854063bd7a4af8cf752163 P f5890e4d8eb04fc78d403cbc1d32fef7 [LEADER]: Connected to new peer: Peer: permanent_uuid: "f1c5732be8054334b3ba9bfb1dea7825" member_type: VOTER last_known_addr { host: "127.26.205.130" port: 38165 }, Status: LMP_MISMATCH, Last received: 0.0, Next index: 1, Last known committed idx: 0, Time since last communication: 0.000s
I20260710 13:24:59.842012 28548 raft_consensus.cc:3060] T fc016d7458d4467ea40142468773defb P c9af6cfa6d24476e9b290e2e2f6b0113 [term 0 FOLLOWER]: Advancing to term 1
I20260710 13:24:59.835767 28792 raft_consensus.cc:515] T cdf2436ba8534d7c86c4672fde4f8270 P f1c5732be8054334b3ba9bfb1dea7825 [term 1 FOLLOWER]: Starting leader election with config: opid_index: -1 OBSOLETE_local: false peers { permanent_uuid: "c9af6cfa6d24476e9b290e2e2f6b0113" member_type: VOTER last_known_addr { host: "127.26.205.129" port: 41695 } } peers { permanent_uuid: "f1c5732be8054334b3ba9bfb1dea7825" member_type: VOTER last_known_addr { host: "127.26.205.130" port: 38165 } } peers { permanent_uuid: "f5890e4d8eb04fc78d403cbc1d32fef7" member_type: VOTER last_known_addr { host: "127.26.205.131" port: 45715 } }
I20260710 13:24:59.841702 28834 consensus_queue.cc:237] T fc016d7458d4467ea40142468773defb P f1c5732be8054334b3ba9bfb1dea7825 [LEADER]: Queue going to LEADER mode. State: All replicated index: 0, Majority replicated index: 0, Committed index: 0, Last appended: 0.0, Last appended by leader: 0, Current term: 1, Majority size: 2, State: 0, Mode: LEADER, active raft config: opid_index: -1 OBSOLETE_local: false peers { permanent_uuid: "c9af6cfa6d24476e9b290e2e2f6b0113" member_type: VOTER last_known_addr { host: "127.26.205.129" port: 41695 } } peers { permanent_uuid: "f1c5732be8054334b3ba9bfb1dea7825" member_type: VOTER last_known_addr { host: "127.26.205.130" port: 38165 } } peers { permanent_uuid: "f5890e4d8eb04fc78d403cbc1d32fef7" member_type: VOTER last_known_addr { host: "127.26.205.131" port: 45715 } }
I20260710 13:24:59.825255 28794 leader_election.cc:290] T fc016d7458d4467ea40142468773defb P f1c5732be8054334b3ba9bfb1dea7825 [CANDIDATE]: Term 1 election: Requested vote from peers c9af6cfa6d24476e9b290e2e2f6b0113 (127.26.205.129:41695), f5890e4d8eb04fc78d403cbc1d32fef7 (127.26.205.131:45715)
I20260710 13:24:59.846179 28625 tablet_service.cc:1917] Received RequestConsensusVote() RPC: tablet_id: "ff43d5d7fda1404ba7a827f02e7a153f" candidate_uuid: "f5890e4d8eb04fc78d403cbc1d32fef7" candidate_term: 1 candidate_status { last_received { term: 0 index: 0 } } ignore_live_leader: false dest_uuid: "f1c5732be8054334b3ba9bfb1dea7825"
I20260710 13:24:59.856241 28740 tablet_bootstrap.cc:654] T ff43d5d7fda1404ba7a827f02e7a153f P f1c5732be8054334b3ba9bfb1dea7825: Neither blocks nor log segments found. Creating new log.
W20260710 13:24:59.861816 28662 leader_election.cc:343] T ff43d5d7fda1404ba7a827f02e7a153f P f5890e4d8eb04fc78d403cbc1d32fef7 [CANDIDATE]: Term 1 election: Tablet error from VoteRequest() call to peer f1c5732be8054334b3ba9bfb1dea7825 (127.26.205.130:38165): Illegal state: must be running to vote when last-logged opid is not known
I20260710 13:24:59.854507 28792 leader_election.cc:290] T cdf2436ba8534d7c86c4672fde4f8270 P f1c5732be8054334b3ba9bfb1dea7825 [CANDIDATE]: Term 1 election: Requested vote from peers c9af6cfa6d24476e9b290e2e2f6b0113 (127.26.205.129:41695), f5890e4d8eb04fc78d403cbc1d32fef7 (127.26.205.131:45715)
I20260710 13:24:59.864607 28698 raft_consensus.cc:3060] T e9049d2b3b224dddb24c452432dbceb2 P f5890e4d8eb04fc78d403cbc1d32fef7 [term 0 FOLLOWER]: Advancing to term 1
I20260710 13:24:59.865144 28549 tablet_service.cc:1917] Received RequestConsensusVote() RPC: tablet_id: "cdf2436ba8534d7c86c4672fde4f8270" candidate_uuid: "f1c5732be8054334b3ba9bfb1dea7825" candidate_term: 1 candidate_status { last_received { term: 0 index: 0 } } ignore_live_leader: false dest_uuid: "c9af6cfa6d24476e9b290e2e2f6b0113"
I20260710 13:24:59.865731 28549 raft_consensus.cc:3060] T cdf2436ba8534d7c86c4672fde4f8270 P c9af6cfa6d24476e9b290e2e2f6b0113 [term 0 FOLLOWER]: Advancing to term 1
I20260710 13:24:59.861917 28696 tablet_service.cc:1917] Received RequestConsensusVote() RPC: tablet_id: "cdf2436ba8534d7c86c4672fde4f8270" candidate_uuid: "f1c5732be8054334b3ba9bfb1dea7825" candidate_term: 1 candidate_status { last_received { term: 0 index: 0 } } ignore_live_leader: false dest_uuid: "f5890e4d8eb04fc78d403cbc1d32fef7"
W20260710 13:24:59.867408 28591 leader_election.cc:343] T cdf2436ba8534d7c86c4672fde4f8270 P f1c5732be8054334b3ba9bfb1dea7825 [CANDIDATE]: Term 1 election: Tablet error from VoteRequest() call to peer f5890e4d8eb04fc78d403cbc1d32fef7 (127.26.205.131:45715): Illegal state: must be running to vote when last-logged opid is not known
I20260710 13:24:59.870121 28548 raft_consensus.cc:2468] T fc016d7458d4467ea40142468773defb P c9af6cfa6d24476e9b290e2e2f6b0113 [term 1 FOLLOWER]: Leader election vote request: Granting yes vote for candidate f1c5732be8054334b3ba9bfb1dea7825 in term 1.
I20260710 13:24:59.876212 28549 raft_consensus.cc:2468] T cdf2436ba8534d7c86c4672fde4f8270 P c9af6cfa6d24476e9b290e2e2f6b0113 [term 1 FOLLOWER]: Leader election vote request: Granting yes vote for candidate f1c5732be8054334b3ba9bfb1dea7825 in term 1.
I20260710 13:24:59.884975 28818 raft_consensus.cc:493] T faa163b4f49148c09a296e7a2f48317f P c9af6cfa6d24476e9b290e2e2f6b0113 [term 0 FOLLOWER]: Starting pre-election (no leader contacted us within the election timeout)
I20260710 13:24:59.888440 28589 leader_election.cc:304] T cdf2436ba8534d7c86c4672fde4f8270 P f1c5732be8054334b3ba9bfb1dea7825 [CANDIDATE]: Term 1 election: Election decided. Result: candidate won. Election summary: received 3 responses out of 3 voters: 2 yes votes; 1 no votes. yes voters: c9af6cfa6d24476e9b290e2e2f6b0113, f1c5732be8054334b3ba9bfb1dea7825; no voters: f5890e4d8eb04fc78d403cbc1d32fef7
I20260710 13:24:59.890695 28448 catalog_manager.cc:5697] T fc016d7458d4467ea40142468773defb P f1c5732be8054334b3ba9bfb1dea7825 reported cstate change: term changed from 0 to 1, leader changed from <none> to f1c5732be8054334b3ba9bfb1dea7825 (127.26.205.130). New cstate: current_term: 1 leader_uuid: "f1c5732be8054334b3ba9bfb1dea7825" committed_config { opid_index: -1 OBSOLETE_local: false peers { permanent_uuid: "c9af6cfa6d24476e9b290e2e2f6b0113" member_type: VOTER last_known_addr { host: "127.26.205.129" port: 41695 } health_report { overall_health: UNKNOWN } } peers { permanent_uuid: "f1c5732be8054334b3ba9bfb1dea7825" member_type: VOTER last_known_addr { host: "127.26.205.130" port: 38165 } health_report { overall_health: HEALTHY } } peers { permanent_uuid: "f5890e4d8eb04fc78d403cbc1d32fef7" member_type: VOTER last_known_addr { host: "127.26.205.131" port: 45715 } health_report { overall_health: UNKNOWN } } }
I20260710 13:24:59.892890 28445 catalog_manager.cc:5697] T ff43d5d7fda1404ba7a827f02e7a153f P f5890e4d8eb04fc78d403cbc1d32fef7 reported cstate change: term changed from 0 to 1, leader changed from <none> to f5890e4d8eb04fc78d403cbc1d32fef7 (127.26.205.131). New cstate: current_term: 1 leader_uuid: "f5890e4d8eb04fc78d403cbc1d32fef7" committed_config { opid_index: -1 OBSOLETE_local: false peers { permanent_uuid: "c9af6cfa6d24476e9b290e2e2f6b0113" member_type: VOTER last_known_addr { host: "127.26.205.129" port: 41695 } health_report { overall_health: UNKNOWN } } peers { permanent_uuid: "f1c5732be8054334b3ba9bfb1dea7825" member_type: VOTER last_known_addr { host: "127.26.205.130" port: 38165 } health_report { overall_health: UNKNOWN } } peers { permanent_uuid: "f5890e4d8eb04fc78d403cbc1d32fef7" member_type: VOTER last_known_addr { host: "127.26.205.131" port: 45715 } health_report { overall_health: HEALTHY } } }
I20260710 13:24:59.885691 28818 raft_consensus.cc:515] T faa163b4f49148c09a296e7a2f48317f P c9af6cfa6d24476e9b290e2e2f6b0113 [term 0 FOLLOWER]: Starting pre-election with config: opid_index: -1 OBSOLETE_local: false peers { permanent_uuid: "c9af6cfa6d24476e9b290e2e2f6b0113" member_type: VOTER last_known_addr { host: "127.26.205.129" port: 41695 } } peers { permanent_uuid: "f1c5732be8054334b3ba9bfb1dea7825" member_type: VOTER last_known_addr { host: "127.26.205.130" port: 38165 } } peers { permanent_uuid: "f5890e4d8eb04fc78d403cbc1d32fef7" member_type: VOTER last_known_addr { host: "127.26.205.131" port: 45715 } }
I20260710 13:24:59.899966 28818 leader_election.cc:290] T faa163b4f49148c09a296e7a2f48317f P c9af6cfa6d24476e9b290e2e2f6b0113 [CANDIDATE]: Term 1 pre-election: Requested pre-vote from peers f1c5732be8054334b3ba9bfb1dea7825 (127.26.205.130:38165), f5890e4d8eb04fc78d403cbc1d32fef7 (127.26.205.131:45715)
I20260710 13:24:59.901134 28696 tablet_service.cc:1917] Received RequestConsensusVote() RPC: tablet_id: "faa163b4f49148c09a296e7a2f48317f" candidate_uuid: "c9af6cfa6d24476e9b290e2e2f6b0113" candidate_term: 1 candidate_status { last_received { term: 0 index: 0 } } ignore_live_leader: false dest_uuid: "f5890e4d8eb04fc78d403cbc1d32fef7" is_pre_election: true
I20260710 13:24:59.901796 28696 raft_consensus.cc:2468] T faa163b4f49148c09a296e7a2f48317f P f5890e4d8eb04fc78d403cbc1d32fef7 [term 0 FOLLOWER]: Leader pre-election vote request: Granting yes vote for candidate c9af6cfa6d24476e9b290e2e2f6b0113 in term 0.
I20260710 13:24:59.902882 28834 raft_consensus.cc:2804] T cdf2436ba8534d7c86c4672fde4f8270 P f1c5732be8054334b3ba9bfb1dea7825 [term 1 FOLLOWER]: Leader election won for term 1
I20260710 13:24:59.903285 28623 tablet_service.cc:1917] Received RequestConsensusVote() RPC: tablet_id: "faa163b4f49148c09a296e7a2f48317f" candidate_uuid: "c9af6cfa6d24476e9b290e2e2f6b0113" candidate_term: 1 candidate_status { last_received { term: 0 index: 0 } } ignore_live_leader: false dest_uuid: "f1c5732be8054334b3ba9bfb1dea7825" is_pre_election: true
I20260710 13:24:59.903402 28834 raft_consensus.cc:697] T cdf2436ba8534d7c86c4672fde4f8270 P f1c5732be8054334b3ba9bfb1dea7825 [term 1 LEADER]: Becoming Leader. State: Replica: f1c5732be8054334b3ba9bfb1dea7825, State: Running, Role: LEADER
I20260710 13:24:59.903460 28516 leader_election.cc:304] T faa163b4f49148c09a296e7a2f48317f P c9af6cfa6d24476e9b290e2e2f6b0113 [CANDIDATE]: Term 1 pre-election: Election decided. Result: candidate won. Election summary: received 2 responses out of 3 voters: 2 yes votes; 0 no votes. yes voters: c9af6cfa6d24476e9b290e2e2f6b0113, f5890e4d8eb04fc78d403cbc1d32fef7; no voters: 
I20260710 13:24:59.904395 28818 raft_consensus.cc:2804] T faa163b4f49148c09a296e7a2f48317f P c9af6cfa6d24476e9b290e2e2f6b0113 [term 0 FOLLOWER]: Leader pre-election won for term 1
I20260710 13:24:59.904831 28818 raft_consensus.cc:493] T faa163b4f49148c09a296e7a2f48317f P c9af6cfa6d24476e9b290e2e2f6b0113 [term 0 FOLLOWER]: Starting leader election (no leader contacted us within the election timeout)
I20260710 13:24:59.904443 28834 consensus_queue.cc:237] T cdf2436ba8534d7c86c4672fde4f8270 P f1c5732be8054334b3ba9bfb1dea7825 [LEADER]: Queue going to LEADER mode. State: All replicated index: 0, Majority replicated index: 0, Committed index: 0, Last appended: 0.0, Last appended by leader: 0, Current term: 1, Majority size: 2, State: 0, Mode: LEADER, active raft config: opid_index: -1 OBSOLETE_local: false peers { permanent_uuid: "c9af6cfa6d24476e9b290e2e2f6b0113" member_type: VOTER last_known_addr { host: "127.26.205.129" port: 41695 } } peers { permanent_uuid: "f1c5732be8054334b3ba9bfb1dea7825" member_type: VOTER last_known_addr { host: "127.26.205.130" port: 38165 } } peers { permanent_uuid: "f5890e4d8eb04fc78d403cbc1d32fef7" member_type: VOTER last_known_addr { host: "127.26.205.131" port: 45715 } }
I20260710 13:24:59.905171 28818 raft_consensus.cc:3060] T faa163b4f49148c09a296e7a2f48317f P c9af6cfa6d24476e9b290e2e2f6b0113 [term 0 FOLLOWER]: Advancing to term 1
W20260710 13:24:59.908933 28513 leader_election.cc:343] T faa163b4f49148c09a296e7a2f48317f P c9af6cfa6d24476e9b290e2e2f6b0113 [CANDIDATE]: Term 1 pre-election: Tablet error from VoteRequest() call to peer f1c5732be8054334b3ba9bfb1dea7825 (127.26.205.130:38165): Illegal state: must be running to vote when last-logged opid is not known
I20260710 13:24:59.917469 28739 tablet_bootstrap.cc:492] T 8dcf64c5a1514be4af5c947fa12b1f88 P f5890e4d8eb04fc78d403cbc1d32fef7: No bootstrap required, opened a new log
I20260710 13:24:59.917623 28741 tablet_bootstrap.cc:492] T 7cf8101e467845fcb014353815db8bc3 P c9af6cfa6d24476e9b290e2e2f6b0113: No bootstrap required, opened a new log
I20260710 13:24:59.917965 28739 ts_tablet_manager.cc:1403] T 8dcf64c5a1514be4af5c947fa12b1f88 P f5890e4d8eb04fc78d403cbc1d32fef7: Time spent bootstrapping tablet: real 0.148s	user 0.010s	sys 0.010s
I20260710 13:24:59.918187 28741 ts_tablet_manager.cc:1403] T 7cf8101e467845fcb014353815db8bc3 P c9af6cfa6d24476e9b290e2e2f6b0113: Time spent bootstrapping tablet: real 0.104s	user 0.017s	sys 0.006s
I20260710 13:24:59.928305 28739 raft_consensus.cc:359] T 8dcf64c5a1514be4af5c947fa12b1f88 P f5890e4d8eb04fc78d403cbc1d32fef7 [term 0 FOLLOWER]: Replica starting. Triggering 0 pending ops. Active config: opid_index: -1 OBSOLETE_local: false peers { permanent_uuid: "c9af6cfa6d24476e9b290e2e2f6b0113" member_type: VOTER last_known_addr { host: "127.26.205.129" port: 41695 } } peers { permanent_uuid: "f1c5732be8054334b3ba9bfb1dea7825" member_type: VOTER last_known_addr { host: "127.26.205.130" port: 38165 } } peers { permanent_uuid: "f5890e4d8eb04fc78d403cbc1d32fef7" member_type: VOTER last_known_addr { host: "127.26.205.131" port: 45715 } }
I20260710 13:24:59.929420 28739 raft_consensus.cc:385] T 8dcf64c5a1514be4af5c947fa12b1f88 P f5890e4d8eb04fc78d403cbc1d32fef7 [term 0 FOLLOWER]: Consensus starting up: Expiring failure detector timer to make a prompt election more likely
I20260710 13:24:59.929783 28739 raft_consensus.cc:740] T 8dcf64c5a1514be4af5c947fa12b1f88 P f5890e4d8eb04fc78d403cbc1d32fef7 [term 0 FOLLOWER]: Becoming Follower/Learner. State: Replica: f5890e4d8eb04fc78d403cbc1d32fef7, State: Initialized, Role: FOLLOWER
I20260710 13:24:59.927443 28786 consensus_queue.cc:1048] T 2a8864531f854063bd7a4af8cf752163 P f5890e4d8eb04fc78d403cbc1d32fef7 [LEADER]: Connected to new peer: Peer: permanent_uuid: "c9af6cfa6d24476e9b290e2e2f6b0113" member_type: VOTER last_known_addr { host: "127.26.205.129" port: 41695 }, Status: LMP_MISMATCH, Last received: 0.0, Next index: 1, Last known committed idx: 0, Time since last communication: 0.001s
I20260710 13:24:59.932901 28739 consensus_queue.cc:260] T 8dcf64c5a1514be4af5c947fa12b1f88 P f5890e4d8eb04fc78d403cbc1d32fef7 [NON_LEADER]: Queue going to NON_LEADER mode. State: All replicated index: 0, Majority replicated index: 0, Committed index: 0, Last appended: 0.0, Last appended by leader: 0, Current term: 0, Majority size: -1, State: 0, Mode: NON_LEADER, active raft config: opid_index: -1 OBSOLETE_local: false peers { permanent_uuid: "c9af6cfa6d24476e9b290e2e2f6b0113" member_type: VOTER last_known_addr { host: "127.26.205.129" port: 41695 } } peers { permanent_uuid: "f1c5732be8054334b3ba9bfb1dea7825" member_type: VOTER last_known_addr { host: "127.26.205.130" port: 38165 } } peers { permanent_uuid: "f5890e4d8eb04fc78d403cbc1d32fef7" member_type: VOTER last_known_addr { host: "127.26.205.131" port: 45715 } }
I20260710 13:24:59.940722 28741 raft_consensus.cc:359] T 7cf8101e467845fcb014353815db8bc3 P c9af6cfa6d24476e9b290e2e2f6b0113 [term 0 FOLLOWER]: Replica starting. Triggering 0 pending ops. Active config: opid_index: -1 OBSOLETE_local: false peers { permanent_uuid: "c9af6cfa6d24476e9b290e2e2f6b0113" member_type: VOTER last_known_addr { host: "127.26.205.129" port: 41695 } } peers { permanent_uuid: "f1c5732be8054334b3ba9bfb1dea7825" member_type: VOTER last_known_addr { host: "127.26.205.130" port: 38165 } } peers { permanent_uuid: "f5890e4d8eb04fc78d403cbc1d32fef7" member_type: VOTER last_known_addr { host: "127.26.205.131" port: 45715 } }
I20260710 13:24:59.941725 28741 raft_consensus.cc:385] T 7cf8101e467845fcb014353815db8bc3 P c9af6cfa6d24476e9b290e2e2f6b0113 [term 0 FOLLOWER]: Consensus starting up: Expiring failure detector timer to make a prompt election more likely
I20260710 13:24:59.942178 28741 raft_consensus.cc:740] T 7cf8101e467845fcb014353815db8bc3 P c9af6cfa6d24476e9b290e2e2f6b0113 [term 0 FOLLOWER]: Becoming Follower/Learner. State: Replica: c9af6cfa6d24476e9b290e2e2f6b0113, State: Initialized, Role: FOLLOWER
I20260710 13:24:59.950397 28741 consensus_queue.cc:260] T 7cf8101e467845fcb014353815db8bc3 P c9af6cfa6d24476e9b290e2e2f6b0113 [NON_LEADER]: Queue going to NON_LEADER mode. State: All replicated index: 0, Majority replicated index: 0, Committed index: 0, Last appended: 0.0, Last appended by leader: 0, Current term: 0, Majority size: -1, State: 0, Mode: NON_LEADER, active raft config: opid_index: -1 OBSOLETE_local: false peers { permanent_uuid: "c9af6cfa6d24476e9b290e2e2f6b0113" member_type: VOTER last_known_addr { host: "127.26.205.129" port: 41695 } } peers { permanent_uuid: "f1c5732be8054334b3ba9bfb1dea7825" member_type: VOTER last_known_addr { host: "127.26.205.130" port: 38165 } } peers { permanent_uuid: "f5890e4d8eb04fc78d403cbc1d32fef7" member_type: VOTER last_known_addr { host: "127.26.205.131" port: 45715 } }
I20260710 13:24:59.952558 28741 ts_tablet_manager.cc:1434] T 7cf8101e467845fcb014353815db8bc3 P c9af6cfa6d24476e9b290e2e2f6b0113: Time spent starting tablet: real 0.034s	user 0.007s	sys 0.000s
I20260710 13:24:59.953020 28818 raft_consensus.cc:515] T faa163b4f49148c09a296e7a2f48317f P c9af6cfa6d24476e9b290e2e2f6b0113 [term 1 FOLLOWER]: Starting leader election with config: opid_index: -1 OBSOLETE_local: false peers { permanent_uuid: "c9af6cfa6d24476e9b290e2e2f6b0113" member_type: VOTER last_known_addr { host: "127.26.205.129" port: 41695 } } peers { permanent_uuid: "f1c5732be8054334b3ba9bfb1dea7825" member_type: VOTER last_known_addr { host: "127.26.205.130" port: 38165 } } peers { permanent_uuid: "f5890e4d8eb04fc78d403cbc1d32fef7" member_type: VOTER last_known_addr { host: "127.26.205.131" port: 45715 } }
I20260710 13:24:59.955084 28818 leader_election.cc:290] T faa163b4f49148c09a296e7a2f48317f P c9af6cfa6d24476e9b290e2e2f6b0113 [CANDIDATE]: Term 1 election: Requested vote from peers f1c5732be8054334b3ba9bfb1dea7825 (127.26.205.130:38165), f5890e4d8eb04fc78d403cbc1d32fef7 (127.26.205.131:45715)
I20260710 13:24:59.956190 28696 tablet_service.cc:1917] Received RequestConsensusVote() RPC: tablet_id: "faa163b4f49148c09a296e7a2f48317f" candidate_uuid: "c9af6cfa6d24476e9b290e2e2f6b0113" candidate_term: 1 candidate_status { last_received { term: 0 index: 0 } } ignore_live_leader: false dest_uuid: "f5890e4d8eb04fc78d403cbc1d32fef7"
I20260710 13:24:59.956472 28739 ts_tablet_manager.cc:1434] T 8dcf64c5a1514be4af5c947fa12b1f88 P f5890e4d8eb04fc78d403cbc1d32fef7: Time spent starting tablet: real 0.038s	user 0.007s	sys 0.001s
I20260710 13:24:59.956763 28696 raft_consensus.cc:3060] T faa163b4f49148c09a296e7a2f48317f P f5890e4d8eb04fc78d403cbc1d32fef7 [term 0 FOLLOWER]: Advancing to term 1
I20260710 13:24:59.962604 28623 tablet_service.cc:1917] Received RequestConsensusVote() RPC: tablet_id: "faa163b4f49148c09a296e7a2f48317f" candidate_uuid: "c9af6cfa6d24476e9b290e2e2f6b0113" candidate_term: 1 candidate_status { last_received { term: 0 index: 0 } } ignore_live_leader: false dest_uuid: "f1c5732be8054334b3ba9bfb1dea7825"
I20260710 13:24:59.958001 28739 tablet_bootstrap.cc:492] T 1e5e887ea43e4413899cb8b7f5354331 P f5890e4d8eb04fc78d403cbc1d32fef7: Bootstrap starting.
I20260710 13:24:59.953478 28741 tablet_bootstrap.cc:492] T 8400b31071264857967c61346bc04a1e P c9af6cfa6d24476e9b290e2e2f6b0113: Bootstrap starting.
W20260710 13:24:59.968940 28513 leader_election.cc:343] T faa163b4f49148c09a296e7a2f48317f P c9af6cfa6d24476e9b290e2e2f6b0113 [CANDIDATE]: Term 1 election: Tablet error from VoteRequest() call to peer f1c5732be8054334b3ba9bfb1dea7825 (127.26.205.130:38165): Illegal state: must be running to vote when last-logged opid is not known
I20260710 13:24:59.946544 28445 catalog_manager.cc:5697] T cdf2436ba8534d7c86c4672fde4f8270 P f1c5732be8054334b3ba9bfb1dea7825 reported cstate change: term changed from 0 to 1, leader changed from <none> to f1c5732be8054334b3ba9bfb1dea7825 (127.26.205.130). New cstate: current_term: 1 leader_uuid: "f1c5732be8054334b3ba9bfb1dea7825" committed_config { opid_index: -1 OBSOLETE_local: false peers { permanent_uuid: "c9af6cfa6d24476e9b290e2e2f6b0113" member_type: VOTER last_known_addr { host: "127.26.205.129" port: 41695 } health_report { overall_health: UNKNOWN } } peers { permanent_uuid: "f1c5732be8054334b3ba9bfb1dea7825" member_type: VOTER last_known_addr { host: "127.26.205.130" port: 38165 } health_report { overall_health: HEALTHY } } peers { permanent_uuid: "f5890e4d8eb04fc78d403cbc1d32fef7" member_type: VOTER last_known_addr { host: "127.26.205.131" port: 45715 } health_report { overall_health: UNKNOWN } } }
I20260710 13:24:59.992331 28842 raft_consensus.cc:493] T 8400b31071264857967c61346bc04a1e P f5890e4d8eb04fc78d403cbc1d32fef7 [term 0 FOLLOWER]: Starting pre-election (no leader contacted us within the election timeout)
I20260710 13:24:59.993119 28842 raft_consensus.cc:515] T 8400b31071264857967c61346bc04a1e P f5890e4d8eb04fc78d403cbc1d32fef7 [term 0 FOLLOWER]: Starting pre-election with config: opid_index: -1 OBSOLETE_local: false peers { permanent_uuid: "c9af6cfa6d24476e9b290e2e2f6b0113" member_type: VOTER last_known_addr { host: "127.26.205.129" port: 41695 } } peers { permanent_uuid: "f1c5732be8054334b3ba9bfb1dea7825" member_type: VOTER last_known_addr { host: "127.26.205.130" port: 38165 } } peers { permanent_uuid: "f5890e4d8eb04fc78d403cbc1d32fef7" member_type: VOTER last_known_addr { host: "127.26.205.131" port: 45715 } }
I20260710 13:24:59.989534 28696 raft_consensus.cc:2468] T faa163b4f49148c09a296e7a2f48317f P f5890e4d8eb04fc78d403cbc1d32fef7 [term 1 FOLLOWER]: Leader election vote request: Granting yes vote for candidate c9af6cfa6d24476e9b290e2e2f6b0113 in term 1.
I20260710 13:24:59.999392 28623 tablet_service.cc:1917] Received RequestConsensusVote() RPC: tablet_id: "8400b31071264857967c61346bc04a1e" candidate_uuid: "f5890e4d8eb04fc78d403cbc1d32fef7" candidate_term: 1 candidate_status { last_received { term: 0 index: 0 } } ignore_live_leader: false dest_uuid: "f1c5732be8054334b3ba9bfb1dea7825" is_pre_election: true
I20260710 13:24:59.999936 28739 tablet_bootstrap.cc:654] T 1e5e887ea43e4413899cb8b7f5354331 P f5890e4d8eb04fc78d403cbc1d32fef7: Neither blocks nor log segments found. Creating new log.
I20260710 13:25:00.000272 28548 tablet_service.cc:1917] Received RequestConsensusVote() RPC: tablet_id: "8400b31071264857967c61346bc04a1e" candidate_uuid: "f5890e4d8eb04fc78d403cbc1d32fef7" candidate_term: 1 candidate_status { last_received { term: 0 index: 0 } } ignore_live_leader: false dest_uuid: "c9af6cfa6d24476e9b290e2e2f6b0113" is_pre_election: true
I20260710 13:25:00.001660 28741 tablet_bootstrap.cc:654] T 8400b31071264857967c61346bc04a1e P c9af6cfa6d24476e9b290e2e2f6b0113: Neither blocks nor log segments found. Creating new log.
W20260710 13:25:00.002229 28662 leader_election.cc:343] T 8400b31071264857967c61346bc04a1e P f5890e4d8eb04fc78d403cbc1d32fef7 [CANDIDATE]: Term 1 pre-election: Tablet error from VoteRequest() call to peer f1c5732be8054334b3ba9bfb1dea7825 (127.26.205.130:38165): Illegal state: must be running to vote when last-logged opid is not known
I20260710 13:25:00.001212 28842 leader_election.cc:290] T 8400b31071264857967c61346bc04a1e P f5890e4d8eb04fc78d403cbc1d32fef7 [CANDIDATE]: Term 1 pre-election: Requested pre-vote from peers c9af6cfa6d24476e9b290e2e2f6b0113 (127.26.205.129:41695), f1c5732be8054334b3ba9bfb1dea7825 (127.26.205.130:38165)
I20260710 13:25:00.006354 28740 tablet_bootstrap.cc:492] T ff43d5d7fda1404ba7a827f02e7a153f P f1c5732be8054334b3ba9bfb1dea7825: No bootstrap required, opened a new log
I20260710 13:25:00.006750 28516 leader_election.cc:304] T faa163b4f49148c09a296e7a2f48317f P c9af6cfa6d24476e9b290e2e2f6b0113 [CANDIDATE]: Term 1 election: Election decided. Result: candidate won. Election summary: received 3 responses out of 3 voters: 2 yes votes; 1 no votes. yes voters: c9af6cfa6d24476e9b290e2e2f6b0113, f5890e4d8eb04fc78d403cbc1d32fef7; no voters: f1c5732be8054334b3ba9bfb1dea7825
W20260710 13:25:00.006414 28663 leader_election.cc:343] T 8400b31071264857967c61346bc04a1e P f5890e4d8eb04fc78d403cbc1d32fef7 [CANDIDATE]: Term 1 pre-election: Tablet error from VoteRequest() call to peer c9af6cfa6d24476e9b290e2e2f6b0113 (127.26.205.129:41695): Illegal state: must be running to vote when last-logged opid is not known
I20260710 13:25:00.008634 28740 ts_tablet_manager.cc:1403] T ff43d5d7fda1404ba7a827f02e7a153f P f1c5732be8054334b3ba9bfb1dea7825: Time spent bootstrapping tablet: real 0.183s	user 0.038s	sys 0.033s
I20260710 13:25:00.009008 28767 raft_consensus.cc:2804] T faa163b4f49148c09a296e7a2f48317f P c9af6cfa6d24476e9b290e2e2f6b0113 [term 1 FOLLOWER]: Leader election won for term 1
I20260710 13:25:00.009526 28767 raft_consensus.cc:697] T faa163b4f49148c09a296e7a2f48317f P c9af6cfa6d24476e9b290e2e2f6b0113 [term 1 LEADER]: Becoming Leader. State: Replica: c9af6cfa6d24476e9b290e2e2f6b0113, State: Running, Role: LEADER
