I20260710 13:24:52.317384 28159 consensus_queue.cc:237] T 4219599b5e0a4f5ba44528626ad3a219 P 665b129ccadd4e29b3ed8a363eaf004c [LEADER]: Queue going to LEADER mode. State: All replicated index: 0, Majority replicated index: 4, Committed index: 4, Last appended: 4.4, Last appended by leader: 4, Current term: 5, Majority size: 2, State: 0, Mode: LEADER, active raft config: opid_index: -1 OBSOLETE_local: false peers { permanent_uuid: "6c8573d74f48499b91a23be2947bc133" member_type: VOTER last_known_addr { host: "127.26.146.129" port: 40175 } } peers { permanent_uuid: "b9e46289ef4446e88a8d93477bdb7e12" member_type: VOTER last_known_addr { host: "127.26.146.130" port: 41613 } } peers { permanent_uuid: "665b129ccadd4e29b3ed8a363eaf004c" member_type: VOTER last_known_addr { host: "127.26.146.131" port: 40671 } }
I20260710 13:24:52.318796 27842 raft_consensus.cc:2468] T 4219599b5e0a4f5ba44528626ad3a219 P 6c8573d74f48499b91a23be2947bc133 [term 5 FOLLOWER]: Leader election vote request: Granting yes vote for candidate 665b129ccadd4e29b3ed8a363eaf004c in term 5.
I20260710 13:24:52.324584 27738 catalog_manager.cc:5697] T 4219599b5e0a4f5ba44528626ad3a219 P 665b129ccadd4e29b3ed8a363eaf004c reported cstate change: term changed from 4 to 5, leader changed from 6c8573d74f48499b91a23be2947bc133 (127.26.146.129) to 665b129ccadd4e29b3ed8a363eaf004c (127.26.146.131). New cstate: current_term: 5 leader_uuid: "665b129ccadd4e29b3ed8a363eaf004c" committed_config { opid_index: -1 OBSOLETE_local: false peers { permanent_uuid: "6c8573d74f48499b91a23be2947bc133" member_type: VOTER last_known_addr { host: "127.26.146.129" port: 40175 } health_report { overall_health: UNKNOWN } } peers { permanent_uuid: "b9e46289ef4446e88a8d93477bdb7e12" member_type: VOTER last_known_addr { host: "127.26.146.130" port: 41613 } health_report { overall_health: UNKNOWN } } peers { permanent_uuid: "665b129ccadd4e29b3ed8a363eaf004c" member_type: VOTER last_known_addr { host: "127.26.146.131" port: 40671 } health_report { overall_health: HEALTHY } } }
I20260710 13:24:52.349767 28201 raft_consensus.cc:993] T 74d709d8f9134a7d8774629c955de150 P 6c8573d74f48499b91a23be2947bc133: : Instructing follower b9e46289ef4446e88a8d93477bdb7e12 to start an election
I20260710 13:24:52.350212 28161 raft_consensus.cc:1081] T 74d709d8f9134a7d8774629c955de150 P 6c8573d74f48499b91a23be2947bc133 [term 1 LEADER]: Signalling peer b9e46289ef4446e88a8d93477bdb7e12 to start an election
I20260710 13:24:52.351629 27915 tablet_service.cc:2044] Received Run Leader Election RPC: tablet_id: "74d709d8f9134a7d8774629c955de150"
dest_uuid: "b9e46289ef4446e88a8d93477bdb7e12"
 from {username='slave'} at 127.0.0.1:49296
I20260710 13:24:52.352101 27915 raft_consensus.cc:493] T 74d709d8f9134a7d8774629c955de150 P b9e46289ef4446e88a8d93477bdb7e12 [term 1 FOLLOWER]: Starting forced leader election (received explicit request)
I20260710 13:24:52.352393 27915 raft_consensus.cc:3060] T 74d709d8f9134a7d8774629c955de150 P b9e46289ef4446e88a8d93477bdb7e12 [term 1 FOLLOWER]: Advancing to term 2
I20260710 13:24:52.357347 27915 raft_consensus.cc:515] T 74d709d8f9134a7d8774629c955de150 P b9e46289ef4446e88a8d93477bdb7e12 [term 2 FOLLOWER]: Starting forced leader election with config: opid_index: -1 OBSOLETE_local: false peers { permanent_uuid: "6c8573d74f48499b91a23be2947bc133" member_type: VOTER last_known_addr { host: "127.26.146.129" port: 40175 } } peers { permanent_uuid: "b9e46289ef4446e88a8d93477bdb7e12" member_type: VOTER last_known_addr { host: "127.26.146.130" port: 41613 } } peers { permanent_uuid: "665b129ccadd4e29b3ed8a363eaf004c" member_type: VOTER last_known_addr { host: "127.26.146.131" port: 40671 } }
I20260710 13:24:52.359170 27915 leader_election.cc:290] T 74d709d8f9134a7d8774629c955de150 P b9e46289ef4446e88a8d93477bdb7e12 [CANDIDATE]: Term 2 election: Requested vote from peers 6c8573d74f48499b91a23be2947bc133 (127.26.146.129:40175), 665b129ccadd4e29b3ed8a363eaf004c (127.26.146.131:40671)
I20260710 13:24:52.360101 27842 tablet_service.cc:1917] Received RequestConsensusVote() RPC: tablet_id: "74d709d8f9134a7d8774629c955de150" candidate_uuid: "b9e46289ef4446e88a8d93477bdb7e12" candidate_term: 2 candidate_status { last_received { term: 1 index: 1 } } ignore_live_leader: true dest_uuid: "6c8573d74f48499b91a23be2947bc133"
I20260710 13:24:52.360186 27991 tablet_service.cc:1917] Received RequestConsensusVote() RPC: tablet_id: "74d709d8f9134a7d8774629c955de150" candidate_uuid: "b9e46289ef4446e88a8d93477bdb7e12" candidate_term: 2 candidate_status { last_received { term: 1 index: 1 } } ignore_live_leader: true dest_uuid: "665b129ccadd4e29b3ed8a363eaf004c"
I20260710 13:24:52.360641 27842 raft_consensus.cc:3055] T 74d709d8f9134a7d8774629c955de150 P 6c8573d74f48499b91a23be2947bc133 [term 1 LEADER]: Stepping down as leader of term 1
I20260710 13:24:52.360715 27991 raft_consensus.cc:3060] T 74d709d8f9134a7d8774629c955de150 P 665b129ccadd4e29b3ed8a363eaf004c [term 1 FOLLOWER]: Advancing to term 2
I20260710 13:24:52.360983 27842 raft_consensus.cc:740] T 74d709d8f9134a7d8774629c955de150 P 6c8573d74f48499b91a23be2947bc133 [term 1 LEADER]: Becoming Follower/Learner. State: Replica: 6c8573d74f48499b91a23be2947bc133, State: Running, Role: LEADER
I20260710 13:24:52.361812 27842 consensus_queue.cc:260] T 74d709d8f9134a7d8774629c955de150 P 6c8573d74f48499b91a23be2947bc133 [NON_LEADER]: Queue going to NON_LEADER mode. State: All replicated index: 0, Majority replicated index: 1, Committed index: 1, Last appended: 1.1, Last appended by leader: 1, Current term: 1, Majority size: -1, State: 0, Mode: NON_LEADER, active raft config: opid_index: -1 OBSOLETE_local: false peers { permanent_uuid: "6c8573d74f48499b91a23be2947bc133" member_type: VOTER last_known_addr { host: "127.26.146.129" port: 40175 } } peers { permanent_uuid: "b9e46289ef4446e88a8d93477bdb7e12" member_type: VOTER last_known_addr { host: "127.26.146.130" port: 41613 } } peers { permanent_uuid: "665b129ccadd4e29b3ed8a363eaf004c" member_type: VOTER last_known_addr { host: "127.26.146.131" port: 40671 } }
I20260710 13:24:52.362752 27842 raft_consensus.cc:3060] T 74d709d8f9134a7d8774629c955de150 P 6c8573d74f48499b91a23be2947bc133 [term 1 FOLLOWER]: Advancing to term 2
I20260710 13:24:52.365705 27991 raft_consensus.cc:2468] T 74d709d8f9134a7d8774629c955de150 P 665b129ccadd4e29b3ed8a363eaf004c [term 2 FOLLOWER]: Leader election vote request: Granting yes vote for candidate b9e46289ef4446e88a8d93477bdb7e12 in term 2.
I20260710 13:24:52.366842 27881 leader_election.cc:304] T 74d709d8f9134a7d8774629c955de150 P b9e46289ef4446e88a8d93477bdb7e12 [CANDIDATE]: Term 2 election: Election decided. Result: candidate won. Election summary: received 2 responses out of 3 voters: 2 yes votes; 0 no votes. yes voters: 665b129ccadd4e29b3ed8a363eaf004c, b9e46289ef4446e88a8d93477bdb7e12; no voters: 
I20260710 13:24:52.367537 28146 raft_consensus.cc:2804] T 74d709d8f9134a7d8774629c955de150 P b9e46289ef4446e88a8d93477bdb7e12 [term 2 FOLLOWER]: Leader election won for term 2
I20260710 13:24:52.368685 28146 raft_consensus.cc:697] T 74d709d8f9134a7d8774629c955de150 P b9e46289ef4446e88a8d93477bdb7e12 [term 2 LEADER]: Becoming Leader. State: Replica: b9e46289ef4446e88a8d93477bdb7e12, State: Running, Role: LEADER
I20260710 13:24:52.368754 27842 raft_consensus.cc:2468] T 74d709d8f9134a7d8774629c955de150 P 6c8573d74f48499b91a23be2947bc133 [term 2 FOLLOWER]: Leader election vote request: Granting yes vote for candidate b9e46289ef4446e88a8d93477bdb7e12 in term 2.
I20260710 13:24:52.369694 28146 consensus_queue.cc:237] T 74d709d8f9134a7d8774629c955de150 P b9e46289ef4446e88a8d93477bdb7e12 [LEADER]: Queue going to LEADER mode. State: All replicated index: 0, Majority replicated index: 1, Committed index: 1, Last appended: 1.1, Last appended by leader: 1, Current term: 2, Majority size: 2, State: 0, Mode: LEADER, active raft config: opid_index: -1 OBSOLETE_local: false peers { permanent_uuid: "6c8573d74f48499b91a23be2947bc133" member_type: VOTER last_known_addr { host: "127.26.146.129" port: 40175 } } peers { permanent_uuid: "b9e46289ef4446e88a8d93477bdb7e12" member_type: VOTER last_known_addr { host: "127.26.146.130" port: 41613 } } peers { permanent_uuid: "665b129ccadd4e29b3ed8a363eaf004c" member_type: VOTER last_known_addr { host: "127.26.146.131" port: 40671 } }
I20260710 13:24:52.377440 27738 catalog_manager.cc:5697] T 74d709d8f9134a7d8774629c955de150 P b9e46289ef4446e88a8d93477bdb7e12 reported cstate change: term changed from 1 to 2, leader changed from 6c8573d74f48499b91a23be2947bc133 (127.26.146.129) to b9e46289ef4446e88a8d93477bdb7e12 (127.26.146.130). New cstate: current_term: 2 leader_uuid: "b9e46289ef4446e88a8d93477bdb7e12" committed_config { opid_index: -1 OBSOLETE_local: false peers { permanent_uuid: "6c8573d74f48499b91a23be2947bc133" member_type: VOTER last_known_addr { host: "127.26.146.129" port: 40175 } health_report { overall_health: UNKNOWN } } peers { permanent_uuid: "b9e46289ef4446e88a8d93477bdb7e12" member_type: VOTER last_known_addr { host: "127.26.146.130" port: 41613 } health_report { overall_health: HEALTHY } } peers { permanent_uuid: "665b129ccadd4e29b3ed8a363eaf004c" member_type: VOTER last_known_addr { host: "127.26.146.131" port: 40671 } health_report { overall_health: UNKNOWN } } }
I20260710 13:24:52.497538 28161 raft_consensus.cc:993] T 1a0473b11e5946bdb41d2c62dcca5865 P 6c8573d74f48499b91a23be2947bc133: : Instructing follower 665b129ccadd4e29b3ed8a363eaf004c to start an election
I20260710 13:24:52.497895 28161 raft_consensus.cc:1081] T 1a0473b11e5946bdb41d2c62dcca5865 P 6c8573d74f48499b91a23be2947bc133 [term 4 LEADER]: Signalling peer 665b129ccadd4e29b3ed8a363eaf004c to start an election
I20260710 13:24:52.499435 27991 tablet_service.cc:2044] Received Run Leader Election RPC: tablet_id: "1a0473b11e5946bdb41d2c62dcca5865"
dest_uuid: "665b129ccadd4e29b3ed8a363eaf004c"
 from {username='slave'} at 127.0.0.1:55166
I20260710 13:24:52.499895 27991 raft_consensus.cc:493] T 1a0473b11e5946bdb41d2c62dcca5865 P 665b129ccadd4e29b3ed8a363eaf004c [term 4 FOLLOWER]: Starting forced leader election (received explicit request)
I20260710 13:24:52.500168 27991 raft_consensus.cc:3060] T 1a0473b11e5946bdb41d2c62dcca5865 P 665b129ccadd4e29b3ed8a363eaf004c [term 4 FOLLOWER]: Advancing to term 5
I20260710 13:24:52.504246 27991 raft_consensus.cc:515] T 1a0473b11e5946bdb41d2c62dcca5865 P 665b129ccadd4e29b3ed8a363eaf004c [term 5 FOLLOWER]: Starting forced leader election with config: opid_index: -1 OBSOLETE_local: false peers { permanent_uuid: "6c8573d74f48499b91a23be2947bc133" member_type: VOTER last_known_addr { host: "127.26.146.129" port: 40175 } } peers { permanent_uuid: "b9e46289ef4446e88a8d93477bdb7e12" member_type: VOTER last_known_addr { host: "127.26.146.130" port: 41613 } } peers { permanent_uuid: "665b129ccadd4e29b3ed8a363eaf004c" member_type: VOTER last_known_addr { host: "127.26.146.131" port: 40671 } }
I20260710 13:24:52.505584 27991 leader_election.cc:290] T 1a0473b11e5946bdb41d2c62dcca5865 P 665b129ccadd4e29b3ed8a363eaf004c [CANDIDATE]: Term 5 election: Requested vote from peers 6c8573d74f48499b91a23be2947bc133 (127.26.146.129:40175), b9e46289ef4446e88a8d93477bdb7e12 (127.26.146.130:41613)
I20260710 13:24:52.506506 27842 tablet_service.cc:1917] Received RequestConsensusVote() RPC: tablet_id: "1a0473b11e5946bdb41d2c62dcca5865" candidate_uuid: "665b129ccadd4e29b3ed8a363eaf004c" candidate_term: 5 candidate_status { last_received { term: 4 index: 3 } } ignore_live_leader: true dest_uuid: "6c8573d74f48499b91a23be2947bc133"
I20260710 13:24:52.506660 27916 tablet_service.cc:1917] Received RequestConsensusVote() RPC: tablet_id: "1a0473b11e5946bdb41d2c62dcca5865" candidate_uuid: "665b129ccadd4e29b3ed8a363eaf004c" candidate_term: 5 candidate_status { last_received { term: 4 index: 3 } } ignore_live_leader: true dest_uuid: "b9e46289ef4446e88a8d93477bdb7e12"
I20260710 13:24:52.507020 27842 raft_consensus.cc:3055] T 1a0473b11e5946bdb41d2c62dcca5865 P 6c8573d74f48499b91a23be2947bc133 [term 4 LEADER]: Stepping down as leader of term 4
I20260710 13:24:52.507190 27916 raft_consensus.cc:3060] T 1a0473b11e5946bdb41d2c62dcca5865 P b9e46289ef4446e88a8d93477bdb7e12 [term 4 FOLLOWER]: Advancing to term 5
I20260710 13:24:52.507323 27842 raft_consensus.cc:740] T 1a0473b11e5946bdb41d2c62dcca5865 P 6c8573d74f48499b91a23be2947bc133 [term 4 LEADER]: Becoming Follower/Learner. State: Replica: 6c8573d74f48499b91a23be2947bc133, State: Running, Role: LEADER
I20260710 13:24:52.508059 27842 consensus_queue.cc:260] T 1a0473b11e5946bdb41d2c62dcca5865 P 6c8573d74f48499b91a23be2947bc133 [NON_LEADER]: Queue going to NON_LEADER mode. State: All replicated index: 0, Majority replicated index: 3, Committed index: 3, Last appended: 4.3, Last appended by leader: 3, Current term: 4, Majority size: -1, State: 0, Mode: NON_LEADER, active raft config: opid_index: -1 OBSOLETE_local: false peers { permanent_uuid: "6c8573d74f48499b91a23be2947bc133" member_type: VOTER last_known_addr { host: "127.26.146.129" port: 40175 } } peers { permanent_uuid: "b9e46289ef4446e88a8d93477bdb7e12" member_type: VOTER last_known_addr { host: "127.26.146.130" port: 41613 } } peers { permanent_uuid: "665b129ccadd4e29b3ed8a363eaf004c" member_type: VOTER last_known_addr { host: "127.26.146.131" port: 40671 } }
I20260710 13:24:52.508893 27842 raft_consensus.cc:3060] T 1a0473b11e5946bdb41d2c62dcca5865 P 6c8573d74f48499b91a23be2947bc133 [term 4 FOLLOWER]: Advancing to term 5
I20260710 13:24:52.512269 27916 raft_consensus.cc:2468] T 1a0473b11e5946bdb41d2c62dcca5865 P b9e46289ef4446e88a8d93477bdb7e12 [term 5 FOLLOWER]: Leader election vote request: Granting yes vote for candidate 665b129ccadd4e29b3ed8a363eaf004c in term 5.
I20260710 13:24:52.513167 27842 raft_consensus.cc:2468] T 1a0473b11e5946bdb41d2c62dcca5865 P 6c8573d74f48499b91a23be2947bc133 [term 5 FOLLOWER]: Leader election vote request: Granting yes vote for candidate 665b129ccadd4e29b3ed8a363eaf004c in term 5.
I20260710 13:24:52.513231 27954 leader_election.cc:304] T 1a0473b11e5946bdb41d2c62dcca5865 P 665b129ccadd4e29b3ed8a363eaf004c [CANDIDATE]: Term 5 election: Election decided. Result: candidate won. Election summary: received 2 responses out of 3 voters: 2 yes votes; 0 no votes. yes voters: 665b129ccadd4e29b3ed8a363eaf004c, b9e46289ef4446e88a8d93477bdb7e12; no voters: 
I20260710 13:24:52.514068 28159 raft_consensus.cc:2804] T 1a0473b11e5946bdb41d2c62dcca5865 P 665b129ccadd4e29b3ed8a363eaf004c [term 5 FOLLOWER]: Leader election won for term 5
I20260710 13:24:52.514508 28159 raft_consensus.cc:697] T 1a0473b11e5946bdb41d2c62dcca5865 P 665b129ccadd4e29b3ed8a363eaf004c [term 5 LEADER]: Becoming Leader. State: Replica: 665b129ccadd4e29b3ed8a363eaf004c, State: Running, Role: LEADER
I20260710 13:24:52.515316 28159 consensus_queue.cc:237] T 1a0473b11e5946bdb41d2c62dcca5865 P 665b129ccadd4e29b3ed8a363eaf004c [LEADER]: Queue going to LEADER mode. State: All replicated index: 0, Majority replicated index: 3, Committed index: 3, Last appended: 4.3, Last appended by leader: 3, Current term: 5, Majority size: 2, State: 0, Mode: LEADER, active raft config: opid_index: -1 OBSOLETE_local: false peers { permanent_uuid: "6c8573d74f48499b91a23be2947bc133" member_type: VOTER last_known_addr { host: "127.26.146.129" port: 40175 } } peers { permanent_uuid: "b9e46289ef4446e88a8d93477bdb7e12" member_type: VOTER last_known_addr { host: "127.26.146.130" port: 41613 } } peers { permanent_uuid: "665b129ccadd4e29b3ed8a363eaf004c" member_type: VOTER last_known_addr { host: "127.26.146.131" port: 40671 } }
I20260710 13:24:52.522063 27738 catalog_manager.cc:5697] T 1a0473b11e5946bdb41d2c62dcca5865 P 665b129ccadd4e29b3ed8a363eaf004c reported cstate change: term changed from 4 to 5, leader changed from 6c8573d74f48499b91a23be2947bc133 (127.26.146.129) to 665b129ccadd4e29b3ed8a363eaf004c (127.26.146.131). New cstate: current_term: 5 leader_uuid: "665b129ccadd4e29b3ed8a363eaf004c" committed_config { opid_index: -1 OBSOLETE_local: false peers { permanent_uuid: "6c8573d74f48499b91a23be2947bc133" member_type: VOTER last_known_addr { host: "127.26.146.129" port: 40175 } health_report { overall_health: UNKNOWN } } peers { permanent_uuid: "b9e46289ef4446e88a8d93477bdb7e12" member_type: VOTER last_known_addr { host: "127.26.146.130" port: 41613 } health_report { overall_health: UNKNOWN } } peers { permanent_uuid: "665b129ccadd4e29b3ed8a363eaf004c" member_type: VOTER last_known_addr { host: "127.26.146.131" port: 40671 } health_report { overall_health: HEALTHY } } }
I20260710 13:24:52.654901 28201 raft_consensus.cc:993] T b2f5eb74484a4c77a4e2c9f0e642042c P 6c8573d74f48499b91a23be2947bc133: : Instructing follower b9e46289ef4446e88a8d93477bdb7e12 to start an election
I20260710 13:24:52.655377 28161 raft_consensus.cc:1081] T b2f5eb74484a4c77a4e2c9f0e642042c P 6c8573d74f48499b91a23be2947bc133 [term 1 LEADER]: Signalling peer b9e46289ef4446e88a8d93477bdb7e12 to start an election
I20260710 13:24:52.656916 27916 tablet_service.cc:2044] Received Run Leader Election RPC: tablet_id: "b2f5eb74484a4c77a4e2c9f0e642042c"
dest_uuid: "b9e46289ef4446e88a8d93477bdb7e12"
 from {username='slave'} at 127.0.0.1:49296
I20260710 13:24:52.657400 27916 raft_consensus.cc:493] T b2f5eb74484a4c77a4e2c9f0e642042c P b9e46289ef4446e88a8d93477bdb7e12 [term 1 FOLLOWER]: Starting forced leader election (received explicit request)
I20260710 13:24:52.657692 27916 raft_consensus.cc:3060] T b2f5eb74484a4c77a4e2c9f0e642042c P b9e46289ef4446e88a8d93477bdb7e12 [term 1 FOLLOWER]: Advancing to term 2
I20260710 13:24:52.662202 27916 raft_consensus.cc:515] T b2f5eb74484a4c77a4e2c9f0e642042c P b9e46289ef4446e88a8d93477bdb7e12 [term 2 FOLLOWER]: Starting forced leader election with config: opid_index: -1 OBSOLETE_local: false peers { permanent_uuid: "6c8573d74f48499b91a23be2947bc133" member_type: VOTER last_known_addr { host: "127.26.146.129" port: 40175 } } peers { permanent_uuid: "b9e46289ef4446e88a8d93477bdb7e12" member_type: VOTER last_known_addr { host: "127.26.146.130" port: 41613 } } peers { permanent_uuid: "665b129ccadd4e29b3ed8a363eaf004c" member_type: VOTER last_known_addr { host: "127.26.146.131" port: 40671 } }
I20260710 13:24:52.663818 27916 leader_election.cc:290] T b2f5eb74484a4c77a4e2c9f0e642042c P b9e46289ef4446e88a8d93477bdb7e12 [CANDIDATE]: Term 2 election: Requested vote from peers 6c8573d74f48499b91a23be2947bc133 (127.26.146.129:40175), 665b129ccadd4e29b3ed8a363eaf004c (127.26.146.131:40671)
I20260710 13:24:52.664633 27842 tablet_service.cc:1917] Received RequestConsensusVote() RPC: tablet_id: "b2f5eb74484a4c77a4e2c9f0e642042c" candidate_uuid: "b9e46289ef4446e88a8d93477bdb7e12" candidate_term: 2 candidate_status { last_received { term: 1 index: 1 } } ignore_live_leader: true dest_uuid: "6c8573d74f48499b91a23be2947bc133"
I20260710 13:24:52.665014 27991 tablet_service.cc:1917] Received RequestConsensusVote() RPC: tablet_id: "b2f5eb74484a4c77a4e2c9f0e642042c" candidate_uuid: "b9e46289ef4446e88a8d93477bdb7e12" candidate_term: 2 candidate_status { last_received { term: 1 index: 1 } } ignore_live_leader: true dest_uuid: "665b129ccadd4e29b3ed8a363eaf004c"
I20260710 13:24:52.665194 27842 raft_consensus.cc:3055] T b2f5eb74484a4c77a4e2c9f0e642042c P 6c8573d74f48499b91a23be2947bc133 [term 1 LEADER]: Stepping down as leader of term 1
I20260710 13:24:52.665535 27991 raft_consensus.cc:3060] T b2f5eb74484a4c77a4e2c9f0e642042c P 665b129ccadd4e29b3ed8a363eaf004c [term 1 FOLLOWER]: Advancing to term 2
I20260710 13:24:52.665526 27842 raft_consensus.cc:740] T b2f5eb74484a4c77a4e2c9f0e642042c P 6c8573d74f48499b91a23be2947bc133 [term 1 LEADER]: Becoming Follower/Learner. State: Replica: 6c8573d74f48499b91a23be2947bc133, State: Running, Role: LEADER
I20260710 13:24:52.666457 27842 consensus_queue.cc:260] T b2f5eb74484a4c77a4e2c9f0e642042c P 6c8573d74f48499b91a23be2947bc133 [NON_LEADER]: Queue going to NON_LEADER mode. State: All replicated index: 0, Majority replicated index: 1, Committed index: 1, Last appended: 1.1, Last appended by leader: 1, Current term: 1, Majority size: -1, State: 0, Mode: NON_LEADER, active raft config: opid_index: -1 OBSOLETE_local: false peers { permanent_uuid: "6c8573d74f48499b91a23be2947bc133" member_type: VOTER last_known_addr { host: "127.26.146.129" port: 40175 } } peers { permanent_uuid: "b9e46289ef4446e88a8d93477bdb7e12" member_type: VOTER last_known_addr { host: "127.26.146.130" port: 41613 } } peers { permanent_uuid: "665b129ccadd4e29b3ed8a363eaf004c" member_type: VOTER last_known_addr { host: "127.26.146.131" port: 40671 } }
I20260710 13:24:52.667305 27842 raft_consensus.cc:3060] T b2f5eb74484a4c77a4e2c9f0e642042c P 6c8573d74f48499b91a23be2947bc133 [term 1 FOLLOWER]: Advancing to term 2
I20260710 13:24:52.669695 27991 raft_consensus.cc:2468] T b2f5eb74484a4c77a4e2c9f0e642042c P 665b129ccadd4e29b3ed8a363eaf004c [term 2 FOLLOWER]: Leader election vote request: Granting yes vote for candidate b9e46289ef4446e88a8d93477bdb7e12 in term 2.
I20260710 13:24:52.670750 27881 leader_election.cc:304] T b2f5eb74484a4c77a4e2c9f0e642042c P b9e46289ef4446e88a8d93477bdb7e12 [CANDIDATE]: Term 2 election: Election decided. Result: candidate won. Election summary: received 2 responses out of 3 voters: 2 yes votes; 0 no votes. yes voters: 665b129ccadd4e29b3ed8a363eaf004c, b9e46289ef4446e88a8d93477bdb7e12; no voters: 
I20260710 13:24:52.671451 28146 raft_consensus.cc:2804] T b2f5eb74484a4c77a4e2c9f0e642042c P b9e46289ef4446e88a8d93477bdb7e12 [term 2 FOLLOWER]: Leader election won for term 2
I20260710 13:24:52.671445 27842 raft_consensus.cc:2468] T b2f5eb74484a4c77a4e2c9f0e642042c P 6c8573d74f48499b91a23be2947bc133 [term 2 FOLLOWER]: Leader election vote request: Granting yes vote for candidate b9e46289ef4446e88a8d93477bdb7e12 in term 2.
I20260710 13:24:52.671953 28146 raft_consensus.cc:697] T b2f5eb74484a4c77a4e2c9f0e642042c P b9e46289ef4446e88a8d93477bdb7e12 [term 2 LEADER]: Becoming Leader. State: Replica: b9e46289ef4446e88a8d93477bdb7e12, State: Running, Role: LEADER
I20260710 13:24:52.672856 28146 consensus_queue.cc:237] T b2f5eb74484a4c77a4e2c9f0e642042c P b9e46289ef4446e88a8d93477bdb7e12 [LEADER]: Queue going to LEADER mode. State: All replicated index: 0, Majority replicated index: 1, Committed index: 1, Last appended: 1.1, Last appended by leader: 1, Current term: 2, Majority size: 2, State: 0, Mode: LEADER, active raft config: opid_index: -1 OBSOLETE_local: false peers { permanent_uuid: "6c8573d74f48499b91a23be2947bc133" member_type: VOTER last_known_addr { host: "127.26.146.129" port: 40175 } } peers { permanent_uuid: "b9e46289ef4446e88a8d93477bdb7e12" member_type: VOTER last_known_addr { host: "127.26.146.130" port: 41613 } } peers { permanent_uuid: "665b129ccadd4e29b3ed8a363eaf004c" member_type: VOTER last_known_addr { host: "127.26.146.131" port: 40671 } }
I20260710 13:24:52.679584 27738 catalog_manager.cc:5697] T b2f5eb74484a4c77a4e2c9f0e642042c P b9e46289ef4446e88a8d93477bdb7e12 reported cstate change: term changed from 1 to 2, leader changed from 6c8573d74f48499b91a23be2947bc133 (127.26.146.129) to b9e46289ef4446e88a8d93477bdb7e12 (127.26.146.130). New cstate: current_term: 2 leader_uuid: "b9e46289ef4446e88a8d93477bdb7e12" committed_config { opid_index: -1 OBSOLETE_local: false peers { permanent_uuid: "6c8573d74f48499b91a23be2947bc133" member_type: VOTER last_known_addr { host: "127.26.146.129" port: 40175 } health_report { overall_health: UNKNOWN } } peers { permanent_uuid: "b9e46289ef4446e88a8d93477bdb7e12" member_type: VOTER last_known_addr { host: "127.26.146.130" port: 41613 } health_report { overall_health: HEALTHY } } peers { permanent_uuid: "665b129ccadd4e29b3ed8a363eaf004c" member_type: VOTER last_known_addr { host: "127.26.146.131" port: 40671 } health_report { overall_health: UNKNOWN } } }
I20260710 13:24:52.751451 27842 raft_consensus.cc:1275] T 4219599b5e0a4f5ba44528626ad3a219 P 6c8573d74f48499b91a23be2947bc133 [term 5 FOLLOWER]: Refusing update from remote peer 665b129ccadd4e29b3ed8a363eaf004c: Log matching property violated. Preceding OpId in replica: term: 4 index: 4. Preceding OpId from leader: term: 5 index: 5. (index mismatch)
I20260710 13:24:52.752794 28159 consensus_queue.cc:1048] T 4219599b5e0a4f5ba44528626ad3a219 P 665b129ccadd4e29b3ed8a363eaf004c [LEADER]: Connected to new peer: Peer: permanent_uuid: "6c8573d74f48499b91a23be2947bc133" member_type: VOTER last_known_addr { host: "127.26.146.129" port: 40175 }, Status: LMP_MISMATCH, Last received: 0.0, Next index: 5, Last known committed idx: 4, Time since last communication: 0.000s
I20260710 13:24:52.765223 27916 raft_consensus.cc:1275] T 4219599b5e0a4f5ba44528626ad3a219 P b9e46289ef4446e88a8d93477bdb7e12 [term 5 FOLLOWER]: Refusing update from remote peer 665b129ccadd4e29b3ed8a363eaf004c: Log matching property violated. Preceding OpId in replica: term: 4 index: 4. Preceding OpId from leader: term: 5 index: 5. (index mismatch)
I20260710 13:24:52.767390 28215 consensus_queue.cc:1048] T 4219599b5e0a4f5ba44528626ad3a219 P 665b129ccadd4e29b3ed8a363eaf004c [LEADER]: Connected to new peer: Peer: permanent_uuid: "b9e46289ef4446e88a8d93477bdb7e12" member_type: VOTER last_known_addr { host: "127.26.146.130" port: 41613 }, Status: LMP_MISMATCH, Last received: 0.0, Next index: 5, Last known committed idx: 4, Time since last communication: 0.001s
I20260710 13:24:52.834798 27842 raft_consensus.cc:1275] T 74d709d8f9134a7d8774629c955de150 P 6c8573d74f48499b91a23be2947bc133 [term 2 FOLLOWER]: Refusing update from remote peer b9e46289ef4446e88a8d93477bdb7e12: Log matching property violated. Preceding OpId in replica: term: 1 index: 1. Preceding OpId from leader: term: 2 index: 2. (index mismatch)
I20260710 13:24:52.836037 28146 consensus_queue.cc:1048] T 74d709d8f9134a7d8774629c955de150 P b9e46289ef4446e88a8d93477bdb7e12 [LEADER]: Connected to new peer: Peer: permanent_uuid: "6c8573d74f48499b91a23be2947bc133" member_type: VOTER last_known_addr { host: "127.26.146.129" port: 40175 }, Status: LMP_MISMATCH, Last received: 0.0, Next index: 2, Last known committed idx: 1, Time since last communication: 0.000s
I20260710 13:24:52.846858 27991 raft_consensus.cc:1275] T 74d709d8f9134a7d8774629c955de150 P 665b129ccadd4e29b3ed8a363eaf004c [term 2 FOLLOWER]: Refusing update from remote peer b9e46289ef4446e88a8d93477bdb7e12: Log matching property violated. Preceding OpId in replica: term: 1 index: 1. Preceding OpId from leader: term: 2 index: 2. (index mismatch)
I20260710 13:24:52.849035 28146 consensus_queue.cc:1048] T 74d709d8f9134a7d8774629c955de150 P b9e46289ef4446e88a8d93477bdb7e12 [LEADER]: Connected to new peer: Peer: permanent_uuid: "665b129ccadd4e29b3ed8a363eaf004c" member_type: VOTER last_known_addr { host: "127.26.146.131" port: 40671 }, Status: LMP_MISMATCH, Last received: 0.0, Next index: 2, Last known committed idx: 1, Time since last communication: 0.000s
I20260710 13:24:52.973502 27916 raft_consensus.cc:1275] T 1a0473b11e5946bdb41d2c62dcca5865 P b9e46289ef4446e88a8d93477bdb7e12 [term 5 FOLLOWER]: Refusing update from remote peer 665b129ccadd4e29b3ed8a363eaf004c: Log matching property violated. Preceding OpId in replica: term: 4 index: 3. Preceding OpId from leader: term: 5 index: 4. (index mismatch)
I20260710 13:24:52.974900 28215 consensus_queue.cc:1048] T 1a0473b11e5946bdb41d2c62dcca5865 P 665b129ccadd4e29b3ed8a363eaf004c [LEADER]: Connected to new peer: Peer: permanent_uuid: "b9e46289ef4446e88a8d93477bdb7e12" member_type: VOTER last_known_addr { host: "127.26.146.130" port: 41613 }, Status: LMP_MISMATCH, Last received: 0.0, Next index: 4, Last known committed idx: 3, Time since last communication: 0.000s
I20260710 13:24:52.982952 27842 raft_consensus.cc:1275] T 1a0473b11e5946bdb41d2c62dcca5865 P 6c8573d74f48499b91a23be2947bc133 [term 5 FOLLOWER]: Refusing update from remote peer 665b129ccadd4e29b3ed8a363eaf004c: Log matching property violated. Preceding OpId in replica: term: 4 index: 3. Preceding OpId from leader: term: 5 index: 4. (index mismatch)
I20260710 13:24:52.984320 28215 consensus_queue.cc:1048] T 1a0473b11e5946bdb41d2c62dcca5865 P 665b129ccadd4e29b3ed8a363eaf004c [LEADER]: Connected to new peer: Peer: permanent_uuid: "6c8573d74f48499b91a23be2947bc133" member_type: VOTER last_known_addr { host: "127.26.146.129" port: 40175 }, Status: LMP_MISMATCH, Last received: 0.0, Next index: 4, Last known committed idx: 3, Time since last communication: 0.000s
I20260710 13:24:53.055011 27842 raft_consensus.cc:1275] T b2f5eb74484a4c77a4e2c9f0e642042c P 6c8573d74f48499b91a23be2947bc133 [term 2 FOLLOWER]: Refusing update from remote peer b9e46289ef4446e88a8d93477bdb7e12: Log matching property violated. Preceding OpId in replica: term: 1 index: 1. Preceding OpId from leader: term: 2 index: 2. (index mismatch)
I20260710 13:24:53.056231 28146 consensus_queue.cc:1048] T b2f5eb74484a4c77a4e2c9f0e642042c P b9e46289ef4446e88a8d93477bdb7e12 [LEADER]: Connected to new peer: Peer: permanent_uuid: "6c8573d74f48499b91a23be2947bc133" member_type: VOTER last_known_addr { host: "127.26.146.129" port: 40175 }, Status: LMP_MISMATCH, Last received: 0.0, Next index: 2, Last known committed idx: 1, Time since last communication: 0.000s
I20260710 13:24:53.064570 27991 raft_consensus.cc:1275] T b2f5eb74484a4c77a4e2c9f0e642042c P 665b129ccadd4e29b3ed8a363eaf004c [term 2 FOLLOWER]: Refusing update from remote peer b9e46289ef4446e88a8d93477bdb7e12: Log matching property violated. Preceding OpId in replica: term: 1 index: 1. Preceding OpId from leader: term: 2 index: 2. (index mismatch)
I20260710 13:24:53.066465 28146 consensus_queue.cc:1048] T b2f5eb74484a4c77a4e2c9f0e642042c P b9e46289ef4446e88a8d93477bdb7e12 [LEADER]: Connected to new peer: Peer: permanent_uuid: "665b129ccadd4e29b3ed8a363eaf004c" member_type: VOTER last_known_addr { host: "127.26.146.131" port: 40671 }, Status: LMP_MISMATCH, Last received: 0.0, Next index: 2, Last known committed idx: 1, Time since last communication: 0.000s
I20260710 13:24:53.280812 27210 auto_leader_rebalancer.cc:141] leader rebalance for table test-workload
I20260710 13:24:53.286566 27210 tablet_server.cc:179] TabletServer@127.26.146.129:0 shutting down...
I20260710 13:24:53.314364 27210 ts_tablet_manager.cc:1507] Shutting down tablet manager...
I20260710 13:24:53.315738 27210 tablet_replica.cc:333] T 4664352986f54e7d9a593d0cdc77bb29 P 6c8573d74f48499b91a23be2947bc133: stopping tablet replica
I20260710 13:24:53.316385 27210 raft_consensus.cc:2243] T 4664352986f54e7d9a593d0cdc77bb29 P 6c8573d74f48499b91a23be2947bc133 [term 3 LEADER]: Raft consensus shutting down.
I20260710 13:24:53.317114 27210 raft_consensus.cc:2272] T 4664352986f54e7d9a593d0cdc77bb29 P 6c8573d74f48499b91a23be2947bc133 [term 3 FOLLOWER]: Raft consensus is shut down!
I20260710 13:24:53.319155 27210 tablet_replica.cc:333] T bc5e54b885bb452789a8c33ecd7fde97 P 6c8573d74f48499b91a23be2947bc133: stopping tablet replica
I20260710 13:24:53.319816 27210 raft_consensus.cc:2243] T bc5e54b885bb452789a8c33ecd7fde97 P 6c8573d74f48499b91a23be2947bc133 [term 3 LEADER]: Raft consensus shutting down.
I20260710 13:24:53.320447 27210 raft_consensus.cc:2272] T bc5e54b885bb452789a8c33ecd7fde97 P 6c8573d74f48499b91a23be2947bc133 [term 3 FOLLOWER]: Raft consensus is shut down!
I20260710 13:24:53.322176 27210 tablet_replica.cc:333] T 1a0473b11e5946bdb41d2c62dcca5865 P 6c8573d74f48499b91a23be2947bc133: stopping tablet replica
I20260710 13:24:53.323024 27210 raft_consensus.cc:2243] T 1a0473b11e5946bdb41d2c62dcca5865 P 6c8573d74f48499b91a23be2947bc133 [term 5 FOLLOWER]: Raft consensus shutting down.
I20260710 13:24:53.323504 27210 raft_consensus.cc:2272] T 1a0473b11e5946bdb41d2c62dcca5865 P 6c8573d74f48499b91a23be2947bc133 [term 5 FOLLOWER]: Raft consensus is shut down!
I20260710 13:24:53.327147 27210 tablet_replica.cc:333] T b2f5eb74484a4c77a4e2c9f0e642042c P 6c8573d74f48499b91a23be2947bc133: stopping tablet replica
I20260710 13:24:53.327647 27210 raft_consensus.cc:2243] T b2f5eb74484a4c77a4e2c9f0e642042c P 6c8573d74f48499b91a23be2947bc133 [term 2 FOLLOWER]: Raft consensus shutting down.
I20260710 13:24:53.327986 27210 raft_consensus.cc:2272] T b2f5eb74484a4c77a4e2c9f0e642042c P 6c8573d74f48499b91a23be2947bc133 [term 2 FOLLOWER]: Raft consensus is shut down!
I20260710 13:24:53.330600 27210 tablet_replica.cc:333] T 3cc27fb26b7a430abb398d09c931067d P 6c8573d74f48499b91a23be2947bc133: stopping tablet replica
I20260710 13:24:53.331063 27210 raft_consensus.cc:2243] T 3cc27fb26b7a430abb398d09c931067d P 6c8573d74f48499b91a23be2947bc133 [term 1 FOLLOWER]: Raft consensus shutting down.
I20260710 13:24:53.331396 27210 raft_consensus.cc:2272] T 3cc27fb26b7a430abb398d09c931067d P 6c8573d74f48499b91a23be2947bc133 [term 1 FOLLOWER]: Raft consensus is shut down!
I20260710 13:24:53.333046 27210 tablet_replica.cc:333] T 4219599b5e0a4f5ba44528626ad3a219 P 6c8573d74f48499b91a23be2947bc133: stopping tablet replica
I20260710 13:24:53.333473 27210 raft_consensus.cc:2243] T 4219599b5e0a4f5ba44528626ad3a219 P 6c8573d74f48499b91a23be2947bc133 [term 5 FOLLOWER]: Raft consensus shutting down.
I20260710 13:24:53.333806 27210 raft_consensus.cc:2272] T 4219599b5e0a4f5ba44528626ad3a219 P 6c8573d74f48499b91a23be2947bc133 [term 5 FOLLOWER]: Raft consensus is shut down!
I20260710 13:24:53.335922 27210 tablet_replica.cc:333] T 74d709d8f9134a7d8774629c955de150 P 6c8573d74f48499b91a23be2947bc133: stopping tablet replica
I20260710 13:24:53.336350 27210 raft_consensus.cc:2243] T 74d709d8f9134a7d8774629c955de150 P 6c8573d74f48499b91a23be2947bc133 [term 2 FOLLOWER]: Raft consensus shutting down.
I20260710 13:24:53.336704 27210 raft_consensus.cc:2272] T 74d709d8f9134a7d8774629c955de150 P 6c8573d74f48499b91a23be2947bc133 [term 2 FOLLOWER]: Raft consensus is shut down!
I20260710 13:24:53.338738 27210 tablet_replica.cc:333] T 16cf506a55d4413e841079547a35a457 P 6c8573d74f48499b91a23be2947bc133: stopping tablet replica
I20260710 13:24:53.339186 27210 raft_consensus.cc:2243] T 16cf506a55d4413e841079547a35a457 P 6c8573d74f48499b91a23be2947bc133 [term 2 FOLLOWER]: Raft consensus shutting down.
I20260710 13:24:53.339571 27210 raft_consensus.cc:2272] T 16cf506a55d4413e841079547a35a457 P 6c8573d74f48499b91a23be2947bc133 [term 2 FOLLOWER]: Raft consensus is shut down!
I20260710 13:24:53.341102 27210 tablet_replica.cc:333] T 85b69d276863444d963f7c40a53ec30f P 6c8573d74f48499b91a23be2947bc133: stopping tablet replica
I20260710 13:24:53.341492 27210 raft_consensus.cc:2243] T 85b69d276863444d963f7c40a53ec30f P 6c8573d74f48499b91a23be2947bc133 [term 3 LEADER]: Raft consensus shutting down.
I20260710 13:24:53.342098 27210 raft_consensus.cc:2272] T 85b69d276863444d963f7c40a53ec30f P 6c8573d74f48499b91a23be2947bc133 [term 3 FOLLOWER]: Raft consensus is shut down!
I20260710 13:24:53.343659 27210 tablet_replica.cc:333] T 16fb7b97a78d4945a387f39ee35fc4f9 P 6c8573d74f48499b91a23be2947bc133: stopping tablet replica
I20260710 13:24:53.344029 27210 raft_consensus.cc:2243] T 16fb7b97a78d4945a387f39ee35fc4f9 P 6c8573d74f48499b91a23be2947bc133 [term 1 LEADER]: Raft consensus shutting down.
I20260710 13:24:53.344686 27210 raft_consensus.cc:2272] T 16fb7b97a78d4945a387f39ee35fc4f9 P 6c8573d74f48499b91a23be2947bc133 [term 1 FOLLOWER]: Raft consensus is shut down!
I20260710 13:24:53.376232 27210 tablet_server.cc:196] TabletServer@127.26.146.129:0 shutdown complete.
I20260710 13:24:53.395337 27210 tablet_server.cc:179] TabletServer@127.26.146.130:0 shutting down...
I20260710 13:24:53.420090 27210 ts_tablet_manager.cc:1507] Shutting down tablet manager...
I20260710 13:24:53.420802 27210 tablet_replica.cc:333] T 16cf506a55d4413e841079547a35a457 P b9e46289ef4446e88a8d93477bdb7e12: stopping tablet replica
I20260710 13:24:53.421519 27210 raft_consensus.cc:2243] T 16cf506a55d4413e841079547a35a457 P b9e46289ef4446e88a8d93477bdb7e12 [term 2 FOLLOWER]: Raft consensus shutting down.
I20260710 13:24:53.422114 27210 raft_consensus.cc:2272] T 16cf506a55d4413e841079547a35a457 P b9e46289ef4446e88a8d93477bdb7e12 [term 2 FOLLOWER]: Raft consensus is shut down!
I20260710 13:24:53.424021 27210 tablet_replica.cc:333] T 74d709d8f9134a7d8774629c955de150 P b9e46289ef4446e88a8d93477bdb7e12: stopping tablet replica
I20260710 13:24:53.424638 27210 raft_consensus.cc:2243] T 74d709d8f9134a7d8774629c955de150 P b9e46289ef4446e88a8d93477bdb7e12 [term 2 LEADER]: Raft consensus shutting down.
I20260710 13:24:53.425331 27210 raft_consensus.cc:2272] T 74d709d8f9134a7d8774629c955de150 P b9e46289ef4446e88a8d93477bdb7e12 [term 2 FOLLOWER]: Raft consensus is shut down!
I20260710 13:24:53.427551 27210 tablet_replica.cc:333] T 3cc27fb26b7a430abb398d09c931067d P b9e46289ef4446e88a8d93477bdb7e12: stopping tablet replica
I20260710 13:24:53.428089 27210 raft_consensus.cc:2243] T 3cc27fb26b7a430abb398d09c931067d P b9e46289ef4446e88a8d93477bdb7e12 [term 1 LEADER]: Raft consensus shutting down.
I20260710 13:24:53.428815 27210 raft_consensus.cc:2272] T 3cc27fb26b7a430abb398d09c931067d P b9e46289ef4446e88a8d93477bdb7e12 [term 1 FOLLOWER]: Raft consensus is shut down!
I20260710 13:24:53.430684 27210 tablet_replica.cc:333] T 4664352986f54e7d9a593d0cdc77bb29 P b9e46289ef4446e88a8d93477bdb7e12: stopping tablet replica
I20260710 13:24:53.431200 27210 raft_consensus.cc:2243] T 4664352986f54e7d9a593d0cdc77bb29 P b9e46289ef4446e88a8d93477bdb7e12 [term 3 FOLLOWER]: Raft consensus shutting down.
I20260710 13:24:53.431605 27210 raft_consensus.cc:2272] T 4664352986f54e7d9a593d0cdc77bb29 P b9e46289ef4446e88a8d93477bdb7e12 [term 3 FOLLOWER]: Raft consensus is shut down!
I20260710 13:24:53.433104 27210 tablet_replica.cc:333] T 85b69d276863444d963f7c40a53ec30f P b9e46289ef4446e88a8d93477bdb7e12: stopping tablet replica
I20260710 13:24:53.433586 27210 raft_consensus.cc:2243] T 85b69d276863444d963f7c40a53ec30f P b9e46289ef4446e88a8d93477bdb7e12 [term 3 FOLLOWER]: Raft consensus shutting down.
I20260710 13:24:53.433959 27210 raft_consensus.cc:2272] T 85b69d276863444d963f7c40a53ec30f P b9e46289ef4446e88a8d93477bdb7e12 [term 3 FOLLOWER]: Raft consensus is shut down!
I20260710 13:24:53.435525 27210 tablet_replica.cc:333] T 16fb7b97a78d4945a387f39ee35fc4f9 P b9e46289ef4446e88a8d93477bdb7e12: stopping tablet replica
I20260710 13:24:53.436004 27210 raft_consensus.cc:2243] T 16fb7b97a78d4945a387f39ee35fc4f9 P b9e46289ef4446e88a8d93477bdb7e12 [term 1 FOLLOWER]: Raft consensus shutting down.
I20260710 13:24:53.436410 27210 raft_consensus.cc:2272] T 16fb7b97a78d4945a387f39ee35fc4f9 P b9e46289ef4446e88a8d93477bdb7e12 [term 1 FOLLOWER]: Raft consensus is shut down!
I20260710 13:24:53.437999 27210 tablet_replica.cc:333] T 4219599b5e0a4f5ba44528626ad3a219 P b9e46289ef4446e88a8d93477bdb7e12: stopping tablet replica
I20260710 13:24:53.438568 27210 raft_consensus.cc:2243] T 4219599b5e0a4f5ba44528626ad3a219 P b9e46289ef4446e88a8d93477bdb7e12 [term 5 FOLLOWER]: Raft consensus shutting down.
I20260710 13:24:53.438961 27210 raft_consensus.cc:2272] T 4219599b5e0a4f5ba44528626ad3a219 P b9e46289ef4446e88a8d93477bdb7e12 [term 5 FOLLOWER]: Raft consensus is shut down!
I20260710 13:24:53.440943 27210 tablet_replica.cc:333] T 1a0473b11e5946bdb41d2c62dcca5865 P b9e46289ef4446e88a8d93477bdb7e12: stopping tablet replica
I20260710 13:24:53.441434 27210 raft_consensus.cc:2243] T 1a0473b11e5946bdb41d2c62dcca5865 P b9e46289ef4446e88a8d93477bdb7e12 [term 5 FOLLOWER]: Raft consensus shutting down.
I20260710 13:24:53.441815 27210 raft_consensus.cc:2272] T 1a0473b11e5946bdb41d2c62dcca5865 P b9e46289ef4446e88a8d93477bdb7e12 [term 5 FOLLOWER]: Raft consensus is shut down!
I20260710 13:24:53.443907 27210 tablet_replica.cc:333] T bc5e54b885bb452789a8c33ecd7fde97 P b9e46289ef4446e88a8d93477bdb7e12: stopping tablet replica
I20260710 13:24:53.444392 27210 raft_consensus.cc:2243] T bc5e54b885bb452789a8c33ecd7fde97 P b9e46289ef4446e88a8d93477bdb7e12 [term 3 FOLLOWER]: Raft consensus shutting down.
I20260710 13:24:53.444773 27210 raft_consensus.cc:2272] T bc5e54b885bb452789a8c33ecd7fde97 P b9e46289ef4446e88a8d93477bdb7e12 [term 3 FOLLOWER]: Raft consensus is shut down!
I20260710 13:24:53.446231 27210 tablet_replica.cc:333] T b2f5eb74484a4c77a4e2c9f0e642042c P b9e46289ef4446e88a8d93477bdb7e12: stopping tablet replica
I20260710 13:24:53.446739 27210 raft_consensus.cc:2243] T b2f5eb74484a4c77a4e2c9f0e642042c P b9e46289ef4446e88a8d93477bdb7e12 [term 2 LEADER]: Raft consensus shutting down.
I20260710 13:24:53.447484 27210 raft_consensus.cc:2272] T b2f5eb74484a4c77a4e2c9f0e642042c P b9e46289ef4446e88a8d93477bdb7e12 [term 2 FOLLOWER]: Raft consensus is shut down!
I20260710 13:24:53.466533 27210 tablet_server.cc:196] TabletServer@127.26.146.130:0 shutdown complete.
I20260710 13:24:53.483866 27210 tablet_server.cc:179] TabletServer@127.26.146.131:0 shutting down...
I20260710 13:24:53.505388 27210 ts_tablet_manager.cc:1507] Shutting down tablet manager...
I20260710 13:24:53.506078 27210 tablet_replica.cc:333] T 3cc27fb26b7a430abb398d09c931067d P 665b129ccadd4e29b3ed8a363eaf004c: stopping tablet replica
I20260710 13:24:53.506771 27210 raft_consensus.cc:2243] T 3cc27fb26b7a430abb398d09c931067d P 665b129ccadd4e29b3ed8a363eaf004c [term 1 FOLLOWER]: Raft consensus shutting down.
I20260710 13:24:53.507239 27210 raft_consensus.cc:2272] T 3cc27fb26b7a430abb398d09c931067d P 665b129ccadd4e29b3ed8a363eaf004c [term 1 FOLLOWER]: Raft consensus is shut down!
I20260710 13:24:53.508926 27210 tablet_replica.cc:333] T 4664352986f54e7d9a593d0cdc77bb29 P 665b129ccadd4e29b3ed8a363eaf004c: stopping tablet replica
I20260710 13:24:53.509419 27210 raft_consensus.cc:2243] T 4664352986f54e7d9a593d0cdc77bb29 P 665b129ccadd4e29b3ed8a363eaf004c [term 3 FOLLOWER]: Raft consensus shutting down.
I20260710 13:24:53.509812 27210 raft_consensus.cc:2272] T 4664352986f54e7d9a593d0cdc77bb29 P 665b129ccadd4e29b3ed8a363eaf004c [term 3 FOLLOWER]: Raft consensus is shut down!
I20260710 13:24:53.511384 27210 tablet_replica.cc:333] T 16cf506a55d4413e841079547a35a457 P 665b129ccadd4e29b3ed8a363eaf004c: stopping tablet replica
I20260710 13:24:53.511884 27210 raft_consensus.cc:2243] T 16cf506a55d4413e841079547a35a457 P 665b129ccadd4e29b3ed8a363eaf004c [term 2 LEADER]: Raft consensus shutting down.
I20260710 13:24:53.512566 27210 raft_consensus.cc:2272] T 16cf506a55d4413e841079547a35a457 P 665b129ccadd4e29b3ed8a363eaf004c [term 2 FOLLOWER]: Raft consensus is shut down!
I20260710 13:24:53.514194 27210 tablet_replica.cc:333] T 74d709d8f9134a7d8774629c955de150 P 665b129ccadd4e29b3ed8a363eaf004c: stopping tablet replica
I20260710 13:24:53.514678 27210 raft_consensus.cc:2243] T 74d709d8f9134a7d8774629c955de150 P 665b129ccadd4e29b3ed8a363eaf004c [term 2 FOLLOWER]: Raft consensus shutting down.
I20260710 13:24:53.515046 27210 raft_consensus.cc:2272] T 74d709d8f9134a7d8774629c955de150 P 665b129ccadd4e29b3ed8a363eaf004c [term 2 FOLLOWER]: Raft consensus is shut down!
I20260710 13:24:53.517096 27210 tablet_replica.cc:333] T 16fb7b97a78d4945a387f39ee35fc4f9 P 665b129ccadd4e29b3ed8a363eaf004c: stopping tablet replica
I20260710 13:24:53.517652 27210 raft_consensus.cc:2243] T 16fb7b97a78d4945a387f39ee35fc4f9 P 665b129ccadd4e29b3ed8a363eaf004c [term 1 FOLLOWER]: Raft consensus shutting down.
I20260710 13:24:53.518051 27210 raft_consensus.cc:2272] T 16fb7b97a78d4945a387f39ee35fc4f9 P 665b129ccadd4e29b3ed8a363eaf004c [term 1 FOLLOWER]: Raft consensus is shut down!
I20260710 13:24:53.519681 27210 tablet_replica.cc:333] T 85b69d276863444d963f7c40a53ec30f P 665b129ccadd4e29b3ed8a363eaf004c: stopping tablet replica
I20260710 13:24:53.520128 27210 raft_consensus.cc:2243] T 85b69d276863444d963f7c40a53ec30f P 665b129ccadd4e29b3ed8a363eaf004c [term 3 FOLLOWER]: Raft consensus shutting down.
I20260710 13:24:53.520511 27210 raft_consensus.cc:2272] T 85b69d276863444d963f7c40a53ec30f P 665b129ccadd4e29b3ed8a363eaf004c [term 3 FOLLOWER]: Raft consensus is shut down!
I20260710 13:24:53.522231 27210 tablet_replica.cc:333] T 4219599b5e0a4f5ba44528626ad3a219 P 665b129ccadd4e29b3ed8a363eaf004c: stopping tablet replica
I20260710 13:24:53.522699 27210 raft_consensus.cc:2243] T 4219599b5e0a4f5ba44528626ad3a219 P 665b129ccadd4e29b3ed8a363eaf004c [term 5 LEADER]: Raft consensus shutting down.
I20260710 13:24:53.523331 27210 raft_consensus.cc:2272] T 4219599b5e0a4f5ba44528626ad3a219 P 665b129ccadd4e29b3ed8a363eaf004c [term 5 FOLLOWER]: Raft consensus is shut down!
I20260710 13:24:53.525030 27210 tablet_replica.cc:333] T bc5e54b885bb452789a8c33ecd7fde97 P 665b129ccadd4e29b3ed8a363eaf004c: stopping tablet replica
I20260710 13:24:53.525517 27210 raft_consensus.cc:2243] T bc5e54b885bb452789a8c33ecd7fde97 P 665b129ccadd4e29b3ed8a363eaf004c [term 3 FOLLOWER]: Raft consensus shutting down.
I20260710 13:24:53.525907 27210 raft_consensus.cc:2272] T bc5e54b885bb452789a8c33ecd7fde97 P 665b129ccadd4e29b3ed8a363eaf004c [term 3 FOLLOWER]: Raft consensus is shut down!
I20260710 13:24:53.527356 27210 tablet_replica.cc:333] T b2f5eb74484a4c77a4e2c9f0e642042c P 665b129ccadd4e29b3ed8a363eaf004c: stopping tablet replica
I20260710 13:24:53.527788 27210 raft_consensus.cc:2243] T b2f5eb74484a4c77a4e2c9f0e642042c P 665b129ccadd4e29b3ed8a363eaf004c [term 2 FOLLOWER]: Raft consensus shutting down.
I20260710 13:24:53.528167 27210 raft_consensus.cc:2272] T b2f5eb74484a4c77a4e2c9f0e642042c P 665b129ccadd4e29b3ed8a363eaf004c [term 2 FOLLOWER]: Raft consensus is shut down!
I20260710 13:24:53.530058 27210 tablet_replica.cc:333] T 1a0473b11e5946bdb41d2c62dcca5865 P 665b129ccadd4e29b3ed8a363eaf004c: stopping tablet replica
I20260710 13:24:53.530550 27210 raft_consensus.cc:2243] T 1a0473b11e5946bdb41d2c62dcca5865 P 665b129ccadd4e29b3ed8a363eaf004c [term 5 LEADER]: Raft consensus shutting down.
I20260710 13:24:53.531220 27210 raft_consensus.cc:2272] T 1a0473b11e5946bdb41d2c62dcca5865 P 665b129ccadd4e29b3ed8a363eaf004c [term 5 FOLLOWER]: Raft consensus is shut down!
I20260710 13:24:53.558553 27210 tablet_server.cc:196] TabletServer@127.26.146.131:0 shutdown complete.
I20260710 13:24:53.575745 27210 master.cc:562] Master@127.26.146.190:38477 shutting down...
I20260710 13:24:53.597805 27210 raft_consensus.cc:2243] T 00000000000000000000000000000000 P 9db2a03d768d4f29afea3608451a2e73 [term 1 LEADER]: Raft consensus shutting down.
I20260710 13:24:53.598369 27210 raft_consensus.cc:2272] T 00000000000000000000000000000000 P 9db2a03d768d4f29afea3608451a2e73 [term 1 FOLLOWER]: Raft consensus is shut down!
I20260710 13:24:53.598820 27210 tablet_replica.cc:333] T 00000000000000000000000000000000 P 9db2a03d768d4f29afea3608451a2e73: stopping tablet replica
I20260710 13:24:53.619217 27210 master.cc:584] Master@127.26.146.190:38477 shutdown complete.
665b129ccadd4e29b3ed8a363eaf004c  1
6c8573d74f48499b91a23be2947bc133  5
b9e46289ef4446e88a8d93477bdb7e12  4
[       OK ] LeaderRebalancerTest.FunctionalTestForNotDivided (11961 ms)
[ RUN      ] LeaderRebalancerTest.AddTserver
I20260710 13:24:53.658877 27210 internal_mini_cluster.cc:156] Creating distributed mini masters. Addrs: 127.26.146.190:40829
I20260710 13:24:53.660038 27210 file_cache.cc:504] Constructed file cache file cache with capacity 419430
W20260710 13:24:53.665472 28225 instance_detector.cc:116] could not retrieve AWS instance metadata: Network error: curl error: HTTP response code said error: The requested URL returned error: 404
W20260710 13:24:53.665930 28226 instance_detector.cc:116] could not retrieve Azure instance metadata: Network error: curl error: HTTP response code said error: The requested URL returned error: 404
W20260710 13:24:53.666946 28228 instance_detector.cc:116] could not retrieve OpenStack instance metadata: Network error: curl error: HTTP response code said error: The requested URL returned error: 404
I20260710 13:24:53.668248 27210 server_base.cc:1061] running on GCE node
I20260710 13:24:53.668962 27210 hybrid_clock.cc:584] initializing the hybrid clock with 'system_unsync' time source
W20260710 13:24:53.669214 27210 system_unsync_time.cc:38] NTP support is disabled. Clock error bounds will not be accurate. This configuration is not suitable for distributed clusters.
I20260710 13:24:53.669335 27210 hybrid_clock.cc:648] HybridClock initialized: now 1783689893669323 us; error 0 us; skew 500 ppm
I20260710 13:24:53.669788 27210 server_base.cc:861] Flag tcmalloc_max_total_thread_cache_bytes is not working since tcmalloc is not enabled.
I20260710 13:24:53.672024 27210 webserver.cc:533] Webserver started at http://127.26.146.190:38341/ using document root <none> and password file <none>
I20260710 13:24:53.672448 27210 fs_manager.cc:362] Metadata directory not provided
I20260710 13:24:53.672595 27210 fs_manager.cc:368] Using write-ahead log directory (fs_wal_dir) as metadata directory
I20260710 13:24:53.672803 27210 server_base.cc:909] This appears to be a new deployment of Kudu; creating new FS layout
I20260710 13:24:53.673821 27210 fs_manager.cc:1068] Generated new instance metadata in path /tmp/dist-test-taskNkAOOM/test-tmp/auto_leader_rebalancer-test.0.LeaderRebalancerTest.AddTserver.1783689868688173-27210-0/minicluster-data/master-0-root/instance:
uuid: "adec7bb1c9a24a56a934bf57863f891d"
format_stamp: "Formatted at 2026-07-10 13:24:53 on dist-test-slave-qb46"
I20260710 13:24:53.678249 27210 fs_manager.cc:696] Time spent creating directory manager: real 0.004s	user 0.003s	sys 0.002s
I20260710 13:24:53.681500 28233 log_block_manager.cc:4127] Time spent loading block containers with low live blocks: real 0.000s	user 0.000s	sys 0.000s
I20260710 13:24:53.682297 27210 fs_manager.cc:730] Time spent opening block manager: real 0.002s	user 0.000s	sys 0.003s
I20260710 13:24:53.682638 27210 fs_manager.cc:647] Opened local filesystem: /tmp/dist-test-taskNkAOOM/test-tmp/auto_leader_rebalancer-test.0.LeaderRebalancerTest.AddTserver.1783689868688173-27210-0/minicluster-data/master-0-root
uuid: "adec7bb1c9a24a56a934bf57863f891d"
format_stamp: "Formatted at 2026-07-10 13:24:53 on dist-test-slave-qb46"
I20260710 13:24:53.682955 27210 fs_report.cc:389] FS layout report
--------------------
