I20260710 13:24:53.072139 28430 pending_rounds.cc:85] T a6b7116f6fea4f97b938f0780edc7b86 P 01373c34d23c4a21af87bbc79458c9ca: Aborting all ops after (but not including) 0
I20260710 13:24:53.072460 28430 pending_rounds.cc:107] T a6b7116f6fea4f97b938f0780edc7b86 P 01373c34d23c4a21af87bbc79458c9ca: Aborting uncommitted NO_OP operation due to leader change: 1.1
I20260710 13:24:53.072772 28430 raft_consensus.cc:2889] T a6b7116f6fea4f97b938f0780edc7b86 P 01373c34d23c4a21af87bbc79458c9ca [term 2 FOLLOWER]: NO_OP replication failed: Aborted: Op aborted by new leader
I20260710 13:24:53.075268 28662 consensus_queue.cc:1048] T a6b7116f6fea4f97b938f0780edc7b86 P 0abfd13fe314438ea5384b25b24a5ded [LEADER]: Connected to new peer: Peer: permanent_uuid: "01373c34d23c4a21af87bbc79458c9ca" member_type: VOTER last_known_addr { host: "127.26.168.65" port: 32829 }, Status: LMP_MISMATCH, Last received: 0.0, Next index: 1, Last known committed idx: 0, Time since last communication: 0.001s
I20260710 13:24:53.081485 28721 consensus_queue.cc:1048] T 3dce5cf73890407ea594bae9b1400e92 P 01373c34d23c4a21af87bbc79458c9ca [LEADER]: Connected to new peer: Peer: permanent_uuid: "0abfd13fe314438ea5384b25b24a5ded" member_type: VOTER last_known_addr { host: "127.26.168.67" port: 41881 }, Status: LMP_MISMATCH, Last received: 0.0, Next index: 1, Last known committed idx: 0, Time since last communication: 0.000s
I20260710 13:24:53.098904 28724 consensus_queue.cc:1048] T 3dce5cf73890407ea594bae9b1400e92 P 01373c34d23c4a21af87bbc79458c9ca [LEADER]: Connected to new peer: Peer: permanent_uuid: "dc8c5387ea9c4cb9a9ab0ee66f1ec83c" member_type: VOTER last_known_addr { host: "127.26.168.66" port: 42877 }, Status: LMP_MISMATCH, Last received: 0.0, Next index: 1, Last known committed idx: 0, Time since last communication: 0.000s
I20260710 13:24:53.165854 28650 consensus_queue.cc:1048] T 90e58ec9936a4ea480a8d28726ac30af P 01373c34d23c4a21af87bbc79458c9ca [LEADER]: Connected to new peer: Peer: permanent_uuid: "0abfd13fe314438ea5384b25b24a5ded" member_type: VOTER last_known_addr { host: "127.26.168.67" port: 41881 }, Status: LMP_MISMATCH, Last received: 0.0, Next index: 1, Last known committed idx: 0, Time since last communication: 0.000s
I20260710 13:24:53.176484 28721 consensus_queue.cc:1048] T 90e58ec9936a4ea480a8d28726ac30af P 01373c34d23c4a21af87bbc79458c9ca [LEADER]: Connected to new peer: Peer: permanent_uuid: "dc8c5387ea9c4cb9a9ab0ee66f1ec83c" member_type: VOTER last_known_addr { host: "127.26.168.66" port: 42877 }, Status: LMP_MISMATCH, Last received: 0.0, Next index: 1, Last known committed idx: 0, Time since last communication: 0.000s
I20260710 13:24:53.211932 28739 consensus_queue.cc:1048] T 2e48e2e58b3d4ad2a451965e4d53eb28 P dc8c5387ea9c4cb9a9ab0ee66f1ec83c [LEADER]: Connected to new peer: Peer: permanent_uuid: "0abfd13fe314438ea5384b25b24a5ded" member_type: VOTER last_known_addr { host: "127.26.168.67" port: 41881 }, Status: LMP_MISMATCH, Last received: 0.0, Next index: 1, Last known committed idx: 0, Time since last communication: 0.000s
I20260710 13:24:53.222210 28775 consensus_queue.cc:1048] T 2e48e2e58b3d4ad2a451965e4d53eb28 P dc8c5387ea9c4cb9a9ab0ee66f1ec83c [LEADER]: Connected to new peer: Peer: permanent_uuid: "01373c34d23c4a21af87bbc79458c9ca" member_type: VOTER last_known_addr { host: "127.26.168.65" port: 32829 }, Status: LMP_MISMATCH, Last received: 0.0, Next index: 1, Last known committed idx: 0, Time since last communication: 0.000s
I20260710 13:24:53.382679 27297 file_cache.cc:504] Constructed file cache file cache with capacity 419430
W20260710 13:24:53.389649 28812 instance_detector.cc:116] could not retrieve AWS instance metadata: Network error: curl error: HTTP response code said error: The requested URL returned error: 404
W20260710 13:24:53.391978 28813 instance_detector.cc:116] could not retrieve Azure instance metadata: Network error: curl error: HTTP response code said error: The requested URL returned error: 404
W20260710 13:24:53.392910 28815 instance_detector.cc:116] could not retrieve OpenStack instance metadata: Network error: curl error: HTTP response code said error: The requested URL returned error: 404
I20260710 13:24:53.394111 27297 server_base.cc:1061] running on GCE node
I20260710 13:24:53.395740 27297 hybrid_clock.cc:584] initializing the hybrid clock with 'system_unsync' time source
W20260710 13:24:53.395973 27297 system_unsync_time.cc:38] NTP support is disabled. Clock error bounds will not be accurate. This configuration is not suitable for distributed clusters.
I20260710 13:24:53.396142 27297 hybrid_clock.cc:648] HybridClock initialized: now 1783689893396124 us; error 0 us; skew 500 ppm
I20260710 13:24:53.396670 27297 server_base.cc:861] Flag tcmalloc_max_total_thread_cache_bytes is not working since tcmalloc is not enabled.
I20260710 13:24:53.399163 27297 webserver.cc:533] Webserver started at http://127.26.168.68:43897/ using document root <none> and password file <none>
I20260710 13:24:53.399641 27297 fs_manager.cc:362] Metadata directory not provided
I20260710 13:24:53.399840 27297 fs_manager.cc:368] Using write-ahead log directory (fs_wal_dir) as metadata directory
I20260710 13:24:53.400101 27297 server_base.cc:909] This appears to be a new deployment of Kudu; creating new FS layout
I20260710 13:24:53.401149 27297 fs_manager.cc:1068] Generated new instance metadata in path /tmp/dist-test-taskfA5iXT/test-tmp/auto_leader_rebalancer-test.0.LeaderRebalancerTest.AddTserver.1783689864666953-27297-0/minicluster-data/ts-3-root/instance:
uuid: "2ca87f275b7349fbb53898f1a3e567b8"
format_stamp: "Formatted at 2026-07-10 13:24:53 on dist-test-slave-84g9"
I20260710 13:24:53.405706 27297 fs_manager.cc:696] Time spent creating directory manager: real 0.004s	user 0.004s	sys 0.002s
I20260710 13:24:53.409098 28820 log_block_manager.cc:4127] Time spent loading block containers with low live blocks: real 0.000s	user 0.000s	sys 0.000s
I20260710 13:24:53.409971 27297 fs_manager.cc:730] Time spent opening block manager: real 0.002s	user 0.003s	sys 0.000s
I20260710 13:24:53.410300 27297 fs_manager.cc:647] Opened local filesystem: /tmp/dist-test-taskfA5iXT/test-tmp/auto_leader_rebalancer-test.0.LeaderRebalancerTest.AddTserver.1783689864666953-27297-0/minicluster-data/ts-3-root
uuid: "2ca87f275b7349fbb53898f1a3e567b8"
format_stamp: "Formatted at 2026-07-10 13:24:53 on dist-test-slave-84g9"
I20260710 13:24:53.410569 27297 fs_report.cc:389] FS layout report
--------------------
wal directory: /tmp/dist-test-taskfA5iXT/test-tmp/auto_leader_rebalancer-test.0.LeaderRebalancerTest.AddTserver.1783689864666953-27297-0/minicluster-data/ts-3-root
metadata directory: /tmp/dist-test-taskfA5iXT/test-tmp/auto_leader_rebalancer-test.0.LeaderRebalancerTest.AddTserver.1783689864666953-27297-0/minicluster-data/ts-3-root
1 data directories: /tmp/dist-test-taskfA5iXT/test-tmp/auto_leader_rebalancer-test.0.LeaderRebalancerTest.AddTserver.1783689864666953-27297-0/minicluster-data/ts-3-root/data
Total live blocks: 0
Total live bytes: 0
Total live bytes (after alignment): 0
Total number of LBM containers: 0 (0 full)
Did not check for missing blocks
Did not check for orphaned blocks
Total full LBM containers with extra space: 0 (0 repaired)
Total full LBM container extra space in bytes: 0 (0 repaired)
Total incomplete LBM containers: 0 (0 repaired)
Total LBM partial records: 0 (0 repaired)
Total corrupted LBM metadata records in RocksDB: 0 (0 repaired)
I20260710 13:24:53.434111 27297 rpc_server.cc:225] running with OpenSSL 1.1.1  11 Sep 2018
I20260710 13:24:53.435489 27297 kserver.cc:163] Server-wide thread pool size limit: 3276
I20260710 13:24:53.437156 27297 txn_system_client.cc:432] TxnSystemClient initialization is disabled...
I20260710 13:24:53.440086 27297 ts_tablet_manager.cc:585] Loaded tablet metadata (0 total tablets, 0 live tablets)
I20260710 13:24:53.440299 27297 ts_tablet_manager.cc:531] Time spent load tablet metadata: real 0.000s	user 0.000s	sys 0.000s
I20260710 13:24:53.440553 27297 ts_tablet_manager.cc:616] Registered 0 tablets
I20260710 13:24:53.440698 27297 ts_tablet_manager.cc:595] Time spent register tablets: real 0.000s	user 0.000s	sys 0.000s
I20260710 13:24:53.503707 27297 rpc_server.cc:307] RPC server started. Bound to: 127.26.168.68:46863
I20260710 13:24:53.503842 28882 acceptor_pool.cc:272] collecting diagnostics on the listening RPC socket 127.26.168.68:46863 every 8 connection(s)
I20260710 13:24:53.508329 27297 auto_leader_rebalancer-test.cc:388] add a tserver: 2ca87f275b7349fbb53898f1a3e567b8
I20260710 13:24:53.533632 28883 heartbeater.cc:344] Connected to a master server at 127.26.168.126:40535
I20260710 13:24:53.534049 28883 heartbeater.cc:461] Registering TS with master...
I20260710 13:24:53.534791 28883 heartbeater.cc:507] Master 127.26.168.126:40535 requested a full tablet report, sending...
I20260710 13:24:53.536733 28327 ts_manager.cc:194] Registered new tserver with Master: 2ca87f275b7349fbb53898f1a3e567b8 (127.26.168.68:46863)
I20260710 13:24:53.538319 28327 master_service.cc:502] Signed X509 certificate for tserver {username='slave'} at 127.0.0.1:44330
I20260710 13:24:54.306248 28430 consensus_queue.cc:237] T 7814f53b296a45c28f0f3f7e32bfe678 P 01373c34d23c4a21af87bbc79458c9ca [LEADER]: Queue going to LEADER mode. State: All replicated index: 0, Majority replicated index: 1, Committed index: 1, Last appended: 1.1, Last appended by leader: 0, Current term: 1, Majority size: 2, State: 0, Mode: LEADER, active raft config: opid_index: 2 OBSOLETE_local: false peers { permanent_uuid: "01373c34d23c4a21af87bbc79458c9ca" member_type: VOTER last_known_addr { host: "127.26.168.65" port: 32829 } } peers { permanent_uuid: "dc8c5387ea9c4cb9a9ab0ee66f1ec83c" member_type: VOTER last_known_addr { host: "127.26.168.66" port: 42877 } attrs { replace: true } } peers { permanent_uuid: "0abfd13fe314438ea5384b25b24a5ded" member_type: VOTER last_known_addr { host: "127.26.168.67" port: 41881 } } peers { permanent_uuid: "2ca87f275b7349fbb53898f1a3e567b8" member_type: NON_VOTER last_known_addr { host: "127.26.168.68" port: 46863 } attrs { promote: true } }
I20260710 13:24:54.314949 28504 raft_consensus.cc:1275] T 7814f53b296a45c28f0f3f7e32bfe678 P dc8c5387ea9c4cb9a9ab0ee66f1ec83c [term 1 FOLLOWER]: Refusing update from remote peer 01373c34d23c4a21af87bbc79458c9ca: Log matching property violated. Preceding OpId in replica: term: 1 index: 1. Preceding OpId from leader: term: 1 index: 2. (index mismatch)
I20260710 13:24:54.318444 28579 raft_consensus.cc:1275] T 7814f53b296a45c28f0f3f7e32bfe678 P 0abfd13fe314438ea5384b25b24a5ded [term 1 FOLLOWER]: Refusing update from remote peer 01373c34d23c4a21af87bbc79458c9ca: Log matching property violated. Preceding OpId in replica: term: 1 index: 1. Preceding OpId from leader: term: 1 index: 2. (index mismatch)
I20260710 13:24:54.318301 28721 consensus_queue.cc:1048] T 7814f53b296a45c28f0f3f7e32bfe678 P 01373c34d23c4a21af87bbc79458c9ca [LEADER]: Connected to new peer: Peer: permanent_uuid: "dc8c5387ea9c4cb9a9ab0ee66f1ec83c" member_type: VOTER last_known_addr { host: "127.26.168.66" port: 42877 } attrs { replace: true }, Status: LMP_MISMATCH, Last received: 0.0, Next index: 2, Last known committed idx: 1, Time since last communication: 0.000s
I20260710 13:24:54.327207 28650 consensus_queue.cc:1048] T 7814f53b296a45c28f0f3f7e32bfe678 P 01373c34d23c4a21af87bbc79458c9ca [LEADER]: Connected to new peer: Peer: permanent_uuid: "0abfd13fe314438ea5384b25b24a5ded" member_type: VOTER last_known_addr { host: "127.26.168.67" port: 41881 }, Status: LMP_MISMATCH, Last received: 0.0, Next index: 2, Last known committed idx: 1, Time since last communication: 0.001s
I20260710 13:24:54.330899 28721 raft_consensus.cc:2955] T 7814f53b296a45c28f0f3f7e32bfe678 P 01373c34d23c4a21af87bbc79458c9ca [term 1 LEADER]: Committing config change with OpId 1.2: config changed from index -1 to 2, NON_VOTER 2ca87f275b7349fbb53898f1a3e567b8 (127.26.168.68) added. New config: { opid_index: 2 OBSOLETE_local: false peers { permanent_uuid: "01373c34d23c4a21af87bbc79458c9ca" member_type: VOTER last_known_addr { host: "127.26.168.65" port: 32829 } } peers { permanent_uuid: "dc8c5387ea9c4cb9a9ab0ee66f1ec83c" member_type: VOTER last_known_addr { host: "127.26.168.66" port: 42877 } attrs { replace: true } } peers { permanent_uuid: "0abfd13fe314438ea5384b25b24a5ded" member_type: VOTER last_known_addr { host: "127.26.168.67" port: 41881 } } peers { permanent_uuid: "2ca87f275b7349fbb53898f1a3e567b8" member_type: NON_VOTER last_known_addr { host: "127.26.168.68" port: 46863 } attrs { promote: true } } }
I20260710 13:24:54.332347 28501 raft_consensus.cc:2955] T 7814f53b296a45c28f0f3f7e32bfe678 P dc8c5387ea9c4cb9a9ab0ee66f1ec83c [term 1 FOLLOWER]: Committing config change with OpId 1.2: config changed from index -1 to 2, NON_VOTER 2ca87f275b7349fbb53898f1a3e567b8 (127.26.168.68) added. New config: { opid_index: 2 OBSOLETE_local: false peers { permanent_uuid: "01373c34d23c4a21af87bbc79458c9ca" member_type: VOTER last_known_addr { host: "127.26.168.65" port: 32829 } } peers { permanent_uuid: "dc8c5387ea9c4cb9a9ab0ee66f1ec83c" member_type: VOTER last_known_addr { host: "127.26.168.66" port: 42877 } attrs { replace: true } } peers { permanent_uuid: "0abfd13fe314438ea5384b25b24a5ded" member_type: VOTER last_known_addr { host: "127.26.168.67" port: 41881 } } peers { permanent_uuid: "2ca87f275b7349fbb53898f1a3e567b8" member_type: NON_VOTER last_known_addr { host: "127.26.168.68" port: 46863 } attrs { promote: true } } }
I20260710 13:24:54.348174 28430 consensus_queue.cc:237] T eaf97ecb0165401f89fb3b0cab72209a P 01373c34d23c4a21af87bbc79458c9ca [LEADER]: Queue going to LEADER mode. State: All replicated index: 0, Majority replicated index: 1, Committed index: 1, Last appended: 1.1, Last appended by leader: 0, Current term: 1, Majority size: 2, State: 0, Mode: LEADER, active raft config: opid_index: 2 OBSOLETE_local: false peers { permanent_uuid: "01373c34d23c4a21af87bbc79458c9ca" member_type: VOTER last_known_addr { host: "127.26.168.65" port: 32829 } } peers { permanent_uuid: "dc8c5387ea9c4cb9a9ab0ee66f1ec83c" member_type: VOTER last_known_addr { host: "127.26.168.66" port: 42877 } } peers { permanent_uuid: "0abfd13fe314438ea5384b25b24a5ded" member_type: VOTER last_known_addr { host: "127.26.168.67" port: 41881 } attrs { replace: true } } peers { permanent_uuid: "2ca87f275b7349fbb53898f1a3e567b8" member_type: NON_VOTER last_known_addr { host: "127.26.168.68" port: 46863 } attrs { promote: true } }
I20260710 13:24:54.351450 28327 catalog_manager.cc:5697] T 7814f53b296a45c28f0f3f7e32bfe678 P 01373c34d23c4a21af87bbc79458c9ca reported cstate change: config changed from index -1 to 2, NON_VOTER 2ca87f275b7349fbb53898f1a3e567b8 (127.26.168.68) added. New cstate: current_term: 1 leader_uuid: "01373c34d23c4a21af87bbc79458c9ca" committed_config { opid_index: 2 OBSOLETE_local: false peers { permanent_uuid: "01373c34d23c4a21af87bbc79458c9ca" member_type: VOTER last_known_addr { host: "127.26.168.65" port: 32829 } health_report { overall_health: HEALTHY } } peers { permanent_uuid: "dc8c5387ea9c4cb9a9ab0ee66f1ec83c" member_type: VOTER last_known_addr { host: "127.26.168.66" port: 42877 } attrs { replace: true } health_report { overall_health: HEALTHY } } peers { permanent_uuid: "0abfd13fe314438ea5384b25b24a5ded" member_type: VOTER last_known_addr { host: "127.26.168.67" port: 41881 } health_report { overall_health: UNKNOWN } } peers { permanent_uuid: "2ca87f275b7349fbb53898f1a3e567b8" member_type: NON_VOTER last_known_addr { host: "127.26.168.68" port: 46863 } attrs { promote: true } health_report { overall_health: UNKNOWN } } }
W20260710 13:24:54.362924 28394 consensus_peers.cc:597] T 7814f53b296a45c28f0f3f7e32bfe678 P 01373c34d23c4a21af87bbc79458c9ca -> Peer 2ca87f275b7349fbb53898f1a3e567b8 (127.26.168.68:46863): Couldn't send request to peer 2ca87f275b7349fbb53898f1a3e567b8. Error code: TABLET_NOT_FOUND (6). Status: Not found: Tablet not found: 7814f53b296a45c28f0f3f7e32bfe678. This is attempt 1: this message will repeat every 5th retry.
I20260710 13:24:54.367131 28579 raft_consensus.cc:2955] T 7814f53b296a45c28f0f3f7e32bfe678 P 0abfd13fe314438ea5384b25b24a5ded [term 1 FOLLOWER]: Committing config change with OpId 1.2: config changed from index -1 to 2, NON_VOTER 2ca87f275b7349fbb53898f1a3e567b8 (127.26.168.68) added. New config: { opid_index: 2 OBSOLETE_local: false peers { permanent_uuid: "01373c34d23c4a21af87bbc79458c9ca" member_type: VOTER last_known_addr { host: "127.26.168.65" port: 32829 } } peers { permanent_uuid: "dc8c5387ea9c4cb9a9ab0ee66f1ec83c" member_type: VOTER last_known_addr { host: "127.26.168.66" port: 42877 } attrs { replace: true } } peers { permanent_uuid: "0abfd13fe314438ea5384b25b24a5ded" member_type: VOTER last_known_addr { host: "127.26.168.67" port: 41881 } } peers { permanent_uuid: "2ca87f275b7349fbb53898f1a3e567b8" member_type: NON_VOTER last_known_addr { host: "127.26.168.68" port: 46863 } attrs { promote: true } } }
I20260710 13:24:54.384341 28577 raft_consensus.cc:1275] T eaf97ecb0165401f89fb3b0cab72209a P 0abfd13fe314438ea5384b25b24a5ded [term 1 FOLLOWER]: Refusing update from remote peer 01373c34d23c4a21af87bbc79458c9ca: Log matching property violated. Preceding OpId in replica: term: 1 index: 1. Preceding OpId from leader: term: 1 index: 2. (index mismatch)
I20260710 13:24:54.385905 28721 consensus_queue.cc:1048] T eaf97ecb0165401f89fb3b0cab72209a P 01373c34d23c4a21af87bbc79458c9ca [LEADER]: Connected to new peer: Peer: permanent_uuid: "0abfd13fe314438ea5384b25b24a5ded" member_type: VOTER last_known_addr { host: "127.26.168.67" port: 41881 } attrs { replace: true }, Status: LMP_MISMATCH, Last received: 0.0, Next index: 2, Last known committed idx: 1, Time since last communication: 0.000s
I20260710 13:24:54.391250 28501 raft_consensus.cc:1275] T eaf97ecb0165401f89fb3b0cab72209a P dc8c5387ea9c4cb9a9ab0ee66f1ec83c [term 1 FOLLOWER]: Refusing update from remote peer 01373c34d23c4a21af87bbc79458c9ca: Log matching property violated. Preceding OpId in replica: term: 1 index: 1. Preceding OpId from leader: term: 1 index: 2. (index mismatch)
W20260710 13:24:54.391247 28394 consensus_peers.cc:597] T eaf97ecb0165401f89fb3b0cab72209a P 01373c34d23c4a21af87bbc79458c9ca -> Peer 2ca87f275b7349fbb53898f1a3e567b8 (127.26.168.68:46863): Couldn't send request to peer 2ca87f275b7349fbb53898f1a3e567b8. Error code: TABLET_NOT_FOUND (6). Status: Not found: Tablet not found: eaf97ecb0165401f89fb3b0cab72209a. This is attempt 1: this message will repeat every 5th retry.
I20260710 13:24:54.394622 28721 consensus_queue.cc:1048] T eaf97ecb0165401f89fb3b0cab72209a P 01373c34d23c4a21af87bbc79458c9ca [LEADER]: Connected to new peer: Peer: permanent_uuid: "dc8c5387ea9c4cb9a9ab0ee66f1ec83c" member_type: VOTER last_known_addr { host: "127.26.168.66" port: 42877 }, Status: LMP_MISMATCH, Last received: 0.0, Next index: 2, Last known committed idx: 1, Time since last communication: 0.000s
I20260710 13:24:54.396467 28901 raft_consensus.cc:2955] T eaf97ecb0165401f89fb3b0cab72209a P 01373c34d23c4a21af87bbc79458c9ca [term 1 LEADER]: Committing config change with OpId 1.2: config changed from index -1 to 2, NON_VOTER 2ca87f275b7349fbb53898f1a3e567b8 (127.26.168.68) added. New config: { opid_index: 2 OBSOLETE_local: false peers { permanent_uuid: "01373c34d23c4a21af87bbc79458c9ca" member_type: VOTER last_known_addr { host: "127.26.168.65" port: 32829 } } peers { permanent_uuid: "dc8c5387ea9c4cb9a9ab0ee66f1ec83c" member_type: VOTER last_known_addr { host: "127.26.168.66" port: 42877 } } peers { permanent_uuid: "0abfd13fe314438ea5384b25b24a5ded" member_type: VOTER last_known_addr { host: "127.26.168.67" port: 41881 } attrs { replace: true } } peers { permanent_uuid: "2ca87f275b7349fbb53898f1a3e567b8" member_type: NON_VOTER last_known_addr { host: "127.26.168.68" port: 46863 } attrs { promote: true } } }
I20260710 13:24:54.397948 28579 raft_consensus.cc:2955] T eaf97ecb0165401f89fb3b0cab72209a P 0abfd13fe314438ea5384b25b24a5ded [term 1 FOLLOWER]: Committing config change with OpId 1.2: config changed from index -1 to 2, NON_VOTER 2ca87f275b7349fbb53898f1a3e567b8 (127.26.168.68) added. New config: { opid_index: 2 OBSOLETE_local: false peers { permanent_uuid: "01373c34d23c4a21af87bbc79458c9ca" member_type: VOTER last_known_addr { host: "127.26.168.65" port: 32829 } } peers { permanent_uuid: "dc8c5387ea9c4cb9a9ab0ee66f1ec83c" member_type: VOTER last_known_addr { host: "127.26.168.66" port: 42877 } } peers { permanent_uuid: "0abfd13fe314438ea5384b25b24a5ded" member_type: VOTER last_known_addr { host: "127.26.168.67" port: 41881 } attrs { replace: true } } peers { permanent_uuid: "2ca87f275b7349fbb53898f1a3e567b8" member_type: NON_VOTER last_known_addr { host: "127.26.168.68" port: 46863 } attrs { promote: true } } }
I20260710 13:24:54.417840 28501 raft_consensus.cc:2955] T eaf97ecb0165401f89fb3b0cab72209a P dc8c5387ea9c4cb9a9ab0ee66f1ec83c [term 1 FOLLOWER]: Committing config change with OpId 1.2: config changed from index -1 to 2, NON_VOTER 2ca87f275b7349fbb53898f1a3e567b8 (127.26.168.68) added. New config: { opid_index: 2 OBSOLETE_local: false peers { permanent_uuid: "01373c34d23c4a21af87bbc79458c9ca" member_type: VOTER last_known_addr { host: "127.26.168.65" port: 32829 } } peers { permanent_uuid: "dc8c5387ea9c4cb9a9ab0ee66f1ec83c" member_type: VOTER last_known_addr { host: "127.26.168.66" port: 42877 } } peers { permanent_uuid: "0abfd13fe314438ea5384b25b24a5ded" member_type: VOTER last_known_addr { host: "127.26.168.67" port: 41881 } attrs { replace: true } } peers { permanent_uuid: "2ca87f275b7349fbb53898f1a3e567b8" member_type: NON_VOTER last_known_addr { host: "127.26.168.68" port: 46863 } attrs { promote: true } } }
I20260710 13:24:54.421669 28328 catalog_manager.cc:5697] T eaf97ecb0165401f89fb3b0cab72209a P 0abfd13fe314438ea5384b25b24a5ded reported cstate change: config changed from index -1 to 2, NON_VOTER 2ca87f275b7349fbb53898f1a3e567b8 (127.26.168.68) added. New cstate: current_term: 1 leader_uuid: "01373c34d23c4a21af87bbc79458c9ca" committed_config { opid_index: 2 OBSOLETE_local: false peers { permanent_uuid: "01373c34d23c4a21af87bbc79458c9ca" member_type: VOTER last_known_addr { host: "127.26.168.65" port: 32829 } } peers { permanent_uuid: "dc8c5387ea9c4cb9a9ab0ee66f1ec83c" member_type: VOTER last_known_addr { host: "127.26.168.66" port: 42877 } } peers { permanent_uuid: "0abfd13fe314438ea5384b25b24a5ded" member_type: VOTER last_known_addr { host: "127.26.168.67" port: 41881 } attrs { replace: true } } peers { permanent_uuid: "2ca87f275b7349fbb53898f1a3e567b8" member_type: NON_VOTER last_known_addr { host: "127.26.168.68" port: 46863 } attrs { promote: true } } }
I20260710 13:24:54.426875 28579 consensus_queue.cc:237] T d55176b0b5e34667b9b1b0275e8712cd P 0abfd13fe314438ea5384b25b24a5ded [LEADER]: Queue going to LEADER mode. State: All replicated index: 0, Majority replicated index: 1, Committed index: 1, Last appended: 1.1, Last appended by leader: 0, Current term: 1, Majority size: 2, State: 0, Mode: LEADER, active raft config: opid_index: 2 OBSOLETE_local: false peers { permanent_uuid: "01373c34d23c4a21af87bbc79458c9ca" member_type: VOTER last_known_addr { host: "127.26.168.65" port: 32829 } attrs { replace: true } } peers { permanent_uuid: "dc8c5387ea9c4cb9a9ab0ee66f1ec83c" member_type: VOTER last_known_addr { host: "127.26.168.66" port: 42877 } } peers { permanent_uuid: "0abfd13fe314438ea5384b25b24a5ded" member_type: VOTER last_known_addr { host: "127.26.168.67" port: 41881 } } peers { permanent_uuid: "2ca87f275b7349fbb53898f1a3e567b8" member_type: NON_VOTER last_known_addr { host: "127.26.168.68" port: 46863 } attrs { promote: true } }
I20260710 13:24:54.443315 28430 raft_consensus.cc:1275] T d55176b0b5e34667b9b1b0275e8712cd P 01373c34d23c4a21af87bbc79458c9ca [term 1 FOLLOWER]: Refusing update from remote peer 0abfd13fe314438ea5384b25b24a5ded: Log matching property violated. Preceding OpId in replica: term: 1 index: 1. Preceding OpId from leader: term: 1 index: 2. (index mismatch)
I20260710 13:24:54.444976 28893 consensus_queue.cc:1048] T d55176b0b5e34667b9b1b0275e8712cd P 0abfd13fe314438ea5384b25b24a5ded [LEADER]: Connected to new peer: Peer: permanent_uuid: "01373c34d23c4a21af87bbc79458c9ca" member_type: VOTER last_known_addr { host: "127.26.168.65" port: 32829 } attrs { replace: true }, Status: LMP_MISMATCH, Last received: 0.0, Next index: 2, Last known committed idx: 1, Time since last communication: 0.000s
I20260710 13:24:54.446545 28504 raft_consensus.cc:1275] T d55176b0b5e34667b9b1b0275e8712cd P dc8c5387ea9c4cb9a9ab0ee66f1ec83c [term 1 FOLLOWER]: Refusing update from remote peer 0abfd13fe314438ea5384b25b24a5ded: Log matching property violated. Preceding OpId in replica: term: 1 index: 1. Preceding OpId from leader: term: 1 index: 2. (index mismatch)
I20260710 13:24:54.449769 28893 consensus_queue.cc:1048] T d55176b0b5e34667b9b1b0275e8712cd P 0abfd13fe314438ea5384b25b24a5ded [LEADER]: Connected to new peer: Peer: permanent_uuid: "dc8c5387ea9c4cb9a9ab0ee66f1ec83c" member_type: VOTER last_known_addr { host: "127.26.168.66" port: 42877 }, Status: LMP_MISMATCH, Last received: 0.0, Next index: 2, Last known committed idx: 1, Time since last communication: 0.000s
I20260710 13:24:54.458971 28662 raft_consensus.cc:2955] T d55176b0b5e34667b9b1b0275e8712cd P 0abfd13fe314438ea5384b25b24a5ded [term 1 LEADER]: Committing config change with OpId 1.2: config changed from index -1 to 2, NON_VOTER 2ca87f275b7349fbb53898f1a3e567b8 (127.26.168.68) added. New config: { opid_index: 2 OBSOLETE_local: false peers { permanent_uuid: "01373c34d23c4a21af87bbc79458c9ca" member_type: VOTER last_known_addr { host: "127.26.168.65" port: 32829 } attrs { replace: true } } peers { permanent_uuid: "dc8c5387ea9c4cb9a9ab0ee66f1ec83c" member_type: VOTER last_known_addr { host: "127.26.168.66" port: 42877 } } peers { permanent_uuid: "0abfd13fe314438ea5384b25b24a5ded" member_type: VOTER last_known_addr { host: "127.26.168.67" port: 41881 } } peers { permanent_uuid: "2ca87f275b7349fbb53898f1a3e567b8" member_type: NON_VOTER last_known_addr { host: "127.26.168.68" port: 46863 } attrs { promote: true } } }
I20260710 13:24:54.460084 28504 raft_consensus.cc:2955] T d55176b0b5e34667b9b1b0275e8712cd P dc8c5387ea9c4cb9a9ab0ee66f1ec83c [term 1 FOLLOWER]: Committing config change with OpId 1.2: config changed from index -1 to 2, NON_VOTER 2ca87f275b7349fbb53898f1a3e567b8 (127.26.168.68) added. New config: { opid_index: 2 OBSOLETE_local: false peers { permanent_uuid: "01373c34d23c4a21af87bbc79458c9ca" member_type: VOTER last_known_addr { host: "127.26.168.65" port: 32829 } attrs { replace: true } } peers { permanent_uuid: "dc8c5387ea9c4cb9a9ab0ee66f1ec83c" member_type: VOTER last_known_addr { host: "127.26.168.66" port: 42877 } } peers { permanent_uuid: "0abfd13fe314438ea5384b25b24a5ded" member_type: VOTER last_known_addr { host: "127.26.168.67" port: 41881 } } peers { permanent_uuid: "2ca87f275b7349fbb53898f1a3e567b8" member_type: NON_VOTER last_known_addr { host: "127.26.168.68" port: 46863 } attrs { promote: true } } }
W20260710 13:24:54.463842 28543 consensus_peers.cc:597] T d55176b0b5e34667b9b1b0275e8712cd P 0abfd13fe314438ea5384b25b24a5ded -> Peer 2ca87f275b7349fbb53898f1a3e567b8 (127.26.168.68:46863): Couldn't send request to peer 2ca87f275b7349fbb53898f1a3e567b8. Error code: TABLET_NOT_FOUND (6). Status: Not found: Tablet not found: d55176b0b5e34667b9b1b0275e8712cd. This is attempt 1: this message will repeat every 5th retry.
I20260710 13:24:54.469734 28430 raft_consensus.cc:2955] T d55176b0b5e34667b9b1b0275e8712cd P 01373c34d23c4a21af87bbc79458c9ca [term 1 FOLLOWER]: Committing config change with OpId 1.2: config changed from index -1 to 2, NON_VOTER 2ca87f275b7349fbb53898f1a3e567b8 (127.26.168.68) added. New config: { opid_index: 2 OBSOLETE_local: false peers { permanent_uuid: "01373c34d23c4a21af87bbc79458c9ca" member_type: VOTER last_known_addr { host: "127.26.168.65" port: 32829 } attrs { replace: true } } peers { permanent_uuid: "dc8c5387ea9c4cb9a9ab0ee66f1ec83c" member_type: VOTER last_known_addr { host: "127.26.168.66" port: 42877 } } peers { permanent_uuid: "0abfd13fe314438ea5384b25b24a5ded" member_type: VOTER last_known_addr { host: "127.26.168.67" port: 41881 } } peers { permanent_uuid: "2ca87f275b7349fbb53898f1a3e567b8" member_type: NON_VOTER last_known_addr { host: "127.26.168.68" port: 46863 } attrs { promote: true } } }
I20260710 13:24:54.487322 28329 catalog_manager.cc:5697] T d55176b0b5e34667b9b1b0275e8712cd P dc8c5387ea9c4cb9a9ab0ee66f1ec83c reported cstate change: config changed from index -1 to 2, NON_VOTER 2ca87f275b7349fbb53898f1a3e567b8 (127.26.168.68) added. New cstate: current_term: 1 leader_uuid: "0abfd13fe314438ea5384b25b24a5ded" committed_config { opid_index: 2 OBSOLETE_local: false peers { permanent_uuid: "01373c34d23c4a21af87bbc79458c9ca" member_type: VOTER last_known_addr { host: "127.26.168.65" port: 32829 } attrs { replace: true } } peers { permanent_uuid: "dc8c5387ea9c4cb9a9ab0ee66f1ec83c" member_type: VOTER last_known_addr { host: "127.26.168.66" port: 42877 } } peers { permanent_uuid: "0abfd13fe314438ea5384b25b24a5ded" member_type: VOTER last_known_addr { host: "127.26.168.67" port: 41881 } } peers { permanent_uuid: "2ca87f275b7349fbb53898f1a3e567b8" member_type: NON_VOTER last_known_addr { host: "127.26.168.68" port: 46863 } attrs { promote: true } } }
I20260710 13:24:54.495497 28579 consensus_queue.cc:237] T a6b7116f6fea4f97b938f0780edc7b86 P 0abfd13fe314438ea5384b25b24a5ded [LEADER]: Queue going to LEADER mode. State: All replicated index: 0, Majority replicated index: 1, Committed index: 1, Last appended: 2.1, Last appended by leader: 0, Current term: 2, Majority size: 2, State: 0, Mode: LEADER, active raft config: opid_index: 2 OBSOLETE_local: false peers { permanent_uuid: "01373c34d23c4a21af87bbc79458c9ca" member_type: VOTER last_known_addr { host: "127.26.168.65" port: 32829 } attrs { replace: true } } peers { permanent_uuid: "dc8c5387ea9c4cb9a9ab0ee66f1ec83c" member_type: VOTER last_known_addr { host: "127.26.168.66" port: 42877 } } peers { permanent_uuid: "0abfd13fe314438ea5384b25b24a5ded" member_type: VOTER last_known_addr { host: "127.26.168.67" port: 41881 } } peers { permanent_uuid: "2ca87f275b7349fbb53898f1a3e567b8" member_type: NON_VOTER last_known_addr { host: "127.26.168.68" port: 46863 } attrs { promote: true } }
I20260710 13:24:54.505116 28430 raft_consensus.cc:1275] T a6b7116f6fea4f97b938f0780edc7b86 P 01373c34d23c4a21af87bbc79458c9ca [term 2 FOLLOWER]: Refusing update from remote peer 0abfd13fe314438ea5384b25b24a5ded: Log matching property violated. Preceding OpId in replica: term: 2 index: 1. Preceding OpId from leader: term: 2 index: 2. (index mismatch)
I20260710 13:24:54.506664 28504 raft_consensus.cc:1275] T a6b7116f6fea4f97b938f0780edc7b86 P dc8c5387ea9c4cb9a9ab0ee66f1ec83c [term 2 FOLLOWER]: Refusing update from remote peer 0abfd13fe314438ea5384b25b24a5ded: Log matching property violated. Preceding OpId in replica: term: 2 index: 1. Preceding OpId from leader: term: 2 index: 2. (index mismatch)
I20260710 13:24:54.507865 28913 consensus_queue.cc:1048] T a6b7116f6fea4f97b938f0780edc7b86 P 0abfd13fe314438ea5384b25b24a5ded [LEADER]: Connected to new peer: Peer: permanent_uuid: "01373c34d23c4a21af87bbc79458c9ca" member_type: VOTER last_known_addr { host: "127.26.168.65" port: 32829 } attrs { replace: true }, Status: LMP_MISMATCH, Last received: 0.0, Next index: 2, Last known committed idx: 1, Time since last communication: 0.000s
I20260710 13:24:54.508831 28911 consensus_queue.cc:1048] T a6b7116f6fea4f97b938f0780edc7b86 P 0abfd13fe314438ea5384b25b24a5ded [LEADER]: Connected to new peer: Peer: permanent_uuid: "dc8c5387ea9c4cb9a9ab0ee66f1ec83c" member_type: VOTER last_known_addr { host: "127.26.168.66" port: 42877 }, Status: LMP_MISMATCH, Last received: 0.0, Next index: 2, Last known committed idx: 1, Time since last communication: 0.000s
W20260710 13:24:54.512914 28543 consensus_peers.cc:597] T a6b7116f6fea4f97b938f0780edc7b86 P 0abfd13fe314438ea5384b25b24a5ded -> Peer 2ca87f275b7349fbb53898f1a3e567b8 (127.26.168.68:46863): Couldn't send request to peer 2ca87f275b7349fbb53898f1a3e567b8. Error code: TABLET_NOT_FOUND (6). Status: Not found: Tablet not found: a6b7116f6fea4f97b938f0780edc7b86. This is attempt 1: this message will repeat every 5th retry.
I20260710 13:24:54.518514 28911 raft_consensus.cc:2955] T a6b7116f6fea4f97b938f0780edc7b86 P 0abfd13fe314438ea5384b25b24a5ded [term 2 LEADER]: Committing config change with OpId 2.2: config changed from index -1 to 2, NON_VOTER 2ca87f275b7349fbb53898f1a3e567b8 (127.26.168.68) added. New config: { opid_index: 2 OBSOLETE_local: false peers { permanent_uuid: "01373c34d23c4a21af87bbc79458c9ca" member_type: VOTER last_known_addr { host: "127.26.168.65" port: 32829 } attrs { replace: true } } peers { permanent_uuid: "dc8c5387ea9c4cb9a9ab0ee66f1ec83c" member_type: VOTER last_known_addr { host: "127.26.168.66" port: 42877 } } peers { permanent_uuid: "0abfd13fe314438ea5384b25b24a5ded" member_type: VOTER last_known_addr { host: "127.26.168.67" port: 41881 } } peers { permanent_uuid: "2ca87f275b7349fbb53898f1a3e567b8" member_type: NON_VOTER last_known_addr { host: "127.26.168.68" port: 46863 } attrs { promote: true } } }
I20260710 13:24:54.520454 28430 raft_consensus.cc:2955] T a6b7116f6fea4f97b938f0780edc7b86 P 01373c34d23c4a21af87bbc79458c9ca [term 2 FOLLOWER]: Committing config change with OpId 2.2: config changed from index -1 to 2, NON_VOTER 2ca87f275b7349fbb53898f1a3e567b8 (127.26.168.68) added. New config: { opid_index: 2 OBSOLETE_local: false peers { permanent_uuid: "01373c34d23c4a21af87bbc79458c9ca" member_type: VOTER last_known_addr { host: "127.26.168.65" port: 32829 } attrs { replace: true } } peers { permanent_uuid: "dc8c5387ea9c4cb9a9ab0ee66f1ec83c" member_type: VOTER last_known_addr { host: "127.26.168.66" port: 42877 } } peers { permanent_uuid: "0abfd13fe314438ea5384b25b24a5ded" member_type: VOTER last_known_addr { host: "127.26.168.67" port: 41881 } } peers { permanent_uuid: "2ca87f275b7349fbb53898f1a3e567b8" member_type: NON_VOTER last_known_addr { host: "127.26.168.68" port: 46863 } attrs { promote: true } } }
I20260710 13:24:54.521591 28504 raft_consensus.cc:2955] T a6b7116f6fea4f97b938f0780edc7b86 P dc8c5387ea9c4cb9a9ab0ee66f1ec83c [term 2 FOLLOWER]: Committing config change with OpId 2.2: config changed from index -1 to 2, NON_VOTER 2ca87f275b7349fbb53898f1a3e567b8 (127.26.168.68) added. New config: { opid_index: 2 OBSOLETE_local: false peers { permanent_uuid: "01373c34d23c4a21af87bbc79458c9ca" member_type: VOTER last_known_addr { host: "127.26.168.65" port: 32829 } attrs { replace: true } } peers { permanent_uuid: "dc8c5387ea9c4cb9a9ab0ee66f1ec83c" member_type: VOTER last_known_addr { host: "127.26.168.66" port: 42877 } } peers { permanent_uuid: "0abfd13fe314438ea5384b25b24a5ded" member_type: VOTER last_known_addr { host: "127.26.168.67" port: 41881 } } peers { permanent_uuid: "2ca87f275b7349fbb53898f1a3e567b8" member_type: NON_VOTER last_known_addr { host: "127.26.168.68" port: 46863 } attrs { promote: true } } }
I20260710 13:24:54.535118 28329 catalog_manager.cc:5697] T a6b7116f6fea4f97b938f0780edc7b86 P 0abfd13fe314438ea5384b25b24a5ded reported cstate change: config changed from index -1 to 2, NON_VOTER 2ca87f275b7349fbb53898f1a3e567b8 (127.26.168.68) added. New cstate: current_term: 2 leader_uuid: "0abfd13fe314438ea5384b25b24a5ded" committed_config { opid_index: 2 OBSOLETE_local: false peers { permanent_uuid: "01373c34d23c4a21af87bbc79458c9ca" member_type: VOTER last_known_addr { host: "127.26.168.65" port: 32829 } attrs { replace: true } health_report { overall_health: HEALTHY } } peers { permanent_uuid: "dc8c5387ea9c4cb9a9ab0ee66f1ec83c" member_type: VOTER last_known_addr { host: "127.26.168.66" port: 42877 } health_report { overall_health: HEALTHY } } peers { permanent_uuid: "0abfd13fe314438ea5384b25b24a5ded" member_type: VOTER last_known_addr { host: "127.26.168.67" port: 41881 } health_report { overall_health: HEALTHY } } peers { permanent_uuid: "2ca87f275b7349fbb53898f1a3e567b8" member_type: NON_VOTER last_known_addr { host: "127.26.168.68" port: 46863 } attrs { promote: true } health_report { overall_health: UNKNOWN } } }
I20260710 13:24:54.540835 28883 heartbeater.cc:499] Master 127.26.168.126:40535 was elected leader, sending a full tablet report...
I20260710 13:24:54.923738 28917 ts_tablet_manager.cc:933] T 7814f53b296a45c28f0f3f7e32bfe678 P 2ca87f275b7349fbb53898f1a3e567b8: Initiating tablet copy from peer 01373c34d23c4a21af87bbc79458c9ca (127.26.168.65:32829)
I20260710 13:24:54.924654 28918 ts_tablet_manager.cc:933] T eaf97ecb0165401f89fb3b0cab72209a P 2ca87f275b7349fbb53898f1a3e567b8: Initiating tablet copy from peer 01373c34d23c4a21af87bbc79458c9ca (127.26.168.65:32829)
I20260710 13:24:54.926333 28917 tablet_copy_client.cc:323] T 7814f53b296a45c28f0f3f7e32bfe678 P 2ca87f275b7349fbb53898f1a3e567b8: tablet copy: Beginning tablet copy session from remote peer at address 127.26.168.65:32829
I20260710 13:24:54.928393 28918 tablet_copy_client.cc:323] T eaf97ecb0165401f89fb3b0cab72209a P 2ca87f275b7349fbb53898f1a3e567b8: tablet copy: Beginning tablet copy session from remote peer at address 127.26.168.65:32829
I20260710 13:24:54.938984 28441 tablet_copy_service.cc:140] P 01373c34d23c4a21af87bbc79458c9ca: Received BeginTabletCopySession request for tablet 7814f53b296a45c28f0f3f7e32bfe678 from peer 2ca87f275b7349fbb53898f1a3e567b8 ({username='slave'} at 127.0.0.1:44328)
I20260710 13:24:54.939446 28440 tablet_copy_service.cc:140] P 01373c34d23c4a21af87bbc79458c9ca: Received BeginTabletCopySession request for tablet eaf97ecb0165401f89fb3b0cab72209a from peer 2ca87f275b7349fbb53898f1a3e567b8 ({username='slave'} at 127.0.0.1:44328)
I20260710 13:24:54.939630 28441 tablet_copy_service.cc:161] P 01373c34d23c4a21af87bbc79458c9ca: Beginning new tablet copy session on tablet 7814f53b296a45c28f0f3f7e32bfe678 from peer 2ca87f275b7349fbb53898f1a3e567b8 at {username='slave'} at 127.0.0.1:44328: session id = 2ca87f275b7349fbb53898f1a3e567b8-7814f53b296a45c28f0f3f7e32bfe678
I20260710 13:24:54.942198 28440 tablet_copy_service.cc:161] P 01373c34d23c4a21af87bbc79458c9ca: Beginning new tablet copy session on tablet eaf97ecb0165401f89fb3b0cab72209a from peer 2ca87f275b7349fbb53898f1a3e567b8 at {username='slave'} at 127.0.0.1:44328: session id = 2ca87f275b7349fbb53898f1a3e567b8-eaf97ecb0165401f89fb3b0cab72209a
I20260710 13:24:54.947947 28441 tablet_copy_source_session.cc:215] T 7814f53b296a45c28f0f3f7e32bfe678 P 01373c34d23c4a21af87bbc79458c9ca: Tablet Copy: opened 0 blocks and 1 log segments
I20260710 13:24:54.949309 28440 tablet_copy_source_session.cc:215] T eaf97ecb0165401f89fb3b0cab72209a P 01373c34d23c4a21af87bbc79458c9ca: Tablet Copy: opened 0 blocks and 1 log segments
I20260710 13:24:54.952230 28917 data_dirs.cc:400] Could only allocate 1 dirs of requested 3 for tablet 7814f53b296a45c28f0f3f7e32bfe678. 1 dirs total, 0 dirs full, 0 dirs failed
I20260710 13:24:54.959331 28918 data_dirs.cc:400] Could only allocate 1 dirs of requested 3 for tablet eaf97ecb0165401f89fb3b0cab72209a. 1 dirs total, 0 dirs full, 0 dirs failed
I20260710 13:24:54.975636 28917 tablet_copy_client.cc:806] T 7814f53b296a45c28f0f3f7e32bfe678 P 2ca87f275b7349fbb53898f1a3e567b8: tablet copy: Starting download of 0 data blocks...
I20260710 13:24:54.975833 28918 tablet_copy_client.cc:806] T eaf97ecb0165401f89fb3b0cab72209a P 2ca87f275b7349fbb53898f1a3e567b8: tablet copy: Starting download of 0 data blocks...
I20260710 13:24:54.976517 28917 tablet_copy_client.cc:670] T 7814f53b296a45c28f0f3f7e32bfe678 P 2ca87f275b7349fbb53898f1a3e567b8: tablet copy: Starting download of 1 WAL segments...
I20260710 13:24:54.976583 28918 tablet_copy_client.cc:670] T eaf97ecb0165401f89fb3b0cab72209a P 2ca87f275b7349fbb53898f1a3e567b8: tablet copy: Starting download of 1 WAL segments...
I20260710 13:24:54.981035 28918 tablet_copy_client.cc:538] T eaf97ecb0165401f89fb3b0cab72209a P 2ca87f275b7349fbb53898f1a3e567b8: tablet copy: Tablet Copy complete. Replacing tablet superblock.
I20260710 13:24:54.991032 28918 tablet_bootstrap.cc:492] T eaf97ecb0165401f89fb3b0cab72209a P 2ca87f275b7349fbb53898f1a3e567b8: Bootstrap starting.
I20260710 13:24:55.043889 28925 ts_tablet_manager.cc:933] T a6b7116f6fea4f97b938f0780edc7b86 P 2ca87f275b7349fbb53898f1a3e567b8: Initiating tablet copy from peer 0abfd13fe314438ea5384b25b24a5ded (127.26.168.67:41881)
I20260710 13:24:55.047804 28917 tablet_copy_client.cc:538] T 7814f53b296a45c28f0f3f7e32bfe678 P 2ca87f275b7349fbb53898f1a3e567b8: tablet copy: Tablet Copy complete. Replacing tablet superblock.
I20260710 13:24:55.054944 28925 tablet_copy_client.cc:323] T a6b7116f6fea4f97b938f0780edc7b86 P 2ca87f275b7349fbb53898f1a3e567b8: tablet copy: Beginning tablet copy session from remote peer at address 127.26.168.67:41881
I20260710 13:24:55.059010 28926 ts_tablet_manager.cc:933] T d55176b0b5e34667b9b1b0275e8712cd P 2ca87f275b7349fbb53898f1a3e567b8: Initiating tablet copy from peer 0abfd13fe314438ea5384b25b24a5ded (127.26.168.67:41881)
I20260710 13:24:55.062327 28917 tablet_bootstrap.cc:492] T 7814f53b296a45c28f0f3f7e32bfe678 P 2ca87f275b7349fbb53898f1a3e567b8: Bootstrap starting.
I20260710 13:24:55.068661 28926 tablet_copy_client.cc:323] T d55176b0b5e34667b9b1b0275e8712cd P 2ca87f275b7349fbb53898f1a3e567b8: tablet copy: Beginning tablet copy session from remote peer at address 127.26.168.67:41881
I20260710 13:24:55.084889 28590 tablet_copy_service.cc:140] P 0abfd13fe314438ea5384b25b24a5ded: Received BeginTabletCopySession request for tablet a6b7116f6fea4f97b938f0780edc7b86 from peer 2ca87f275b7349fbb53898f1a3e567b8 ({username='slave'} at 127.0.0.1:47610)
I20260710 13:24:55.085632 28590 tablet_copy_service.cc:161] P 0abfd13fe314438ea5384b25b24a5ded: Beginning new tablet copy session on tablet a6b7116f6fea4f97b938f0780edc7b86 from peer 2ca87f275b7349fbb53898f1a3e567b8 at {username='slave'} at 127.0.0.1:47610: session id = 2ca87f275b7349fbb53898f1a3e567b8-a6b7116f6fea4f97b938f0780edc7b86
I20260710 13:24:55.088339 28589 tablet_copy_service.cc:140] P 0abfd13fe314438ea5384b25b24a5ded: Received BeginTabletCopySession request for tablet d55176b0b5e34667b9b1b0275e8712cd from peer 2ca87f275b7349fbb53898f1a3e567b8 ({username='slave'} at 127.0.0.1:47610)
I20260710 13:24:55.089076 28589 tablet_copy_service.cc:161] P 0abfd13fe314438ea5384b25b24a5ded: Beginning new tablet copy session on tablet d55176b0b5e34667b9b1b0275e8712cd from peer 2ca87f275b7349fbb53898f1a3e567b8 at {username='slave'} at 127.0.0.1:47610: session id = 2ca87f275b7349fbb53898f1a3e567b8-d55176b0b5e34667b9b1b0275e8712cd
I20260710 13:24:55.098302 28918 tablet_bootstrap.cc:492] T eaf97ecb0165401f89fb3b0cab72209a P 2ca87f275b7349fbb53898f1a3e567b8: Bootstrap replayed 1/1 log segments. Stats: ops{read=2 overwritten=0 applied=2 ignored=0} inserts{seen=0 ignored=0} mutations{seen=0 ignored=0} orphaned_commits=0. Pending: 0 replicates
I20260710 13:24:55.099228 28589 tablet_copy_source_session.cc:215] T d55176b0b5e34667b9b1b0275e8712cd P 0abfd13fe314438ea5384b25b24a5ded: Tablet Copy: opened 0 blocks and 1 log segments
I20260710 13:24:55.099485 28918 tablet_bootstrap.cc:492] T eaf97ecb0165401f89fb3b0cab72209a P 2ca87f275b7349fbb53898f1a3e567b8: Bootstrap complete.
I20260710 13:24:55.100345 28918 ts_tablet_manager.cc:1403] T eaf97ecb0165401f89fb3b0cab72209a P 2ca87f275b7349fbb53898f1a3e567b8: Time spent bootstrapping tablet: real 0.110s	user 0.016s	sys 0.020s
I20260710 13:24:55.104789 28918 raft_consensus.cc:359] T eaf97ecb0165401f89fb3b0cab72209a P 2ca87f275b7349fbb53898f1a3e567b8 [term 1 LEARNER]: Replica starting. Triggering 0 pending ops. Active config: opid_index: 2 OBSOLETE_local: false peers { permanent_uuid: "01373c34d23c4a21af87bbc79458c9ca" member_type: VOTER last_known_addr { host: "127.26.168.65" port: 32829 } } peers { permanent_uuid: "dc8c5387ea9c4cb9a9ab0ee66f1ec83c" member_type: VOTER last_known_addr { host: "127.26.168.66" port: 42877 } } peers { permanent_uuid: "0abfd13fe314438ea5384b25b24a5ded" member_type: VOTER last_known_addr { host: "127.26.168.67" port: 41881 } attrs { replace: true } } peers { permanent_uuid: "2ca87f275b7349fbb53898f1a3e567b8" member_type: NON_VOTER last_known_addr { host: "127.26.168.68" port: 46863 } attrs { promote: true } }
I20260710 13:24:55.096050 28590 tablet_copy_source_session.cc:215] T a6b7116f6fea4f97b938f0780edc7b86 P 0abfd13fe314438ea5384b25b24a5ded: Tablet Copy: opened 0 blocks and 1 log segments
I20260710 13:24:55.106274 28918 raft_consensus.cc:740] T eaf97ecb0165401f89fb3b0cab72209a P 2ca87f275b7349fbb53898f1a3e567b8 [term 1 LEARNER]: Becoming Follower/Learner. State: Replica: 2ca87f275b7349fbb53898f1a3e567b8, State: Initialized, Role: LEARNER
I20260710 13:24:55.107137 28918 consensus_queue.cc:260] T eaf97ecb0165401f89fb3b0cab72209a P 2ca87f275b7349fbb53898f1a3e567b8 [NON_LEADER]: Queue going to NON_LEADER mode. State: All replicated index: 0, Majority replicated index: 0, Committed index: 2, Last appended: 1.2, Last appended by leader: 2, Current term: 0, Majority size: -1, State: 0, Mode: NON_LEADER, active raft config: opid_index: 2 OBSOLETE_local: false peers { permanent_uuid: "01373c34d23c4a21af87bbc79458c9ca" member_type: VOTER last_known_addr { host: "127.26.168.65" port: 32829 } } peers { permanent_uuid: "dc8c5387ea9c4cb9a9ab0ee66f1ec83c" member_type: VOTER last_known_addr { host: "127.26.168.66" port: 42877 } } peers { permanent_uuid: "0abfd13fe314438ea5384b25b24a5ded" member_type: VOTER last_known_addr { host: "127.26.168.67" port: 41881 } attrs { replace: true } } peers { permanent_uuid: "2ca87f275b7349fbb53898f1a3e567b8" member_type: NON_VOTER last_known_addr { host: "127.26.168.68" port: 46863 } attrs { promote: true } }
I20260710 13:24:55.109797 28925 data_dirs.cc:400] Could only allocate 1 dirs of requested 3 for tablet a6b7116f6fea4f97b938f0780edc7b86. 1 dirs total, 0 dirs full, 0 dirs failed
I20260710 13:24:55.119141 28926 data_dirs.cc:400] Could only allocate 1 dirs of requested 3 for tablet d55176b0b5e34667b9b1b0275e8712cd. 1 dirs total, 0 dirs full, 0 dirs failed
I20260710 13:24:55.126348 28917 tablet_bootstrap.cc:492] T 7814f53b296a45c28f0f3f7e32bfe678 P 2ca87f275b7349fbb53898f1a3e567b8: Bootstrap replayed 1/1 log segments. Stats: ops{read=2 overwritten=0 applied=2 ignored=0} inserts{seen=0 ignored=0} mutations{seen=0 ignored=0} orphaned_commits=0. Pending: 0 replicates
I20260710 13:24:55.127359 28917 tablet_bootstrap.cc:492] T 7814f53b296a45c28f0f3f7e32bfe678 P 2ca87f275b7349fbb53898f1a3e567b8: Bootstrap complete.
I20260710 13:24:55.128113 28917 ts_tablet_manager.cc:1403] T 7814f53b296a45c28f0f3f7e32bfe678 P 2ca87f275b7349fbb53898f1a3e567b8: Time spent bootstrapping tablet: real 0.066s	user 0.025s	sys 0.001s
I20260710 13:24:55.138732 28918 ts_tablet_manager.cc:1434] T eaf97ecb0165401f89fb3b0cab72209a P 2ca87f275b7349fbb53898f1a3e567b8: Time spent starting tablet: real 0.038s	user 0.015s	sys 0.012s
I20260710 13:24:55.138032 28925 tablet_copy_client.cc:806] T a6b7116f6fea4f97b938f0780edc7b86 P 2ca87f275b7349fbb53898f1a3e567b8: tablet copy: Starting download of 0 data blocks...
I20260710 13:24:55.140256 28925 tablet_copy_client.cc:670] T a6b7116f6fea4f97b938f0780edc7b86 P 2ca87f275b7349fbb53898f1a3e567b8: tablet copy: Starting download of 1 WAL segments...
I20260710 13:24:55.141242 28917 raft_consensus.cc:359] T 7814f53b296a45c28f0f3f7e32bfe678 P 2ca87f275b7349fbb53898f1a3e567b8 [term 1 LEARNER]: Replica starting. Triggering 0 pending ops. Active config: opid_index: 2 OBSOLETE_local: false peers { permanent_uuid: "01373c34d23c4a21af87bbc79458c9ca" member_type: VOTER last_known_addr { host: "127.26.168.65" port: 32829 } } peers { permanent_uuid: "dc8c5387ea9c4cb9a9ab0ee66f1ec83c" member_type: VOTER last_known_addr { host: "127.26.168.66" port: 42877 } attrs { replace: true } } peers { permanent_uuid: "0abfd13fe314438ea5384b25b24a5ded" member_type: VOTER last_known_addr { host: "127.26.168.67" port: 41881 } } peers { permanent_uuid: "2ca87f275b7349fbb53898f1a3e567b8" member_type: NON_VOTER last_known_addr { host: "127.26.168.68" port: 46863 } attrs { promote: true } }
I20260710 13:24:55.143126 28917 raft_consensus.cc:740] T 7814f53b296a45c28f0f3f7e32bfe678 P 2ca87f275b7349fbb53898f1a3e567b8 [term 1 LEARNER]: Becoming Follower/Learner. State: Replica: 2ca87f275b7349fbb53898f1a3e567b8, State: Initialized, Role: LEARNER
I20260710 13:24:55.145165 28925 tablet_copy_client.cc:538] T a6b7116f6fea4f97b938f0780edc7b86 P 2ca87f275b7349fbb53898f1a3e567b8: tablet copy: Tablet Copy complete. Replacing tablet superblock.
I20260710 13:24:55.149010 28917 consensus_queue.cc:260] T 7814f53b296a45c28f0f3f7e32bfe678 P 2ca87f275b7349fbb53898f1a3e567b8 [NON_LEADER]: Queue going to NON_LEADER mode. State: All replicated index: 0, Majority replicated index: 0, Committed index: 2, Last appended: 1.2, Last appended by leader: 2, Current term: 0, Majority size: -1, State: 0, Mode: NON_LEADER, active raft config: opid_index: 2 OBSOLETE_local: false peers { permanent_uuid: "01373c34d23c4a21af87bbc79458c9ca" member_type: VOTER last_known_addr { host: "127.26.168.65" port: 32829 } } peers { permanent_uuid: "dc8c5387ea9c4cb9a9ab0ee66f1ec83c" member_type: VOTER last_known_addr { host: "127.26.168.66" port: 42877 } attrs { replace: true } } peers { permanent_uuid: "0abfd13fe314438ea5384b25b24a5ded" member_type: VOTER last_known_addr { host: "127.26.168.67" port: 41881 } } peers { permanent_uuid: "2ca87f275b7349fbb53898f1a3e567b8" member_type: NON_VOTER last_known_addr { host: "127.26.168.68" port: 46863 } attrs { promote: true } }
I20260710 13:24:55.152045 28917 ts_tablet_manager.cc:1434] T 7814f53b296a45c28f0f3f7e32bfe678 P 2ca87f275b7349fbb53898f1a3e567b8: Time spent starting tablet: real 0.024s	user 0.008s	sys 0.000s
