I20260710 13:24:48.387681 28243 raft_consensus.cc:3060] T 91ff7a08bff549d6bd5e9b6e10f8a478 P d52857ffd5fb4e2a89b823b25ade8b3c [term 0 FOLLOWER]: Advancing to term 1
I20260710 13:24:48.387923 28439 raft_consensus.cc:493] T ba9c16e2b86948e0ae9e16ed49e156ca P 83c4705e756f40ee9b2789c7a2fe98ec [term 0 FOLLOWER]: Starting pre-election (no leader contacted us within the election timeout)
I20260710 13:24:48.388590 28439 raft_consensus.cc:515] T ba9c16e2b86948e0ae9e16ed49e156ca P 83c4705e756f40ee9b2789c7a2fe98ec [term 0 FOLLOWER]: Starting pre-election with config: opid_index: -1 OBSOLETE_local: false peers { permanent_uuid: "d52857ffd5fb4e2a89b823b25ade8b3c" member_type: VOTER last_known_addr { host: "127.26.126.129" port: 36219 } } peers { permanent_uuid: "83c4705e756f40ee9b2789c7a2fe98ec" member_type: VOTER last_known_addr { host: "127.26.126.130" port: 34467 } } peers { permanent_uuid: "cff2d7fcb3ac4181b92b55e141fa9105" member_type: VOTER last_known_addr { host: "127.26.126.131" port: 37227 } }
I20260710 13:24:48.391932 28434 tablet_bootstrap.cc:654] T 76abab1d738b42a895ff8e63b89bee60 P 83c4705e756f40ee9b2789c7a2fe98ec: Neither blocks nor log segments found. Creating new log.
I20260710 13:24:48.392815 28390 tablet_service.cc:1917] Received RequestConsensusVote() RPC: tablet_id: "ba9c16e2b86948e0ae9e16ed49e156ca" candidate_uuid: "83c4705e756f40ee9b2789c7a2fe98ec" candidate_term: 1 candidate_status { last_received { term: 0 index: 0 } } ignore_live_leader: false dest_uuid: "cff2d7fcb3ac4181b92b55e141fa9105" is_pre_election: true
I20260710 13:24:48.395174 28439 leader_election.cc:290] T ba9c16e2b86948e0ae9e16ed49e156ca P 83c4705e756f40ee9b2789c7a2fe98ec [CANDIDATE]: Term 1 pre-election: Requested pre-vote from peers d52857ffd5fb4e2a89b823b25ade8b3c (127.26.126.129:36219), cff2d7fcb3ac4181b92b55e141fa9105 (127.26.126.131:37227)
I20260710 13:24:48.395123 28243 raft_consensus.cc:2468] T 91ff7a08bff549d6bd5e9b6e10f8a478 P d52857ffd5fb4e2a89b823b25ade8b3c [term 1 FOLLOWER]: Leader election vote request: Granting yes vote for candidate cff2d7fcb3ac4181b92b55e141fa9105 in term 1.
I20260710 13:24:48.397866 28241 tablet_service.cc:1917] Received RequestConsensusVote() RPC: tablet_id: "ba9c16e2b86948e0ae9e16ed49e156ca" candidate_uuid: "83c4705e756f40ee9b2789c7a2fe98ec" candidate_term: 1 candidate_status { last_received { term: 0 index: 0 } } ignore_live_leader: false dest_uuid: "d52857ffd5fb4e2a89b823b25ade8b3c" is_pre_election: true
I20260710 13:24:48.399003 28241 raft_consensus.cc:2393] T ba9c16e2b86948e0ae9e16ed49e156ca P d52857ffd5fb4e2a89b823b25ade8b3c [term 1 FOLLOWER]: Leader pre-election vote request: Denying vote to candidate 83c4705e756f40ee9b2789c7a2fe98ec in current term 1: Already voted for candidate cff2d7fcb3ac4181b92b55e141fa9105 in this term.
I20260710 13:24:48.400270 28356 leader_election.cc:304] T 91ff7a08bff549d6bd5e9b6e10f8a478 P cff2d7fcb3ac4181b92b55e141fa9105 [CANDIDATE]: Term 1 election: Election decided. Result: candidate won. Election summary: received 2 responses out of 3 voters: 2 yes votes; 0 no votes. yes voters: cff2d7fcb3ac4181b92b55e141fa9105, d52857ffd5fb4e2a89b823b25ade8b3c; no voters: 
I20260710 13:24:48.401980 28282 leader_election.cc:304] T ba9c16e2b86948e0ae9e16ed49e156ca P 83c4705e756f40ee9b2789c7a2fe98ec [CANDIDATE]: Term 1 pre-election: Election decided. Result: candidate lost. Election summary: received 3 responses out of 3 voters: 1 yes votes; 2 no votes. yes voters: 83c4705e756f40ee9b2789c7a2fe98ec; no voters: cff2d7fcb3ac4181b92b55e141fa9105, d52857ffd5fb4e2a89b823b25ade8b3c
I20260710 13:24:48.403558 28439 raft_consensus.cc:3060] T ba9c16e2b86948e0ae9e16ed49e156ca P 83c4705e756f40ee9b2789c7a2fe98ec [term 0 FOLLOWER]: Advancing to term 1
I20260710 13:24:48.404197 28432 tablet_bootstrap.cc:492] T d39c7ac4dfe24bef9cc2b2a67926cd84 P d52857ffd5fb4e2a89b823b25ade8b3c: Bootstrap starting.
I20260710 13:24:48.408735 28493 raft_consensus.cc:2804] T 91ff7a08bff549d6bd5e9b6e10f8a478 P cff2d7fcb3ac4181b92b55e141fa9105 [term 1 FOLLOWER]: Leader election won for term 1
I20260710 13:24:48.409706 28493 raft_consensus.cc:697] T 91ff7a08bff549d6bd5e9b6e10f8a478 P cff2d7fcb3ac4181b92b55e141fa9105 [term 1 LEADER]: Becoming Leader. State: Replica: cff2d7fcb3ac4181b92b55e141fa9105, State: Running, Role: LEADER
I20260710 13:24:48.410907 28493 consensus_queue.cc:237] T 91ff7a08bff549d6bd5e9b6e10f8a478 P cff2d7fcb3ac4181b92b55e141fa9105 [LEADER]: Queue going to LEADER mode. State: All replicated index: 0, Majority replicated index: 0, Committed index: 0, Last appended: 0.0, Last appended by leader: 0, Current term: 1, Majority size: 2, State: 0, Mode: LEADER, active raft config: opid_index: -1 OBSOLETE_local: false peers { permanent_uuid: "d52857ffd5fb4e2a89b823b25ade8b3c" member_type: VOTER last_known_addr { host: "127.26.126.129" port: 36219 } } peers { permanent_uuid: "83c4705e756f40ee9b2789c7a2fe98ec" member_type: VOTER last_known_addr { host: "127.26.126.130" port: 34467 } } peers { permanent_uuid: "cff2d7fcb3ac4181b92b55e141fa9105" member_type: VOTER last_known_addr { host: "127.26.126.131" port: 37227 } }
I20260710 13:24:48.415324 28453 leader_election.cc:290] T 91ff7a08bff549d6bd5e9b6e10f8a478 P cff2d7fcb3ac4181b92b55e141fa9105 [CANDIDATE]: Term 1 election: Requested vote from peers d52857ffd5fb4e2a89b823b25ade8b3c (127.26.126.129:36219), 83c4705e756f40ee9b2789c7a2fe98ec (127.26.126.130:34467)
I20260710 13:24:48.416682 28240 tablet_service.cc:1917] Received RequestConsensusVote() RPC: tablet_id: "c81882b73d37476dbb113653bbb6017a" candidate_uuid: "83c4705e756f40ee9b2789c7a2fe98ec" candidate_term: 1 candidate_status { last_received { term: 0 index: 0 } } ignore_live_leader: false dest_uuid: "d52857ffd5fb4e2a89b823b25ade8b3c" is_pre_election: true
I20260710 13:24:48.418252 28433 tablet_bootstrap.cc:492] T e0640a5cfc0241f79e620f5851eb2ef0 P cff2d7fcb3ac4181b92b55e141fa9105: No bootstrap required, opened a new log
I20260710 13:24:48.418737 28433 ts_tablet_manager.cc:1403] T e0640a5cfc0241f79e620f5851eb2ef0 P cff2d7fcb3ac4181b92b55e141fa9105: Time spent bootstrapping tablet: real 0.161s	user 0.011s	sys 0.000s
W20260710 13:24:48.420502 28282 leader_election.cc:343] T c81882b73d37476dbb113653bbb6017a P 83c4705e756f40ee9b2789c7a2fe98ec [CANDIDATE]: Term 1 pre-election: Tablet error from VoteRequest() call to peer d52857ffd5fb4e2a89b823b25ade8b3c (127.26.126.129:36219): Illegal state: must be running to vote when last-logged opid is not known
I20260710 13:24:48.414250 28494 leader_election.cc:290] T ba9c16e2b86948e0ae9e16ed49e156ca P cff2d7fcb3ac4181b92b55e141fa9105 [CANDIDATE]: Term 1 election: Requested vote from peers d52857ffd5fb4e2a89b823b25ade8b3c (127.26.126.129:36219), 83c4705e756f40ee9b2789c7a2fe98ec (127.26.126.130:34467)
I20260710 13:24:48.421036 28282 leader_election.cc:304] T c81882b73d37476dbb113653bbb6017a P 83c4705e756f40ee9b2789c7a2fe98ec [CANDIDATE]: Term 1 pre-election: Election decided. Result: candidate lost. Election summary: received 3 responses out of 3 voters: 1 yes votes; 2 no votes. yes voters: 83c4705e756f40ee9b2789c7a2fe98ec; no voters: cff2d7fcb3ac4181b92b55e141fa9105, d52857ffd5fb4e2a89b823b25ade8b3c
I20260710 13:24:48.421878 28508 raft_consensus.cc:2749] T c81882b73d37476dbb113653bbb6017a P 83c4705e756f40ee9b2789c7a2fe98ec [term 0 FOLLOWER]: Leader pre-election lost for term 1. Reason: could not achieve majority
I20260710 13:24:48.423758 28316 tablet_service.cc:1917] Received RequestConsensusVote() RPC: tablet_id: "ba9c16e2b86948e0ae9e16ed49e156ca" candidate_uuid: "cff2d7fcb3ac4181b92b55e141fa9105" candidate_term: 1 candidate_status { last_received { term: 0 index: 0 } } ignore_live_leader: false dest_uuid: "83c4705e756f40ee9b2789c7a2fe98ec"
I20260710 13:24:48.430876 28452 raft_consensus.cc:515] T eda8a619da6c48b8b6faf42fc9079b75 P cff2d7fcb3ac4181b92b55e141fa9105 [term 1 FOLLOWER]: Starting leader election with config: opid_index: -1 OBSOLETE_local: false peers { permanent_uuid: "d52857ffd5fb4e2a89b823b25ade8b3c" member_type: VOTER last_known_addr { host: "127.26.126.129" port: 36219 } } peers { permanent_uuid: "83c4705e756f40ee9b2789c7a2fe98ec" member_type: VOTER last_known_addr { host: "127.26.126.130" port: 34467 } } peers { permanent_uuid: "cff2d7fcb3ac4181b92b55e141fa9105" member_type: VOTER last_known_addr { host: "127.26.126.131" port: 37227 } }
I20260710 13:24:48.433895 28240 tablet_service.cc:1917] Received RequestConsensusVote() RPC: tablet_id: "eda8a619da6c48b8b6faf42fc9079b75" candidate_uuid: "cff2d7fcb3ac4181b92b55e141fa9105" candidate_term: 1 candidate_status { last_received { term: 0 index: 0 } } ignore_live_leader: false dest_uuid: "d52857ffd5fb4e2a89b823b25ade8b3c"
I20260710 13:24:48.434544 28240 raft_consensus.cc:3060] T eda8a619da6c48b8b6faf42fc9079b75 P d52857ffd5fb4e2a89b823b25ade8b3c [term 0 FOLLOWER]: Advancing to term 1
I20260710 13:24:48.441370 28494 raft_consensus.cc:493] T c2a412d49d7e4e1ab40a3d0058a90af4 P cff2d7fcb3ac4181b92b55e141fa9105 [term 0 FOLLOWER]: Starting pre-election (no leader contacted us within the election timeout)
I20260710 13:24:48.442081 28494 raft_consensus.cc:515] T c2a412d49d7e4e1ab40a3d0058a90af4 P cff2d7fcb3ac4181b92b55e141fa9105 [term 0 FOLLOWER]: Starting pre-election with config: opid_index: -1 OBSOLETE_local: false peers { permanent_uuid: "d52857ffd5fb4e2a89b823b25ade8b3c" member_type: VOTER last_known_addr { host: "127.26.126.129" port: 36219 } } peers { permanent_uuid: "83c4705e756f40ee9b2789c7a2fe98ec" member_type: VOTER last_known_addr { host: "127.26.126.130" port: 34467 } } peers { permanent_uuid: "cff2d7fcb3ac4181b92b55e141fa9105" member_type: VOTER last_known_addr { host: "127.26.126.131" port: 37227 } }
I20260710 13:24:48.449460 28318 tablet_service.cc:1917] Received RequestConsensusVote() RPC: tablet_id: "91ff7a08bff549d6bd5e9b6e10f8a478" candidate_uuid: "cff2d7fcb3ac4181b92b55e141fa9105" candidate_term: 1 candidate_status { last_received { term: 0 index: 0 } } ignore_live_leader: false dest_uuid: "83c4705e756f40ee9b2789c7a2fe98ec"
I20260710 13:24:48.450555 28318 raft_consensus.cc:3060] T 91ff7a08bff549d6bd5e9b6e10f8a478 P 83c4705e756f40ee9b2789c7a2fe98ec [term 0 FOLLOWER]: Advancing to term 1
I20260710 13:24:48.472560 28441 consensus_queue.cc:1048] T f8425c51c2864804b4200a7f0193d245 P cff2d7fcb3ac4181b92b55e141fa9105 [LEADER]: Connected to new peer: Peer: permanent_uuid: "d52857ffd5fb4e2a89b823b25ade8b3c" member_type: VOTER last_known_addr { host: "127.26.126.129" port: 36219 }, Status: LMP_MISMATCH, Last received: 0.0, Next index: 1, Last known committed idx: 0, Time since last communication: 0.001s
I20260710 13:24:48.489137 28452 leader_election.cc:290] T eda8a619da6c48b8b6faf42fc9079b75 P cff2d7fcb3ac4181b92b55e141fa9105 [CANDIDATE]: Term 1 election: Requested vote from peers d52857ffd5fb4e2a89b823b25ade8b3c (127.26.126.129:36219), 83c4705e756f40ee9b2789c7a2fe98ec (127.26.126.130:34467)
I20260710 13:24:48.493075 28433 raft_consensus.cc:359] T e0640a5cfc0241f79e620f5851eb2ef0 P cff2d7fcb3ac4181b92b55e141fa9105 [term 0 FOLLOWER]: Replica starting. Triggering 0 pending ops. Active config: opid_index: -1 OBSOLETE_local: false peers { permanent_uuid: "d52857ffd5fb4e2a89b823b25ade8b3c" member_type: VOTER last_known_addr { host: "127.26.126.129" port: 36219 } } peers { permanent_uuid: "83c4705e756f40ee9b2789c7a2fe98ec" member_type: VOTER last_known_addr { host: "127.26.126.130" port: 34467 } } peers { permanent_uuid: "cff2d7fcb3ac4181b92b55e141fa9105" member_type: VOTER last_known_addr { host: "127.26.126.131" port: 37227 } }
I20260710 13:24:48.494055 28433 raft_consensus.cc:385] T e0640a5cfc0241f79e620f5851eb2ef0 P cff2d7fcb3ac4181b92b55e141fa9105 [term 0 FOLLOWER]: Consensus starting up: Expiring failure detector timer to make a prompt election more likely
I20260710 13:24:48.494390 28433 raft_consensus.cc:740] T e0640a5cfc0241f79e620f5851eb2ef0 P cff2d7fcb3ac4181b92b55e141fa9105 [term 0 FOLLOWER]: Becoming Follower/Learner. State: Replica: cff2d7fcb3ac4181b92b55e141fa9105, State: Initialized, Role: FOLLOWER
I20260710 13:24:48.497895 28494 leader_election.cc:290] T c2a412d49d7e4e1ab40a3d0058a90af4 P cff2d7fcb3ac4181b92b55e141fa9105 [CANDIDATE]: Term 1 pre-election: Requested pre-vote from peers d52857ffd5fb4e2a89b823b25ade8b3c (127.26.126.129:36219), 83c4705e756f40ee9b2789c7a2fe98ec (127.26.126.130:34467)
I20260710 13:24:48.500936 28434 tablet_bootstrap.cc:492] T 76abab1d738b42a895ff8e63b89bee60 P 83c4705e756f40ee9b2789c7a2fe98ec: No bootstrap required, opened a new log
I20260710 13:24:48.501432 28434 ts_tablet_manager.cc:1403] T 76abab1d738b42a895ff8e63b89bee60 P 83c4705e756f40ee9b2789c7a2fe98ec: Time spent bootstrapping tablet: real 0.119s	user 0.052s	sys 0.055s
I20260710 13:24:48.503718 28432 tablet_bootstrap.cc:654] T d39c7ac4dfe24bef9cc2b2a67926cd84 P d52857ffd5fb4e2a89b823b25ade8b3c: Neither blocks nor log segments found. Creating new log.
I20260710 13:24:48.504269 28434 raft_consensus.cc:359] T 76abab1d738b42a895ff8e63b89bee60 P 83c4705e756f40ee9b2789c7a2fe98ec [term 0 FOLLOWER]: Replica starting. Triggering 0 pending ops. Active config: opid_index: -1 OBSOLETE_local: false peers { permanent_uuid: "d52857ffd5fb4e2a89b823b25ade8b3c" member_type: VOTER last_known_addr { host: "127.26.126.129" port: 36219 } } peers { permanent_uuid: "83c4705e756f40ee9b2789c7a2fe98ec" member_type: VOTER last_known_addr { host: "127.26.126.130" port: 34467 } } peers { permanent_uuid: "cff2d7fcb3ac4181b92b55e141fa9105" member_type: VOTER last_known_addr { host: "127.26.126.131" port: 37227 } }
I20260710 13:24:48.504832 28317 tablet_service.cc:1917] Received RequestConsensusVote() RPC: tablet_id: "eda8a619da6c48b8b6faf42fc9079b75" candidate_uuid: "cff2d7fcb3ac4181b92b55e141fa9105" candidate_term: 1 candidate_status { last_received { term: 0 index: 0 } } ignore_live_leader: false dest_uuid: "83c4705e756f40ee9b2789c7a2fe98ec"
I20260710 13:24:48.505136 28434 raft_consensus.cc:385] T 76abab1d738b42a895ff8e63b89bee60 P 83c4705e756f40ee9b2789c7a2fe98ec [term 0 FOLLOWER]: Consensus starting up: Expiring failure detector timer to make a prompt election more likely
I20260710 13:24:48.505425 28434 raft_consensus.cc:740] T 76abab1d738b42a895ff8e63b89bee60 P 83c4705e756f40ee9b2789c7a2fe98ec [term 0 FOLLOWER]: Becoming Follower/Learner. State: Replica: 83c4705e756f40ee9b2789c7a2fe98ec, State: Initialized, Role: FOLLOWER
I20260710 13:24:48.505491 28317 raft_consensus.cc:3060] T eda8a619da6c48b8b6faf42fc9079b75 P 83c4705e756f40ee9b2789c7a2fe98ec [term 0 FOLLOWER]: Advancing to term 1
I20260710 13:24:48.506181 28434 consensus_queue.cc:260] T 76abab1d738b42a895ff8e63b89bee60 P 83c4705e756f40ee9b2789c7a2fe98ec [NON_LEADER]: Queue going to NON_LEADER mode. State: All replicated index: 0, Majority replicated index: 0, Committed index: 0, Last appended: 0.0, Last appended by leader: 0, Current term: 0, Majority size: -1, State: 0, Mode: NON_LEADER, active raft config: opid_index: -1 OBSOLETE_local: false peers { permanent_uuid: "d52857ffd5fb4e2a89b823b25ade8b3c" member_type: VOTER last_known_addr { host: "127.26.126.129" port: 36219 } } peers { permanent_uuid: "83c4705e756f40ee9b2789c7a2fe98ec" member_type: VOTER last_known_addr { host: "127.26.126.130" port: 34467 } } peers { permanent_uuid: "cff2d7fcb3ac4181b92b55e141fa9105" member_type: VOTER last_known_addr { host: "127.26.126.131" port: 37227 } }
I20260710 13:24:48.507754 28434 ts_tablet_manager.cc:1434] T 76abab1d738b42a895ff8e63b89bee60 P 83c4705e756f40ee9b2789c7a2fe98ec: Time spent starting tablet: real 0.006s	user 0.003s	sys 0.000s
I20260710 13:24:48.501364 28439 raft_consensus.cc:2749] T ba9c16e2b86948e0ae9e16ed49e156ca P 83c4705e756f40ee9b2789c7a2fe98ec [term 1 FOLLOWER]: Leader pre-election lost for term 1. Reason: could not achieve majority
I20260710 13:24:48.510226 28434 tablet_bootstrap.cc:492] T 057376e946514bb5835e8f91ac27faff P 83c4705e756f40ee9b2789c7a2fe98ec: Bootstrap starting.
I20260710 13:24:48.511092 28240 raft_consensus.cc:2468] T eda8a619da6c48b8b6faf42fc9079b75 P d52857ffd5fb4e2a89b823b25ade8b3c [term 1 FOLLOWER]: Leader election vote request: Granting yes vote for candidate cff2d7fcb3ac4181b92b55e141fa9105 in term 1.
I20260710 13:24:48.514128 28315 tablet_service.cc:1917] Received RequestConsensusVote() RPC: tablet_id: "c2a412d49d7e4e1ab40a3d0058a90af4" candidate_uuid: "cff2d7fcb3ac4181b92b55e141fa9105" candidate_term: 1 candidate_status { last_received { term: 0 index: 0 } } ignore_live_leader: false dest_uuid: "83c4705e756f40ee9b2789c7a2fe98ec" is_pre_election: true
I20260710 13:24:48.514576 28242 tablet_service.cc:1917] Received RequestConsensusVote() RPC: tablet_id: "c2a412d49d7e4e1ab40a3d0058a90af4" candidate_uuid: "cff2d7fcb3ac4181b92b55e141fa9105" candidate_term: 1 candidate_status { last_received { term: 0 index: 0 } } ignore_live_leader: false dest_uuid: "d52857ffd5fb4e2a89b823b25ade8b3c" is_pre_election: true
I20260710 13:24:48.514875 28315 raft_consensus.cc:2468] T c2a412d49d7e4e1ab40a3d0058a90af4 P 83c4705e756f40ee9b2789c7a2fe98ec [term 0 FOLLOWER]: Leader pre-election vote request: Granting yes vote for candidate cff2d7fcb3ac4181b92b55e141fa9105 in term 0.
I20260710 13:24:48.515340 28242 raft_consensus.cc:2468] T c2a412d49d7e4e1ab40a3d0058a90af4 P d52857ffd5fb4e2a89b823b25ade8b3c [term 0 FOLLOWER]: Leader pre-election vote request: Granting yes vote for candidate cff2d7fcb3ac4181b92b55e141fa9105 in term 0.
I20260710 13:24:48.515581 28439 raft_consensus.cc:493] T 7e51ef7db4e54f9d883589fe784a08af P 83c4705e756f40ee9b2789c7a2fe98ec [term 0 FOLLOWER]: Starting pre-election (no leader contacted us within the election timeout)
I20260710 13:24:48.515895 28356 leader_election.cc:304] T eda8a619da6c48b8b6faf42fc9079b75 P cff2d7fcb3ac4181b92b55e141fa9105 [CANDIDATE]: Term 1 election: Election decided. Result: candidate won. Election summary: received 2 responses out of 3 voters: 2 yes votes; 0 no votes. yes voters: cff2d7fcb3ac4181b92b55e141fa9105, d52857ffd5fb4e2a89b823b25ade8b3c; no voters: 
I20260710 13:24:48.516109 28439 raft_consensus.cc:515] T 7e51ef7db4e54f9d883589fe784a08af P 83c4705e756f40ee9b2789c7a2fe98ec [term 0 FOLLOWER]: Starting pre-election with config: opid_index: -1 OBSOLETE_local: false peers { permanent_uuid: "d52857ffd5fb4e2a89b823b25ade8b3c" member_type: VOTER last_known_addr { host: "127.26.126.129" port: 36219 } } peers { permanent_uuid: "83c4705e756f40ee9b2789c7a2fe98ec" member_type: VOTER last_known_addr { host: "127.26.126.130" port: 34467 } } peers { permanent_uuid: "cff2d7fcb3ac4181b92b55e141fa9105" member_type: VOTER last_known_addr { host: "127.26.126.131" port: 37227 } }
I20260710 13:24:48.516939 28356 leader_election.cc:304] T c2a412d49d7e4e1ab40a3d0058a90af4 P cff2d7fcb3ac4181b92b55e141fa9105 [CANDIDATE]: Term 1 pre-election: Election decided. Result: candidate won. Election summary: received 2 responses out of 3 voters: 2 yes votes; 0 no votes. yes voters: cff2d7fcb3ac4181b92b55e141fa9105, d52857ffd5fb4e2a89b823b25ade8b3c; no voters: 
I20260710 13:24:48.512712 28317 raft_consensus.cc:2468] T eda8a619da6c48b8b6faf42fc9079b75 P 83c4705e756f40ee9b2789c7a2fe98ec [term 1 FOLLOWER]: Leader election vote request: Granting yes vote for candidate cff2d7fcb3ac4181b92b55e141fa9105 in term 1.
I20260710 13:24:48.513052 28318 raft_consensus.cc:2468] T 91ff7a08bff549d6bd5e9b6e10f8a478 P 83c4705e756f40ee9b2789c7a2fe98ec [term 1 FOLLOWER]: Leader election vote request: Granting yes vote for candidate cff2d7fcb3ac4181b92b55e141fa9105 in term 1.
I20260710 13:24:48.518157 28439 leader_election.cc:290] T 7e51ef7db4e54f9d883589fe784a08af P 83c4705e756f40ee9b2789c7a2fe98ec [CANDIDATE]: Term 1 pre-election: Requested pre-vote from peers d52857ffd5fb4e2a89b823b25ade8b3c (127.26.126.129:36219), cff2d7fcb3ac4181b92b55e141fa9105 (127.26.126.131:37227)
I20260710 13:24:48.518566 28494 raft_consensus.cc:2804] T eda8a619da6c48b8b6faf42fc9079b75 P cff2d7fcb3ac4181b92b55e141fa9105 [term 1 FOLLOWER]: Leader election won for term 1
I20260710 13:24:48.519038 28494 raft_consensus.cc:697] T eda8a619da6c48b8b6faf42fc9079b75 P cff2d7fcb3ac4181b92b55e141fa9105 [term 1 LEADER]: Becoming Leader. State: Replica: cff2d7fcb3ac4181b92b55e141fa9105, State: Running, Role: LEADER
I20260710 13:24:48.519618 28434 tablet_bootstrap.cc:654] T 057376e946514bb5835e8f91ac27faff P 83c4705e756f40ee9b2789c7a2fe98ec: Neither blocks nor log segments found. Creating new log.
I20260710 13:24:48.519615 28390 tablet_service.cc:1917] Received RequestConsensusVote() RPC: tablet_id: "7e51ef7db4e54f9d883589fe784a08af" candidate_uuid: "83c4705e756f40ee9b2789c7a2fe98ec" candidate_term: 1 candidate_status { last_received { term: 0 index: 0 } } ignore_live_leader: false dest_uuid: "cff2d7fcb3ac4181b92b55e141fa9105" is_pre_election: true
I20260710 13:24:48.520635 28390 raft_consensus.cc:2468] T 7e51ef7db4e54f9d883589fe784a08af P cff2d7fcb3ac4181b92b55e141fa9105 [term 0 FOLLOWER]: Leader pre-election vote request: Granting yes vote for candidate 83c4705e756f40ee9b2789c7a2fe98ec in term 0.
I20260710 13:24:48.521934 28284 leader_election.cc:304] T 7e51ef7db4e54f9d883589fe784a08af P 83c4705e756f40ee9b2789c7a2fe98ec [CANDIDATE]: Term 1 pre-election: Election decided. Result: candidate won. Election summary: received 2 responses out of 3 voters: 2 yes votes; 0 no votes. yes voters: 83c4705e756f40ee9b2789c7a2fe98ec, cff2d7fcb3ac4181b92b55e141fa9105; no voters: 
I20260710 13:24:48.522754 28439 raft_consensus.cc:2804] T 7e51ef7db4e54f9d883589fe784a08af P 83c4705e756f40ee9b2789c7a2fe98ec [term 0 FOLLOWER]: Leader pre-election won for term 1
I20260710 13:24:48.523108 28439 raft_consensus.cc:493] T 7e51ef7db4e54f9d883589fe784a08af P 83c4705e756f40ee9b2789c7a2fe98ec [term 0 FOLLOWER]: Starting leader election (no leader contacted us within the election timeout)
I20260710 13:24:48.523442 28439 raft_consensus.cc:3060] T 7e51ef7db4e54f9d883589fe784a08af P 83c4705e756f40ee9b2789c7a2fe98ec [term 0 FOLLOWER]: Advancing to term 1
I20260710 13:24:48.525178 28493 raft_consensus.cc:2804] T c2a412d49d7e4e1ab40a3d0058a90af4 P cff2d7fcb3ac4181b92b55e141fa9105 [term 0 FOLLOWER]: Leader pre-election won for term 1
I20260710 13:24:48.525580 28493 raft_consensus.cc:493] T c2a412d49d7e4e1ab40a3d0058a90af4 P cff2d7fcb3ac4181b92b55e141fa9105 [term 0 FOLLOWER]: Starting leader election (no leader contacted us within the election timeout)
I20260710 13:24:48.525906 28493 raft_consensus.cc:3060] T c2a412d49d7e4e1ab40a3d0058a90af4 P cff2d7fcb3ac4181b92b55e141fa9105 [term 0 FOLLOWER]: Advancing to term 1
I20260710 13:24:48.530563 28439 raft_consensus.cc:515] T 7e51ef7db4e54f9d883589fe784a08af P 83c4705e756f40ee9b2789c7a2fe98ec [term 1 FOLLOWER]: Starting leader election with config: opid_index: -1 OBSOLETE_local: false peers { permanent_uuid: "d52857ffd5fb4e2a89b823b25ade8b3c" member_type: VOTER last_known_addr { host: "127.26.126.129" port: 36219 } } peers { permanent_uuid: "83c4705e756f40ee9b2789c7a2fe98ec" member_type: VOTER last_known_addr { host: "127.26.126.130" port: 34467 } } peers { permanent_uuid: "cff2d7fcb3ac4181b92b55e141fa9105" member_type: VOTER last_known_addr { host: "127.26.126.131" port: 37227 } }
I20260710 13:24:48.534068 28439 leader_election.cc:290] T 7e51ef7db4e54f9d883589fe784a08af P 83c4705e756f40ee9b2789c7a2fe98ec [CANDIDATE]: Term 1 election: Requested vote from peers d52857ffd5fb4e2a89b823b25ade8b3c (127.26.126.129:36219), cff2d7fcb3ac4181b92b55e141fa9105 (127.26.126.131:37227)
I20260710 13:24:48.534279 28390 tablet_service.cc:1917] Received RequestConsensusVote() RPC: tablet_id: "7e51ef7db4e54f9d883589fe784a08af" candidate_uuid: "83c4705e756f40ee9b2789c7a2fe98ec" candidate_term: 1 candidate_status { last_received { term: 0 index: 0 } } ignore_live_leader: false dest_uuid: "cff2d7fcb3ac4181b92b55e141fa9105"
I20260710 13:24:48.534881 28390 raft_consensus.cc:3060] T 7e51ef7db4e54f9d883589fe784a08af P cff2d7fcb3ac4181b92b55e141fa9105 [term 0 FOLLOWER]: Advancing to term 1
I20260710 13:24:48.536859 28240 tablet_service.cc:1917] Received RequestConsensusVote() RPC: tablet_id: "7e51ef7db4e54f9d883589fe784a08af" candidate_uuid: "83c4705e756f40ee9b2789c7a2fe98ec" candidate_term: 1 candidate_status { last_received { term: 0 index: 0 } } ignore_live_leader: false dest_uuid: "d52857ffd5fb4e2a89b823b25ade8b3c" is_pre_election: true
I20260710 13:24:48.536988 28441 consensus_queue.cc:1048] T aa32c8cc2f4d4318975eb277f7e54b93 P cff2d7fcb3ac4181b92b55e141fa9105 [LEADER]: Connected to new peer: Peer: permanent_uuid: "d52857ffd5fb4e2a89b823b25ade8b3c" member_type: VOTER last_known_addr { host: "127.26.126.129" port: 36219 }, Status: LMP_MISMATCH, Last received: 0.0, Next index: 1, Last known committed idx: 0, Time since last communication: 0.000s
W20260710 13:24:48.540313 28282 leader_election.cc:343] T 7e51ef7db4e54f9d883589fe784a08af P 83c4705e756f40ee9b2789c7a2fe98ec [CANDIDATE]: Term 1 pre-election: Tablet error from VoteRequest() call to peer d52857ffd5fb4e2a89b823b25ade8b3c (127.26.126.129:36219): Illegal state: must be running to vote when last-logged opid is not known
I20260710 13:24:48.540377 28241 tablet_service.cc:1917] Received RequestConsensusVote() RPC: tablet_id: "7e51ef7db4e54f9d883589fe784a08af" candidate_uuid: "83c4705e756f40ee9b2789c7a2fe98ec" candidate_term: 1 candidate_status { last_received { term: 0 index: 0 } } ignore_live_leader: false dest_uuid: "d52857ffd5fb4e2a89b823b25ade8b3c"
I20260710 13:24:48.543536 28493 raft_consensus.cc:515] T c2a412d49d7e4e1ab40a3d0058a90af4 P cff2d7fcb3ac4181b92b55e141fa9105 [term 1 FOLLOWER]: Starting leader election with config: opid_index: -1 OBSOLETE_local: false peers { permanent_uuid: "d52857ffd5fb4e2a89b823b25ade8b3c" member_type: VOTER last_known_addr { host: "127.26.126.129" port: 36219 } } peers { permanent_uuid: "83c4705e756f40ee9b2789c7a2fe98ec" member_type: VOTER last_known_addr { host: "127.26.126.130" port: 34467 } } peers { permanent_uuid: "cff2d7fcb3ac4181b92b55e141fa9105" member_type: VOTER last_known_addr { host: "127.26.126.131" port: 37227 } }
I20260710 13:24:48.519846 28494 consensus_queue.cc:237] T eda8a619da6c48b8b6faf42fc9079b75 P cff2d7fcb3ac4181b92b55e141fa9105 [LEADER]: Queue going to LEADER mode. State: All replicated index: 0, Majority replicated index: 0, Committed index: 0, Last appended: 0.0, Last appended by leader: 0, Current term: 1, Majority size: 2, State: 0, Mode: LEADER, active raft config: opid_index: -1 OBSOLETE_local: false peers { permanent_uuid: "d52857ffd5fb4e2a89b823b25ade8b3c" member_type: VOTER last_known_addr { host: "127.26.126.129" port: 36219 } } peers { permanent_uuid: "83c4705e756f40ee9b2789c7a2fe98ec" member_type: VOTER last_known_addr { host: "127.26.126.130" port: 34467 } } peers { permanent_uuid: "cff2d7fcb3ac4181b92b55e141fa9105" member_type: VOTER last_known_addr { host: "127.26.126.131" port: 37227 } }
I20260710 13:24:48.551807 28493 leader_election.cc:290] T c2a412d49d7e4e1ab40a3d0058a90af4 P cff2d7fcb3ac4181b92b55e141fa9105 [CANDIDATE]: Term 1 election: Requested vote from peers d52857ffd5fb4e2a89b823b25ade8b3c (127.26.126.129:36219), 83c4705e756f40ee9b2789c7a2fe98ec (127.26.126.130:34467)
I20260710 13:24:48.553471 28242 tablet_service.cc:1917] Received RequestConsensusVote() RPC: tablet_id: "c2a412d49d7e4e1ab40a3d0058a90af4" candidate_uuid: "cff2d7fcb3ac4181b92b55e141fa9105" candidate_term: 1 candidate_status { last_received { term: 0 index: 0 } } ignore_live_leader: false dest_uuid: "d52857ffd5fb4e2a89b823b25ade8b3c"
I20260710 13:24:48.554543 28242 raft_consensus.cc:3060] T c2a412d49d7e4e1ab40a3d0058a90af4 P d52857ffd5fb4e2a89b823b25ade8b3c [term 0 FOLLOWER]: Advancing to term 1
I20260710 13:24:48.536449 28433 consensus_queue.cc:260] T e0640a5cfc0241f79e620f5851eb2ef0 P cff2d7fcb3ac4181b92b55e141fa9105 [NON_LEADER]: Queue going to NON_LEADER mode. State: All replicated index: 0, Majority replicated index: 0, Committed index: 0, Last appended: 0.0, Last appended by leader: 0, Current term: 0, Majority size: -1, State: 0, Mode: NON_LEADER, active raft config: opid_index: -1 OBSOLETE_local: false peers { permanent_uuid: "d52857ffd5fb4e2a89b823b25ade8b3c" member_type: VOTER last_known_addr { host: "127.26.126.129" port: 36219 } } peers { permanent_uuid: "83c4705e756f40ee9b2789c7a2fe98ec" member_type: VOTER last_known_addr { host: "127.26.126.130" port: 34467 } } peers { permanent_uuid: "cff2d7fcb3ac4181b92b55e141fa9105" member_type: VOTER last_known_addr { host: "127.26.126.131" port: 37227 } }
I20260710 13:24:48.560997 28433 ts_tablet_manager.cc:1434] T e0640a5cfc0241f79e620f5851eb2ef0 P cff2d7fcb3ac4181b92b55e141fa9105: Time spent starting tablet: real 0.142s	user 0.007s	sys 0.011s
I20260710 13:24:48.562775 28433 tablet_bootstrap.cc:492] T aeed098eeef54841b92586c9b47c4f36 P cff2d7fcb3ac4181b92b55e141fa9105: Bootstrap starting.
I20260710 13:24:48.552006 28140 catalog_manager.cc:5697] T ba9c16e2b86948e0ae9e16ed49e156ca P cff2d7fcb3ac4181b92b55e141fa9105 reported cstate change: term changed from 0 to 1, leader changed from <none> to cff2d7fcb3ac4181b92b55e141fa9105 (127.26.126.131). New cstate: current_term: 1 leader_uuid: "cff2d7fcb3ac4181b92b55e141fa9105" committed_config { opid_index: -1 OBSOLETE_local: false peers { permanent_uuid: "d52857ffd5fb4e2a89b823b25ade8b3c" member_type: VOTER last_known_addr { host: "127.26.126.129" port: 36219 } health_report { overall_health: UNKNOWN } } peers { permanent_uuid: "83c4705e756f40ee9b2789c7a2fe98ec" member_type: VOTER last_known_addr { host: "127.26.126.130" port: 34467 } health_report { overall_health: UNKNOWN } } peers { permanent_uuid: "cff2d7fcb3ac4181b92b55e141fa9105" member_type: VOTER last_known_addr { host: "127.26.126.131" port: 37227 } health_report { overall_health: HEALTHY } } }
I20260710 13:24:48.572816 28390 raft_consensus.cc:2468] T 7e51ef7db4e54f9d883589fe784a08af P cff2d7fcb3ac4181b92b55e141fa9105 [term 1 FOLLOWER]: Leader election vote request: Granting yes vote for candidate 83c4705e756f40ee9b2789c7a2fe98ec in term 1.
I20260710 13:24:48.574427 28284 leader_election.cc:304] T 7e51ef7db4e54f9d883589fe784a08af P 83c4705e756f40ee9b2789c7a2fe98ec [CANDIDATE]: Term 1 election: Election decided. Result: candidate won. Election summary: received 2 responses out of 3 voters: 2 yes votes; 0 no votes. yes voters: 83c4705e756f40ee9b2789c7a2fe98ec, cff2d7fcb3ac4181b92b55e141fa9105; no voters: 
I20260710 13:24:48.574671 28318 tablet_service.cc:1917] Received RequestConsensusVote() RPC: tablet_id: "c2a412d49d7e4e1ab40a3d0058a90af4" candidate_uuid: "cff2d7fcb3ac4181b92b55e141fa9105" candidate_term: 1 candidate_status { last_received { term: 0 index: 0 } } ignore_live_leader: false dest_uuid: "83c4705e756f40ee9b2789c7a2fe98ec"
I20260710 13:24:48.575253 28318 raft_consensus.cc:3060] T c2a412d49d7e4e1ab40a3d0058a90af4 P 83c4705e756f40ee9b2789c7a2fe98ec [term 0 FOLLOWER]: Advancing to term 1
I20260710 13:24:48.575325 28439 raft_consensus.cc:2804] T 7e51ef7db4e54f9d883589fe784a08af P 83c4705e756f40ee9b2789c7a2fe98ec [term 1 FOLLOWER]: Leader election won for term 1
I20260710 13:24:48.575841 28439 raft_consensus.cc:697] T 7e51ef7db4e54f9d883589fe784a08af P 83c4705e756f40ee9b2789c7a2fe98ec [term 1 LEADER]: Becoming Leader. State: Replica: 83c4705e756f40ee9b2789c7a2fe98ec, State: Running, Role: LEADER
I20260710 13:24:48.576992 28316 raft_consensus.cc:2468] T ba9c16e2b86948e0ae9e16ed49e156ca P 83c4705e756f40ee9b2789c7a2fe98ec [term 1 FOLLOWER]: Leader election vote request: Granting yes vote for candidate cff2d7fcb3ac4181b92b55e141fa9105 in term 1.
I20260710 13:24:48.577507 28439 consensus_queue.cc:237] T 7e51ef7db4e54f9d883589fe784a08af P 83c4705e756f40ee9b2789c7a2fe98ec [LEADER]: Queue going to LEADER mode. State: All replicated index: 0, Majority replicated index: 0, Committed index: 0, Last appended: 0.0, Last appended by leader: 0, Current term: 1, Majority size: 2, State: 0, Mode: LEADER, active raft config: opid_index: -1 OBSOLETE_local: false peers { permanent_uuid: "d52857ffd5fb4e2a89b823b25ade8b3c" member_type: VOTER last_known_addr { host: "127.26.126.129" port: 36219 } } peers { permanent_uuid: "83c4705e756f40ee9b2789c7a2fe98ec" member_type: VOTER last_known_addr { host: "127.26.126.130" port: 34467 } } peers { permanent_uuid: "cff2d7fcb3ac4181b92b55e141fa9105" member_type: VOTER last_known_addr { host: "127.26.126.131" port: 37227 } }
I20260710 13:24:48.579654 28242 raft_consensus.cc:2468] T c2a412d49d7e4e1ab40a3d0058a90af4 P d52857ffd5fb4e2a89b823b25ade8b3c [term 1 FOLLOWER]: Leader election vote request: Granting yes vote for candidate cff2d7fcb3ac4181b92b55e141fa9105 in term 1.
I20260710 13:24:48.584002 28434 tablet_bootstrap.cc:492] T 057376e946514bb5835e8f91ac27faff P 83c4705e756f40ee9b2789c7a2fe98ec: No bootstrap required, opened a new log
I20260710 13:24:48.582996 28318 raft_consensus.cc:2468] T c2a412d49d7e4e1ab40a3d0058a90af4 P 83c4705e756f40ee9b2789c7a2fe98ec [term 1 FOLLOWER]: Leader election vote request: Granting yes vote for candidate cff2d7fcb3ac4181b92b55e141fa9105 in term 1.
I20260710 13:24:48.584473 28434 ts_tablet_manager.cc:1403] T 057376e946514bb5835e8f91ac27faff P 83c4705e756f40ee9b2789c7a2fe98ec: Time spent bootstrapping tablet: real 0.074s	user 0.013s	sys 0.035s
I20260710 13:24:48.585171 28356 leader_election.cc:304] T c2a412d49d7e4e1ab40a3d0058a90af4 P cff2d7fcb3ac4181b92b55e141fa9105 [CANDIDATE]: Term 1 election: Election decided. Result: candidate won. Election summary: received 2 responses out of 3 voters: 2 yes votes; 0 no votes. yes voters: cff2d7fcb3ac4181b92b55e141fa9105, d52857ffd5fb4e2a89b823b25ade8b3c; no voters: 
I20260710 13:24:48.585945 28493 raft_consensus.cc:2804] T c2a412d49d7e4e1ab40a3d0058a90af4 P cff2d7fcb3ac4181b92b55e141fa9105 [term 1 FOLLOWER]: Leader election won for term 1
I20260710 13:24:48.586684 28432 tablet_bootstrap.cc:492] T d39c7ac4dfe24bef9cc2b2a67926cd84 P d52857ffd5fb4e2a89b823b25ade8b3c: No bootstrap required, opened a new log
I20260710 13:24:48.570926 28140 catalog_manager.cc:5697] T 91ff7a08bff549d6bd5e9b6e10f8a478 P cff2d7fcb3ac4181b92b55e141fa9105 reported cstate change: term changed from 0 to 1, leader changed from <none> to cff2d7fcb3ac4181b92b55e141fa9105 (127.26.126.131). New cstate: current_term: 1 leader_uuid: "cff2d7fcb3ac4181b92b55e141fa9105" committed_config { opid_index: -1 OBSOLETE_local: false peers { permanent_uuid: "d52857ffd5fb4e2a89b823b25ade8b3c" member_type: VOTER last_known_addr { host: "127.26.126.129" port: 36219 } health_report { overall_health: UNKNOWN } } peers { permanent_uuid: "83c4705e756f40ee9b2789c7a2fe98ec" member_type: VOTER last_known_addr { host: "127.26.126.130" port: 34467 } health_report { overall_health: UNKNOWN } } peers { permanent_uuid: "cff2d7fcb3ac4181b92b55e141fa9105" member_type: VOTER last_known_addr { host: "127.26.126.131" port: 37227 } health_report { overall_health: HEALTHY } } }
I20260710 13:24:48.587150 28434 raft_consensus.cc:359] T 057376e946514bb5835e8f91ac27faff P 83c4705e756f40ee9b2789c7a2fe98ec [term 0 FOLLOWER]: Replica starting. Triggering 0 pending ops. Active config: opid_index: -1 OBSOLETE_local: false peers { permanent_uuid: "d52857ffd5fb4e2a89b823b25ade8b3c" member_type: VOTER last_known_addr { host: "127.26.126.129" port: 36219 } } peers { permanent_uuid: "83c4705e756f40ee9b2789c7a2fe98ec" member_type: VOTER last_known_addr { host: "127.26.126.130" port: 34467 } } peers { permanent_uuid: "cff2d7fcb3ac4181b92b55e141fa9105" member_type: VOTER last_known_addr { host: "127.26.126.131" port: 37227 } }
I20260710 13:24:48.587164 28432 ts_tablet_manager.cc:1403] T d39c7ac4dfe24bef9cc2b2a67926cd84 P d52857ffd5fb4e2a89b823b25ade8b3c: Time spent bootstrapping tablet: real 0.183s	user 0.016s	sys 0.016s
I20260710 13:24:48.587630 28493 raft_consensus.cc:697] T c2a412d49d7e4e1ab40a3d0058a90af4 P cff2d7fcb3ac4181b92b55e141fa9105 [term 1 LEADER]: Becoming Leader. State: Replica: cff2d7fcb3ac4181b92b55e141fa9105, State: Running, Role: LEADER
W20260710 13:24:48.588424 28282 leader_election.cc:343] T 7e51ef7db4e54f9d883589fe784a08af P 83c4705e756f40ee9b2789c7a2fe98ec [CANDIDATE]: Term 1 election: Tablet error from VoteRequest() call to peer d52857ffd5fb4e2a89b823b25ade8b3c (127.26.126.129:36219): Illegal state: must be running to vote when last-logged opid is not known
I20260710 13:24:48.588629 28493 consensus_queue.cc:237] T c2a412d49d7e4e1ab40a3d0058a90af4 P cff2d7fcb3ac4181b92b55e141fa9105 [LEADER]: Queue going to LEADER mode. State: All replicated index: 0, Majority replicated index: 0, Committed index: 0, Last appended: 0.0, Last appended by leader: 0, Current term: 1, Majority size: 2, State: 0, Mode: LEADER, active raft config: opid_index: -1 OBSOLETE_local: false peers { permanent_uuid: "d52857ffd5fb4e2a89b823b25ade8b3c" member_type: VOTER last_known_addr { host: "127.26.126.129" port: 36219 } } peers { permanent_uuid: "83c4705e756f40ee9b2789c7a2fe98ec" member_type: VOTER last_known_addr { host: "127.26.126.130" port: 34467 } } peers { permanent_uuid: "cff2d7fcb3ac4181b92b55e141fa9105" member_type: VOTER last_known_addr { host: "127.26.126.131" port: 37227 } }
I20260710 13:24:48.590992 28433 tablet_bootstrap.cc:654] T aeed098eeef54841b92586c9b47c4f36 P cff2d7fcb3ac4181b92b55e141fa9105: Neither blocks nor log segments found. Creating new log.
I20260710 13:24:48.590905 28441 consensus_queue.cc:1048] T f8425c51c2864804b4200a7f0193d245 P cff2d7fcb3ac4181b92b55e141fa9105 [LEADER]: Connected to new peer: Peer: permanent_uuid: "83c4705e756f40ee9b2789c7a2fe98ec" member_type: VOTER last_known_addr { host: "127.26.126.130" port: 34467 }, Status: LMP_MISMATCH, Last received: 0.0, Next index: 1, Last known committed idx: 0, Time since last communication: 0.001s
I20260710 13:24:48.595829 28432 raft_consensus.cc:359] T d39c7ac4dfe24bef9cc2b2a67926cd84 P d52857ffd5fb4e2a89b823b25ade8b3c [term 0 FOLLOWER]: Replica starting. Triggering 0 pending ops. Active config: opid_index: -1 OBSOLETE_local: false peers { permanent_uuid: "d52857ffd5fb4e2a89b823b25ade8b3c" member_type: VOTER last_known_addr { host: "127.26.126.129" port: 36219 } } peers { permanent_uuid: "83c4705e756f40ee9b2789c7a2fe98ec" member_type: VOTER last_known_addr { host: "127.26.126.130" port: 34467 } } peers { permanent_uuid: "cff2d7fcb3ac4181b92b55e141fa9105" member_type: VOTER last_known_addr { host: "127.26.126.131" port: 37227 } }
I20260710 13:24:48.597497 28432 raft_consensus.cc:385] T d39c7ac4dfe24bef9cc2b2a67926cd84 P d52857ffd5fb4e2a89b823b25ade8b3c [term 0 FOLLOWER]: Consensus starting up: Expiring failure detector timer to make a prompt election more likely
I20260710 13:24:48.600368 28453 consensus_queue.cc:1048] T aa32c8cc2f4d4318975eb277f7e54b93 P cff2d7fcb3ac4181b92b55e141fa9105 [LEADER]: Connected to new peer: Peer: permanent_uuid: "83c4705e756f40ee9b2789c7a2fe98ec" member_type: VOTER last_known_addr { host: "127.26.126.130" port: 34467 }, Status: LMP_MISMATCH, Last received: 0.0, Next index: 1, Last known committed idx: 0, Time since last communication: 0.000s
I20260710 13:24:48.597852 28432 raft_consensus.cc:740] T d39c7ac4dfe24bef9cc2b2a67926cd84 P d52857ffd5fb4e2a89b823b25ade8b3c [term 0 FOLLOWER]: Becoming Follower/Learner. State: Replica: d52857ffd5fb4e2a89b823b25ade8b3c, State: Initialized, Role: FOLLOWER
I20260710 13:24:48.603190 28432 consensus_queue.cc:260] T d39c7ac4dfe24bef9cc2b2a67926cd84 P d52857ffd5fb4e2a89b823b25ade8b3c [NON_LEADER]: Queue going to NON_LEADER mode. State: All replicated index: 0, Majority replicated index: 0, Committed index: 0, Last appended: 0.0, Last appended by leader: 0, Current term: 0, Majority size: -1, State: 0, Mode: NON_LEADER, active raft config: opid_index: -1 OBSOLETE_local: false peers { permanent_uuid: "d52857ffd5fb4e2a89b823b25ade8b3c" member_type: VOTER last_known_addr { host: "127.26.126.129" port: 36219 } } peers { permanent_uuid: "83c4705e756f40ee9b2789c7a2fe98ec" member_type: VOTER last_known_addr { host: "127.26.126.130" port: 34467 } } peers { permanent_uuid: "cff2d7fcb3ac4181b92b55e141fa9105" member_type: VOTER last_known_addr { host: "127.26.126.131" port: 37227 } }
I20260710 13:24:48.603858 28433 tablet_bootstrap.cc:492] T aeed098eeef54841b92586c9b47c4f36 P cff2d7fcb3ac4181b92b55e141fa9105: No bootstrap required, opened a new log
I20260710 13:24:48.604343 28433 ts_tablet_manager.cc:1403] T aeed098eeef54841b92586c9b47c4f36 P cff2d7fcb3ac4181b92b55e141fa9105: Time spent bootstrapping tablet: real 0.042s	user 0.015s	sys 0.002s
I20260710 13:24:48.605659 28432 ts_tablet_manager.cc:1434] T d39c7ac4dfe24bef9cc2b2a67926cd84 P d52857ffd5fb4e2a89b823b25ade8b3c: Time spent starting tablet: real 0.017s	user 0.005s	sys 0.001s
I20260710 13:24:48.606652 28432 tablet_bootstrap.cc:492] T aeed098eeef54841b92586c9b47c4f36 P d52857ffd5fb4e2a89b823b25ade8b3c: Bootstrap starting.
I20260710 13:24:48.606947 28433 raft_consensus.cc:359] T aeed098eeef54841b92586c9b47c4f36 P cff2d7fcb3ac4181b92b55e141fa9105 [term 0 FOLLOWER]: Replica starting. Triggering 0 pending ops. Active config: opid_index: -1 OBSOLETE_local: false peers { permanent_uuid: "d52857ffd5fb4e2a89b823b25ade8b3c" member_type: VOTER last_known_addr { host: "127.26.126.129" port: 36219 } } peers { permanent_uuid: "83c4705e756f40ee9b2789c7a2fe98ec" member_type: VOTER last_known_addr { host: "127.26.126.130" port: 34467 } } peers { permanent_uuid: "cff2d7fcb3ac4181b92b55e141fa9105" member_type: VOTER last_known_addr { host: "127.26.126.131" port: 37227 } }
I20260710 13:24:48.607597 28433 raft_consensus.cc:385] T aeed098eeef54841b92586c9b47c4f36 P cff2d7fcb3ac4181b92b55e141fa9105 [term 0 FOLLOWER]: Consensus starting up: Expiring failure detector timer to make a prompt election more likely
I20260710 13:24:48.607856 28433 raft_consensus.cc:740] T aeed098eeef54841b92586c9b47c4f36 P cff2d7fcb3ac4181b92b55e141fa9105 [term 0 FOLLOWER]: Becoming Follower/Learner. State: Replica: cff2d7fcb3ac4181b92b55e141fa9105, State: Initialized, Role: FOLLOWER
I20260710 13:24:48.608517 28433 consensus_queue.cc:260] T aeed098eeef54841b92586c9b47c4f36 P cff2d7fcb3ac4181b92b55e141fa9105 [NON_LEADER]: Queue going to NON_LEADER mode. State: All replicated index: 0, Majority replicated index: 0, Committed index: 0, Last appended: 0.0, Last appended by leader: 0, Current term: 0, Majority size: -1, State: 0, Mode: NON_LEADER, active raft config: opid_index: -1 OBSOLETE_local: false peers { permanent_uuid: "d52857ffd5fb4e2a89b823b25ade8b3c" member_type: VOTER last_known_addr { host: "127.26.126.129" port: 36219 } } peers { permanent_uuid: "83c4705e756f40ee9b2789c7a2fe98ec" member_type: VOTER last_known_addr { host: "127.26.126.130" port: 34467 } } peers { permanent_uuid: "cff2d7fcb3ac4181b92b55e141fa9105" member_type: VOTER last_known_addr { host: "127.26.126.131" port: 37227 } }
I20260710 13:24:48.610648 28433 ts_tablet_manager.cc:1434] T aeed098eeef54841b92586c9b47c4f36 P cff2d7fcb3ac4181b92b55e141fa9105: Time spent starting tablet: real 0.006s	user 0.001s	sys 0.003s
I20260710 13:24:48.611043 28453 raft_consensus.cc:493] T e0640a5cfc0241f79e620f5851eb2ef0 P cff2d7fcb3ac4181b92b55e141fa9105 [term 0 FOLLOWER]: Starting pre-election (no leader contacted us within the election timeout)
I20260710 13:24:48.611549 28433 tablet_bootstrap.cc:492] T 76abab1d738b42a895ff8e63b89bee60 P cff2d7fcb3ac4181b92b55e141fa9105: Bootstrap starting.
I20260710 13:24:48.611516 28453 raft_consensus.cc:515] T e0640a5cfc0241f79e620f5851eb2ef0 P cff2d7fcb3ac4181b92b55e141fa9105 [term 0 FOLLOWER]: Starting pre-election with config: opid_index: -1 OBSOLETE_local: false peers { permanent_uuid: "d52857ffd5fb4e2a89b823b25ade8b3c" member_type: VOTER last_known_addr { host: "127.26.126.129" port: 36219 } } peers { permanent_uuid: "83c4705e756f40ee9b2789c7a2fe98ec" member_type: VOTER last_known_addr { host: "127.26.126.130" port: 34467 } } peers { permanent_uuid: "cff2d7fcb3ac4181b92b55e141fa9105" member_type: VOTER last_known_addr { host: "127.26.126.131" port: 37227 } }
I20260710 13:24:48.613154 28432 tablet_bootstrap.cc:654] T aeed098eeef54841b92586c9b47c4f36 P d52857ffd5fb4e2a89b823b25ade8b3c: Neither blocks nor log segments found. Creating new log.
I20260710 13:24:48.614410 28242 tablet_service.cc:1917] Received RequestConsensusVote() RPC: tablet_id: "e0640a5cfc0241f79e620f5851eb2ef0" candidate_uuid: "cff2d7fcb3ac4181b92b55e141fa9105" candidate_term: 1 candidate_status { last_received { term: 0 index: 0 } } ignore_live_leader: false dest_uuid: "d52857ffd5fb4e2a89b823b25ade8b3c" is_pre_election: true
I20260710 13:24:48.614951 28453 leader_election.cc:290] T e0640a5cfc0241f79e620f5851eb2ef0 P cff2d7fcb3ac4181b92b55e141fa9105 [CANDIDATE]: Term 1 pre-election: Requested pre-vote from peers d52857ffd5fb4e2a89b823b25ade8b3c (127.26.126.129:36219), 83c4705e756f40ee9b2789c7a2fe98ec (127.26.126.130:34467)
I20260710 13:24:48.615083 28242 raft_consensus.cc:2468] T e0640a5cfc0241f79e620f5851eb2ef0 P d52857ffd5fb4e2a89b823b25ade8b3c [term 0 FOLLOWER]: Leader pre-election vote request: Granting yes vote for candidate cff2d7fcb3ac4181b92b55e141fa9105 in term 0.
I20260710 13:24:48.616585 28356 leader_election.cc:304] T e0640a5cfc0241f79e620f5851eb2ef0 P cff2d7fcb3ac4181b92b55e141fa9105 [CANDIDATE]: Term 1 pre-election: Election decided. Result: candidate won. Election summary: received 2 responses out of 3 voters: 2 yes votes; 0 no votes. yes voters: cff2d7fcb3ac4181b92b55e141fa9105, d52857ffd5fb4e2a89b823b25ade8b3c; no voters: 
I20260710 13:24:48.617707 28494 raft_consensus.cc:2804] T e0640a5cfc0241f79e620f5851eb2ef0 P cff2d7fcb3ac4181b92b55e141fa9105 [term 0 FOLLOWER]: Leader pre-election won for term 1
I20260710 13:24:48.618033 28494 raft_consensus.cc:493] T e0640a5cfc0241f79e620f5851eb2ef0 P cff2d7fcb3ac4181b92b55e141fa9105 [term 0 FOLLOWER]: Starting leader election (no leader contacted us within the election timeout)
I20260710 13:24:48.618319 28433 tablet_bootstrap.cc:654] T 76abab1d738b42a895ff8e63b89bee60 P cff2d7fcb3ac4181b92b55e141fa9105: Neither blocks nor log segments found. Creating new log.
I20260710 13:24:48.618372 28494 raft_consensus.cc:3060] T e0640a5cfc0241f79e620f5851eb2ef0 P cff2d7fcb3ac4181b92b55e141fa9105 [term 0 FOLLOWER]: Advancing to term 1
I20260710 13:24:48.624217 28317 tablet_service.cc:1917] Received RequestConsensusVote() RPC: tablet_id: "e0640a5cfc0241f79e620f5851eb2ef0" candidate_uuid: "cff2d7fcb3ac4181b92b55e141fa9105" candidate_term: 1 candidate_status { last_received { term: 0 index: 0 } } ignore_live_leader: false dest_uuid: "83c4705e756f40ee9b2789c7a2fe98ec" is_pre_election: true
I20260710 13:24:48.624130 28439 consensus_queue.cc:1048] T f224966c4c344bc3a43e1411616a791b P 83c4705e756f40ee9b2789c7a2fe98ec [LEADER]: Connected to new peer: Peer: permanent_uuid: "cff2d7fcb3ac4181b92b55e141fa9105" member_type: VOTER last_known_addr { host: "127.26.126.131" port: 37227 }, Status: LMP_MISMATCH, Last received: 0.0, Next index: 1, Last known committed idx: 0, Time since last communication: 0.001s
I20260710 13:24:48.626502 28494 raft_consensus.cc:515] T e0640a5cfc0241f79e620f5851eb2ef0 P cff2d7fcb3ac4181b92b55e141fa9105 [term 1 FOLLOWER]: Starting leader election with config: opid_index: -1 OBSOLETE_local: false peers { permanent_uuid: "d52857ffd5fb4e2a89b823b25ade8b3c" member_type: VOTER last_known_addr { host: "127.26.126.129" port: 36219 } } peers { permanent_uuid: "83c4705e756f40ee9b2789c7a2fe98ec" member_type: VOTER last_known_addr { host: "127.26.126.130" port: 34467 } } peers { permanent_uuid: "cff2d7fcb3ac4181b92b55e141fa9105" member_type: VOTER last_known_addr { host: "127.26.126.131" port: 37227 } }
I20260710 13:24:48.587900 28434 raft_consensus.cc:385] T 057376e946514bb5835e8f91ac27faff P 83c4705e756f40ee9b2789c7a2fe98ec [term 0 FOLLOWER]: Consensus starting up: Expiring failure detector timer to make a prompt election more likely
I20260710 13:24:48.632035 28434 raft_consensus.cc:740] T 057376e946514bb5835e8f91ac27faff P 83c4705e756f40ee9b2789c7a2fe98ec [term 0 FOLLOWER]: Becoming Follower/Learner. State: Replica: 83c4705e756f40ee9b2789c7a2fe98ec, State: Initialized, Role: FOLLOWER
I20260710 13:24:48.633085 28433 tablet_bootstrap.cc:492] T 76abab1d738b42a895ff8e63b89bee60 P cff2d7fcb3ac4181b92b55e141fa9105: No bootstrap required, opened a new log
I20260710 13:24:48.633219 28242 tablet_service.cc:1917] Received RequestConsensusVote() RPC: tablet_id: "e0640a5cfc0241f79e620f5851eb2ef0" candidate_uuid: "cff2d7fcb3ac4181b92b55e141fa9105" candidate_term: 1 candidate_status { last_received { term: 0 index: 0 } } ignore_live_leader: false dest_uuid: "d52857ffd5fb4e2a89b823b25ade8b3c"
I20260710 13:24:48.633558 28433 ts_tablet_manager.cc:1403] T 76abab1d738b42a895ff8e63b89bee60 P cff2d7fcb3ac4181b92b55e141fa9105: Time spent bootstrapping tablet: real 0.022s	user 0.013s	sys 0.004s
I20260710 13:24:48.632902 28434 consensus_queue.cc:260] T 057376e946514bb5835e8f91ac27faff P 83c4705e756f40ee9b2789c7a2fe98ec [NON_LEADER]: Queue going to NON_LEADER mode. State: All replicated index: 0, Majority replicated index: 0, Committed index: 0, Last appended: 0.0, Last appended by leader: 0, Current term: 0, Majority size: -1, State: 0, Mode: NON_LEADER, active raft config: opid_index: -1 OBSOLETE_local: false peers { permanent_uuid: "d52857ffd5fb4e2a89b823b25ade8b3c" member_type: VOTER last_known_addr { host: "127.26.126.129" port: 36219 } } peers { permanent_uuid: "83c4705e756f40ee9b2789c7a2fe98ec" member_type: VOTER last_known_addr { host: "127.26.126.130" port: 34467 } } peers { permanent_uuid: "cff2d7fcb3ac4181b92b55e141fa9105" member_type: VOTER last_known_addr { host: "127.26.126.131" port: 37227 } }
W20260710 13:24:48.633606 28358 leader_election.cc:343] T e0640a5cfc0241f79e620f5851eb2ef0 P cff2d7fcb3ac4181b92b55e141fa9105 [CANDIDATE]: Term 1 pre-election: Tablet error from VoteRequest() call to peer 83c4705e756f40ee9b2789c7a2fe98ec (127.26.126.130:34467): Illegal state: must be running to vote when last-logged opid is not known
