I20260710 13:24:34.987546 27763 catalog_manager.cc:5697] T 9a815a0d12ce4f1e91925d4f22711401 P 3003f19bcd594e61be1406b8270e9101 reported cstate change: term changed from 1 to 2, leader changed from cfca449fb203459ba5c31d0c3c4f5d50 (127.26.151.195) to 3003f19bcd594e61be1406b8270e9101 (127.26.151.194). New cstate: current_term: 2 leader_uuid: "3003f19bcd594e61be1406b8270e9101" committed_config { opid_index: -1 OBSOLETE_local: false peers { permanent_uuid: "63808bca9b664ccfa6d22661ee9da5f6" member_type: VOTER last_known_addr { host: "127.26.151.193" port: 39601 } health_report { overall_health: UNKNOWN } } peers { permanent_uuid: "3003f19bcd594e61be1406b8270e9101" member_type: VOTER last_known_addr { host: "127.26.151.194" port: 36401 } health_report { overall_health: HEALTHY } } peers { permanent_uuid: "cfca449fb203459ba5c31d0c3c4f5d50" member_type: VOTER last_known_addr { host: "127.26.151.195" port: 44861 } health_report { overall_health: UNKNOWN } } }
I20260710 13:24:35.121469 28013 raft_consensus.cc:1275] T 29c05a82d1ff4eab82d3795b7dc3f52d P cfca449fb203459ba5c31d0c3c4f5d50 [term 2 FOLLOWER]: Refusing update from remote peer 3003f19bcd594e61be1406b8270e9101: Log matching property violated. Preceding OpId in replica: term: 1 index: 1. Preceding OpId from leader: term: 2 index: 2. (index mismatch)
I20260710 13:24:35.122808 28062 consensus_queue.cc:1048] T 29c05a82d1ff4eab82d3795b7dc3f52d P 3003f19bcd594e61be1406b8270e9101 [LEADER]: Connected to new peer: Peer: permanent_uuid: "cfca449fb203459ba5c31d0c3c4f5d50" member_type: VOTER last_known_addr { host: "127.26.151.195" port: 44861 }, Status: LMP_MISMATCH, Last received: 0.0, Next index: 2, Last known committed idx: 1, Time since last communication: 0.000s
I20260710 13:24:35.131296 27864 raft_consensus.cc:1275] T 29c05a82d1ff4eab82d3795b7dc3f52d P 63808bca9b664ccfa6d22661ee9da5f6 [term 2 FOLLOWER]: Refusing update from remote peer 3003f19bcd594e61be1406b8270e9101: Log matching property violated. Preceding OpId in replica: term: 1 index: 1. Preceding OpId from leader: term: 2 index: 2. (index mismatch)
I20260710 13:24:35.133144 28078 consensus_queue.cc:1048] T 29c05a82d1ff4eab82d3795b7dc3f52d P 3003f19bcd594e61be1406b8270e9101 [LEADER]: Connected to new peer: Peer: permanent_uuid: "63808bca9b664ccfa6d22661ee9da5f6" member_type: VOTER last_known_addr { host: "127.26.151.193" port: 39601 }, Status: LMP_MISMATCH, Last received: 0.0, Next index: 2, Last known committed idx: 1, Time since last communication: 0.000s
I20260710 13:24:35.345294 27940 raft_consensus.cc:1275] T b0f5643fc22f4ce1a605cd5aa9ae5e3b P 3003f19bcd594e61be1406b8270e9101 [term 2 FOLLOWER]: Refusing update from remote peer cfca449fb203459ba5c31d0c3c4f5d50: Log matching property violated. Preceding OpId in replica: term: 1 index: 1. Preceding OpId from leader: term: 2 index: 2. (index mismatch)
I20260710 13:24:35.345522 28013 raft_consensus.cc:1275] T f49aed3f70e84f20a5189377d42701ac P cfca449fb203459ba5c31d0c3c4f5d50 [term 2 FOLLOWER]: Refusing update from remote peer 63808bca9b664ccfa6d22661ee9da5f6: Log matching property violated. Preceding OpId in replica: term: 1 index: 1. Preceding OpId from leader: term: 2 index: 2. (index mismatch)
I20260710 13:24:35.346464 28100 consensus_queue.cc:1048] T b0f5643fc22f4ce1a605cd5aa9ae5e3b P cfca449fb203459ba5c31d0c3c4f5d50 [LEADER]: Connected to new peer: Peer: permanent_uuid: "3003f19bcd594e61be1406b8270e9101" member_type: VOTER last_known_addr { host: "127.26.151.194" port: 36401 }, Status: LMP_MISMATCH, Last received: 0.0, Next index: 2, Last known committed idx: 1, Time since last communication: 0.000s
I20260710 13:24:35.346908 28093 consensus_queue.cc:1048] T f49aed3f70e84f20a5189377d42701ac P 63808bca9b664ccfa6d22661ee9da5f6 [LEADER]: Connected to new peer: Peer: permanent_uuid: "cfca449fb203459ba5c31d0c3c4f5d50" member_type: VOTER last_known_addr { host: "127.26.151.195" port: 44861 }, Status: LMP_MISMATCH, Last received: 0.0, Next index: 2, Last known committed idx: 1, Time since last communication: 0.000s
I20260710 13:24:35.354056 27864 raft_consensus.cc:1275] T b0f5643fc22f4ce1a605cd5aa9ae5e3b P 63808bca9b664ccfa6d22661ee9da5f6 [term 2 FOLLOWER]: Refusing update from remote peer cfca449fb203459ba5c31d0c3c4f5d50: Log matching property violated. Preceding OpId in replica: term: 1 index: 1. Preceding OpId from leader: term: 2 index: 2. (index mismatch)
I20260710 13:24:35.355222 28063 consensus_queue.cc:1048] T b0f5643fc22f4ce1a605cd5aa9ae5e3b P cfca449fb203459ba5c31d0c3c4f5d50 [LEADER]: Connected to new peer: Peer: permanent_uuid: "63808bca9b664ccfa6d22661ee9da5f6" member_type: VOTER last_known_addr { host: "127.26.151.193" port: 39601 }, Status: LMP_MISMATCH, Last received: 0.0, Next index: 2, Last known committed idx: 1, Time since last communication: 0.000s
I20260710 13:24:35.360458 27940 raft_consensus.cc:1275] T f49aed3f70e84f20a5189377d42701ac P 3003f19bcd594e61be1406b8270e9101 [term 2 FOLLOWER]: Refusing update from remote peer 63808bca9b664ccfa6d22661ee9da5f6: Log matching property violated. Preceding OpId in replica: term: 1 index: 1. Preceding OpId from leader: term: 2 index: 2. (index mismatch)
I20260710 13:24:35.361703 28093 consensus_queue.cc:1048] T f49aed3f70e84f20a5189377d42701ac P 63808bca9b664ccfa6d22661ee9da5f6 [LEADER]: Connected to new peer: Peer: permanent_uuid: "3003f19bcd594e61be1406b8270e9101" member_type: VOTER last_known_addr { host: "127.26.151.194" port: 36401 }, Status: LMP_MISMATCH, Last received: 0.0, Next index: 2, Last known committed idx: 1, Time since last communication: 0.000s
I20260710 13:24:35.398054 28013 raft_consensus.cc:1275] T 9a815a0d12ce4f1e91925d4f22711401 P cfca449fb203459ba5c31d0c3c4f5d50 [term 2 FOLLOWER]: Refusing update from remote peer 3003f19bcd594e61be1406b8270e9101: Log matching property violated. Preceding OpId in replica: term: 1 index: 1. Preceding OpId from leader: term: 2 index: 2. (index mismatch)
I20260710 13:24:35.399214 28078 consensus_queue.cc:1048] T 9a815a0d12ce4f1e91925d4f22711401 P 3003f19bcd594e61be1406b8270e9101 [LEADER]: Connected to new peer: Peer: permanent_uuid: "cfca449fb203459ba5c31d0c3c4f5d50" member_type: VOTER last_known_addr { host: "127.26.151.195" port: 44861 }, Status: LMP_MISMATCH, Last received: 0.0, Next index: 2, Last known committed idx: 1, Time since last communication: 0.000s
I20260710 13:24:35.406883 27864 raft_consensus.cc:1275] T 9a815a0d12ce4f1e91925d4f22711401 P 63808bca9b664ccfa6d22661ee9da5f6 [term 2 FOLLOWER]: Refusing update from remote peer 3003f19bcd594e61be1406b8270e9101: Log matching property violated. Preceding OpId in replica: term: 1 index: 1. Preceding OpId from leader: term: 2 index: 2. (index mismatch)
I20260710 13:24:35.408476 28062 consensus_queue.cc:1048] T 9a815a0d12ce4f1e91925d4f22711401 P 3003f19bcd594e61be1406b8270e9101 [LEADER]: Connected to new peer: Peer: permanent_uuid: "63808bca9b664ccfa6d22661ee9da5f6" member_type: VOTER last_known_addr { host: "127.26.151.193" port: 39601 }, Status: LMP_MISMATCH, Last received: 0.0, Next index: 2, Last known committed idx: 1, Time since last communication: 0.000s
I20260710 13:24:35.439878 28013 raft_consensus.cc:1275] T 660bb531a02f4f15bef2a81dafb18b20 P cfca449fb203459ba5c31d0c3c4f5d50 [term 2 FOLLOWER]: Refusing update from remote peer 63808bca9b664ccfa6d22661ee9da5f6: Log matching property violated. Preceding OpId in replica: term: 1 index: 1. Preceding OpId from leader: term: 2 index: 2. (index mismatch)
I20260710 13:24:35.441406 28058 consensus_queue.cc:1048] T 660bb531a02f4f15bef2a81dafb18b20 P 63808bca9b664ccfa6d22661ee9da5f6 [LEADER]: Connected to new peer: Peer: permanent_uuid: "cfca449fb203459ba5c31d0c3c4f5d50" member_type: VOTER last_known_addr { host: "127.26.151.195" port: 44861 }, Status: LMP_MISMATCH, Last received: 0.0, Next index: 2, Last known committed idx: 1, Time since last communication: 0.000s
I20260710 13:24:35.442126 27864 raft_consensus.cc:1275] T 95db9bafc80747a98a676cfaf022ef18 P 63808bca9b664ccfa6d22661ee9da5f6 [term 2 FOLLOWER]: Refusing update from remote peer 3003f19bcd594e61be1406b8270e9101: Log matching property violated. Preceding OpId in replica: term: 1 index: 1. Preceding OpId from leader: term: 2 index: 2. (index mismatch)
I20260710 13:24:35.442724 27940 raft_consensus.cc:1275] T 99e1818ee08e4b2b853361c78fe5be22 P 3003f19bcd594e61be1406b8270e9101 [term 2 FOLLOWER]: Refusing update from remote peer 63808bca9b664ccfa6d22661ee9da5f6: Log matching property violated. Preceding OpId in replica: term: 1 index: 1. Preceding OpId from leader: term: 2 index: 2. (index mismatch)
I20260710 13:24:35.443496 28062 consensus_queue.cc:1048] T 95db9bafc80747a98a676cfaf022ef18 P 3003f19bcd594e61be1406b8270e9101 [LEADER]: Connected to new peer: Peer: permanent_uuid: "63808bca9b664ccfa6d22661ee9da5f6" member_type: VOTER last_known_addr { host: "127.26.151.193" port: 39601 }, Status: LMP_MISMATCH, Last received: 0.0, Next index: 2, Last known committed idx: 1, Time since last communication: 0.000s
I20260710 13:24:35.444105 28058 consensus_queue.cc:1048] T 99e1818ee08e4b2b853361c78fe5be22 P 63808bca9b664ccfa6d22661ee9da5f6 [LEADER]: Connected to new peer: Peer: permanent_uuid: "3003f19bcd594e61be1406b8270e9101" member_type: VOTER last_known_addr { host: "127.26.151.194" port: 36401 }, Status: LMP_MISMATCH, Last received: 0.0, Next index: 2, Last known committed idx: 1, Time since last communication: 0.000s
I20260710 13:24:35.454133 27940 raft_consensus.cc:1275] T 660bb531a02f4f15bef2a81dafb18b20 P 3003f19bcd594e61be1406b8270e9101 [term 2 FOLLOWER]: Refusing update from remote peer 63808bca9b664ccfa6d22661ee9da5f6: Log matching property violated. Preceding OpId in replica: term: 1 index: 1. Preceding OpId from leader: term: 2 index: 2. (index mismatch)
I20260710 13:24:35.457968 28014 raft_consensus.cc:1275] T 99e1818ee08e4b2b853361c78fe5be22 P cfca449fb203459ba5c31d0c3c4f5d50 [term 2 FOLLOWER]: Refusing update from remote peer 63808bca9b664ccfa6d22661ee9da5f6: Log matching property violated. Preceding OpId in replica: term: 1 index: 1. Preceding OpId from leader: term: 2 index: 2. (index mismatch)
I20260710 13:24:35.457909 28107 consensus_queue.cc:1048] T 660bb531a02f4f15bef2a81dafb18b20 P 63808bca9b664ccfa6d22661ee9da5f6 [LEADER]: Connected to new peer: Peer: permanent_uuid: "3003f19bcd594e61be1406b8270e9101" member_type: VOTER last_known_addr { host: "127.26.151.194" port: 36401 }, Status: LMP_MISMATCH, Last received: 0.0, Next index: 2, Last known committed idx: 1, Time since last communication: 0.000s
I20260710 13:24:35.459321 28013 raft_consensus.cc:1275] T 95db9bafc80747a98a676cfaf022ef18 P cfca449fb203459ba5c31d0c3c4f5d50 [term 2 FOLLOWER]: Refusing update from remote peer 3003f19bcd594e61be1406b8270e9101: Log matching property violated. Preceding OpId in replica: term: 1 index: 1. Preceding OpId from leader: term: 2 index: 2. (index mismatch)
I20260710 13:24:35.460402 28107 consensus_queue.cc:1048] T 99e1818ee08e4b2b853361c78fe5be22 P 63808bca9b664ccfa6d22661ee9da5f6 [LEADER]: Connected to new peer: Peer: permanent_uuid: "cfca449fb203459ba5c31d0c3c4f5d50" member_type: VOTER last_known_addr { host: "127.26.151.195" port: 44861 }, Status: LMP_MISMATCH, Last received: 0.0, Next index: 2, Last known committed idx: 1, Time since last communication: 0.000s
I20260710 13:24:35.460953 28078 consensus_queue.cc:1048] T 95db9bafc80747a98a676cfaf022ef18 P 3003f19bcd594e61be1406b8270e9101 [LEADER]: Connected to new peer: Peer: permanent_uuid: "cfca449fb203459ba5c31d0c3c4f5d50" member_type: VOTER last_known_addr { host: "127.26.151.195" port: 44861 }, Status: LMP_MISMATCH, Last received: 0.0, Next index: 2, Last known committed idx: 1, Time since last communication: 0.000s
I20260710 13:24:37.504338 27231 auto_leader_rebalancer-test.cc:348] The leader distribution is 
I20260710 13:24:37.505029 27231 auto_leader_rebalancer.cc:141] leader rebalance for table test-workload
I20260710 13:24:37.519819 27864 tablet_service.cc:2072] Received LeaderStepDown RPC: tablet_id: "660bb531a02f4f15bef2a81dafb18b20"
dest_uuid: "63808bca9b664ccfa6d22661ee9da5f6"
mode: GRACEFUL
new_leader_uuid: "cfca449fb203459ba5c31d0c3c4f5d50"
 from {username='slave'} at 127.0.0.1:37684
I20260710 13:24:37.520310 27864 raft_consensus.cc:606] T 660bb531a02f4f15bef2a81dafb18b20 P 63808bca9b664ccfa6d22661ee9da5f6 [term 2 LEADER]: Received request to transfer leadership to TS cfca449fb203459ba5c31d0c3c4f5d50
I20260710 13:24:37.522600 27864 tablet_service.cc:2072] Received LeaderStepDown RPC: tablet_id: "99e1818ee08e4b2b853361c78fe5be22"
dest_uuid: "63808bca9b664ccfa6d22661ee9da5f6"
mode: GRACEFUL
new_leader_uuid: "cfca449fb203459ba5c31d0c3c4f5d50"
 from {username='slave'} at 127.0.0.1:37684
I20260710 13:24:37.523084 27864 raft_consensus.cc:606] T 99e1818ee08e4b2b853361c78fe5be22 P 63808bca9b664ccfa6d22661ee9da5f6 [term 2 LEADER]: Received request to transfer leadership to TS cfca449fb203459ba5c31d0c3c4f5d50
I20260710 13:24:37.524006 27231 auto_leader_rebalancer.cc:479] table: test-workload, leader rebalance finish, leader transfer count: 2
I20260710 13:24:37.524441 27231 auto_leader_rebalancer.cc:554] All tables' leader rebalancing finished this round
I20260710 13:24:37.674095 28107 raft_consensus.cc:993] T 99e1818ee08e4b2b853361c78fe5be22 P 63808bca9b664ccfa6d22661ee9da5f6: : Instructing follower cfca449fb203459ba5c31d0c3c4f5d50 to start an election
I20260710 13:24:37.674557 28153 raft_consensus.cc:1081] T 99e1818ee08e4b2b853361c78fe5be22 P 63808bca9b664ccfa6d22661ee9da5f6 [term 2 LEADER]: Signalling peer cfca449fb203459ba5c31d0c3c4f5d50 to start an election
I20260710 13:24:37.676028 28014 tablet_service.cc:2044] Received Run Leader Election RPC: tablet_id: "99e1818ee08e4b2b853361c78fe5be22"
dest_uuid: "cfca449fb203459ba5c31d0c3c4f5d50"
 from {username='slave'} at 127.0.0.1:48936
I20260710 13:24:37.676436 28014 raft_consensus.cc:493] T 99e1818ee08e4b2b853361c78fe5be22 P cfca449fb203459ba5c31d0c3c4f5d50 [term 2 FOLLOWER]: Starting forced leader election (received explicit request)
I20260710 13:24:37.676687 28014 raft_consensus.cc:3060] T 99e1818ee08e4b2b853361c78fe5be22 P cfca449fb203459ba5c31d0c3c4f5d50 [term 2 FOLLOWER]: Advancing to term 3
I20260710 13:24:37.680943 28014 raft_consensus.cc:515] T 99e1818ee08e4b2b853361c78fe5be22 P cfca449fb203459ba5c31d0c3c4f5d50 [term 3 FOLLOWER]: Starting forced leader election with config: opid_index: -1 OBSOLETE_local: false peers { permanent_uuid: "63808bca9b664ccfa6d22661ee9da5f6" member_type: VOTER last_known_addr { host: "127.26.151.193" port: 39601 } } peers { permanent_uuid: "3003f19bcd594e61be1406b8270e9101" member_type: VOTER last_known_addr { host: "127.26.151.194" port: 36401 } } peers { permanent_uuid: "cfca449fb203459ba5c31d0c3c4f5d50" member_type: VOTER last_known_addr { host: "127.26.151.195" port: 44861 } }
I20260710 13:24:37.682327 28014 leader_election.cc:290] T 99e1818ee08e4b2b853361c78fe5be22 P cfca449fb203459ba5c31d0c3c4f5d50 [CANDIDATE]: Term 3 election: Requested vote from peers 63808bca9b664ccfa6d22661ee9da5f6 (127.26.151.193:39601), 3003f19bcd594e61be1406b8270e9101 (127.26.151.194:36401)
I20260710 13:24:37.683228 27864 tablet_service.cc:1917] Received RequestConsensusVote() RPC: tablet_id: "99e1818ee08e4b2b853361c78fe5be22" candidate_uuid: "cfca449fb203459ba5c31d0c3c4f5d50" candidate_term: 3 candidate_status { last_received { term: 2 index: 2 } } ignore_live_leader: true dest_uuid: "63808bca9b664ccfa6d22661ee9da5f6"
I20260710 13:24:37.683414 27940 tablet_service.cc:1917] Received RequestConsensusVote() RPC: tablet_id: "99e1818ee08e4b2b853361c78fe5be22" candidate_uuid: "cfca449fb203459ba5c31d0c3c4f5d50" candidate_term: 3 candidate_status { last_received { term: 2 index: 2 } } ignore_live_leader: true dest_uuid: "3003f19bcd594e61be1406b8270e9101"
I20260710 13:24:37.683925 27864 raft_consensus.cc:3055] T 99e1818ee08e4b2b853361c78fe5be22 P 63808bca9b664ccfa6d22661ee9da5f6 [term 2 LEADER]: Stepping down as leader of term 2
I20260710 13:24:37.684064 27940 raft_consensus.cc:3060] T 99e1818ee08e4b2b853361c78fe5be22 P 3003f19bcd594e61be1406b8270e9101 [term 2 FOLLOWER]: Advancing to term 3
I20260710 13:24:37.684333 27864 raft_consensus.cc:740] T 99e1818ee08e4b2b853361c78fe5be22 P 63808bca9b664ccfa6d22661ee9da5f6 [term 2 LEADER]: Becoming Follower/Learner. State: Replica: 63808bca9b664ccfa6d22661ee9da5f6, State: Running, Role: LEADER
I20260710 13:24:37.685110 27864 consensus_queue.cc:260] T 99e1818ee08e4b2b853361c78fe5be22 P 63808bca9b664ccfa6d22661ee9da5f6 [NON_LEADER]: Queue going to NON_LEADER mode. State: All replicated index: 0, Majority replicated index: 2, Committed index: 2, Last appended: 2.2, Last appended by leader: 2, Current term: 2, Majority size: -1, State: 0, Mode: NON_LEADER, active raft config: opid_index: -1 OBSOLETE_local: false peers { permanent_uuid: "63808bca9b664ccfa6d22661ee9da5f6" member_type: VOTER last_known_addr { host: "127.26.151.193" port: 39601 } } peers { permanent_uuid: "3003f19bcd594e61be1406b8270e9101" member_type: VOTER last_known_addr { host: "127.26.151.194" port: 36401 } } peers { permanent_uuid: "cfca449fb203459ba5c31d0c3c4f5d50" member_type: VOTER last_known_addr { host: "127.26.151.195" port: 44861 } }
I20260710 13:24:37.686077 27864 raft_consensus.cc:3060] T 99e1818ee08e4b2b853361c78fe5be22 P 63808bca9b664ccfa6d22661ee9da5f6 [term 2 FOLLOWER]: Advancing to term 3
I20260710 13:24:37.688648 27940 raft_consensus.cc:2468] T 99e1818ee08e4b2b853361c78fe5be22 P 3003f19bcd594e61be1406b8270e9101 [term 3 FOLLOWER]: Leader election vote request: Granting yes vote for candidate cfca449fb203459ba5c31d0c3c4f5d50 in term 3.
I20260710 13:24:37.689863 27980 leader_election.cc:304] T 99e1818ee08e4b2b853361c78fe5be22 P cfca449fb203459ba5c31d0c3c4f5d50 [CANDIDATE]: Term 3 election: Election decided. Result: candidate won. Election summary: received 2 responses out of 3 voters: 2 yes votes; 0 no votes. yes voters: 3003f19bcd594e61be1406b8270e9101, cfca449fb203459ba5c31d0c3c4f5d50; no voters: 
I20260710 13:24:37.690501 28149 raft_consensus.cc:2804] T 99e1818ee08e4b2b853361c78fe5be22 P cfca449fb203459ba5c31d0c3c4f5d50 [term 3 FOLLOWER]: Leader election won for term 3
I20260710 13:24:37.690881 28149 raft_consensus.cc:697] T 99e1818ee08e4b2b853361c78fe5be22 P cfca449fb203459ba5c31d0c3c4f5d50 [term 3 LEADER]: Becoming Leader. State: Replica: cfca449fb203459ba5c31d0c3c4f5d50, State: Running, Role: LEADER
I20260710 13:24:37.691586 28149 consensus_queue.cc:237] T 99e1818ee08e4b2b853361c78fe5be22 P cfca449fb203459ba5c31d0c3c4f5d50 [LEADER]: Queue going to LEADER mode. State: All replicated index: 0, Majority replicated index: 2, Committed index: 2, Last appended: 2.2, Last appended by leader: 2, Current term: 3, Majority size: 2, State: 0, Mode: LEADER, active raft config: opid_index: -1 OBSOLETE_local: false peers { permanent_uuid: "63808bca9b664ccfa6d22661ee9da5f6" member_type: VOTER last_known_addr { host: "127.26.151.193" port: 39601 } } peers { permanent_uuid: "3003f19bcd594e61be1406b8270e9101" member_type: VOTER last_known_addr { host: "127.26.151.194" port: 36401 } } peers { permanent_uuid: "cfca449fb203459ba5c31d0c3c4f5d50" member_type: VOTER last_known_addr { host: "127.26.151.195" port: 44861 } }
I20260710 13:24:37.692209 27864 raft_consensus.cc:2468] T 99e1818ee08e4b2b853361c78fe5be22 P 63808bca9b664ccfa6d22661ee9da5f6 [term 3 FOLLOWER]: Leader election vote request: Granting yes vote for candidate cfca449fb203459ba5c31d0c3c4f5d50 in term 3.
I20260710 13:24:37.697794 27763 catalog_manager.cc:5697] T 99e1818ee08e4b2b853361c78fe5be22 P cfca449fb203459ba5c31d0c3c4f5d50 reported cstate change: term changed from 2 to 3, leader changed from 63808bca9b664ccfa6d22661ee9da5f6 (127.26.151.193) to cfca449fb203459ba5c31d0c3c4f5d50 (127.26.151.195). New cstate: current_term: 3 leader_uuid: "cfca449fb203459ba5c31d0c3c4f5d50" committed_config { opid_index: -1 OBSOLETE_local: false peers { permanent_uuid: "63808bca9b664ccfa6d22661ee9da5f6" member_type: VOTER last_known_addr { host: "127.26.151.193" port: 39601 } health_report { overall_health: UNKNOWN } } peers { permanent_uuid: "3003f19bcd594e61be1406b8270e9101" member_type: VOTER last_known_addr { host: "127.26.151.194" port: 36401 } health_report { overall_health: UNKNOWN } } peers { permanent_uuid: "cfca449fb203459ba5c31d0c3c4f5d50" member_type: VOTER last_known_addr { host: "127.26.151.195" port: 44861 } health_report { overall_health: HEALTHY } } }
I20260710 13:24:37.822897 28107 raft_consensus.cc:993] T 660bb531a02f4f15bef2a81dafb18b20 P 63808bca9b664ccfa6d22661ee9da5f6: : Instructing follower cfca449fb203459ba5c31d0c3c4f5d50 to start an election
I20260710 13:24:37.823305 28153 raft_consensus.cc:1081] T 660bb531a02f4f15bef2a81dafb18b20 P 63808bca9b664ccfa6d22661ee9da5f6 [term 2 LEADER]: Signalling peer cfca449fb203459ba5c31d0c3c4f5d50 to start an election
I20260710 13:24:37.824564 28014 tablet_service.cc:2044] Received Run Leader Election RPC: tablet_id: "660bb531a02f4f15bef2a81dafb18b20"
dest_uuid: "cfca449fb203459ba5c31d0c3c4f5d50"
 from {username='slave'} at 127.0.0.1:48936
I20260710 13:24:37.824911 28014 raft_consensus.cc:493] T 660bb531a02f4f15bef2a81dafb18b20 P cfca449fb203459ba5c31d0c3c4f5d50 [term 2 FOLLOWER]: Starting forced leader election (received explicit request)
I20260710 13:24:37.825120 28014 raft_consensus.cc:3060] T 660bb531a02f4f15bef2a81dafb18b20 P cfca449fb203459ba5c31d0c3c4f5d50 [term 2 FOLLOWER]: Advancing to term 3
I20260710 13:24:37.828815 28014 raft_consensus.cc:515] T 660bb531a02f4f15bef2a81dafb18b20 P cfca449fb203459ba5c31d0c3c4f5d50 [term 3 FOLLOWER]: Starting forced leader election with config: opid_index: -1 OBSOLETE_local: false peers { permanent_uuid: "63808bca9b664ccfa6d22661ee9da5f6" member_type: VOTER last_known_addr { host: "127.26.151.193" port: 39601 } } peers { permanent_uuid: "3003f19bcd594e61be1406b8270e9101" member_type: VOTER last_known_addr { host: "127.26.151.194" port: 36401 } } peers { permanent_uuid: "cfca449fb203459ba5c31d0c3c4f5d50" member_type: VOTER last_known_addr { host: "127.26.151.195" port: 44861 } }
I20260710 13:24:37.830086 28014 leader_election.cc:290] T 660bb531a02f4f15bef2a81dafb18b20 P cfca449fb203459ba5c31d0c3c4f5d50 [CANDIDATE]: Term 3 election: Requested vote from peers 63808bca9b664ccfa6d22661ee9da5f6 (127.26.151.193:39601), 3003f19bcd594e61be1406b8270e9101 (127.26.151.194:36401)
I20260710 13:24:37.831123 27864 tablet_service.cc:1917] Received RequestConsensusVote() RPC: tablet_id: "660bb531a02f4f15bef2a81dafb18b20" candidate_uuid: "cfca449fb203459ba5c31d0c3c4f5d50" candidate_term: 3 candidate_status { last_received { term: 2 index: 2 } } ignore_live_leader: true dest_uuid: "63808bca9b664ccfa6d22661ee9da5f6"
I20260710 13:24:37.831283 27940 tablet_service.cc:1917] Received RequestConsensusVote() RPC: tablet_id: "660bb531a02f4f15bef2a81dafb18b20" candidate_uuid: "cfca449fb203459ba5c31d0c3c4f5d50" candidate_term: 3 candidate_status { last_received { term: 2 index: 2 } } ignore_live_leader: true dest_uuid: "3003f19bcd594e61be1406b8270e9101"
I20260710 13:24:37.831586 27864 raft_consensus.cc:3055] T 660bb531a02f4f15bef2a81dafb18b20 P 63808bca9b664ccfa6d22661ee9da5f6 [term 2 LEADER]: Stepping down as leader of term 2
I20260710 13:24:37.831914 27864 raft_consensus.cc:740] T 660bb531a02f4f15bef2a81dafb18b20 P 63808bca9b664ccfa6d22661ee9da5f6 [term 2 LEADER]: Becoming Follower/Learner. State: Replica: 63808bca9b664ccfa6d22661ee9da5f6, State: Running, Role: LEADER
I20260710 13:24:37.831954 27940 raft_consensus.cc:3060] T 660bb531a02f4f15bef2a81dafb18b20 P 3003f19bcd594e61be1406b8270e9101 [term 2 FOLLOWER]: Advancing to term 3
I20260710 13:24:37.832597 27864 consensus_queue.cc:260] T 660bb531a02f4f15bef2a81dafb18b20 P 63808bca9b664ccfa6d22661ee9da5f6 [NON_LEADER]: Queue going to NON_LEADER mode. State: All replicated index: 0, Majority replicated index: 2, Committed index: 2, Last appended: 2.2, Last appended by leader: 2, Current term: 2, Majority size: -1, State: 0, Mode: NON_LEADER, active raft config: opid_index: -1 OBSOLETE_local: false peers { permanent_uuid: "63808bca9b664ccfa6d22661ee9da5f6" member_type: VOTER last_known_addr { host: "127.26.151.193" port: 39601 } } peers { permanent_uuid: "3003f19bcd594e61be1406b8270e9101" member_type: VOTER last_known_addr { host: "127.26.151.194" port: 36401 } } peers { permanent_uuid: "cfca449fb203459ba5c31d0c3c4f5d50" member_type: VOTER last_known_addr { host: "127.26.151.195" port: 44861 } }
I20260710 13:24:37.833453 27864 raft_consensus.cc:3060] T 660bb531a02f4f15bef2a81dafb18b20 P 63808bca9b664ccfa6d22661ee9da5f6 [term 2 FOLLOWER]: Advancing to term 3
I20260710 13:24:37.837322 27864 raft_consensus.cc:2468] T 660bb531a02f4f15bef2a81dafb18b20 P 63808bca9b664ccfa6d22661ee9da5f6 [term 3 FOLLOWER]: Leader election vote request: Granting yes vote for candidate cfca449fb203459ba5c31d0c3c4f5d50 in term 3.
I20260710 13:24:37.837325 27940 raft_consensus.cc:2468] T 660bb531a02f4f15bef2a81dafb18b20 P 3003f19bcd594e61be1406b8270e9101 [term 3 FOLLOWER]: Leader election vote request: Granting yes vote for candidate cfca449fb203459ba5c31d0c3c4f5d50 in term 3.
I20260710 13:24:37.838400 27977 leader_election.cc:304] T 660bb531a02f4f15bef2a81dafb18b20 P cfca449fb203459ba5c31d0c3c4f5d50 [CANDIDATE]: Term 3 election: Election decided. Result: candidate won. Election summary: received 2 responses out of 3 voters: 2 yes votes; 0 no votes. yes voters: 63808bca9b664ccfa6d22661ee9da5f6, cfca449fb203459ba5c31d0c3c4f5d50; no voters: 
I20260710 13:24:37.839124 28149 raft_consensus.cc:2804] T 660bb531a02f4f15bef2a81dafb18b20 P cfca449fb203459ba5c31d0c3c4f5d50 [term 3 FOLLOWER]: Leader election won for term 3
I20260710 13:24:37.839555 28149 raft_consensus.cc:697] T 660bb531a02f4f15bef2a81dafb18b20 P cfca449fb203459ba5c31d0c3c4f5d50 [term 3 LEADER]: Becoming Leader. State: Replica: cfca449fb203459ba5c31d0c3c4f5d50, State: Running, Role: LEADER
I20260710 13:24:37.840258 28149 consensus_queue.cc:237] T 660bb531a02f4f15bef2a81dafb18b20 P cfca449fb203459ba5c31d0c3c4f5d50 [LEADER]: Queue going to LEADER mode. State: All replicated index: 0, Majority replicated index: 2, Committed index: 2, Last appended: 2.2, Last appended by leader: 2, Current term: 3, Majority size: 2, State: 0, Mode: LEADER, active raft config: opid_index: -1 OBSOLETE_local: false peers { permanent_uuid: "63808bca9b664ccfa6d22661ee9da5f6" member_type: VOTER last_known_addr { host: "127.26.151.193" port: 39601 } } peers { permanent_uuid: "3003f19bcd594e61be1406b8270e9101" member_type: VOTER last_known_addr { host: "127.26.151.194" port: 36401 } } peers { permanent_uuid: "cfca449fb203459ba5c31d0c3c4f5d50" member_type: VOTER last_known_addr { host: "127.26.151.195" port: 44861 } }
I20260710 13:24:37.846246 27763 catalog_manager.cc:5697] T 660bb531a02f4f15bef2a81dafb18b20 P cfca449fb203459ba5c31d0c3c4f5d50 reported cstate change: term changed from 2 to 3, leader changed from 63808bca9b664ccfa6d22661ee9da5f6 (127.26.151.193) to cfca449fb203459ba5c31d0c3c4f5d50 (127.26.151.195). New cstate: current_term: 3 leader_uuid: "cfca449fb203459ba5c31d0c3c4f5d50" committed_config { opid_index: -1 OBSOLETE_local: false peers { permanent_uuid: "63808bca9b664ccfa6d22661ee9da5f6" member_type: VOTER last_known_addr { host: "127.26.151.193" port: 39601 } health_report { overall_health: UNKNOWN } } peers { permanent_uuid: "3003f19bcd594e61be1406b8270e9101" member_type: VOTER last_known_addr { host: "127.26.151.194" port: 36401 } health_report { overall_health: UNKNOWN } } peers { permanent_uuid: "cfca449fb203459ba5c31d0c3c4f5d50" member_type: VOTER last_known_addr { host: "127.26.151.195" port: 44861 } health_report { overall_health: HEALTHY } } }
I20260710 13:24:38.275049 27864 raft_consensus.cc:1275] T 99e1818ee08e4b2b853361c78fe5be22 P 63808bca9b664ccfa6d22661ee9da5f6 [term 3 FOLLOWER]: Refusing update from remote peer cfca449fb203459ba5c31d0c3c4f5d50: Log matching property violated. Preceding OpId in replica: term: 2 index: 2. Preceding OpId from leader: term: 3 index: 3. (index mismatch)
I20260710 13:24:38.276304 28149 consensus_queue.cc:1048] T 99e1818ee08e4b2b853361c78fe5be22 P cfca449fb203459ba5c31d0c3c4f5d50 [LEADER]: Connected to new peer: Peer: permanent_uuid: "63808bca9b664ccfa6d22661ee9da5f6" member_type: VOTER last_known_addr { host: "127.26.151.193" port: 39601 }, Status: LMP_MISMATCH, Last received: 0.0, Next index: 3, Last known committed idx: 2, Time since last communication: 0.000s
I20260710 13:24:38.286595 27940 raft_consensus.cc:1275] T 99e1818ee08e4b2b853361c78fe5be22 P 3003f19bcd594e61be1406b8270e9101 [term 3 FOLLOWER]: Refusing update from remote peer cfca449fb203459ba5c31d0c3c4f5d50: Log matching property violated. Preceding OpId in replica: term: 2 index: 2. Preceding OpId from leader: term: 3 index: 3. (index mismatch)
I20260710 13:24:38.288575 28162 consensus_queue.cc:1048] T 99e1818ee08e4b2b853361c78fe5be22 P cfca449fb203459ba5c31d0c3c4f5d50 [LEADER]: Connected to new peer: Peer: permanent_uuid: "3003f19bcd594e61be1406b8270e9101" member_type: VOTER last_known_addr { host: "127.26.151.194" port: 36401 }, Status: LMP_MISMATCH, Last received: 0.0, Next index: 3, Last known committed idx: 2, Time since last communication: 0.000s
I20260710 13:24:38.405381 27864 raft_consensus.cc:1275] T 660bb531a02f4f15bef2a81dafb18b20 P 63808bca9b664ccfa6d22661ee9da5f6 [term 3 FOLLOWER]: Refusing update from remote peer cfca449fb203459ba5c31d0c3c4f5d50: Log matching property violated. Preceding OpId in replica: term: 2 index: 2. Preceding OpId from leader: term: 3 index: 3. (index mismatch)
I20260710 13:24:38.406509 28162 consensus_queue.cc:1048] T 660bb531a02f4f15bef2a81dafb18b20 P cfca449fb203459ba5c31d0c3c4f5d50 [LEADER]: Connected to new peer: Peer: permanent_uuid: "63808bca9b664ccfa6d22661ee9da5f6" member_type: VOTER last_known_addr { host: "127.26.151.193" port: 39601 }, Status: LMP_MISMATCH, Last received: 0.0, Next index: 3, Last known committed idx: 2, Time since last communication: 0.000s
I20260710 13:24:38.414938 27940 raft_consensus.cc:1275] T 660bb531a02f4f15bef2a81dafb18b20 P 3003f19bcd594e61be1406b8270e9101 [term 3 FOLLOWER]: Refusing update from remote peer cfca449fb203459ba5c31d0c3c4f5d50: Log matching property violated. Preceding OpId in replica: term: 2 index: 2. Preceding OpId from leader: term: 3 index: 3. (index mismatch)
I20260710 13:24:38.416009 28162 consensus_queue.cc:1048] T 660bb531a02f4f15bef2a81dafb18b20 P cfca449fb203459ba5c31d0c3c4f5d50 [LEADER]: Connected to new peer: Peer: permanent_uuid: "3003f19bcd594e61be1406b8270e9101" member_type: VOTER last_known_addr { host: "127.26.151.194" port: 36401 }, Status: LMP_MISMATCH, Last received: 0.0, Next index: 3, Last known committed idx: 2, Time since last communication: 0.000s
I20260710 13:24:38.525230 27231 auto_leader_rebalancer.cc:141] leader rebalance for table test-workload
I20260710 13:24:38.540819 28014 tablet_service.cc:2072] Received LeaderStepDown RPC: tablet_id: "99e1818ee08e4b2b853361c78fe5be22"
dest_uuid: "cfca449fb203459ba5c31d0c3c4f5d50"
mode: GRACEFUL
new_leader_uuid: "63808bca9b664ccfa6d22661ee9da5f6"
 from {username='slave'} at 127.0.0.1:48942
I20260710 13:24:38.541396 28014 raft_consensus.cc:606] T 99e1818ee08e4b2b853361c78fe5be22 P cfca449fb203459ba5c31d0c3c4f5d50 [term 3 LEADER]: Received request to transfer leadership to TS 63808bca9b664ccfa6d22661ee9da5f6
I20260710 13:24:38.547593 28014 tablet_service.cc:2072] Received LeaderStepDown RPC: tablet_id: "660bb531a02f4f15bef2a81dafb18b20"
dest_uuid: "cfca449fb203459ba5c31d0c3c4f5d50"
mode: GRACEFUL
new_leader_uuid: "63808bca9b664ccfa6d22661ee9da5f6"
 from {username='slave'} at 127.0.0.1:48942
I20260710 13:24:38.548077 28014 raft_consensus.cc:606] T 660bb531a02f4f15bef2a81dafb18b20 P cfca449fb203459ba5c31d0c3c4f5d50 [term 3 LEADER]: Received request to transfer leadership to TS 63808bca9b664ccfa6d22661ee9da5f6
I20260710 13:24:38.552311 27940 tablet_service.cc:2072] Received LeaderStepDown RPC: tablet_id: "95db9bafc80747a98a676cfaf022ef18"
dest_uuid: "3003f19bcd594e61be1406b8270e9101"
mode: GRACEFUL
new_leader_uuid: "63808bca9b664ccfa6d22661ee9da5f6"
 from {username='slave'} at 127.0.0.1:57736
I20260710 13:24:38.552728 27940 raft_consensus.cc:606] T 95db9bafc80747a98a676cfaf022ef18 P 3003f19bcd594e61be1406b8270e9101 [term 2 LEADER]: Received request to transfer leadership to TS 63808bca9b664ccfa6d22661ee9da5f6
I20260710 13:24:38.557193 27940 tablet_service.cc:2072] Received LeaderStepDown RPC: tablet_id: "29c05a82d1ff4eab82d3795b7dc3f52d"
dest_uuid: "3003f19bcd594e61be1406b8270e9101"
mode: GRACEFUL
new_leader_uuid: "63808bca9b664ccfa6d22661ee9da5f6"
 from {username='slave'} at 127.0.0.1:57736
I20260710 13:24:38.557600 27940 raft_consensus.cc:606] T 29c05a82d1ff4eab82d3795b7dc3f52d P 3003f19bcd594e61be1406b8270e9101 [term 2 LEADER]: Received request to transfer leadership to TS 63808bca9b664ccfa6d22661ee9da5f6
I20260710 13:24:38.561815 27940 tablet_service.cc:2072] Received LeaderStepDown RPC: tablet_id: "9a815a0d12ce4f1e91925d4f22711401"
dest_uuid: "3003f19bcd594e61be1406b8270e9101"
mode: GRACEFUL
new_leader_uuid: "63808bca9b664ccfa6d22661ee9da5f6"
 from {username='slave'} at 127.0.0.1:57736
I20260710 13:24:38.562208 27940 raft_consensus.cc:606] T 9a815a0d12ce4f1e91925d4f22711401 P 3003f19bcd594e61be1406b8270e9101 [term 2 LEADER]: Received request to transfer leadership to TS 63808bca9b664ccfa6d22661ee9da5f6
I20260710 13:24:38.795445 28075 raft_consensus.cc:993] T 9a815a0d12ce4f1e91925d4f22711401 P 3003f19bcd594e61be1406b8270e9101: : Instructing follower 63808bca9b664ccfa6d22661ee9da5f6 to start an election
I20260710 13:24:38.796579 28075 raft_consensus.cc:1081] T 9a815a0d12ce4f1e91925d4f22711401 P 3003f19bcd594e61be1406b8270e9101 [term 2 LEADER]: Signalling peer 63808bca9b664ccfa6d22661ee9da5f6 to start an election
I20260710 13:24:38.798102 27864 tablet_service.cc:2044] Received Run Leader Election RPC: tablet_id: "9a815a0d12ce4f1e91925d4f22711401"
dest_uuid: "63808bca9b664ccfa6d22661ee9da5f6"
 from {username='slave'} at 127.0.0.1:40336
I20260710 13:24:38.798590 27864 raft_consensus.cc:493] T 9a815a0d12ce4f1e91925d4f22711401 P 63808bca9b664ccfa6d22661ee9da5f6 [term 2 FOLLOWER]: Starting forced leader election (received explicit request)
I20260710 13:24:38.798916 27864 raft_consensus.cc:3060] T 9a815a0d12ce4f1e91925d4f22711401 P 63808bca9b664ccfa6d22661ee9da5f6 [term 2 FOLLOWER]: Advancing to term 3
I20260710 13:24:38.800395 28149 raft_consensus.cc:993] T 660bb531a02f4f15bef2a81dafb18b20 P cfca449fb203459ba5c31d0c3c4f5d50: : Instructing follower 63808bca9b664ccfa6d22661ee9da5f6 to start an election
I20260710 13:24:38.800836 28149 raft_consensus.cc:1081] T 660bb531a02f4f15bef2a81dafb18b20 P cfca449fb203459ba5c31d0c3c4f5d50 [term 3 LEADER]: Signalling peer 63808bca9b664ccfa6d22661ee9da5f6 to start an election
I20260710 13:24:38.802116 27865 tablet_service.cc:2044] Received Run Leader Election RPC: tablet_id: "660bb531a02f4f15bef2a81dafb18b20"
dest_uuid: "63808bca9b664ccfa6d22661ee9da5f6"
 from {username='slave'} at 127.0.0.1:40338
I20260710 13:24:38.802556 27865 raft_consensus.cc:493] T 660bb531a02f4f15bef2a81dafb18b20 P 63808bca9b664ccfa6d22661ee9da5f6 [term 3 FOLLOWER]: Starting forced leader election (received explicit request)
I20260710 13:24:38.802845 27865 raft_consensus.cc:3060] T 660bb531a02f4f15bef2a81dafb18b20 P 63808bca9b664ccfa6d22661ee9da5f6 [term 3 FOLLOWER]: Advancing to term 4
I20260710 13:24:38.804955 27864 raft_consensus.cc:515] T 9a815a0d12ce4f1e91925d4f22711401 P 63808bca9b664ccfa6d22661ee9da5f6 [term 3 FOLLOWER]: Starting forced leader election with config: opid_index: -1 OBSOLETE_local: false peers { permanent_uuid: "63808bca9b664ccfa6d22661ee9da5f6" member_type: VOTER last_known_addr { host: "127.26.151.193" port: 39601 } } peers { permanent_uuid: "3003f19bcd594e61be1406b8270e9101" member_type: VOTER last_known_addr { host: "127.26.151.194" port: 36401 } } peers { permanent_uuid: "cfca449fb203459ba5c31d0c3c4f5d50" member_type: VOTER last_known_addr { host: "127.26.151.195" port: 44861 } }
I20260710 13:24:38.806764 27864 leader_election.cc:290] T 9a815a0d12ce4f1e91925d4f22711401 P 63808bca9b664ccfa6d22661ee9da5f6 [CANDIDATE]: Term 3 election: Requested vote from peers 3003f19bcd594e61be1406b8270e9101 (127.26.151.194:36401), cfca449fb203459ba5c31d0c3c4f5d50 (127.26.151.195:44861)
I20260710 13:24:38.807870 28014 tablet_service.cc:1917] Received RequestConsensusVote() RPC: tablet_id: "9a815a0d12ce4f1e91925d4f22711401" candidate_uuid: "63808bca9b664ccfa6d22661ee9da5f6" candidate_term: 3 candidate_status { last_received { term: 2 index: 2 } } ignore_live_leader: true dest_uuid: "cfca449fb203459ba5c31d0c3c4f5d50"
I20260710 13:24:38.807665 27865 raft_consensus.cc:515] T 660bb531a02f4f15bef2a81dafb18b20 P 63808bca9b664ccfa6d22661ee9da5f6 [term 4 FOLLOWER]: Starting forced leader election with config: opid_index: -1 OBSOLETE_local: false peers { permanent_uuid: "63808bca9b664ccfa6d22661ee9da5f6" member_type: VOTER last_known_addr { host: "127.26.151.193" port: 39601 } } peers { permanent_uuid: "3003f19bcd594e61be1406b8270e9101" member_type: VOTER last_known_addr { host: "127.26.151.194" port: 36401 } } peers { permanent_uuid: "cfca449fb203459ba5c31d0c3c4f5d50" member_type: VOTER last_known_addr { host: "127.26.151.195" port: 44861 } }
I20260710 13:24:38.808389 28014 raft_consensus.cc:3060] T 9a815a0d12ce4f1e91925d4f22711401 P cfca449fb203459ba5c31d0c3c4f5d50 [term 2 FOLLOWER]: Advancing to term 3
I20260710 13:24:38.810240 27940 tablet_service.cc:1917] Received RequestConsensusVote() RPC: tablet_id: "9a815a0d12ce4f1e91925d4f22711401" candidate_uuid: "63808bca9b664ccfa6d22661ee9da5f6" candidate_term: 3 candidate_status { last_received { term: 2 index: 2 } } ignore_live_leader: true dest_uuid: "3003f19bcd594e61be1406b8270e9101"
I20260710 13:24:38.810731 27940 raft_consensus.cc:3055] T 9a815a0d12ce4f1e91925d4f22711401 P 3003f19bcd594e61be1406b8270e9101 [term 2 LEADER]: Stepping down as leader of term 2
I20260710 13:24:38.810642 27939 tablet_service.cc:1917] Received RequestConsensusVote() RPC: tablet_id: "660bb531a02f4f15bef2a81dafb18b20" candidate_uuid: "63808bca9b664ccfa6d22661ee9da5f6" candidate_term: 4 candidate_status { last_received { term: 3 index: 3 } } ignore_live_leader: true dest_uuid: "3003f19bcd594e61be1406b8270e9101"
I20260710 13:24:38.811057 27940 raft_consensus.cc:740] T 9a815a0d12ce4f1e91925d4f22711401 P 3003f19bcd594e61be1406b8270e9101 [term 2 LEADER]: Becoming Follower/Learner. State: Replica: 3003f19bcd594e61be1406b8270e9101, State: Running, Role: LEADER
I20260710 13:24:38.811216 27939 raft_consensus.cc:3060] T 660bb531a02f4f15bef2a81dafb18b20 P 3003f19bcd594e61be1406b8270e9101 [term 3 FOLLOWER]: Advancing to term 4
I20260710 13:24:38.811753 27940 consensus_queue.cc:260] T 9a815a0d12ce4f1e91925d4f22711401 P 3003f19bcd594e61be1406b8270e9101 [NON_LEADER]: Queue going to NON_LEADER mode. State: All replicated index: 0, Majority replicated index: 2, Committed index: 2, Last appended: 2.2, Last appended by leader: 2, Current term: 2, Majority size: -1, State: 0, Mode: NON_LEADER, active raft config: opid_index: -1 OBSOLETE_local: false peers { permanent_uuid: "63808bca9b664ccfa6d22661ee9da5f6" member_type: VOTER last_known_addr { host: "127.26.151.193" port: 39601 } } peers { permanent_uuid: "3003f19bcd594e61be1406b8270e9101" member_type: VOTER last_known_addr { host: "127.26.151.194" port: 36401 } } peers { permanent_uuid: "cfca449fb203459ba5c31d0c3c4f5d50" member_type: VOTER last_known_addr { host: "127.26.151.195" port: 44861 } }
I20260710 13:24:38.812785 27940 raft_consensus.cc:3060] T 9a815a0d12ce4f1e91925d4f22711401 P 3003f19bcd594e61be1406b8270e9101 [term 2 FOLLOWER]: Advancing to term 3
I20260710 13:24:38.813995 28014 raft_consensus.cc:2468] T 9a815a0d12ce4f1e91925d4f22711401 P cfca449fb203459ba5c31d0c3c4f5d50 [term 3 FOLLOWER]: Leader election vote request: Granting yes vote for candidate 63808bca9b664ccfa6d22661ee9da5f6 in term 3.
I20260710 13:24:38.814436 28013 tablet_service.cc:1917] Received RequestConsensusVote() RPC: tablet_id: "660bb531a02f4f15bef2a81dafb18b20" candidate_uuid: "63808bca9b664ccfa6d22661ee9da5f6" candidate_term: 4 candidate_status { last_received { term: 3 index: 3 } } ignore_live_leader: true dest_uuid: "cfca449fb203459ba5c31d0c3c4f5d50"
I20260710 13:24:38.814981 28013 raft_consensus.cc:3055] T 660bb531a02f4f15bef2a81dafb18b20 P cfca449fb203459ba5c31d0c3c4f5d50 [term 3 LEADER]: Stepping down as leader of term 3
I20260710 13:24:38.815266 28013 raft_consensus.cc:740] T 660bb531a02f4f15bef2a81dafb18b20 P cfca449fb203459ba5c31d0c3c4f5d50 [term 3 LEADER]: Becoming Follower/Learner. State: Replica: cfca449fb203459ba5c31d0c3c4f5d50, State: Running, Role: LEADER
I20260710 13:24:38.816021 28013 consensus_queue.cc:260] T 660bb531a02f4f15bef2a81dafb18b20 P cfca449fb203459ba5c31d0c3c4f5d50 [NON_LEADER]: Queue going to NON_LEADER mode. State: All replicated index: 0, Majority replicated index: 3, Committed index: 3, Last appended: 3.3, Last appended by leader: 3, Current term: 3, Majority size: -1, State: 0, Mode: NON_LEADER, active raft config: opid_index: -1 OBSOLETE_local: false peers { permanent_uuid: "63808bca9b664ccfa6d22661ee9da5f6" member_type: VOTER last_known_addr { host: "127.26.151.193" port: 39601 } } peers { permanent_uuid: "3003f19bcd594e61be1406b8270e9101" member_type: VOTER last_known_addr { host: "127.26.151.194" port: 36401 } } peers { permanent_uuid: "cfca449fb203459ba5c31d0c3c4f5d50" member_type: VOTER last_known_addr { host: "127.26.151.195" port: 44861 } }
I20260710 13:24:38.817013 28013 raft_consensus.cc:3060] T 660bb531a02f4f15bef2a81dafb18b20 P cfca449fb203459ba5c31d0c3c4f5d50 [term 3 FOLLOWER]: Advancing to term 4
I20260710 13:24:38.817538 28149 raft_consensus.cc:993] T 99e1818ee08e4b2b853361c78fe5be22 P cfca449fb203459ba5c31d0c3c4f5d50: : Instructing follower 63808bca9b664ccfa6d22661ee9da5f6 to start an election
I20260710 13:24:38.817960 28150 raft_consensus.cc:1081] T 99e1818ee08e4b2b853361c78fe5be22 P cfca449fb203459ba5c31d0c3c4f5d50 [term 3 LEADER]: Signalling peer 63808bca9b664ccfa6d22661ee9da5f6 to start an election
I20260710 13:24:38.818313 27940 raft_consensus.cc:2468] T 9a815a0d12ce4f1e91925d4f22711401 P 3003f19bcd594e61be1406b8270e9101 [term 3 FOLLOWER]: Leader election vote request: Granting yes vote for candidate 63808bca9b664ccfa6d22661ee9da5f6 in term 3.
I20260710 13:24:38.819430 27831 leader_election.cc:304] T 9a815a0d12ce4f1e91925d4f22711401 P 63808bca9b664ccfa6d22661ee9da5f6 [CANDIDATE]: Term 3 election: Election decided. Result: candidate won. Election summary: received 2 responses out of 3 voters: 2 yes votes; 0 no votes. yes voters: 3003f19bcd594e61be1406b8270e9101, 63808bca9b664ccfa6d22661ee9da5f6; no voters: 
I20260710 13:24:38.818486 27939 raft_consensus.cc:2468] T 660bb531a02f4f15bef2a81dafb18b20 P 3003f19bcd594e61be1406b8270e9101 [term 4 FOLLOWER]: Leader election vote request: Granting yes vote for candidate 63808bca9b664ccfa6d22661ee9da5f6 in term 4.
I20260710 13:24:38.820721 28153 raft_consensus.cc:2804] T 9a815a0d12ce4f1e91925d4f22711401 P 63808bca9b664ccfa6d22661ee9da5f6 [term 3 FOLLOWER]: Leader election won for term 3
I20260710 13:24:38.821560 27864 tablet_service.cc:2044] Received Run Leader Election RPC: tablet_id: "99e1818ee08e4b2b853361c78fe5be22"
dest_uuid: "63808bca9b664ccfa6d22661ee9da5f6"
 from {username='slave'} at 127.0.0.1:40338
I20260710 13:24:38.821832 27831 leader_election.cc:304] T 660bb531a02f4f15bef2a81dafb18b20 P 63808bca9b664ccfa6d22661ee9da5f6 [CANDIDATE]: Term 4 election: Election decided. Result: candidate won. Election summary: received 2 responses out of 3 voters: 2 yes votes; 0 no votes. yes voters: 3003f19bcd594e61be1406b8270e9101, 63808bca9b664ccfa6d22661ee9da5f6; no voters: 
I20260710 13:24:38.822091 27864 raft_consensus.cc:493] T 99e1818ee08e4b2b853361c78fe5be22 P 63808bca9b664ccfa6d22661ee9da5f6 [term 3 FOLLOWER]: Starting forced leader election (received explicit request)
I20260710 13:24:38.822551 27864 raft_consensus.cc:3060] T 99e1818ee08e4b2b853361c78fe5be22 P 63808bca9b664ccfa6d22661ee9da5f6 [term 3 FOLLOWER]: Advancing to term 4
I20260710 13:24:38.828135 28153 raft_consensus.cc:697] T 9a815a0d12ce4f1e91925d4f22711401 P 63808bca9b664ccfa6d22661ee9da5f6 [term 3 LEADER]: Becoming Leader. State: Replica: 63808bca9b664ccfa6d22661ee9da5f6, State: Running, Role: LEADER
I20260710 13:24:38.828048 27864 raft_consensus.cc:515] T 99e1818ee08e4b2b853361c78fe5be22 P 63808bca9b664ccfa6d22661ee9da5f6 [term 4 FOLLOWER]: Starting forced leader election with config: opid_index: -1 OBSOLETE_local: false peers { permanent_uuid: "63808bca9b664ccfa6d22661ee9da5f6" member_type: VOTER last_known_addr { host: "127.26.151.193" port: 39601 } } peers { permanent_uuid: "3003f19bcd594e61be1406b8270e9101" member_type: VOTER last_known_addr { host: "127.26.151.194" port: 36401 } } peers { permanent_uuid: "cfca449fb203459ba5c31d0c3c4f5d50" member_type: VOTER last_known_addr { host: "127.26.151.195" port: 44861 } }
I20260710 13:24:38.829015 28170 raft_consensus.cc:2804] T 660bb531a02f4f15bef2a81dafb18b20 P 63808bca9b664ccfa6d22661ee9da5f6 [term 4 FOLLOWER]: Leader election won for term 4
I20260710 13:24:38.828954 28153 consensus_queue.cc:237] T 9a815a0d12ce4f1e91925d4f22711401 P 63808bca9b664ccfa6d22661ee9da5f6 [LEADER]: Queue going to LEADER mode. State: All replicated index: 0, Majority replicated index: 2, Committed index: 2, Last appended: 2.2, Last appended by leader: 2, Current term: 3, Majority size: 2, State: 0, Mode: LEADER, active raft config: opid_index: -1 OBSOLETE_local: false peers { permanent_uuid: "63808bca9b664ccfa6d22661ee9da5f6" member_type: VOTER last_known_addr { host: "127.26.151.193" port: 39601 } } peers { permanent_uuid: "3003f19bcd594e61be1406b8270e9101" member_type: VOTER last_known_addr { host: "127.26.151.194" port: 36401 } } peers { permanent_uuid: "cfca449fb203459ba5c31d0c3c4f5d50" member_type: VOTER last_known_addr { host: "127.26.151.195" port: 44861 } }
I20260710 13:24:38.829520 28170 raft_consensus.cc:697] T 660bb531a02f4f15bef2a81dafb18b20 P 63808bca9b664ccfa6d22661ee9da5f6 [term 4 LEADER]: Becoming Leader. State: Replica: 63808bca9b664ccfa6d22661ee9da5f6, State: Running, Role: LEADER
I20260710 13:24:38.830341 28170 consensus_queue.cc:237] T 660bb531a02f4f15bef2a81dafb18b20 P 63808bca9b664ccfa6d22661ee9da5f6 [LEADER]: Queue going to LEADER mode. State: All replicated index: 0, Majority replicated index: 3, Committed index: 3, Last appended: 3.3, Last appended by leader: 3, Current term: 4, Majority size: 2, State: 0, Mode: LEADER, active raft config: opid_index: -1 OBSOLETE_local: false peers { permanent_uuid: "63808bca9b664ccfa6d22661ee9da5f6" member_type: VOTER last_known_addr { host: "127.26.151.193" port: 39601 } } peers { permanent_uuid: "3003f19bcd594e61be1406b8270e9101" member_type: VOTER last_known_addr { host: "127.26.151.194" port: 36401 } } peers { permanent_uuid: "cfca449fb203459ba5c31d0c3c4f5d50" member_type: VOTER last_known_addr { host: "127.26.151.195" port: 44861 } }
I20260710 13:24:38.830750 28013 raft_consensus.cc:2468] T 660bb531a02f4f15bef2a81dafb18b20 P cfca449fb203459ba5c31d0c3c4f5d50 [term 4 FOLLOWER]: Leader election vote request: Granting yes vote for candidate 63808bca9b664ccfa6d22661ee9da5f6 in term 4.
I20260710 13:24:38.830843 27864 leader_election.cc:290] T 99e1818ee08e4b2b853361c78fe5be22 P 63808bca9b664ccfa6d22661ee9da5f6 [CANDIDATE]: Term 4 election: Requested vote from peers 3003f19bcd594e61be1406b8270e9101 (127.26.151.194:36401), cfca449fb203459ba5c31d0c3c4f5d50 (127.26.151.195:44861)
I20260710 13:24:38.832945 27865 leader_election.cc:290] T 660bb531a02f4f15bef2a81dafb18b20 P 63808bca9b664ccfa6d22661ee9da5f6 [CANDIDATE]: Term 4 election: Requested vote from peers 3003f19bcd594e61be1406b8270e9101 (127.26.151.194:36401), cfca449fb203459ba5c31d0c3c4f5d50 (127.26.151.195:44861)
I20260710 13:24:38.833024 27940 tablet_service.cc:1917] Received RequestConsensusVote() RPC: tablet_id: "99e1818ee08e4b2b853361c78fe5be22" candidate_uuid: "63808bca9b664ccfa6d22661ee9da5f6" candidate_term: 4 candidate_status { last_received { term: 3 index: 3 } } ignore_live_leader: true dest_uuid: "3003f19bcd594e61be1406b8270e9101"
I20260710 13:24:38.833673 27940 raft_consensus.cc:3060] T 99e1818ee08e4b2b853361c78fe5be22 P 3003f19bcd594e61be1406b8270e9101 [term 3 FOLLOWER]: Advancing to term 4
I20260710 13:24:38.834352 28014 tablet_service.cc:1917] Received RequestConsensusVote() RPC: tablet_id: "99e1818ee08e4b2b853361c78fe5be22" candidate_uuid: "63808bca9b664ccfa6d22661ee9da5f6" candidate_term: 4 candidate_status { last_received { term: 3 index: 3 } } ignore_live_leader: true dest_uuid: "cfca449fb203459ba5c31d0c3c4f5d50"
I20260710 13:24:38.834816 28014 raft_consensus.cc:3055] T 99e1818ee08e4b2b853361c78fe5be22 P cfca449fb203459ba5c31d0c3c4f5d50 [term 3 LEADER]: Stepping down as leader of term 3
I20260710 13:24:38.835119 28014 raft_consensus.cc:740] T 99e1818ee08e4b2b853361c78fe5be22 P cfca449fb203459ba5c31d0c3c4f5d50 [term 3 LEADER]: Becoming Follower/Learner. State: Replica: cfca449fb203459ba5c31d0c3c4f5d50, State: Running, Role: LEADER
