I20260710 13:24:47.233628 23488 ts_tablet_manager.cc:1916] T a95bc001328944198a0d1a1f4761462f P d9d3d17199024a88afc68f0e4f89134e: Deleting tablet data with delete state TABLET_DATA_TOMBSTONED
I20260710 13:24:47.238027 22849 catalog_manager.cc:5210] ChangeConfig:REMOVE_PEER RPC for tablet 020b10a9af9747c882931cc06e12e78d with cas_config_opid_index 3: ChangeConfig:REMOVE_PEER succeeded (attempt 1)
I20260710 13:24:47.241670 22862 catalog_manager.cc:5697] T 020b10a9af9747c882931cc06e12e78d P 63739472b609477a8df5295ccb3d5d86 reported cstate change: config changed from index 3 to 4, VOTER fe3d7cd14c014d2e87ee02c2da265c69 (127.21.90.66) evicted. New cstate: current_term: 1 leader_uuid: "63739472b609477a8df5295ccb3d5d86" committed_config { opid_index: 4 OBSOLETE_local: false peers { permanent_uuid: "63739472b609477a8df5295ccb3d5d86" member_type: VOTER last_known_addr { host: "127.21.90.65" port: 41489 } health_report { overall_health: HEALTHY } } peers { permanent_uuid: "d9d3d17199024a88afc68f0e4f89134e" member_type: VOTER last_known_addr { host: "127.21.90.67" port: 42021 } health_report { overall_health: HEALTHY } } peers { permanent_uuid: "f499060af7d0470cb886aef6412c561e" member_type: VOTER last_known_addr { host: "127.21.90.68" port: 37959 } attrs { promote: false } health_report { overall_health: UNKNOWN } } }
I20260710 13:24:47.244824 23384 raft_consensus.cc:2955] T 020b10a9af9747c882931cc06e12e78d P f499060af7d0470cb886aef6412c561e [term 1 FOLLOWER]: Committing config change with OpId 1.4: config changed from index 3 to 4, VOTER fe3d7cd14c014d2e87ee02c2da265c69 (127.21.90.66) evicted. New config: { opid_index: 4 OBSOLETE_local: false peers { permanent_uuid: "63739472b609477a8df5295ccb3d5d86" member_type: VOTER last_known_addr { host: "127.21.90.65" port: 41489 } } peers { permanent_uuid: "d9d3d17199024a88afc68f0e4f89134e" member_type: VOTER last_known_addr { host: "127.21.90.67" port: 42021 } } peers { permanent_uuid: "f499060af7d0470cb886aef6412c561e" member_type: VOTER last_known_addr { host: "127.21.90.68" port: 37959 } attrs { promote: false } } }
I20260710 13:24:47.250702 23488 ts_tablet_manager.cc:1929] T a95bc001328944198a0d1a1f4761462f P d9d3d17199024a88afc68f0e4f89134e: tablet deleted with delete type TABLET_DATA_TOMBSTONED: last-logged OpId 1.3
I20260710 13:24:47.251044 23488 log.cc:1199] T a95bc001328944198a0d1a1f4761462f P d9d3d17199024a88afc68f0e4f89134e: Deleting WAL directory at /tmp/dist-test-taskmXvaEh/test-tmp/auto_leader_rebalancer-test.0.LeaderRebalancerTest.AddTserver.1783689859054184-21865-0/minicluster-data/ts-2-root/wals/a95bc001328944198a0d1a1f4761462f
I20260710 13:24:47.252399 22850 catalog_manager.cc:5028] TS d9d3d17199024a88afc68f0e4f89134e (127.21.90.67:42021): tablet a95bc001328944198a0d1a1f4761462f (table test-workload [id=c0c24bf394f740718cf656673b67ab24]) successfully deleted
I20260710 13:24:47.254405 23031 tablet_service.cc:1558] Processing DeleteTablet for tablet 020b10a9af9747c882931cc06e12e78d with delete_type TABLET_DATA_TOMBSTONED (TS fe3d7cd14c014d2e87ee02c2da265c69 not found in new config with opid_index 4) from {username='slave'} at 127.0.0.1:57200
I20260710 13:24:47.255951 23479 tablet_replica.cc:333] T 020b10a9af9747c882931cc06e12e78d P fe3d7cd14c014d2e87ee02c2da265c69: stopping tablet replica
I20260710 13:24:47.256764 23479 raft_consensus.cc:2243] T 020b10a9af9747c882931cc06e12e78d P fe3d7cd14c014d2e87ee02c2da265c69 [term 1 FOLLOWER]: Raft consensus shutting down.
I20260710 13:24:47.257411 23479 raft_consensus.cc:2272] T 020b10a9af9747c882931cc06e12e78d P fe3d7cd14c014d2e87ee02c2da265c69 [term 1 FOLLOWER]: Raft consensus is shut down!
I20260710 13:24:47.259743 23479 ts_tablet_manager.cc:1916] T 020b10a9af9747c882931cc06e12e78d P fe3d7cd14c014d2e87ee02c2da265c69: Deleting tablet data with delete state TABLET_DATA_TOMBSTONED
I20260710 13:24:47.268927 23479 ts_tablet_manager.cc:1929] T 020b10a9af9747c882931cc06e12e78d P fe3d7cd14c014d2e87ee02c2da265c69: tablet deleted with delete type TABLET_DATA_TOMBSTONED: last-logged OpId 1.3
I20260710 13:24:47.269217 23479 log.cc:1199] T 020b10a9af9747c882931cc06e12e78d P fe3d7cd14c014d2e87ee02c2da265c69: Deleting WAL directory at /tmp/dist-test-taskmXvaEh/test-tmp/auto_leader_rebalancer-test.0.LeaderRebalancerTest.AddTserver.1783689859054184-21865-0/minicluster-data/ts-1-root/wals/020b10a9af9747c882931cc06e12e78d
I20260710 13:24:47.270326 22850 catalog_manager.cc:5028] TS fe3d7cd14c014d2e87ee02c2da265c69 (127.21.90.66:40465): tablet 020b10a9af9747c882931cc06e12e78d (table test-workload [id=c0c24bf394f740718cf656673b67ab24]) successfully deleted
I20260710 13:24:48.282109 22964 consensus_queue.cc:237] T b780c7e5ba664146a110d497ec1b1ce9 P 63739472b609477a8df5295ccb3d5d86 [LEADER]: Queue going to LEADER mode. State: All replicated index: 0, Majority replicated index: 1, Committed index: 1, Last appended: 1.1, Last appended by leader: 0, Current term: 1, Majority size: 2, State: 0, Mode: LEADER, active raft config: opid_index: 2 OBSOLETE_local: false peers { permanent_uuid: "63739472b609477a8df5295ccb3d5d86" member_type: VOTER last_known_addr { host: "127.21.90.65" port: 41489 } } peers { permanent_uuid: "fe3d7cd14c014d2e87ee02c2da265c69" member_type: VOTER last_known_addr { host: "127.21.90.66" port: 40465 } } peers { permanent_uuid: "d9d3d17199024a88afc68f0e4f89134e" member_type: VOTER last_known_addr { host: "127.21.90.67" port: 42021 } attrs { replace: true } } peers { permanent_uuid: "f499060af7d0470cb886aef6412c561e" member_type: NON_VOTER last_known_addr { host: "127.21.90.68" port: 37959 } attrs { promote: true } }
I20260710 13:24:48.287662 23115 raft_consensus.cc:1275] T b780c7e5ba664146a110d497ec1b1ce9 P d9d3d17199024a88afc68f0e4f89134e [term 1 FOLLOWER]: Refusing update from remote peer 63739472b609477a8df5295ccb3d5d86: Log matching property violated. Preceding OpId in replica: term: 1 index: 1. Preceding OpId from leader: term: 1 index: 2. (index mismatch)
I20260710 13:24:48.288578 23040 raft_consensus.cc:1275] T b780c7e5ba664146a110d497ec1b1ce9 P fe3d7cd14c014d2e87ee02c2da265c69 [term 1 FOLLOWER]: Refusing update from remote peer 63739472b609477a8df5295ccb3d5d86: Log matching property violated. Preceding OpId in replica: term: 1 index: 1. Preceding OpId from leader: term: 1 index: 2. (index mismatch)
W20260710 13:24:48.288611 22931 consensus_peers.cc:597] T b780c7e5ba664146a110d497ec1b1ce9 P 63739472b609477a8df5295ccb3d5d86 -> Peer f499060af7d0470cb886aef6412c561e (127.21.90.68:37959): Couldn't send request to peer f499060af7d0470cb886aef6412c561e. Error code: TABLET_NOT_FOUND (6). Status: Not found: Tablet not found: b780c7e5ba664146a110d497ec1b1ce9. This is attempt 1: this message will repeat every 5th retry.
I20260710 13:24:48.289834 23489 consensus_queue.cc:1048] T b780c7e5ba664146a110d497ec1b1ce9 P 63739472b609477a8df5295ccb3d5d86 [LEADER]: Connected to new peer: Peer: permanent_uuid: "fe3d7cd14c014d2e87ee02c2da265c69" member_type: VOTER last_known_addr { host: "127.21.90.66" port: 40465 }, Status: LMP_MISMATCH, Last received: 0.0, Next index: 2, Last known committed idx: 1, Time since last communication: 0.000s
I20260710 13:24:48.290524 23461 consensus_queue.cc:1048] T b780c7e5ba664146a110d497ec1b1ce9 P 63739472b609477a8df5295ccb3d5d86 [LEADER]: Connected to new peer: Peer: permanent_uuid: "d9d3d17199024a88afc68f0e4f89134e" member_type: VOTER last_known_addr { host: "127.21.90.67" port: 42021 } attrs { replace: true }, Status: LMP_MISMATCH, Last received: 0.0, Next index: 2, Last known committed idx: 1, Time since last communication: 0.000s
I20260710 13:24:48.296906 23489 raft_consensus.cc:2955] T b780c7e5ba664146a110d497ec1b1ce9 P 63739472b609477a8df5295ccb3d5d86 [term 1 LEADER]: Committing config change with OpId 1.2: config changed from index -1 to 2, NON_VOTER f499060af7d0470cb886aef6412c561e (127.21.90.68) added. New config: { opid_index: 2 OBSOLETE_local: false peers { permanent_uuid: "63739472b609477a8df5295ccb3d5d86" member_type: VOTER last_known_addr { host: "127.21.90.65" port: 41489 } } peers { permanent_uuid: "fe3d7cd14c014d2e87ee02c2da265c69" member_type: VOTER last_known_addr { host: "127.21.90.66" port: 40465 } } peers { permanent_uuid: "d9d3d17199024a88afc68f0e4f89134e" member_type: VOTER last_known_addr { host: "127.21.90.67" port: 42021 } attrs { replace: true } } peers { permanent_uuid: "f499060af7d0470cb886aef6412c561e" member_type: NON_VOTER last_known_addr { host: "127.21.90.68" port: 37959 } attrs { promote: true } } }
I20260710 13:24:48.299464 23115 raft_consensus.cc:2955] T b780c7e5ba664146a110d497ec1b1ce9 P d9d3d17199024a88afc68f0e4f89134e [term 1 FOLLOWER]: Committing config change with OpId 1.2: config changed from index -1 to 2, NON_VOTER f499060af7d0470cb886aef6412c561e (127.21.90.68) added. New config: { opid_index: 2 OBSOLETE_local: false peers { permanent_uuid: "63739472b609477a8df5295ccb3d5d86" member_type: VOTER last_known_addr { host: "127.21.90.65" port: 41489 } } peers { permanent_uuid: "fe3d7cd14c014d2e87ee02c2da265c69" member_type: VOTER last_known_addr { host: "127.21.90.66" port: 40465 } } peers { permanent_uuid: "d9d3d17199024a88afc68f0e4f89134e" member_type: VOTER last_known_addr { host: "127.21.90.67" port: 42021 } attrs { replace: true } } peers { permanent_uuid: "f499060af7d0470cb886aef6412c561e" member_type: NON_VOTER last_known_addr { host: "127.21.90.68" port: 37959 } attrs { promote: true } } }
I20260710 13:24:48.300220 23040 raft_consensus.cc:2955] T b780c7e5ba664146a110d497ec1b1ce9 P fe3d7cd14c014d2e87ee02c2da265c69 [term 1 FOLLOWER]: Committing config change with OpId 1.2: config changed from index -1 to 2, NON_VOTER f499060af7d0470cb886aef6412c561e (127.21.90.68) added. New config: { opid_index: 2 OBSOLETE_local: false peers { permanent_uuid: "63739472b609477a8df5295ccb3d5d86" member_type: VOTER last_known_addr { host: "127.21.90.65" port: 41489 } } peers { permanent_uuid: "fe3d7cd14c014d2e87ee02c2da265c69" member_type: VOTER last_known_addr { host: "127.21.90.66" port: 40465 } } peers { permanent_uuid: "d9d3d17199024a88afc68f0e4f89134e" member_type: VOTER last_known_addr { host: "127.21.90.67" port: 42021 } attrs { replace: true } } peers { permanent_uuid: "f499060af7d0470cb886aef6412c561e" member_type: NON_VOTER last_known_addr { host: "127.21.90.68" port: 37959 } attrs { promote: true } } }
I20260710 13:24:48.309949 22863 catalog_manager.cc:5697] T b780c7e5ba664146a110d497ec1b1ce9 P d9d3d17199024a88afc68f0e4f89134e reported cstate change: config changed from index -1 to 2, NON_VOTER f499060af7d0470cb886aef6412c561e (127.21.90.68) added. New cstate: current_term: 1 leader_uuid: "63739472b609477a8df5295ccb3d5d86" committed_config { opid_index: 2 OBSOLETE_local: false peers { permanent_uuid: "63739472b609477a8df5295ccb3d5d86" member_type: VOTER last_known_addr { host: "127.21.90.65" port: 41489 } } peers { permanent_uuid: "fe3d7cd14c014d2e87ee02c2da265c69" member_type: VOTER last_known_addr { host: "127.21.90.66" port: 40465 } } peers { permanent_uuid: "d9d3d17199024a88afc68f0e4f89134e" member_type: VOTER last_known_addr { host: "127.21.90.67" port: 42021 } attrs { replace: true } } peers { permanent_uuid: "f499060af7d0470cb886aef6412c561e" member_type: NON_VOTER last_known_addr { host: "127.21.90.68" port: 37959 } attrs { promote: true } } }
I20260710 13:24:48.316228 23040 consensus_queue.cc:237] T 2f6802900a88465d881ffaf928450e5f P fe3d7cd14c014d2e87ee02c2da265c69 [LEADER]: Queue going to LEADER mode. State: All replicated index: 0, Majority replicated index: 1, Committed index: 1, Last appended: 1.1, Last appended by leader: 0, Current term: 1, Majority size: 2, State: 0, Mode: LEADER, active raft config: opid_index: 2 OBSOLETE_local: false peers { permanent_uuid: "63739472b609477a8df5295ccb3d5d86" member_type: VOTER last_known_addr { host: "127.21.90.65" port: 41489 } attrs { replace: true } } peers { permanent_uuid: "fe3d7cd14c014d2e87ee02c2da265c69" member_type: VOTER last_known_addr { host: "127.21.90.66" port: 40465 } } peers { permanent_uuid: "d9d3d17199024a88afc68f0e4f89134e" member_type: VOTER last_known_addr { host: "127.21.90.67" port: 42021 } } peers { permanent_uuid: "f499060af7d0470cb886aef6412c561e" member_type: NON_VOTER last_known_addr { host: "127.21.90.68" port: 37959 } attrs { promote: true } }
W20260710 13:24:48.323138 23006 consensus_peers.cc:597] T 2f6802900a88465d881ffaf928450e5f P fe3d7cd14c014d2e87ee02c2da265c69 -> Peer f499060af7d0470cb886aef6412c561e (127.21.90.68:37959): Couldn't send request to peer f499060af7d0470cb886aef6412c561e. Error code: TABLET_NOT_FOUND (6). Status: Not found: Tablet not found: 2f6802900a88465d881ffaf928450e5f. This is attempt 1: this message will repeat every 5th retry.
I20260710 13:24:48.323369 23115 raft_consensus.cc:1275] T 2f6802900a88465d881ffaf928450e5f P d9d3d17199024a88afc68f0e4f89134e [term 1 FOLLOWER]: Refusing update from remote peer fe3d7cd14c014d2e87ee02c2da265c69: Log matching property violated. Preceding OpId in replica: term: 1 index: 1. Preceding OpId from leader: term: 1 index: 2. (index mismatch)
I20260710 13:24:48.325304 23477 consensus_queue.cc:1048] T 2f6802900a88465d881ffaf928450e5f P fe3d7cd14c014d2e87ee02c2da265c69 [LEADER]: Connected to new peer: Peer: permanent_uuid: "d9d3d17199024a88afc68f0e4f89134e" member_type: VOTER last_known_addr { host: "127.21.90.67" port: 42021 }, Status: LMP_MISMATCH, Last received: 0.0, Next index: 2, Last known committed idx: 1, Time since last communication: 0.000s
I20260710 13:24:48.325614 22964 raft_consensus.cc:1275] T 2f6802900a88465d881ffaf928450e5f P 63739472b609477a8df5295ccb3d5d86 [term 1 FOLLOWER]: Refusing update from remote peer fe3d7cd14c014d2e87ee02c2da265c69: Log matching property violated. Preceding OpId in replica: term: 1 index: 1. Preceding OpId from leader: term: 1 index: 2. (index mismatch)
I20260710 13:24:48.327699 23499 consensus_queue.cc:1048] T 2f6802900a88465d881ffaf928450e5f P fe3d7cd14c014d2e87ee02c2da265c69 [LEADER]: Connected to new peer: Peer: permanent_uuid: "63739472b609477a8df5295ccb3d5d86" member_type: VOTER last_known_addr { host: "127.21.90.65" port: 41489 } attrs { replace: true }, Status: LMP_MISMATCH, Last received: 0.0, Next index: 2, Last known committed idx: 1, Time since last communication: 0.000s
I20260710 13:24:48.335425 23499 raft_consensus.cc:2955] T 2f6802900a88465d881ffaf928450e5f P fe3d7cd14c014d2e87ee02c2da265c69 [term 1 LEADER]: Committing config change with OpId 1.2: config changed from index -1 to 2, NON_VOTER f499060af7d0470cb886aef6412c561e (127.21.90.68) added. New config: { opid_index: 2 OBSOLETE_local: false peers { permanent_uuid: "63739472b609477a8df5295ccb3d5d86" member_type: VOTER last_known_addr { host: "127.21.90.65" port: 41489 } attrs { replace: true } } peers { permanent_uuid: "fe3d7cd14c014d2e87ee02c2da265c69" member_type: VOTER last_known_addr { host: "127.21.90.66" port: 40465 } } peers { permanent_uuid: "d9d3d17199024a88afc68f0e4f89134e" member_type: VOTER last_known_addr { host: "127.21.90.67" port: 42021 } } peers { permanent_uuid: "f499060af7d0470cb886aef6412c561e" member_type: NON_VOTER last_known_addr { host: "127.21.90.68" port: 37959 } attrs { promote: true } } }
I20260710 13:24:48.336431 22964 raft_consensus.cc:2955] T 2f6802900a88465d881ffaf928450e5f P 63739472b609477a8df5295ccb3d5d86 [term 1 FOLLOWER]: Committing config change with OpId 1.2: config changed from index -1 to 2, NON_VOTER f499060af7d0470cb886aef6412c561e (127.21.90.68) added. New config: { opid_index: 2 OBSOLETE_local: false peers { permanent_uuid: "63739472b609477a8df5295ccb3d5d86" member_type: VOTER last_known_addr { host: "127.21.90.65" port: 41489 } attrs { replace: true } } peers { permanent_uuid: "fe3d7cd14c014d2e87ee02c2da265c69" member_type: VOTER last_known_addr { host: "127.21.90.66" port: 40465 } } peers { permanent_uuid: "d9d3d17199024a88afc68f0e4f89134e" member_type: VOTER last_known_addr { host: "127.21.90.67" port: 42021 } } peers { permanent_uuid: "f499060af7d0470cb886aef6412c561e" member_type: NON_VOTER last_known_addr { host: "127.21.90.68" port: 37959 } attrs { promote: true } } }
I20260710 13:24:48.337183 23115 raft_consensus.cc:2955] T 2f6802900a88465d881ffaf928450e5f P d9d3d17199024a88afc68f0e4f89134e [term 1 FOLLOWER]: Committing config change with OpId 1.2: config changed from index -1 to 2, NON_VOTER f499060af7d0470cb886aef6412c561e (127.21.90.68) added. New config: { opid_index: 2 OBSOLETE_local: false peers { permanent_uuid: "63739472b609477a8df5295ccb3d5d86" member_type: VOTER last_known_addr { host: "127.21.90.65" port: 41489 } attrs { replace: true } } peers { permanent_uuid: "fe3d7cd14c014d2e87ee02c2da265c69" member_type: VOTER last_known_addr { host: "127.21.90.66" port: 40465 } } peers { permanent_uuid: "d9d3d17199024a88afc68f0e4f89134e" member_type: VOTER last_known_addr { host: "127.21.90.67" port: 42021 } } peers { permanent_uuid: "f499060af7d0470cb886aef6412c561e" member_type: NON_VOTER last_known_addr { host: "127.21.90.68" port: 37959 } attrs { promote: true } } }
I20260710 13:24:48.354846 22967 consensus_queue.cc:237] T 71e3579934024cb3b3bb0668c670326b P 63739472b609477a8df5295ccb3d5d86 [LEADER]: Queue going to LEADER mode. State: All replicated index: 0, Majority replicated index: 1, Committed index: 1, Last appended: 1.1, Last appended by leader: 0, Current term: 1, Majority size: 2, State: 0, Mode: LEADER, active raft config: opid_index: 2 OBSOLETE_local: false peers { permanent_uuid: "63739472b609477a8df5295ccb3d5d86" member_type: VOTER last_known_addr { host: "127.21.90.65" port: 41489 } } peers { permanent_uuid: "fe3d7cd14c014d2e87ee02c2da265c69" member_type: VOTER last_known_addr { host: "127.21.90.66" port: 40465 } attrs { replace: true } } peers { permanent_uuid: "d9d3d17199024a88afc68f0e4f89134e" member_type: VOTER last_known_addr { host: "127.21.90.67" port: 42021 } } peers { permanent_uuid: "f499060af7d0470cb886aef6412c561e" member_type: NON_VOTER last_known_addr { host: "127.21.90.68" port: 37959 } attrs { promote: true } }
I20260710 13:24:48.355880 22864 catalog_manager.cc:5697] T 2f6802900a88465d881ffaf928450e5f P d9d3d17199024a88afc68f0e4f89134e reported cstate change: config changed from index -1 to 2, NON_VOTER f499060af7d0470cb886aef6412c561e (127.21.90.68) added. New cstate: current_term: 1 leader_uuid: "fe3d7cd14c014d2e87ee02c2da265c69" committed_config { opid_index: 2 OBSOLETE_local: false peers { permanent_uuid: "63739472b609477a8df5295ccb3d5d86" member_type: VOTER last_known_addr { host: "127.21.90.65" port: 41489 } attrs { replace: true } } peers { permanent_uuid: "fe3d7cd14c014d2e87ee02c2da265c69" member_type: VOTER last_known_addr { host: "127.21.90.66" port: 40465 } } peers { permanent_uuid: "d9d3d17199024a88afc68f0e4f89134e" member_type: VOTER last_known_addr { host: "127.21.90.67" port: 42021 } } peers { permanent_uuid: "f499060af7d0470cb886aef6412c561e" member_type: NON_VOTER last_known_addr { host: "127.21.90.68" port: 37959 } attrs { promote: true } } }
W20260710 13:24:48.374141 22931 consensus_peers.cc:597] T 71e3579934024cb3b3bb0668c670326b P 63739472b609477a8df5295ccb3d5d86 -> Peer f499060af7d0470cb886aef6412c561e (127.21.90.68:37959): Couldn't send request to peer f499060af7d0470cb886aef6412c561e. Error code: TABLET_NOT_FOUND (6). Status: Not found: Tablet not found: 71e3579934024cb3b3bb0668c670326b. This is attempt 1: this message will repeat every 5th retry.
I20260710 13:24:48.374257 23115 raft_consensus.cc:1275] T 71e3579934024cb3b3bb0668c670326b P d9d3d17199024a88afc68f0e4f89134e [term 1 FOLLOWER]: Refusing update from remote peer 63739472b609477a8df5295ccb3d5d86: Log matching property violated. Preceding OpId in replica: term: 1 index: 1. Preceding OpId from leader: term: 1 index: 2. (index mismatch)
I20260710 13:24:48.375382 23040 raft_consensus.cc:1275] T 71e3579934024cb3b3bb0668c670326b P fe3d7cd14c014d2e87ee02c2da265c69 [term 1 FOLLOWER]: Refusing update from remote peer 63739472b609477a8df5295ccb3d5d86: Log matching property violated. Preceding OpId in replica: term: 1 index: 1. Preceding OpId from leader: term: 1 index: 2. (index mismatch)
I20260710 13:24:48.375713 23489 consensus_queue.cc:1048] T 71e3579934024cb3b3bb0668c670326b P 63739472b609477a8df5295ccb3d5d86 [LEADER]: Connected to new peer: Peer: permanent_uuid: "d9d3d17199024a88afc68f0e4f89134e" member_type: VOTER last_known_addr { host: "127.21.90.67" port: 42021 }, Status: LMP_MISMATCH, Last received: 0.0, Next index: 2, Last known committed idx: 1, Time since last communication: 0.000s
I20260710 13:24:48.379101 23489 consensus_queue.cc:1048] T 71e3579934024cb3b3bb0668c670326b P 63739472b609477a8df5295ccb3d5d86 [LEADER]: Connected to new peer: Peer: permanent_uuid: "fe3d7cd14c014d2e87ee02c2da265c69" member_type: VOTER last_known_addr { host: "127.21.90.66" port: 40465 } attrs { replace: true }, Status: LMP_MISMATCH, Last received: 0.0, Next index: 2, Last known committed idx: 1, Time since last communication: 0.000s
I20260710 13:24:48.382192 23493 raft_consensus.cc:2955] T 71e3579934024cb3b3bb0668c670326b P 63739472b609477a8df5295ccb3d5d86 [term 1 LEADER]: Committing config change with OpId 1.2: config changed from index -1 to 2, NON_VOTER f499060af7d0470cb886aef6412c561e (127.21.90.68) added. New config: { opid_index: 2 OBSOLETE_local: false peers { permanent_uuid: "63739472b609477a8df5295ccb3d5d86" member_type: VOTER last_known_addr { host: "127.21.90.65" port: 41489 } } peers { permanent_uuid: "fe3d7cd14c014d2e87ee02c2da265c69" member_type: VOTER last_known_addr { host: "127.21.90.66" port: 40465 } attrs { replace: true } } peers { permanent_uuid: "d9d3d17199024a88afc68f0e4f89134e" member_type: VOTER last_known_addr { host: "127.21.90.67" port: 42021 } } peers { permanent_uuid: "f499060af7d0470cb886aef6412c561e" member_type: NON_VOTER last_known_addr { host: "127.21.90.68" port: 37959 } attrs { promote: true } } }
I20260710 13:24:48.384087 23116 raft_consensus.cc:2955] T 71e3579934024cb3b3bb0668c670326b P d9d3d17199024a88afc68f0e4f89134e [term 1 FOLLOWER]: Committing config change with OpId 1.2: config changed from index -1 to 2, NON_VOTER f499060af7d0470cb886aef6412c561e (127.21.90.68) added. New config: { opid_index: 2 OBSOLETE_local: false peers { permanent_uuid: "63739472b609477a8df5295ccb3d5d86" member_type: VOTER last_known_addr { host: "127.21.90.65" port: 41489 } } peers { permanent_uuid: "fe3d7cd14c014d2e87ee02c2da265c69" member_type: VOTER last_known_addr { host: "127.21.90.66" port: 40465 } attrs { replace: true } } peers { permanent_uuid: "d9d3d17199024a88afc68f0e4f89134e" member_type: VOTER last_known_addr { host: "127.21.90.67" port: 42021 } } peers { permanent_uuid: "f499060af7d0470cb886aef6412c561e" member_type: NON_VOTER last_known_addr { host: "127.21.90.68" port: 37959 } attrs { promote: true } } }
I20260710 13:24:48.388240 23040 raft_consensus.cc:2955] T 71e3579934024cb3b3bb0668c670326b P fe3d7cd14c014d2e87ee02c2da265c69 [term 1 FOLLOWER]: Committing config change with OpId 1.2: config changed from index -1 to 2, NON_VOTER f499060af7d0470cb886aef6412c561e (127.21.90.68) added. New config: { opid_index: 2 OBSOLETE_local: false peers { permanent_uuid: "63739472b609477a8df5295ccb3d5d86" member_type: VOTER last_known_addr { host: "127.21.90.65" port: 41489 } } peers { permanent_uuid: "fe3d7cd14c014d2e87ee02c2da265c69" member_type: VOTER last_known_addr { host: "127.21.90.66" port: 40465 } attrs { replace: true } } peers { permanent_uuid: "d9d3d17199024a88afc68f0e4f89134e" member_type: VOTER last_known_addr { host: "127.21.90.67" port: 42021 } } peers { permanent_uuid: "f499060af7d0470cb886aef6412c561e" member_type: NON_VOTER last_known_addr { host: "127.21.90.68" port: 37959 } attrs { promote: true } } }
I20260710 13:24:48.395282 23039 consensus_queue.cc:237] T 3cb40eb881fb4a009107f55907ef56ba P fe3d7cd14c014d2e87ee02c2da265c69 [LEADER]: Queue going to LEADER mode. State: All replicated index: 0, Majority replicated index: 1, Committed index: 1, Last appended: 1.1, Last appended by leader: 0, Current term: 1, Majority size: 2, State: 0, Mode: LEADER, active raft config: opid_index: 2 OBSOLETE_local: false peers { permanent_uuid: "63739472b609477a8df5295ccb3d5d86" member_type: VOTER last_known_addr { host: "127.21.90.65" port: 41489 } attrs { replace: true } } peers { permanent_uuid: "fe3d7cd14c014d2e87ee02c2da265c69" member_type: VOTER last_known_addr { host: "127.21.90.66" port: 40465 } } peers { permanent_uuid: "d9d3d17199024a88afc68f0e4f89134e" member_type: VOTER last_known_addr { host: "127.21.90.67" port: 42021 } } peers { permanent_uuid: "f499060af7d0470cb886aef6412c561e" member_type: NON_VOTER last_known_addr { host: "127.21.90.68" port: 37959 } attrs { promote: true } }
I20260710 13:24:48.396067 22864 catalog_manager.cc:5697] T 71e3579934024cb3b3bb0668c670326b P d9d3d17199024a88afc68f0e4f89134e reported cstate change: config changed from index -1 to 2, NON_VOTER f499060af7d0470cb886aef6412c561e (127.21.90.68) added. New cstate: current_term: 1 leader_uuid: "63739472b609477a8df5295ccb3d5d86" committed_config { opid_index: 2 OBSOLETE_local: false peers { permanent_uuid: "63739472b609477a8df5295ccb3d5d86" member_type: VOTER last_known_addr { host: "127.21.90.65" port: 41489 } } peers { permanent_uuid: "fe3d7cd14c014d2e87ee02c2da265c69" member_type: VOTER last_known_addr { host: "127.21.90.66" port: 40465 } attrs { replace: true } } peers { permanent_uuid: "d9d3d17199024a88afc68f0e4f89134e" member_type: VOTER last_known_addr { host: "127.21.90.67" port: 42021 } } peers { permanent_uuid: "f499060af7d0470cb886aef6412c561e" member_type: NON_VOTER last_known_addr { host: "127.21.90.68" port: 37959 } attrs { promote: true } } }
I20260710 13:24:48.404086 22967 raft_consensus.cc:1275] T 3cb40eb881fb4a009107f55907ef56ba P 63739472b609477a8df5295ccb3d5d86 [term 1 FOLLOWER]: Refusing update from remote peer fe3d7cd14c014d2e87ee02c2da265c69: Log matching property violated. Preceding OpId in replica: term: 1 index: 1. Preceding OpId from leader: term: 1 index: 2. (index mismatch)
W20260710 13:24:48.404665 23006 consensus_peers.cc:597] T 3cb40eb881fb4a009107f55907ef56ba P fe3d7cd14c014d2e87ee02c2da265c69 -> Peer f499060af7d0470cb886aef6412c561e (127.21.90.68:37959): Couldn't send request to peer f499060af7d0470cb886aef6412c561e. Error code: TABLET_NOT_FOUND (6). Status: Not found: Tablet not found: 3cb40eb881fb4a009107f55907ef56ba. This is attempt 1: this message will repeat every 5th retry.
I20260710 13:24:48.405323 23116 raft_consensus.cc:1275] T 3cb40eb881fb4a009107f55907ef56ba P d9d3d17199024a88afc68f0e4f89134e [term 1 FOLLOWER]: Refusing update from remote peer fe3d7cd14c014d2e87ee02c2da265c69: Log matching property violated. Preceding OpId in replica: term: 1 index: 1. Preceding OpId from leader: term: 1 index: 2. (index mismatch)
I20260710 13:24:48.406093 23499 consensus_queue.cc:1048] T 3cb40eb881fb4a009107f55907ef56ba P fe3d7cd14c014d2e87ee02c2da265c69 [LEADER]: Connected to new peer: Peer: permanent_uuid: "63739472b609477a8df5295ccb3d5d86" member_type: VOTER last_known_addr { host: "127.21.90.65" port: 41489 } attrs { replace: true }, Status: LMP_MISMATCH, Last received: 0.0, Next index: 2, Last known committed idx: 1, Time since last communication: 0.000s
I20260710 13:24:48.406906 23504 consensus_queue.cc:1048] T 3cb40eb881fb4a009107f55907ef56ba P fe3d7cd14c014d2e87ee02c2da265c69 [LEADER]: Connected to new peer: Peer: permanent_uuid: "d9d3d17199024a88afc68f0e4f89134e" member_type: VOTER last_known_addr { host: "127.21.90.67" port: 42021 }, Status: LMP_MISMATCH, Last received: 0.0, Next index: 2, Last known committed idx: 1, Time since last communication: 0.000s
I20260710 13:24:48.415122 23504 raft_consensus.cc:2955] T 3cb40eb881fb4a009107f55907ef56ba P fe3d7cd14c014d2e87ee02c2da265c69 [term 1 LEADER]: Committing config change with OpId 1.2: config changed from index -1 to 2, NON_VOTER f499060af7d0470cb886aef6412c561e (127.21.90.68) added. New config: { opid_index: 2 OBSOLETE_local: false peers { permanent_uuid: "63739472b609477a8df5295ccb3d5d86" member_type: VOTER last_known_addr { host: "127.21.90.65" port: 41489 } attrs { replace: true } } peers { permanent_uuid: "fe3d7cd14c014d2e87ee02c2da265c69" member_type: VOTER last_known_addr { host: "127.21.90.66" port: 40465 } } peers { permanent_uuid: "d9d3d17199024a88afc68f0e4f89134e" member_type: VOTER last_known_addr { host: "127.21.90.67" port: 42021 } } peers { permanent_uuid: "f499060af7d0470cb886aef6412c561e" member_type: NON_VOTER last_known_addr { host: "127.21.90.68" port: 37959 } attrs { promote: true } } }
I20260710 13:24:48.416468 23116 raft_consensus.cc:2955] T 3cb40eb881fb4a009107f55907ef56ba P d9d3d17199024a88afc68f0e4f89134e [term 1 FOLLOWER]: Committing config change with OpId 1.2: config changed from index -1 to 2, NON_VOTER f499060af7d0470cb886aef6412c561e (127.21.90.68) added. New config: { opid_index: 2 OBSOLETE_local: false peers { permanent_uuid: "63739472b609477a8df5295ccb3d5d86" member_type: VOTER last_known_addr { host: "127.21.90.65" port: 41489 } attrs { replace: true } } peers { permanent_uuid: "fe3d7cd14c014d2e87ee02c2da265c69" member_type: VOTER last_known_addr { host: "127.21.90.66" port: 40465 } } peers { permanent_uuid: "d9d3d17199024a88afc68f0e4f89134e" member_type: VOTER last_known_addr { host: "127.21.90.67" port: 42021 } } peers { permanent_uuid: "f499060af7d0470cb886aef6412c561e" member_type: NON_VOTER last_known_addr { host: "127.21.90.68" port: 37959 } attrs { promote: true } } }
I20260710 13:24:48.427507 22864 catalog_manager.cc:5697] T 3cb40eb881fb4a009107f55907ef56ba P d9d3d17199024a88afc68f0e4f89134e reported cstate change: config changed from index -1 to 2, NON_VOTER f499060af7d0470cb886aef6412c561e (127.21.90.68) added. New cstate: current_term: 1 leader_uuid: "fe3d7cd14c014d2e87ee02c2da265c69" committed_config { opid_index: 2 OBSOLETE_local: false peers { permanent_uuid: "63739472b609477a8df5295ccb3d5d86" member_type: VOTER last_known_addr { host: "127.21.90.65" port: 41489 } attrs { replace: true } } peers { permanent_uuid: "fe3d7cd14c014d2e87ee02c2da265c69" member_type: VOTER last_known_addr { host: "127.21.90.66" port: 40465 } } peers { permanent_uuid: "d9d3d17199024a88afc68f0e4f89134e" member_type: VOTER last_known_addr { host: "127.21.90.67" port: 42021 } } peers { permanent_uuid: "f499060af7d0470cb886aef6412c561e" member_type: NON_VOTER last_known_addr { host: "127.21.90.68" port: 37959 } attrs { promote: true } } }
I20260710 13:24:48.428059 22967 raft_consensus.cc:2955] T 3cb40eb881fb4a009107f55907ef56ba P 63739472b609477a8df5295ccb3d5d86 [term 1 FOLLOWER]: Committing config change with OpId 1.2: config changed from index -1 to 2, NON_VOTER f499060af7d0470cb886aef6412c561e (127.21.90.68) added. New config: { opid_index: 2 OBSOLETE_local: false peers { permanent_uuid: "63739472b609477a8df5295ccb3d5d86" member_type: VOTER last_known_addr { host: "127.21.90.65" port: 41489 } attrs { replace: true } } peers { permanent_uuid: "fe3d7cd14c014d2e87ee02c2da265c69" member_type: VOTER last_known_addr { host: "127.21.90.66" port: 40465 } } peers { permanent_uuid: "d9d3d17199024a88afc68f0e4f89134e" member_type: VOTER last_known_addr { host: "127.21.90.67" port: 42021 } } peers { permanent_uuid: "f499060af7d0470cb886aef6412c561e" member_type: NON_VOTER last_known_addr { host: "127.21.90.68" port: 37959 } attrs { promote: true } } }
I20260710 13:24:48.808043 23513 ts_tablet_manager.cc:933] T b780c7e5ba664146a110d497ec1b1ce9 P f499060af7d0470cb886aef6412c561e: Initiating tablet copy from peer 63739472b609477a8df5295ccb3d5d86 (127.21.90.65:41489)
I20260710 13:24:48.809830 23514 ts_tablet_manager.cc:933] T 2f6802900a88465d881ffaf928450e5f P f499060af7d0470cb886aef6412c561e: Initiating tablet copy from peer fe3d7cd14c014d2e87ee02c2da265c69 (127.21.90.66:40465)
I20260710 13:24:48.809962 23513 tablet_copy_client.cc:323] T b780c7e5ba664146a110d497ec1b1ce9 P f499060af7d0470cb886aef6412c561e: tablet copy: Beginning tablet copy session from remote peer at address 127.21.90.65:41489
I20260710 13:24:48.811434 22977 tablet_copy_service.cc:140] P 63739472b609477a8df5295ccb3d5d86: Received BeginTabletCopySession request for tablet b780c7e5ba664146a110d497ec1b1ce9 from peer f499060af7d0470cb886aef6412c561e ({username='slave'} at 127.0.0.1:49382)
I20260710 13:24:48.811945 22977 tablet_copy_service.cc:161] P 63739472b609477a8df5295ccb3d5d86: Beginning new tablet copy session on tablet b780c7e5ba664146a110d497ec1b1ce9 from peer f499060af7d0470cb886aef6412c561e at {username='slave'} at 127.0.0.1:49382: session id = f499060af7d0470cb886aef6412c561e-b780c7e5ba664146a110d497ec1b1ce9
I20260710 13:24:48.811970 23514 tablet_copy_client.cc:323] T 2f6802900a88465d881ffaf928450e5f P f499060af7d0470cb886aef6412c561e: tablet copy: Beginning tablet copy session from remote peer at address 127.21.90.66:40465
I20260710 13:24:48.813444 23052 tablet_copy_service.cc:140] P fe3d7cd14c014d2e87ee02c2da265c69: Received BeginTabletCopySession request for tablet 2f6802900a88465d881ffaf928450e5f from peer f499060af7d0470cb886aef6412c561e ({username='slave'} at 127.0.0.1:43282)
I20260710 13:24:48.813902 23052 tablet_copy_service.cc:161] P fe3d7cd14c014d2e87ee02c2da265c69: Beginning new tablet copy session on tablet 2f6802900a88465d881ffaf928450e5f from peer f499060af7d0470cb886aef6412c561e at {username='slave'} at 127.0.0.1:43282: session id = f499060af7d0470cb886aef6412c561e-2f6802900a88465d881ffaf928450e5f
I20260710 13:24:48.819052 22977 tablet_copy_source_session.cc:215] T b780c7e5ba664146a110d497ec1b1ce9 P 63739472b609477a8df5295ccb3d5d86: Tablet Copy: opened 0 blocks and 1 log segments
I20260710 13:24:48.820317 23052 tablet_copy_source_session.cc:215] T 2f6802900a88465d881ffaf928450e5f P fe3d7cd14c014d2e87ee02c2da265c69: Tablet Copy: opened 0 blocks and 1 log segments
I20260710 13:24:48.821447 23513 data_dirs.cc:400] Could only allocate 1 dirs of requested 3 for tablet b780c7e5ba664146a110d497ec1b1ce9. 1 dirs total, 0 dirs full, 0 dirs failed
I20260710 13:24:48.823935 23514 data_dirs.cc:400] Could only allocate 1 dirs of requested 3 for tablet 2f6802900a88465d881ffaf928450e5f. 1 dirs total, 0 dirs full, 0 dirs failed
I20260710 13:24:48.834503 23513 tablet_copy_client.cc:806] T b780c7e5ba664146a110d497ec1b1ce9 P f499060af7d0470cb886aef6412c561e: tablet copy: Starting download of 0 data blocks...
I20260710 13:24:48.835067 23513 tablet_copy_client.cc:670] T b780c7e5ba664146a110d497ec1b1ce9 P f499060af7d0470cb886aef6412c561e: tablet copy: Starting download of 1 WAL segments...
I20260710 13:24:48.837890 23514 tablet_copy_client.cc:806] T 2f6802900a88465d881ffaf928450e5f P f499060af7d0470cb886aef6412c561e: tablet copy: Starting download of 0 data blocks...
I20260710 13:24:48.838403 23514 tablet_copy_client.cc:670] T 2f6802900a88465d881ffaf928450e5f P f499060af7d0470cb886aef6412c561e: tablet copy: Starting download of 1 WAL segments...
I20260710 13:24:48.839006 23513 tablet_copy_client.cc:538] T b780c7e5ba664146a110d497ec1b1ce9 P f499060af7d0470cb886aef6412c561e: tablet copy: Tablet Copy complete. Replacing tablet superblock.
I20260710 13:24:48.842864 23514 tablet_copy_client.cc:538] T 2f6802900a88465d881ffaf928450e5f P f499060af7d0470cb886aef6412c561e: tablet copy: Tablet Copy complete. Replacing tablet superblock.
I20260710 13:24:48.845158 23513 tablet_bootstrap.cc:492] T b780c7e5ba664146a110d497ec1b1ce9 P f499060af7d0470cb886aef6412c561e: Bootstrap starting.
I20260710 13:24:48.850262 23514 tablet_bootstrap.cc:492] T 2f6802900a88465d881ffaf928450e5f P f499060af7d0470cb886aef6412c561e: Bootstrap starting.
I20260710 13:24:48.864176 23513 tablet_bootstrap.cc:492] T b780c7e5ba664146a110d497ec1b1ce9 P f499060af7d0470cb886aef6412c561e: Bootstrap replayed 1/1 log segments. Stats: ops{read=2 overwritten=0 applied=2 ignored=0} inserts{seen=0 ignored=0} mutations{seen=0 ignored=0} orphaned_commits=0. Pending: 0 replicates
I20260710 13:24:48.864966 23513 tablet_bootstrap.cc:492] T b780c7e5ba664146a110d497ec1b1ce9 P f499060af7d0470cb886aef6412c561e: Bootstrap complete.
I20260710 13:24:48.865564 23513 ts_tablet_manager.cc:1403] T b780c7e5ba664146a110d497ec1b1ce9 P f499060af7d0470cb886aef6412c561e: Time spent bootstrapping tablet: real 0.021s	user 0.012s	sys 0.008s
I20260710 13:24:48.868175 23513 raft_consensus.cc:359] T b780c7e5ba664146a110d497ec1b1ce9 P f499060af7d0470cb886aef6412c561e [term 1 LEARNER]: Replica starting. Triggering 0 pending ops. Active config: opid_index: 2 OBSOLETE_local: false peers { permanent_uuid: "63739472b609477a8df5295ccb3d5d86" member_type: VOTER last_known_addr { host: "127.21.90.65" port: 41489 } } peers { permanent_uuid: "fe3d7cd14c014d2e87ee02c2da265c69" member_type: VOTER last_known_addr { host: "127.21.90.66" port: 40465 } } peers { permanent_uuid: "d9d3d17199024a88afc68f0e4f89134e" member_type: VOTER last_known_addr { host: "127.21.90.67" port: 42021 } attrs { replace: true } } peers { permanent_uuid: "f499060af7d0470cb886aef6412c561e" member_type: NON_VOTER last_known_addr { host: "127.21.90.68" port: 37959 } attrs { promote: true } }
I20260710 13:24:48.868718 23513 raft_consensus.cc:740] T b780c7e5ba664146a110d497ec1b1ce9 P f499060af7d0470cb886aef6412c561e [term 1 LEARNER]: Becoming Follower/Learner. State: Replica: f499060af7d0470cb886aef6412c561e, State: Initialized, Role: LEARNER
I20260710 13:24:48.869282 23513 consensus_queue.cc:260] T b780c7e5ba664146a110d497ec1b1ce9 P f499060af7d0470cb886aef6412c561e [NON_LEADER]: Queue going to NON_LEADER mode. State: All replicated index: 0, Majority replicated index: 0, Committed index: 2, Last appended: 1.2, Last appended by leader: 2, Current term: 0, Majority size: -1, State: 0, Mode: NON_LEADER, active raft config: opid_index: 2 OBSOLETE_local: false peers { permanent_uuid: "63739472b609477a8df5295ccb3d5d86" member_type: VOTER last_known_addr { host: "127.21.90.65" port: 41489 } } peers { permanent_uuid: "fe3d7cd14c014d2e87ee02c2da265c69" member_type: VOTER last_known_addr { host: "127.21.90.66" port: 40465 } } peers { permanent_uuid: "d9d3d17199024a88afc68f0e4f89134e" member_type: VOTER last_known_addr { host: "127.21.90.67" port: 42021 } attrs { replace: true } } peers { permanent_uuid: "f499060af7d0470cb886aef6412c561e" member_type: NON_VOTER last_known_addr { host: "127.21.90.68" port: 37959 } attrs { promote: true } }
I20260710 13:24:48.872723 23514 tablet_bootstrap.cc:492] T 2f6802900a88465d881ffaf928450e5f P f499060af7d0470cb886aef6412c561e: Bootstrap replayed 1/1 log segments. Stats: ops{read=2 overwritten=0 applied=2 ignored=0} inserts{seen=0 ignored=0} mutations{seen=0 ignored=0} orphaned_commits=0. Pending: 0 replicates
I20260710 13:24:48.873474 23514 tablet_bootstrap.cc:492] T 2f6802900a88465d881ffaf928450e5f P f499060af7d0470cb886aef6412c561e: Bootstrap complete.
I20260710 13:24:48.874046 23514 ts_tablet_manager.cc:1403] T 2f6802900a88465d881ffaf928450e5f P f499060af7d0470cb886aef6412c561e: Time spent bootstrapping tablet: real 0.024s	user 0.016s	sys 0.005s
I20260710 13:24:48.876075 23513 ts_tablet_manager.cc:1434] T b780c7e5ba664146a110d497ec1b1ce9 P f499060af7d0470cb886aef6412c561e: Time spent starting tablet: real 0.010s	user 0.010s	sys 0.000s
I20260710 13:24:48.876639 23514 raft_consensus.cc:359] T 2f6802900a88465d881ffaf928450e5f P f499060af7d0470cb886aef6412c561e [term 1 LEARNER]: Replica starting. Triggering 0 pending ops. Active config: opid_index: 2 OBSOLETE_local: false peers { permanent_uuid: "63739472b609477a8df5295ccb3d5d86" member_type: VOTER last_known_addr { host: "127.21.90.65" port: 41489 } attrs { replace: true } } peers { permanent_uuid: "fe3d7cd14c014d2e87ee02c2da265c69" member_type: VOTER last_known_addr { host: "127.21.90.66" port: 40465 } } peers { permanent_uuid: "d9d3d17199024a88afc68f0e4f89134e" member_type: VOTER last_known_addr { host: "127.21.90.67" port: 42021 } } peers { permanent_uuid: "f499060af7d0470cb886aef6412c561e" member_type: NON_VOTER last_known_addr { host: "127.21.90.68" port: 37959 } attrs { promote: true } }
I20260710 13:24:48.877463 23514 raft_consensus.cc:740] T 2f6802900a88465d881ffaf928450e5f P f499060af7d0470cb886aef6412c561e [term 1 LEARNER]: Becoming Follower/Learner. State: Replica: f499060af7d0470cb886aef6412c561e, State: Initialized, Role: LEARNER
I20260710 13:24:48.878108 23514 consensus_queue.cc:260] T 2f6802900a88465d881ffaf928450e5f P f499060af7d0470cb886aef6412c561e [NON_LEADER]: Queue going to NON_LEADER mode. State: All replicated index: 0, Majority replicated index: 0, Committed index: 2, Last appended: 1.2, Last appended by leader: 2, Current term: 0, Majority size: -1, State: 0, Mode: NON_LEADER, active raft config: opid_index: 2 OBSOLETE_local: false peers { permanent_uuid: "63739472b609477a8df5295ccb3d5d86" member_type: VOTER last_known_addr { host: "127.21.90.65" port: 41489 } attrs { replace: true } } peers { permanent_uuid: "fe3d7cd14c014d2e87ee02c2da265c69" member_type: VOTER last_known_addr { host: "127.21.90.66" port: 40465 } } peers { permanent_uuid: "d9d3d17199024a88afc68f0e4f89134e" member_type: VOTER last_known_addr { host: "127.21.90.67" port: 42021 } } peers { permanent_uuid: "f499060af7d0470cb886aef6412c561e" member_type: NON_VOTER last_known_addr { host: "127.21.90.68" port: 37959 } attrs { promote: true } }
I20260710 13:24:48.878785 22977 tablet_copy_service.cc:342] P 63739472b609477a8df5295ccb3d5d86: Request end of tablet copy session f499060af7d0470cb886aef6412c561e-b780c7e5ba664146a110d497ec1b1ce9 received from {username='slave'} at 127.0.0.1:49382
I20260710 13:24:48.879148 22977 tablet_copy_service.cc:434] P 63739472b609477a8df5295ccb3d5d86: ending tablet copy session f499060af7d0470cb886aef6412c561e-b780c7e5ba664146a110d497ec1b1ce9 on tablet b780c7e5ba664146a110d497ec1b1ce9 with peer f499060af7d0470cb886aef6412c561e
I20260710 13:24:48.886775 23514 ts_tablet_manager.cc:1434] T 2f6802900a88465d881ffaf928450e5f P f499060af7d0470cb886aef6412c561e: Time spent starting tablet: real 0.012s	user 0.007s	sys 0.004s
I20260710 13:24:48.888728 23052 tablet_copy_service.cc:342] P fe3d7cd14c014d2e87ee02c2da265c69: Request end of tablet copy session f499060af7d0470cb886aef6412c561e-2f6802900a88465d881ffaf928450e5f received from {username='slave'} at 127.0.0.1:43282
I20260710 13:24:48.889098 23052 tablet_copy_service.cc:434] P fe3d7cd14c014d2e87ee02c2da265c69: ending tablet copy session f499060af7d0470cb886aef6412c561e-2f6802900a88465d881ffaf928450e5f on tablet 2f6802900a88465d881ffaf928450e5f with peer f499060af7d0470cb886aef6412c561e
I20260710 13:24:48.915354 23514 ts_tablet_manager.cc:933] T 3cb40eb881fb4a009107f55907ef56ba P f499060af7d0470cb886aef6412c561e: Initiating tablet copy from peer fe3d7cd14c014d2e87ee02c2da265c69 (127.21.90.66:40465)
I20260710 13:24:48.916700 23514 tablet_copy_client.cc:323] T 3cb40eb881fb4a009107f55907ef56ba P f499060af7d0470cb886aef6412c561e: tablet copy: Beginning tablet copy session from remote peer at address 127.21.90.66:40465
I20260710 13:24:48.918170 23052 tablet_copy_service.cc:140] P fe3d7cd14c014d2e87ee02c2da265c69: Received BeginTabletCopySession request for tablet 3cb40eb881fb4a009107f55907ef56ba from peer f499060af7d0470cb886aef6412c561e ({username='slave'} at 127.0.0.1:43282)
I20260710 13:24:48.918635 23052 tablet_copy_service.cc:161] P fe3d7cd14c014d2e87ee02c2da265c69: Beginning new tablet copy session on tablet 3cb40eb881fb4a009107f55907ef56ba from peer f499060af7d0470cb886aef6412c561e at {username='slave'} at 127.0.0.1:43282: session id = f499060af7d0470cb886aef6412c561e-3cb40eb881fb4a009107f55907ef56ba
I20260710 13:24:48.923384 23052 tablet_copy_source_session.cc:215] T 3cb40eb881fb4a009107f55907ef56ba P fe3d7cd14c014d2e87ee02c2da265c69: Tablet Copy: opened 0 blocks and 1 log segments
I20260710 13:24:48.925472 23514 data_dirs.cc:400] Could only allocate 1 dirs of requested 3 for tablet 3cb40eb881fb4a009107f55907ef56ba. 1 dirs total, 0 dirs full, 0 dirs failed
I20260710 13:24:48.940405 23514 tablet_copy_client.cc:806] T 3cb40eb881fb4a009107f55907ef56ba P f499060af7d0470cb886aef6412c561e: tablet copy: Starting download of 0 data blocks...
I20260710 13:24:48.940909 23514 tablet_copy_client.cc:670] T 3cb40eb881fb4a009107f55907ef56ba P f499060af7d0470cb886aef6412c561e: tablet copy: Starting download of 1 WAL segments...
I20260710 13:24:48.943611 23514 tablet_copy_client.cc:538] T 3cb40eb881fb4a009107f55907ef56ba P f499060af7d0470cb886aef6412c561e: tablet copy: Tablet Copy complete. Replacing tablet superblock.
I20260710 13:24:48.948926 23514 tablet_bootstrap.cc:492] T 3cb40eb881fb4a009107f55907ef56ba P f499060af7d0470cb886aef6412c561e: Bootstrap starting.
I20260710 13:24:48.950788 23513 ts_tablet_manager.cc:933] T 71e3579934024cb3b3bb0668c670326b P f499060af7d0470cb886aef6412c561e: Initiating tablet copy from peer 63739472b609477a8df5295ccb3d5d86 (127.21.90.65:41489)
I20260710 13:24:48.952364 23513 tablet_copy_client.cc:323] T 71e3579934024cb3b3bb0668c670326b P f499060af7d0470cb886aef6412c561e: tablet copy: Beginning tablet copy session from remote peer at address 127.21.90.65:41489
I20260710 13:24:48.954005 22977 tablet_copy_service.cc:140] P 63739472b609477a8df5295ccb3d5d86: Received BeginTabletCopySession request for tablet 71e3579934024cb3b3bb0668c670326b from peer f499060af7d0470cb886aef6412c561e ({username='slave'} at 127.0.0.1:49382)
I20260710 13:24:48.954499 22977 tablet_copy_service.cc:161] P 63739472b609477a8df5295ccb3d5d86: Beginning new tablet copy session on tablet 71e3579934024cb3b3bb0668c670326b from peer f499060af7d0470cb886aef6412c561e at {username='slave'} at 127.0.0.1:49382: session id = f499060af7d0470cb886aef6412c561e-71e3579934024cb3b3bb0668c670326b
I20260710 13:24:48.962755 22977 tablet_copy_source_session.cc:215] T 71e3579934024cb3b3bb0668c670326b P 63739472b609477a8df5295ccb3d5d86: Tablet Copy: opened 0 blocks and 1 log segments
I20260710 13:24:48.966634 23513 data_dirs.cc:400] Could only allocate 1 dirs of requested 3 for tablet 71e3579934024cb3b3bb0668c670326b. 1 dirs total, 0 dirs full, 0 dirs failed
I20260710 13:24:48.983944 23514 tablet_bootstrap.cc:492] T 3cb40eb881fb4a009107f55907ef56ba P f499060af7d0470cb886aef6412c561e: Bootstrap replayed 1/1 log segments. Stats: ops{read=2 overwritten=0 applied=2 ignored=0} inserts{seen=0 ignored=0} mutations{seen=0 ignored=0} orphaned_commits=0. Pending: 0 replicates
I20260710 13:24:48.984660 23514 tablet_bootstrap.cc:492] T 3cb40eb881fb4a009107f55907ef56ba P f499060af7d0470cb886aef6412c561e: Bootstrap complete.
I20260710 13:24:48.985206 23514 ts_tablet_manager.cc:1403] T 3cb40eb881fb4a009107f55907ef56ba P f499060af7d0470cb886aef6412c561e: Time spent bootstrapping tablet: real 0.037s	user 0.018s	sys 0.016s
I20260710 13:24:48.987690 23513 tablet_copy_client.cc:806] T 71e3579934024cb3b3bb0668c670326b P f499060af7d0470cb886aef6412c561e: tablet copy: Starting download of 0 data blocks...
I20260710 13:24:48.987516 23514 raft_consensus.cc:359] T 3cb40eb881fb4a009107f55907ef56ba P f499060af7d0470cb886aef6412c561e [term 1 LEARNER]: Replica starting. Triggering 0 pending ops. Active config: opid_index: 2 OBSOLETE_local: false peers { permanent_uuid: "63739472b609477a8df5295ccb3d5d86" member_type: VOTER last_known_addr { host: "127.21.90.65" port: 41489 } attrs { replace: true } } peers { permanent_uuid: "fe3d7cd14c014d2e87ee02c2da265c69" member_type: VOTER last_known_addr { host: "127.21.90.66" port: 40465 } } peers { permanent_uuid: "d9d3d17199024a88afc68f0e4f89134e" member_type: VOTER last_known_addr { host: "127.21.90.67" port: 42021 } } peers { permanent_uuid: "f499060af7d0470cb886aef6412c561e" member_type: NON_VOTER last_known_addr { host: "127.21.90.68" port: 37959 } attrs { promote: true } }
I20260710 13:24:48.988314 23513 tablet_copy_client.cc:670] T 71e3579934024cb3b3bb0668c670326b P f499060af7d0470cb886aef6412c561e: tablet copy: Starting download of 1 WAL segments...
I20260710 13:24:48.988464 23514 raft_consensus.cc:740] T 3cb40eb881fb4a009107f55907ef56ba P f499060af7d0470cb886aef6412c561e [term 1 LEARNER]: Becoming Follower/Learner. State: Replica: f499060af7d0470cb886aef6412c561e, State: Initialized, Role: LEARNER
I20260710 13:24:48.989138 23514 consensus_queue.cc:260] T 3cb40eb881fb4a009107f55907ef56ba P f499060af7d0470cb886aef6412c561e [NON_LEADER]: Queue going to NON_LEADER mode. State: All replicated index: 0, Majority replicated index: 0, Committed index: 2, Last appended: 1.2, Last appended by leader: 2, Current term: 0, Majority size: -1, State: 0, Mode: NON_LEADER, active raft config: opid_index: 2 OBSOLETE_local: false peers { permanent_uuid: "63739472b609477a8df5295ccb3d5d86" member_type: VOTER last_known_addr { host: "127.21.90.65" port: 41489 } attrs { replace: true } } peers { permanent_uuid: "fe3d7cd14c014d2e87ee02c2da265c69" member_type: VOTER last_known_addr { host: "127.21.90.66" port: 40465 } } peers { permanent_uuid: "d9d3d17199024a88afc68f0e4f89134e" member_type: VOTER last_known_addr { host: "127.21.90.67" port: 42021 } } peers { permanent_uuid: "f499060af7d0470cb886aef6412c561e" member_type: NON_VOTER last_known_addr { host: "127.21.90.68" port: 37959 } attrs { promote: true } }
I20260710 13:24:48.992180 23513 tablet_copy_client.cc:538] T 71e3579934024cb3b3bb0668c670326b P f499060af7d0470cb886aef6412c561e: tablet copy: Tablet Copy complete. Replacing tablet superblock.
I20260710 13:24:48.993032 23514 ts_tablet_manager.cc:1434] T 3cb40eb881fb4a009107f55907ef56ba P f499060af7d0470cb886aef6412c561e: Time spent starting tablet: real 0.007s	user 0.005s	sys 0.000s
I20260710 13:24:48.995796 23052 tablet_copy_service.cc:342] P fe3d7cd14c014d2e87ee02c2da265c69: Request end of tablet copy session f499060af7d0470cb886aef6412c561e-3cb40eb881fb4a009107f55907ef56ba received from {username='slave'} at 127.0.0.1:43282
