I20260710 13:24:50.427927 23207 raft_consensus.cc:3060] T 1e91a499e3994ca8a912211035a827c1 P f8fdced4e91f4e4dbbfbb5b20211f514 [term 0 FOLLOWER]: Advancing to term 1
I20260710 13:24:50.427659 22974 raft_consensus.cc:2468] T 272ef58a6b7740c6afcf1591290784d5 P cd7862b4d9d84ac8af0f82de4a6abc8c [term 1 FOLLOWER]: Leader election vote request: Granting yes vote for candidate 51473d569773418294e90e0c5e29b215 in term 1.
I20260710 13:24:50.434633 23123 tablet_service.cc:1917] Received RequestConsensusVote() RPC: tablet_id: "1e91a499e3994ca8a912211035a827c1" candidate_uuid: "f8fdced4e91f4e4dbbfbb5b20211f514" candidate_term: 1 candidate_status { last_received { term: 0 index: 0 } } ignore_live_leader: false dest_uuid: "51473d569773418294e90e0c5e29b215" is_pre_election: true
I20260710 13:24:50.429275 23052 tablet_service.cc:1917] Received RequestConsensusVote() RPC: tablet_id: "339045a75aab4b77a92aecd421d8868d" candidate_uuid: "51473d569773418294e90e0c5e29b215" candidate_term: 1 candidate_status { last_received { term: 0 index: 0 } } ignore_live_leader: false dest_uuid: "f8fdced4e91f4e4dbbfbb5b20211f514" is_pre_election: true
I20260710 13:24:50.435436 23123 raft_consensus.cc:2468] T 1e91a499e3994ca8a912211035a827c1 P 51473d569773418294e90e0c5e29b215 [term 0 FOLLOWER]: Leader pre-election vote request: Granting yes vote for candidate f8fdced4e91f4e4dbbfbb5b20211f514 in term 0.
I20260710 13:24:50.439330 23052 raft_consensus.cc:2468] T 339045a75aab4b77a92aecd421d8868d P f8fdced4e91f4e4dbbfbb5b20211f514 [term 0 FOLLOWER]: Leader pre-election vote request: Granting yes vote for candidate 51473d569773418294e90e0c5e29b215 in term 0.
W20260710 13:24:50.435755 23089 leader_election.cc:343] T 339045a75aab4b77a92aecd421d8868d P 51473d569773418294e90e0c5e29b215 [CANDIDATE]: Term 1 pre-election: Tablet error from VoteRequest() call to peer cd7862b4d9d84ac8af0f82de4a6abc8c (127.21.81.1:43583): Illegal state: must be running to vote when last-logged opid is not known
I20260710 13:24:50.441393 23089 leader_election.cc:304] T 339045a75aab4b77a92aecd421d8868d P 51473d569773418294e90e0c5e29b215 [CANDIDATE]: Term 1 pre-election: Election decided. Result: candidate won. Election summary: received 3 responses out of 3 voters: 2 yes votes; 1 no votes. yes voters: 51473d569773418294e90e0c5e29b215, f8fdced4e91f4e4dbbfbb5b20211f514; no voters: cd7862b4d9d84ac8af0f82de4a6abc8c
I20260710 13:24:50.444633 23305 raft_consensus.cc:2804] T 339045a75aab4b77a92aecd421d8868d P 51473d569773418294e90e0c5e29b215 [term 0 FOLLOWER]: Leader pre-election won for term 1
I20260710 13:24:50.448727 23305 raft_consensus.cc:493] T 339045a75aab4b77a92aecd421d8868d P 51473d569773418294e90e0c5e29b215 [term 0 FOLLOWER]: Starting leader election (no leader contacted us within the election timeout)
I20260710 13:24:50.449098 23305 raft_consensus.cc:3060] T 339045a75aab4b77a92aecd421d8868d P 51473d569773418294e90e0c5e29b215 [term 0 FOLLOWER]: Advancing to term 1
I20260710 13:24:50.453636 23291 raft_consensus.cc:493] T a5dbc181a9244353b411a274a3cbc5ce P f8fdced4e91f4e4dbbfbb5b20211f514 [term 0 FOLLOWER]: Starting pre-election (no leader contacted us within the election timeout)
I20260710 13:24:50.455564 23291 raft_consensus.cc:515] T a5dbc181a9244353b411a274a3cbc5ce P f8fdced4e91f4e4dbbfbb5b20211f514 [term 0 FOLLOWER]: Starting pre-election with config: opid_index: -1 OBSOLETE_local: false peers { permanent_uuid: "cd7862b4d9d84ac8af0f82de4a6abc8c" member_type: VOTER last_known_addr { host: "127.21.81.1" port: 43583 } } peers { permanent_uuid: "f8fdced4e91f4e4dbbfbb5b20211f514" member_type: VOTER last_known_addr { host: "127.21.81.2" port: 45117 } } peers { permanent_uuid: "51473d569773418294e90e0c5e29b215" member_type: VOTER last_known_addr { host: "127.21.81.3" port: 37525 } }
I20260710 13:24:50.458865 23291 leader_election.cc:290] T a5dbc181a9244353b411a274a3cbc5ce P f8fdced4e91f4e4dbbfbb5b20211f514 [CANDIDATE]: Term 1 pre-election: Requested pre-vote from peers cd7862b4d9d84ac8af0f82de4a6abc8c (127.21.81.1:43583), 51473d569773418294e90e0c5e29b215 (127.21.81.3:37525)
I20260710 13:24:50.463546 23123 tablet_service.cc:1917] Received RequestConsensusVote() RPC: tablet_id: "a5dbc181a9244353b411a274a3cbc5ce" candidate_uuid: "f8fdced4e91f4e4dbbfbb5b20211f514" candidate_term: 1 candidate_status { last_received { term: 0 index: 0 } } ignore_live_leader: false dest_uuid: "51473d569773418294e90e0c5e29b215" is_pre_election: true
I20260710 13:24:50.464097 23253 raft_consensus.cc:2749] T c31ed8ead31845c183c72f49317f6718 P cd7862b4d9d84ac8af0f82de4a6abc8c [term 1 FOLLOWER]: Leader pre-election lost for term 1. Reason: could not achieve majority
I20260710 13:24:50.464217 23123 raft_consensus.cc:2468] T a5dbc181a9244353b411a274a3cbc5ce P 51473d569773418294e90e0c5e29b215 [term 0 FOLLOWER]: Leader pre-election vote request: Granting yes vote for candidate f8fdced4e91f4e4dbbfbb5b20211f514 in term 0.
I20260710 13:24:50.464902 22974 tablet_service.cc:1917] Received RequestConsensusVote() RPC: tablet_id: "a5dbc181a9244353b411a274a3cbc5ce" candidate_uuid: "f8fdced4e91f4e4dbbfbb5b20211f514" candidate_term: 1 candidate_status { last_received { term: 0 index: 0 } } ignore_live_leader: false dest_uuid: "cd7862b4d9d84ac8af0f82de4a6abc8c" is_pre_election: true
I20260710 13:24:50.455384 23089 leader_election.cc:304] T 272ef58a6b7740c6afcf1591290784d5 P 51473d569773418294e90e0c5e29b215 [CANDIDATE]: Term 1 election: Election decided. Result: candidate won. Election summary: received 3 responses out of 3 voters: 2 yes votes; 1 no votes. yes voters: 51473d569773418294e90e0c5e29b215, cd7862b4d9d84ac8af0f82de4a6abc8c; no voters: f8fdced4e91f4e4dbbfbb5b20211f514
I20260710 13:24:50.465590 22974 raft_consensus.cc:2468] T a5dbc181a9244353b411a274a3cbc5ce P cd7862b4d9d84ac8af0f82de4a6abc8c [term 0 FOLLOWER]: Leader pre-election vote request: Granting yes vote for candidate f8fdced4e91f4e4dbbfbb5b20211f514 in term 0.
I20260710 13:24:50.465562 23015 leader_election.cc:304] T a5dbc181a9244353b411a274a3cbc5ce P f8fdced4e91f4e4dbbfbb5b20211f514 [CANDIDATE]: Term 1 pre-election: Election decided. Result: candidate won. Election summary: received 2 responses out of 3 voters: 2 yes votes; 0 no votes. yes voters: 51473d569773418294e90e0c5e29b215, f8fdced4e91f4e4dbbfbb5b20211f514; no voters: 
I20260710 13:24:50.464191 23207 raft_consensus.cc:515] T 1e91a499e3994ca8a912211035a827c1 P f8fdced4e91f4e4dbbfbb5b20211f514 [term 1 FOLLOWER]: Starting leader election with config: opid_index: -1 OBSOLETE_local: false peers { permanent_uuid: "cd7862b4d9d84ac8af0f82de4a6abc8c" member_type: VOTER last_known_addr { host: "127.21.81.1" port: 43583 } } peers { permanent_uuid: "f8fdced4e91f4e4dbbfbb5b20211f514" member_type: VOTER last_known_addr { host: "127.21.81.2" port: 45117 } } peers { permanent_uuid: "51473d569773418294e90e0c5e29b215" member_type: VOTER last_known_addr { host: "127.21.81.3" port: 37525 } }
I20260710 13:24:50.466897 23292 raft_consensus.cc:2804] T a5dbc181a9244353b411a274a3cbc5ce P f8fdced4e91f4e4dbbfbb5b20211f514 [term 0 FOLLOWER]: Leader pre-election won for term 1
I20260710 13:24:50.467247 23292 raft_consensus.cc:493] T a5dbc181a9244353b411a274a3cbc5ce P f8fdced4e91f4e4dbbfbb5b20211f514 [term 0 FOLLOWER]: Starting leader election (no leader contacted us within the election timeout)
I20260710 13:24:50.467485 23292 raft_consensus.cc:3060] T a5dbc181a9244353b411a274a3cbc5ce P f8fdced4e91f4e4dbbfbb5b20211f514 [term 0 FOLLOWER]: Advancing to term 1
I20260710 13:24:50.468137 23207 leader_election.cc:290] T 1e91a499e3994ca8a912211035a827c1 P f8fdced4e91f4e4dbbfbb5b20211f514 [CANDIDATE]: Term 1 election: Requested vote from peers cd7862b4d9d84ac8af0f82de4a6abc8c (127.21.81.1:43583), 51473d569773418294e90e0c5e29b215 (127.21.81.3:37525)
I20260710 13:24:50.467650 22875 catalog_manager.cc:5697] T 14e9abbe53314f65a8efceb5f3c43f6b P cd7862b4d9d84ac8af0f82de4a6abc8c reported cstate change: term changed from 0 to 1, leader changed from <none> to cd7862b4d9d84ac8af0f82de4a6abc8c (127.21.81.1). New cstate: current_term: 1 leader_uuid: "cd7862b4d9d84ac8af0f82de4a6abc8c" committed_config { opid_index: -1 OBSOLETE_local: false peers { permanent_uuid: "cd7862b4d9d84ac8af0f82de4a6abc8c" member_type: VOTER last_known_addr { host: "127.21.81.1" port: 43583 } health_report { overall_health: HEALTHY } } peers { permanent_uuid: "f8fdced4e91f4e4dbbfbb5b20211f514" member_type: VOTER last_known_addr { host: "127.21.81.2" port: 45117 } health_report { overall_health: UNKNOWN } } peers { permanent_uuid: "51473d569773418294e90e0c5e29b215" member_type: VOTER last_known_addr { host: "127.21.81.3" port: 37525 } health_report { overall_health: UNKNOWN } } }
I20260710 13:24:50.469874 23170 tablet_bootstrap.cc:492] T 14e9abbe53314f65a8efceb5f3c43f6b P f8fdced4e91f4e4dbbfbb5b20211f514: No bootstrap required, opened a new log
I20260710 13:24:50.469929 23124 tablet_service.cc:1917] Received RequestConsensusVote() RPC: tablet_id: "1e91a499e3994ca8a912211035a827c1" candidate_uuid: "f8fdced4e91f4e4dbbfbb5b20211f514" candidate_term: 1 candidate_status { last_received { term: 0 index: 0 } } ignore_live_leader: false dest_uuid: "51473d569773418294e90e0c5e29b215"
I20260710 13:24:50.470374 23170 ts_tablet_manager.cc:1403] T 14e9abbe53314f65a8efceb5f3c43f6b P f8fdced4e91f4e4dbbfbb5b20211f514: Time spent bootstrapping tablet: real 0.059s	user 0.010s	sys 0.013s
I20260710 13:24:50.470592 23124 raft_consensus.cc:3060] T 1e91a499e3994ca8a912211035a827c1 P 51473d569773418294e90e0c5e29b215 [term 0 FOLLOWER]: Advancing to term 1
I20260710 13:24:50.471470 22976 tablet_service.cc:1917] Received RequestConsensusVote() RPC: tablet_id: "1e91a499e3994ca8a912211035a827c1" candidate_uuid: "f8fdced4e91f4e4dbbfbb5b20211f514" candidate_term: 1 candidate_status { last_received { term: 0 index: 0 } } ignore_live_leader: false dest_uuid: "cd7862b4d9d84ac8af0f82de4a6abc8c"
I20260710 13:24:50.471998 22976 raft_consensus.cc:3060] T 1e91a499e3994ca8a912211035a827c1 P cd7862b4d9d84ac8af0f82de4a6abc8c [term 0 FOLLOWER]: Advancing to term 1
I20260710 13:24:50.472273 23262 raft_consensus.cc:2804] T 272ef58a6b7740c6afcf1591290784d5 P 51473d569773418294e90e0c5e29b215 [term 1 FOLLOWER]: Leader election won for term 1
I20260710 13:24:50.472735 23262 raft_consensus.cc:697] T 272ef58a6b7740c6afcf1591290784d5 P 51473d569773418294e90e0c5e29b215 [term 1 LEADER]: Becoming Leader. State: Replica: 51473d569773418294e90e0c5e29b215, State: Running, Role: LEADER
I20260710 13:24:50.473510 23262 consensus_queue.cc:237] T 272ef58a6b7740c6afcf1591290784d5 P 51473d569773418294e90e0c5e29b215 [LEADER]: Queue going to LEADER mode. State: All replicated index: 0, Majority replicated index: 0, Committed index: 0, Last appended: 0.0, Last appended by leader: 0, Current term: 1, Majority size: 2, State: 0, Mode: LEADER, active raft config: opid_index: -1 OBSOLETE_local: false peers { permanent_uuid: "cd7862b4d9d84ac8af0f82de4a6abc8c" member_type: VOTER last_known_addr { host: "127.21.81.1" port: 43583 } } peers { permanent_uuid: "f8fdced4e91f4e4dbbfbb5b20211f514" member_type: VOTER last_known_addr { host: "127.21.81.2" port: 45117 } } peers { permanent_uuid: "51473d569773418294e90e0c5e29b215" member_type: VOTER last_known_addr { host: "127.21.81.3" port: 37525 } }
I20260710 13:24:50.477409 23169 tablet_bootstrap.cc:654] T 0930bd49d89c4508acbb6745e6cc7d16 P cd7862b4d9d84ac8af0f82de4a6abc8c: Neither blocks nor log segments found. Creating new log.
I20260710 13:24:50.485563 23124 raft_consensus.cc:2468] T 1e91a499e3994ca8a912211035a827c1 P 51473d569773418294e90e0c5e29b215 [term 1 FOLLOWER]: Leader election vote request: Granting yes vote for candidate f8fdced4e91f4e4dbbfbb5b20211f514 in term 1.
I20260710 13:24:50.486714 23015 leader_election.cc:304] T 1e91a499e3994ca8a912211035a827c1 P f8fdced4e91f4e4dbbfbb5b20211f514 [CANDIDATE]: Term 1 election: Election decided. Result: candidate won. Election summary: received 2 responses out of 3 voters: 2 yes votes; 0 no votes. yes voters: 51473d569773418294e90e0c5e29b215, f8fdced4e91f4e4dbbfbb5b20211f514; no voters: 
I20260710 13:24:50.489185 23207 raft_consensus.cc:2804] T 1e91a499e3994ca8a912211035a827c1 P f8fdced4e91f4e4dbbfbb5b20211f514 [term 1 FOLLOWER]: Leader election won for term 1
I20260710 13:24:50.489838 23207 raft_consensus.cc:697] T 1e91a499e3994ca8a912211035a827c1 P f8fdced4e91f4e4dbbfbb5b20211f514 [term 1 LEADER]: Becoming Leader. State: Replica: f8fdced4e91f4e4dbbfbb5b20211f514, State: Running, Role: LEADER
I20260710 13:24:50.490722 23207 consensus_queue.cc:237] T 1e91a499e3994ca8a912211035a827c1 P f8fdced4e91f4e4dbbfbb5b20211f514 [LEADER]: Queue going to LEADER mode. State: All replicated index: 0, Majority replicated index: 0, Committed index: 0, Last appended: 0.0, Last appended by leader: 0, Current term: 1, Majority size: 2, State: 0, Mode: LEADER, active raft config: opid_index: -1 OBSOLETE_local: false peers { permanent_uuid: "cd7862b4d9d84ac8af0f82de4a6abc8c" member_type: VOTER last_known_addr { host: "127.21.81.1" port: 43583 } } peers { permanent_uuid: "f8fdced4e91f4e4dbbfbb5b20211f514" member_type: VOTER last_known_addr { host: "127.21.81.2" port: 45117 } } peers { permanent_uuid: "51473d569773418294e90e0c5e29b215" member_type: VOTER last_known_addr { host: "127.21.81.3" port: 37525 } }
I20260710 13:24:50.491276 22976 raft_consensus.cc:2468] T 1e91a499e3994ca8a912211035a827c1 P cd7862b4d9d84ac8af0f82de4a6abc8c [term 1 FOLLOWER]: Leader election vote request: Granting yes vote for candidate f8fdced4e91f4e4dbbfbb5b20211f514 in term 1.
I20260710 13:24:50.487947 23305 raft_consensus.cc:515] T 339045a75aab4b77a92aecd421d8868d P 51473d569773418294e90e0c5e29b215 [term 1 FOLLOWER]: Starting leader election with config: opid_index: -1 OBSOLETE_local: false peers { permanent_uuid: "cd7862b4d9d84ac8af0f82de4a6abc8c" member_type: VOTER last_known_addr { host: "127.21.81.1" port: 43583 } } peers { permanent_uuid: "f8fdced4e91f4e4dbbfbb5b20211f514" member_type: VOTER last_known_addr { host: "127.21.81.2" port: 45117 } } peers { permanent_uuid: "51473d569773418294e90e0c5e29b215" member_type: VOTER last_known_addr { host: "127.21.81.3" port: 37525 } }
I20260710 13:24:50.495750 23292 raft_consensus.cc:515] T a5dbc181a9244353b411a274a3cbc5ce P f8fdced4e91f4e4dbbfbb5b20211f514 [term 1 FOLLOWER]: Starting leader election with config: opid_index: -1 OBSOLETE_local: false peers { permanent_uuid: "cd7862b4d9d84ac8af0f82de4a6abc8c" member_type: VOTER last_known_addr { host: "127.21.81.1" port: 43583 } } peers { permanent_uuid: "f8fdced4e91f4e4dbbfbb5b20211f514" member_type: VOTER last_known_addr { host: "127.21.81.2" port: 45117 } } peers { permanent_uuid: "51473d569773418294e90e0c5e29b215" member_type: VOTER last_known_addr { host: "127.21.81.3" port: 37525 } }
I20260710 13:24:50.496145 23305 leader_election.cc:290] T 339045a75aab4b77a92aecd421d8868d P 51473d569773418294e90e0c5e29b215 [CANDIDATE]: Term 1 election: Requested vote from peers cd7862b4d9d84ac8af0f82de4a6abc8c (127.21.81.1:43583), f8fdced4e91f4e4dbbfbb5b20211f514 (127.21.81.2:45117)
I20260710 13:24:50.500072 22976 tablet_service.cc:1917] Received RequestConsensusVote() RPC: tablet_id: "a5dbc181a9244353b411a274a3cbc5ce" candidate_uuid: "f8fdced4e91f4e4dbbfbb5b20211f514" candidate_term: 1 candidate_status { last_received { term: 0 index: 0 } } ignore_live_leader: false dest_uuid: "cd7862b4d9d84ac8af0f82de4a6abc8c"
I20260710 13:24:50.500264 23170 raft_consensus.cc:359] T 14e9abbe53314f65a8efceb5f3c43f6b P f8fdced4e91f4e4dbbfbb5b20211f514 [term 0 FOLLOWER]: Replica starting. Triggering 0 pending ops. Active config: opid_index: -1 OBSOLETE_local: false peers { permanent_uuid: "cd7862b4d9d84ac8af0f82de4a6abc8c" member_type: VOTER last_known_addr { host: "127.21.81.1" port: 43583 } } peers { permanent_uuid: "f8fdced4e91f4e4dbbfbb5b20211f514" member_type: VOTER last_known_addr { host: "127.21.81.2" port: 45117 } } peers { permanent_uuid: "51473d569773418294e90e0c5e29b215" member_type: VOTER last_known_addr { host: "127.21.81.3" port: 37525 } }
I20260710 13:24:50.500895 23170 raft_consensus.cc:385] T 14e9abbe53314f65a8efceb5f3c43f6b P f8fdced4e91f4e4dbbfbb5b20211f514 [term 0 FOLLOWER]: Consensus starting up: Expiring failure detector timer to make a prompt election more likely
I20260710 13:24:50.501063 23292 leader_election.cc:290] T a5dbc181a9244353b411a274a3cbc5ce P f8fdced4e91f4e4dbbfbb5b20211f514 [CANDIDATE]: Term 1 election: Requested vote from peers cd7862b4d9d84ac8af0f82de4a6abc8c (127.21.81.1:43583), 51473d569773418294e90e0c5e29b215 (127.21.81.3:37525)
I20260710 13:24:50.501168 23170 raft_consensus.cc:740] T 14e9abbe53314f65a8efceb5f3c43f6b P f8fdced4e91f4e4dbbfbb5b20211f514 [term 0 FOLLOWER]: Becoming Follower/Learner. State: Replica: f8fdced4e91f4e4dbbfbb5b20211f514, State: Initialized, Role: FOLLOWER
I20260710 13:24:50.502009 23170 consensus_queue.cc:260] T 14e9abbe53314f65a8efceb5f3c43f6b P f8fdced4e91f4e4dbbfbb5b20211f514 [NON_LEADER]: Queue going to NON_LEADER mode. State: All replicated index: 0, Majority replicated index: 0, Committed index: 0, Last appended: 0.0, Last appended by leader: 0, Current term: 0, Majority size: -1, State: 0, Mode: NON_LEADER, active raft config: opid_index: -1 OBSOLETE_local: false peers { permanent_uuid: "cd7862b4d9d84ac8af0f82de4a6abc8c" member_type: VOTER last_known_addr { host: "127.21.81.1" port: 43583 } } peers { permanent_uuid: "f8fdced4e91f4e4dbbfbb5b20211f514" member_type: VOTER last_known_addr { host: "127.21.81.2" port: 45117 } } peers { permanent_uuid: "51473d569773418294e90e0c5e29b215" member_type: VOTER last_known_addr { host: "127.21.81.3" port: 37525 } }
I20260710 13:24:50.500624 22976 raft_consensus.cc:3060] T a5dbc181a9244353b411a274a3cbc5ce P cd7862b4d9d84ac8af0f82de4a6abc8c [term 0 FOLLOWER]: Advancing to term 1
I20260710 13:24:50.504104 23170 ts_tablet_manager.cc:1434] T 14e9abbe53314f65a8efceb5f3c43f6b P f8fdced4e91f4e4dbbfbb5b20211f514: Time spent starting tablet: real 0.033s	user 0.006s	sys 0.000s
I20260710 13:24:50.505424 22974 tablet_service.cc:1917] Received RequestConsensusVote() RPC: tablet_id: "339045a75aab4b77a92aecd421d8868d" candidate_uuid: "51473d569773418294e90e0c5e29b215" candidate_term: 1 candidate_status { last_received { term: 0 index: 0 } } ignore_live_leader: false dest_uuid: "cd7862b4d9d84ac8af0f82de4a6abc8c"
I20260710 13:24:50.505613 23052 tablet_service.cc:1917] Received RequestConsensusVote() RPC: tablet_id: "339045a75aab4b77a92aecd421d8868d" candidate_uuid: "51473d569773418294e90e0c5e29b215" candidate_term: 1 candidate_status { last_received { term: 0 index: 0 } } ignore_live_leader: false dest_uuid: "f8fdced4e91f4e4dbbfbb5b20211f514"
I20260710 13:24:50.506325 23052 raft_consensus.cc:3060] T 339045a75aab4b77a92aecd421d8868d P f8fdced4e91f4e4dbbfbb5b20211f514 [term 0 FOLLOWER]: Advancing to term 1
W20260710 13:24:50.507490 23089 leader_election.cc:343] T 339045a75aab4b77a92aecd421d8868d P 51473d569773418294e90e0c5e29b215 [CANDIDATE]: Term 1 election: Tablet error from VoteRequest() call to peer cd7862b4d9d84ac8af0f82de4a6abc8c (127.21.81.1:43583): Illegal state: must be running to vote when last-logged opid is not known
I20260710 13:24:50.507714 23169 tablet_bootstrap.cc:492] T 0930bd49d89c4508acbb6745e6cc7d16 P cd7862b4d9d84ac8af0f82de4a6abc8c: No bootstrap required, opened a new log
I20260710 13:24:50.508308 23169 ts_tablet_manager.cc:1403] T 0930bd49d89c4508acbb6745e6cc7d16 P cd7862b4d9d84ac8af0f82de4a6abc8c: Time spent bootstrapping tablet: real 0.090s	user 0.013s	sys 0.002s
I20260710 13:24:50.509594 23291 raft_consensus.cc:493] T 14e9abbe53314f65a8efceb5f3c43f6b P f8fdced4e91f4e4dbbfbb5b20211f514 [term 0 FOLLOWER]: Starting pre-election (no leader contacted us within the election timeout)
I20260710 13:24:50.510076 23291 raft_consensus.cc:515] T 14e9abbe53314f65a8efceb5f3c43f6b P f8fdced4e91f4e4dbbfbb5b20211f514 [term 0 FOLLOWER]: Starting pre-election with config: opid_index: -1 OBSOLETE_local: false peers { permanent_uuid: "cd7862b4d9d84ac8af0f82de4a6abc8c" member_type: VOTER last_known_addr { host: "127.21.81.1" port: 43583 } } peers { permanent_uuid: "f8fdced4e91f4e4dbbfbb5b20211f514" member_type: VOTER last_known_addr { host: "127.21.81.2" port: 45117 } } peers { permanent_uuid: "51473d569773418294e90e0c5e29b215" member_type: VOTER last_known_addr { host: "127.21.81.3" port: 37525 } }
I20260710 13:24:50.510829 23169 raft_consensus.cc:359] T 0930bd49d89c4508acbb6745e6cc7d16 P cd7862b4d9d84ac8af0f82de4a6abc8c [term 0 FOLLOWER]: Replica starting. Triggering 0 pending ops. Active config: opid_index: -1 OBSOLETE_local: false peers { permanent_uuid: "cd7862b4d9d84ac8af0f82de4a6abc8c" member_type: VOTER last_known_addr { host: "127.21.81.1" port: 43583 } } peers { permanent_uuid: "f8fdced4e91f4e4dbbfbb5b20211f514" member_type: VOTER last_known_addr { host: "127.21.81.2" port: 45117 } } peers { permanent_uuid: "51473d569773418294e90e0c5e29b215" member_type: VOTER last_known_addr { host: "127.21.81.3" port: 37525 } }
I20260710 13:24:50.511469 23169 raft_consensus.cc:385] T 0930bd49d89c4508acbb6745e6cc7d16 P cd7862b4d9d84ac8af0f82de4a6abc8c [term 0 FOLLOWER]: Consensus starting up: Expiring failure detector timer to make a prompt election more likely
I20260710 13:24:50.511727 23169 raft_consensus.cc:740] T 0930bd49d89c4508acbb6745e6cc7d16 P cd7862b4d9d84ac8af0f82de4a6abc8c [term 0 FOLLOWER]: Becoming Follower/Learner. State: Replica: cd7862b4d9d84ac8af0f82de4a6abc8c, State: Initialized, Role: FOLLOWER
I20260710 13:24:50.512143 23291 leader_election.cc:290] T 14e9abbe53314f65a8efceb5f3c43f6b P f8fdced4e91f4e4dbbfbb5b20211f514 [CANDIDATE]: Term 1 pre-election: Requested pre-vote from peers cd7862b4d9d84ac8af0f82de4a6abc8c (127.21.81.1:43583), 51473d569773418294e90e0c5e29b215 (127.21.81.3:37525)
I20260710 13:24:50.512415 23170 tablet_bootstrap.cc:492] T 17b62c8d269a4acbad0a139eded0a308 P f8fdced4e91f4e4dbbfbb5b20211f514: Bootstrap starting.
I20260710 13:24:50.511991 22871 catalog_manager.cc:5697] T 272ef58a6b7740c6afcf1591290784d5 P 51473d569773418294e90e0c5e29b215 reported cstate change: term changed from 0 to 1, leader changed from <none> to 51473d569773418294e90e0c5e29b215 (127.21.81.3). New cstate: current_term: 1 leader_uuid: "51473d569773418294e90e0c5e29b215" committed_config { opid_index: -1 OBSOLETE_local: false peers { permanent_uuid: "cd7862b4d9d84ac8af0f82de4a6abc8c" member_type: VOTER last_known_addr { host: "127.21.81.1" port: 43583 } health_report { overall_health: UNKNOWN } } peers { permanent_uuid: "f8fdced4e91f4e4dbbfbb5b20211f514" member_type: VOTER last_known_addr { host: "127.21.81.2" port: 45117 } health_report { overall_health: UNKNOWN } } peers { permanent_uuid: "51473d569773418294e90e0c5e29b215" member_type: VOTER last_known_addr { host: "127.21.81.3" port: 37525 } health_report { overall_health: HEALTHY } } }
I20260710 13:24:50.514223 23125 tablet_service.cc:1917] Received RequestConsensusVote() RPC: tablet_id: "14e9abbe53314f65a8efceb5f3c43f6b" candidate_uuid: "f8fdced4e91f4e4dbbfbb5b20211f514" candidate_term: 1 candidate_status { last_received { term: 0 index: 0 } } ignore_live_leader: false dest_uuid: "51473d569773418294e90e0c5e29b215" is_pre_election: true
I20260710 13:24:50.514508 23124 tablet_service.cc:1917] Received RequestConsensusVote() RPC: tablet_id: "a5dbc181a9244353b411a274a3cbc5ce" candidate_uuid: "f8fdced4e91f4e4dbbfbb5b20211f514" candidate_term: 1 candidate_status { last_received { term: 0 index: 0 } } ignore_live_leader: false dest_uuid: "51473d569773418294e90e0c5e29b215"
I20260710 13:24:50.514987 23125 raft_consensus.cc:2393] T 14e9abbe53314f65a8efceb5f3c43f6b P 51473d569773418294e90e0c5e29b215 [term 1 FOLLOWER]: Leader pre-election vote request: Denying vote to candidate f8fdced4e91f4e4dbbfbb5b20211f514 in current term 1: Already voted for candidate cd7862b4d9d84ac8af0f82de4a6abc8c in this term.
I20260710 13:24:50.515023 23124 raft_consensus.cc:3060] T a5dbc181a9244353b411a274a3cbc5ce P 51473d569773418294e90e0c5e29b215 [term 0 FOLLOWER]: Advancing to term 1
I20260710 13:24:50.517706 23170 tablet_bootstrap.cc:654] T 17b62c8d269a4acbad0a139eded0a308 P f8fdced4e91f4e4dbbfbb5b20211f514: Neither blocks nor log segments found. Creating new log.
I20260710 13:24:50.518383 23169 consensus_queue.cc:260] T 0930bd49d89c4508acbb6745e6cc7d16 P cd7862b4d9d84ac8af0f82de4a6abc8c [NON_LEADER]: Queue going to NON_LEADER mode. State: All replicated index: 0, Majority replicated index: 0, Committed index: 0, Last appended: 0.0, Last appended by leader: 0, Current term: 0, Majority size: -1, State: 0, Mode: NON_LEADER, active raft config: opid_index: -1 OBSOLETE_local: false peers { permanent_uuid: "cd7862b4d9d84ac8af0f82de4a6abc8c" member_type: VOTER last_known_addr { host: "127.21.81.1" port: 43583 } } peers { permanent_uuid: "f8fdced4e91f4e4dbbfbb5b20211f514" member_type: VOTER last_known_addr { host: "127.21.81.2" port: 45117 } } peers { permanent_uuid: "51473d569773418294e90e0c5e29b215" member_type: VOTER last_known_addr { host: "127.21.81.3" port: 37525 } }
I20260710 13:24:50.520006 23052 raft_consensus.cc:2468] T 339045a75aab4b77a92aecd421d8868d P f8fdced4e91f4e4dbbfbb5b20211f514 [term 1 FOLLOWER]: Leader election vote request: Granting yes vote for candidate 51473d569773418294e90e0c5e29b215 in term 1.
I20260710 13:24:50.520478 23169 ts_tablet_manager.cc:1434] T 0930bd49d89c4508acbb6745e6cc7d16 P cd7862b4d9d84ac8af0f82de4a6abc8c: Time spent starting tablet: real 0.012s	user 0.004s	sys 0.000s
I20260710 13:24:50.523149 22974 tablet_service.cc:1917] Received RequestConsensusVote() RPC: tablet_id: "14e9abbe53314f65a8efceb5f3c43f6b" candidate_uuid: "f8fdced4e91f4e4dbbfbb5b20211f514" candidate_term: 1 candidate_status { last_received { term: 0 index: 0 } } ignore_live_leader: false dest_uuid: "cd7862b4d9d84ac8af0f82de4a6abc8c" is_pre_election: true
I20260710 13:24:50.524890 23015 leader_election.cc:304] T 14e9abbe53314f65a8efceb5f3c43f6b P f8fdced4e91f4e4dbbfbb5b20211f514 [CANDIDATE]: Term 1 pre-election: Election decided. Result: candidate lost. Election summary: received 3 responses out of 3 voters: 1 yes votes; 2 no votes. yes voters: f8fdced4e91f4e4dbbfbb5b20211f514; no voters: 51473d569773418294e90e0c5e29b215, cd7862b4d9d84ac8af0f82de4a6abc8c
I20260710 13:24:50.525264 23089 leader_election.cc:304] T 339045a75aab4b77a92aecd421d8868d P 51473d569773418294e90e0c5e29b215 [CANDIDATE]: Term 1 election: Election decided. Result: candidate won. Election summary: received 3 responses out of 3 voters: 2 yes votes; 1 no votes. yes voters: 51473d569773418294e90e0c5e29b215, f8fdced4e91f4e4dbbfbb5b20211f514; no voters: cd7862b4d9d84ac8af0f82de4a6abc8c
I20260710 13:24:50.525835 23169 tablet_bootstrap.cc:492] T 339045a75aab4b77a92aecd421d8868d P cd7862b4d9d84ac8af0f82de4a6abc8c: Bootstrap starting.
I20260710 13:24:50.524878 23124 raft_consensus.cc:2468] T a5dbc181a9244353b411a274a3cbc5ce P 51473d569773418294e90e0c5e29b215 [term 1 FOLLOWER]: Leader election vote request: Granting yes vote for candidate f8fdced4e91f4e4dbbfbb5b20211f514 in term 1.
I20260710 13:24:50.526904 23305 raft_consensus.cc:2804] T 339045a75aab4b77a92aecd421d8868d P 51473d569773418294e90e0c5e29b215 [term 1 FOLLOWER]: Leader election won for term 1
I20260710 13:24:50.527420 23305 raft_consensus.cc:697] T 339045a75aab4b77a92aecd421d8868d P 51473d569773418294e90e0c5e29b215 [term 1 LEADER]: Becoming Leader. State: Replica: 51473d569773418294e90e0c5e29b215, State: Running, Role: LEADER
I20260710 13:24:50.528303 23305 consensus_queue.cc:237] T 339045a75aab4b77a92aecd421d8868d P 51473d569773418294e90e0c5e29b215 [LEADER]: Queue going to LEADER mode. State: All replicated index: 0, Majority replicated index: 0, Committed index: 0, Last appended: 0.0, Last appended by leader: 0, Current term: 1, Majority size: 2, State: 0, Mode: LEADER, active raft config: opid_index: -1 OBSOLETE_local: false peers { permanent_uuid: "cd7862b4d9d84ac8af0f82de4a6abc8c" member_type: VOTER last_known_addr { host: "127.21.81.1" port: 43583 } } peers { permanent_uuid: "f8fdced4e91f4e4dbbfbb5b20211f514" member_type: VOTER last_known_addr { host: "127.21.81.2" port: 45117 } } peers { permanent_uuid: "51473d569773418294e90e0c5e29b215" member_type: VOTER last_known_addr { host: "127.21.81.3" port: 37525 } }
I20260710 13:24:50.530776 23015 leader_election.cc:304] T a5dbc181a9244353b411a274a3cbc5ce P f8fdced4e91f4e4dbbfbb5b20211f514 [CANDIDATE]: Term 1 election: Election decided. Result: candidate won. Election summary: received 2 responses out of 3 voters: 2 yes votes; 0 no votes. yes voters: 51473d569773418294e90e0c5e29b215, f8fdced4e91f4e4dbbfbb5b20211f514; no voters: 
I20260710 13:24:50.531957 22976 raft_consensus.cc:2468] T a5dbc181a9244353b411a274a3cbc5ce P cd7862b4d9d84ac8af0f82de4a6abc8c [term 1 FOLLOWER]: Leader election vote request: Granting yes vote for candidate f8fdced4e91f4e4dbbfbb5b20211f514 in term 1.
I20260710 13:24:50.533149 23291 raft_consensus.cc:3060] T 14e9abbe53314f65a8efceb5f3c43f6b P f8fdced4e91f4e4dbbfbb5b20211f514 [term 0 FOLLOWER]: Advancing to term 1
I20260710 13:24:50.533797 23169 tablet_bootstrap.cc:654] T 339045a75aab4b77a92aecd421d8868d P cd7862b4d9d84ac8af0f82de4a6abc8c: Neither blocks nor log segments found. Creating new log.
I20260710 13:24:50.533885 23292 raft_consensus.cc:2804] T a5dbc181a9244353b411a274a3cbc5ce P f8fdced4e91f4e4dbbfbb5b20211f514 [term 1 FOLLOWER]: Leader election won for term 1
I20260710 13:24:50.534787 23292 raft_consensus.cc:697] T a5dbc181a9244353b411a274a3cbc5ce P f8fdced4e91f4e4dbbfbb5b20211f514 [term 1 LEADER]: Becoming Leader. State: Replica: f8fdced4e91f4e4dbbfbb5b20211f514, State: Running, Role: LEADER
I20260710 13:24:50.535640 23292 consensus_queue.cc:237] T a5dbc181a9244353b411a274a3cbc5ce P f8fdced4e91f4e4dbbfbb5b20211f514 [LEADER]: Queue going to LEADER mode. State: All replicated index: 0, Majority replicated index: 0, Committed index: 0, Last appended: 0.0, Last appended by leader: 0, Current term: 1, Majority size: 2, State: 0, Mode: LEADER, active raft config: opid_index: -1 OBSOLETE_local: false peers { permanent_uuid: "cd7862b4d9d84ac8af0f82de4a6abc8c" member_type: VOTER last_known_addr { host: "127.21.81.1" port: 43583 } } peers { permanent_uuid: "f8fdced4e91f4e4dbbfbb5b20211f514" member_type: VOTER last_known_addr { host: "127.21.81.2" port: 45117 } } peers { permanent_uuid: "51473d569773418294e90e0c5e29b215" member_type: VOTER last_known_addr { host: "127.21.81.3" port: 37525 } }
I20260710 13:24:50.541090 23291 raft_consensus.cc:2749] T 14e9abbe53314f65a8efceb5f3c43f6b P f8fdced4e91f4e4dbbfbb5b20211f514 [term 1 FOLLOWER]: Leader pre-election lost for term 1. Reason: could not achieve majority
I20260710 13:24:50.542382 23170 tablet_bootstrap.cc:492] T 17b62c8d269a4acbad0a139eded0a308 P f8fdced4e91f4e4dbbfbb5b20211f514: No bootstrap required, opened a new log
I20260710 13:24:50.542959 23170 ts_tablet_manager.cc:1403] T 17b62c8d269a4acbad0a139eded0a308 P f8fdced4e91f4e4dbbfbb5b20211f514: Time spent bootstrapping tablet: real 0.038s	user 0.009s	sys 0.003s
I20260710 13:24:50.546733 23170 raft_consensus.cc:359] T 17b62c8d269a4acbad0a139eded0a308 P f8fdced4e91f4e4dbbfbb5b20211f514 [term 0 FOLLOWER]: Replica starting. Triggering 0 pending ops. Active config: opid_index: -1 OBSOLETE_local: false peers { permanent_uuid: "cd7862b4d9d84ac8af0f82de4a6abc8c" member_type: VOTER last_known_addr { host: "127.21.81.1" port: 43583 } } peers { permanent_uuid: "f8fdced4e91f4e4dbbfbb5b20211f514" member_type: VOTER last_known_addr { host: "127.21.81.2" port: 45117 } } peers { permanent_uuid: "51473d569773418294e90e0c5e29b215" member_type: VOTER last_known_addr { host: "127.21.81.3" port: 37525 } }
I20260710 13:24:50.547541 23170 raft_consensus.cc:385] T 17b62c8d269a4acbad0a139eded0a308 P f8fdced4e91f4e4dbbfbb5b20211f514 [term 0 FOLLOWER]: Consensus starting up: Expiring failure detector timer to make a prompt election more likely
I20260710 13:24:50.546636 22875 catalog_manager.cc:5697] T 1e91a499e3994ca8a912211035a827c1 P f8fdced4e91f4e4dbbfbb5b20211f514 reported cstate change: term changed from 0 to 1, leader changed from <none> to f8fdced4e91f4e4dbbfbb5b20211f514 (127.21.81.2). New cstate: current_term: 1 leader_uuid: "f8fdced4e91f4e4dbbfbb5b20211f514" committed_config { opid_index: -1 OBSOLETE_local: false peers { permanent_uuid: "cd7862b4d9d84ac8af0f82de4a6abc8c" member_type: VOTER last_known_addr { host: "127.21.81.1" port: 43583 } health_report { overall_health: UNKNOWN } } peers { permanent_uuid: "f8fdced4e91f4e4dbbfbb5b20211f514" member_type: VOTER last_known_addr { host: "127.21.81.2" port: 45117 } health_report { overall_health: HEALTHY } } peers { permanent_uuid: "51473d569773418294e90e0c5e29b215" member_type: VOTER last_known_addr { host: "127.21.81.3" port: 37525 } health_report { overall_health: UNKNOWN } } }
I20260710 13:24:50.547804 23170 raft_consensus.cc:740] T 17b62c8d269a4acbad0a139eded0a308 P f8fdced4e91f4e4dbbfbb5b20211f514 [term 0 FOLLOWER]: Becoming Follower/Learner. State: Replica: f8fdced4e91f4e4dbbfbb5b20211f514, State: Initialized, Role: FOLLOWER
I20260710 13:24:50.548631 23169 tablet_bootstrap.cc:492] T 339045a75aab4b77a92aecd421d8868d P cd7862b4d9d84ac8af0f82de4a6abc8c: No bootstrap required, opened a new log
I20260710 13:24:50.549165 23169 ts_tablet_manager.cc:1403] T 339045a75aab4b77a92aecd421d8868d P cd7862b4d9d84ac8af0f82de4a6abc8c: Time spent bootstrapping tablet: real 0.023s	user 0.010s	sys 0.000s
I20260710 13:24:50.550514 23170 consensus_queue.cc:260] T 17b62c8d269a4acbad0a139eded0a308 P f8fdced4e91f4e4dbbfbb5b20211f514 [NON_LEADER]: Queue going to NON_LEADER mode. State: All replicated index: 0, Majority replicated index: 0, Committed index: 0, Last appended: 0.0, Last appended by leader: 0, Current term: 0, Majority size: -1, State: 0, Mode: NON_LEADER, active raft config: opid_index: -1 OBSOLETE_local: false peers { permanent_uuid: "cd7862b4d9d84ac8af0f82de4a6abc8c" member_type: VOTER last_known_addr { host: "127.21.81.1" port: 43583 } } peers { permanent_uuid: "f8fdced4e91f4e4dbbfbb5b20211f514" member_type: VOTER last_known_addr { host: "127.21.81.2" port: 45117 } } peers { permanent_uuid: "51473d569773418294e90e0c5e29b215" member_type: VOTER last_known_addr { host: "127.21.81.3" port: 37525 } }
I20260710 13:24:50.551731 23169 raft_consensus.cc:359] T 339045a75aab4b77a92aecd421d8868d P cd7862b4d9d84ac8af0f82de4a6abc8c [term 0 FOLLOWER]: Replica starting. Triggering 0 pending ops. Active config: opid_index: -1 OBSOLETE_local: false peers { permanent_uuid: "cd7862b4d9d84ac8af0f82de4a6abc8c" member_type: VOTER last_known_addr { host: "127.21.81.1" port: 43583 } } peers { permanent_uuid: "f8fdced4e91f4e4dbbfbb5b20211f514" member_type: VOTER last_known_addr { host: "127.21.81.2" port: 45117 } } peers { permanent_uuid: "51473d569773418294e90e0c5e29b215" member_type: VOTER last_known_addr { host: "127.21.81.3" port: 37525 } }
I20260710 13:24:50.552373 23169 raft_consensus.cc:385] T 339045a75aab4b77a92aecd421d8868d P cd7862b4d9d84ac8af0f82de4a6abc8c [term 0 FOLLOWER]: Consensus starting up: Expiring failure detector timer to make a prompt election more likely
I20260710 13:24:50.552649 23169 raft_consensus.cc:740] T 339045a75aab4b77a92aecd421d8868d P cd7862b4d9d84ac8af0f82de4a6abc8c [term 0 FOLLOWER]: Becoming Follower/Learner. State: Replica: cd7862b4d9d84ac8af0f82de4a6abc8c, State: Initialized, Role: FOLLOWER
I20260710 13:24:50.552834 23170 ts_tablet_manager.cc:1434] T 17b62c8d269a4acbad0a139eded0a308 P f8fdced4e91f4e4dbbfbb5b20211f514: Time spent starting tablet: real 0.010s	user 0.005s	sys 0.002s
I20260710 13:24:50.552467 22871 catalog_manager.cc:5697] T 339045a75aab4b77a92aecd421d8868d P 51473d569773418294e90e0c5e29b215 reported cstate change: term changed from 0 to 1, leader changed from <none> to 51473d569773418294e90e0c5e29b215 (127.21.81.3). New cstate: current_term: 1 leader_uuid: "51473d569773418294e90e0c5e29b215" committed_config { opid_index: -1 OBSOLETE_local: false peers { permanent_uuid: "cd7862b4d9d84ac8af0f82de4a6abc8c" member_type: VOTER last_known_addr { host: "127.21.81.1" port: 43583 } health_report { overall_health: UNKNOWN } } peers { permanent_uuid: "f8fdced4e91f4e4dbbfbb5b20211f514" member_type: VOTER last_known_addr { host: "127.21.81.2" port: 45117 } health_report { overall_health: UNKNOWN } } peers { permanent_uuid: "51473d569773418294e90e0c5e29b215" member_type: VOTER last_known_addr { host: "127.21.81.3" port: 37525 } health_report { overall_health: HEALTHY } } }
I20260710 13:24:50.553712 23170 tablet_bootstrap.cc:492] T 272ef58a6b7740c6afcf1591290784d5 P f8fdced4e91f4e4dbbfbb5b20211f514: Bootstrap starting.
I20260710 13:24:50.553426 23169 consensus_queue.cc:260] T 339045a75aab4b77a92aecd421d8868d P cd7862b4d9d84ac8af0f82de4a6abc8c [NON_LEADER]: Queue going to NON_LEADER mode. State: All replicated index: 0, Majority replicated index: 0, Committed index: 0, Last appended: 0.0, Last appended by leader: 0, Current term: 0, Majority size: -1, State: 0, Mode: NON_LEADER, active raft config: opid_index: -1 OBSOLETE_local: false peers { permanent_uuid: "cd7862b4d9d84ac8af0f82de4a6abc8c" member_type: VOTER last_known_addr { host: "127.21.81.1" port: 43583 } } peers { permanent_uuid: "f8fdced4e91f4e4dbbfbb5b20211f514" member_type: VOTER last_known_addr { host: "127.21.81.2" port: 45117 } } peers { permanent_uuid: "51473d569773418294e90e0c5e29b215" member_type: VOTER last_known_addr { host: "127.21.81.3" port: 37525 } }
I20260710 13:24:50.558259 23169 ts_tablet_manager.cc:1434] T 339045a75aab4b77a92aecd421d8868d P cd7862b4d9d84ac8af0f82de4a6abc8c: Time spent starting tablet: real 0.009s	user 0.008s	sys 0.000s
I20260710 13:24:50.559126 23169 tablet_bootstrap.cc:492] T 17b62c8d269a4acbad0a139eded0a308 P cd7862b4d9d84ac8af0f82de4a6abc8c: Bootstrap starting.
I20260710 13:24:50.559881 23170 tablet_bootstrap.cc:654] T 272ef58a6b7740c6afcf1591290784d5 P f8fdced4e91f4e4dbbfbb5b20211f514: Neither blocks nor log segments found. Creating new log.
I20260710 13:24:50.565356 23169 tablet_bootstrap.cc:654] T 17b62c8d269a4acbad0a139eded0a308 P cd7862b4d9d84ac8af0f82de4a6abc8c: Neither blocks nor log segments found. Creating new log.
I20260710 13:24:50.573289 22871 catalog_manager.cc:5697] T a5dbc181a9244353b411a274a3cbc5ce P f8fdced4e91f4e4dbbfbb5b20211f514 reported cstate change: term changed from 0 to 1, leader changed from <none> to f8fdced4e91f4e4dbbfbb5b20211f514 (127.21.81.2). New cstate: current_term: 1 leader_uuid: "f8fdced4e91f4e4dbbfbb5b20211f514" committed_config { opid_index: -1 OBSOLETE_local: false peers { permanent_uuid: "cd7862b4d9d84ac8af0f82de4a6abc8c" member_type: VOTER last_known_addr { host: "127.21.81.1" port: 43583 } health_report { overall_health: UNKNOWN } } peers { permanent_uuid: "f8fdced4e91f4e4dbbfbb5b20211f514" member_type: VOTER last_known_addr { host: "127.21.81.2" port: 45117 } health_report { overall_health: HEALTHY } } peers { permanent_uuid: "51473d569773418294e90e0c5e29b215" member_type: VOTER last_known_addr { host: "127.21.81.3" port: 37525 } health_report { overall_health: UNKNOWN } } }
I20260710 13:24:50.578114 23169 tablet_bootstrap.cc:492] T 17b62c8d269a4acbad0a139eded0a308 P cd7862b4d9d84ac8af0f82de4a6abc8c: No bootstrap required, opened a new log
I20260710 13:24:50.578629 23169 ts_tablet_manager.cc:1403] T 17b62c8d269a4acbad0a139eded0a308 P cd7862b4d9d84ac8af0f82de4a6abc8c: Time spent bootstrapping tablet: real 0.020s	user 0.014s	sys 0.005s
I20260710 13:24:50.578769 23170 tablet_bootstrap.cc:492] T 272ef58a6b7740c6afcf1591290784d5 P f8fdced4e91f4e4dbbfbb5b20211f514: No bootstrap required, opened a new log
I20260710 13:24:50.579331 23170 ts_tablet_manager.cc:1403] T 272ef58a6b7740c6afcf1591290784d5 P f8fdced4e91f4e4dbbfbb5b20211f514: Time spent bootstrapping tablet: real 0.026s	user 0.017s	sys 0.007s
I20260710 13:24:50.581298 23169 raft_consensus.cc:359] T 17b62c8d269a4acbad0a139eded0a308 P cd7862b4d9d84ac8af0f82de4a6abc8c [term 0 FOLLOWER]: Replica starting. Triggering 0 pending ops. Active config: opid_index: -1 OBSOLETE_local: false peers { permanent_uuid: "cd7862b4d9d84ac8af0f82de4a6abc8c" member_type: VOTER last_known_addr { host: "127.21.81.1" port: 43583 } } peers { permanent_uuid: "f8fdced4e91f4e4dbbfbb5b20211f514" member_type: VOTER last_known_addr { host: "127.21.81.2" port: 45117 } } peers { permanent_uuid: "51473d569773418294e90e0c5e29b215" member_type: VOTER last_known_addr { host: "127.21.81.3" port: 37525 } }
I20260710 13:24:50.581929 23169 raft_consensus.cc:385] T 17b62c8d269a4acbad0a139eded0a308 P cd7862b4d9d84ac8af0f82de4a6abc8c [term 0 FOLLOWER]: Consensus starting up: Expiring failure detector timer to make a prompt election more likely
I20260710 13:24:50.581928 23170 raft_consensus.cc:359] T 272ef58a6b7740c6afcf1591290784d5 P f8fdced4e91f4e4dbbfbb5b20211f514 [term 0 FOLLOWER]: Replica starting. Triggering 0 pending ops. Active config: opid_index: -1 OBSOLETE_local: false peers { permanent_uuid: "cd7862b4d9d84ac8af0f82de4a6abc8c" member_type: VOTER last_known_addr { host: "127.21.81.1" port: 43583 } } peers { permanent_uuid: "f8fdced4e91f4e4dbbfbb5b20211f514" member_type: VOTER last_known_addr { host: "127.21.81.2" port: 45117 } } peers { permanent_uuid: "51473d569773418294e90e0c5e29b215" member_type: VOTER last_known_addr { host: "127.21.81.3" port: 37525 } }
I20260710 13:24:50.582422 23169 raft_consensus.cc:740] T 17b62c8d269a4acbad0a139eded0a308 P cd7862b4d9d84ac8af0f82de4a6abc8c [term 0 FOLLOWER]: Becoming Follower/Learner. State: Replica: cd7862b4d9d84ac8af0f82de4a6abc8c, State: Initialized, Role: FOLLOWER
I20260710 13:24:50.582764 23170 raft_consensus.cc:385] T 272ef58a6b7740c6afcf1591290784d5 P f8fdced4e91f4e4dbbfbb5b20211f514 [term 0 FOLLOWER]: Consensus starting up: Expiring failure detector timer to make a prompt election more likely
I20260710 13:24:50.583050 23170 raft_consensus.cc:740] T 272ef58a6b7740c6afcf1591290784d5 P f8fdced4e91f4e4dbbfbb5b20211f514 [term 0 FOLLOWER]: Becoming Follower/Learner. State: Replica: f8fdced4e91f4e4dbbfbb5b20211f514, State: Initialized, Role: FOLLOWER
I20260710 13:24:50.583288 23169 consensus_queue.cc:260] T 17b62c8d269a4acbad0a139eded0a308 P cd7862b4d9d84ac8af0f82de4a6abc8c [NON_LEADER]: Queue going to NON_LEADER mode. State: All replicated index: 0, Majority replicated index: 0, Committed index: 0, Last appended: 0.0, Last appended by leader: 0, Current term: 0, Majority size: -1, State: 0, Mode: NON_LEADER, active raft config: opid_index: -1 OBSOLETE_local: false peers { permanent_uuid: "cd7862b4d9d84ac8af0f82de4a6abc8c" member_type: VOTER last_known_addr { host: "127.21.81.1" port: 43583 } } peers { permanent_uuid: "f8fdced4e91f4e4dbbfbb5b20211f514" member_type: VOTER last_known_addr { host: "127.21.81.2" port: 45117 } } peers { permanent_uuid: "51473d569773418294e90e0c5e29b215" member_type: VOTER last_known_addr { host: "127.21.81.3" port: 37525 } }
I20260710 13:24:50.583645 23170 consensus_queue.cc:260] T 272ef58a6b7740c6afcf1591290784d5 P f8fdced4e91f4e4dbbfbb5b20211f514 [NON_LEADER]: Queue going to NON_LEADER mode. State: All replicated index: 0, Majority replicated index: 0, Committed index: 0, Last appended: 0.0, Last appended by leader: 0, Current term: 0, Majority size: -1, State: 0, Mode: NON_LEADER, active raft config: opid_index: -1 OBSOLETE_local: false peers { permanent_uuid: "cd7862b4d9d84ac8af0f82de4a6abc8c" member_type: VOTER last_known_addr { host: "127.21.81.1" port: 43583 } } peers { permanent_uuid: "f8fdced4e91f4e4dbbfbb5b20211f514" member_type: VOTER last_known_addr { host: "127.21.81.2" port: 45117 } } peers { permanent_uuid: "51473d569773418294e90e0c5e29b215" member_type: VOTER last_known_addr { host: "127.21.81.3" port: 37525 } }
I20260710 13:24:50.585754 23170 ts_tablet_manager.cc:1434] T 272ef58a6b7740c6afcf1591290784d5 P f8fdced4e91f4e4dbbfbb5b20211f514: Time spent starting tablet: real 0.006s	user 0.003s	sys 0.000s
I20260710 13:24:50.585966 23169 ts_tablet_manager.cc:1434] T 17b62c8d269a4acbad0a139eded0a308 P cd7862b4d9d84ac8af0f82de4a6abc8c: Time spent starting tablet: real 0.007s	user 0.006s	sys 0.000s
I20260710 13:24:50.595846 23292 raft_consensus.cc:493] T 17b62c8d269a4acbad0a139eded0a308 P f8fdced4e91f4e4dbbfbb5b20211f514 [term 0 FOLLOWER]: Starting pre-election (no leader contacted us within the election timeout)
I20260710 13:24:50.596364 23292 raft_consensus.cc:515] T 17b62c8d269a4acbad0a139eded0a308 P f8fdced4e91f4e4dbbfbb5b20211f514 [term 0 FOLLOWER]: Starting pre-election with config: opid_index: -1 OBSOLETE_local: false peers { permanent_uuid: "cd7862b4d9d84ac8af0f82de4a6abc8c" member_type: VOTER last_known_addr { host: "127.21.81.1" port: 43583 } } peers { permanent_uuid: "f8fdced4e91f4e4dbbfbb5b20211f514" member_type: VOTER last_known_addr { host: "127.21.81.2" port: 45117 } } peers { permanent_uuid: "51473d569773418294e90e0c5e29b215" member_type: VOTER last_known_addr { host: "127.21.81.3" port: 37525 } }
I20260710 13:24:50.597890 23292 leader_election.cc:290] T 17b62c8d269a4acbad0a139eded0a308 P f8fdced4e91f4e4dbbfbb5b20211f514 [CANDIDATE]: Term 1 pre-election: Requested pre-vote from peers cd7862b4d9d84ac8af0f82de4a6abc8c (127.21.81.1:43583), 51473d569773418294e90e0c5e29b215 (127.21.81.3:37525)
I20260710 13:24:50.598616 22976 tablet_service.cc:1917] Received RequestConsensusVote() RPC: tablet_id: "17b62c8d269a4acbad0a139eded0a308" candidate_uuid: "f8fdced4e91f4e4dbbfbb5b20211f514" candidate_term: 1 candidate_status { last_received { term: 0 index: 0 } } ignore_live_leader: false dest_uuid: "cd7862b4d9d84ac8af0f82de4a6abc8c" is_pre_election: true
I20260710 13:24:50.599193 22976 raft_consensus.cc:2468] T 17b62c8d269a4acbad0a139eded0a308 P cd7862b4d9d84ac8af0f82de4a6abc8c [term 0 FOLLOWER]: Leader pre-election vote request: Granting yes vote for candidate f8fdced4e91f4e4dbbfbb5b20211f514 in term 0.
I20260710 13:24:50.599190 23124 tablet_service.cc:1917] Received RequestConsensusVote() RPC: tablet_id: "17b62c8d269a4acbad0a139eded0a308" candidate_uuid: "f8fdced4e91f4e4dbbfbb5b20211f514" candidate_term: 1 candidate_status { last_received { term: 0 index: 0 } } ignore_live_leader: false dest_uuid: "51473d569773418294e90e0c5e29b215" is_pre_election: true
I20260710 13:24:50.599852 23124 raft_consensus.cc:2468] T 17b62c8d269a4acbad0a139eded0a308 P 51473d569773418294e90e0c5e29b215 [term 0 FOLLOWER]: Leader pre-election vote request: Granting yes vote for candidate f8fdced4e91f4e4dbbfbb5b20211f514 in term 0.
I20260710 13:24:50.600211 23015 leader_election.cc:304] T 17b62c8d269a4acbad0a139eded0a308 P f8fdced4e91f4e4dbbfbb5b20211f514 [CANDIDATE]: Term 1 pre-election: Election decided. Result: candidate won. Election summary: received 2 responses out of 3 voters: 2 yes votes; 0 no votes. yes voters: cd7862b4d9d84ac8af0f82de4a6abc8c, f8fdced4e91f4e4dbbfbb5b20211f514; no voters: 
I20260710 13:24:50.601059 23292 raft_consensus.cc:2804] T 17b62c8d269a4acbad0a139eded0a308 P f8fdced4e91f4e4dbbfbb5b20211f514 [term 0 FOLLOWER]: Leader pre-election won for term 1
I20260710 13:24:50.601402 23292 raft_consensus.cc:493] T 17b62c8d269a4acbad0a139eded0a308 P f8fdced4e91f4e4dbbfbb5b20211f514 [term 0 FOLLOWER]: Starting leader election (no leader contacted us within the election timeout)
I20260710 13:24:50.601702 23292 raft_consensus.cc:3060] T 17b62c8d269a4acbad0a139eded0a308 P f8fdced4e91f4e4dbbfbb5b20211f514 [term 0 FOLLOWER]: Advancing to term 1
I20260710 13:24:50.606520 23292 raft_consensus.cc:515] T 17b62c8d269a4acbad0a139eded0a308 P f8fdced4e91f4e4dbbfbb5b20211f514 [term 1 FOLLOWER]: Starting leader election with config: opid_index: -1 OBSOLETE_local: false peers { permanent_uuid: "cd7862b4d9d84ac8af0f82de4a6abc8c" member_type: VOTER last_known_addr { host: "127.21.81.1" port: 43583 } } peers { permanent_uuid: "f8fdced4e91f4e4dbbfbb5b20211f514" member_type: VOTER last_known_addr { host: "127.21.81.2" port: 45117 } } peers { permanent_uuid: "51473d569773418294e90e0c5e29b215" member_type: VOTER last_known_addr { host: "127.21.81.3" port: 37525 } }
I20260710 13:24:50.607908 23292 leader_election.cc:290] T 17b62c8d269a4acbad0a139eded0a308 P f8fdced4e91f4e4dbbfbb5b20211f514 [CANDIDATE]: Term 1 election: Requested vote from peers cd7862b4d9d84ac8af0f82de4a6abc8c (127.21.81.1:43583), 51473d569773418294e90e0c5e29b215 (127.21.81.3:37525)
I20260710 13:24:50.608664 22976 tablet_service.cc:1917] Received RequestConsensusVote() RPC: tablet_id: "17b62c8d269a4acbad0a139eded0a308" candidate_uuid: "f8fdced4e91f4e4dbbfbb5b20211f514" candidate_term: 1 candidate_status { last_received { term: 0 index: 0 } } ignore_live_leader: false dest_uuid: "cd7862b4d9d84ac8af0f82de4a6abc8c"
I20260710 13:24:50.608816 23124 tablet_service.cc:1917] Received RequestConsensusVote() RPC: tablet_id: "17b62c8d269a4acbad0a139eded0a308" candidate_uuid: "f8fdced4e91f4e4dbbfbb5b20211f514" candidate_term: 1 candidate_status { last_received { term: 0 index: 0 } } ignore_live_leader: false dest_uuid: "51473d569773418294e90e0c5e29b215"
I20260710 13:24:50.609139 22976 raft_consensus.cc:3060] T 17b62c8d269a4acbad0a139eded0a308 P cd7862b4d9d84ac8af0f82de4a6abc8c [term 0 FOLLOWER]: Advancing to term 1
I20260710 13:24:50.609313 23124 raft_consensus.cc:3060] T 17b62c8d269a4acbad0a139eded0a308 P 51473d569773418294e90e0c5e29b215 [term 0 FOLLOWER]: Advancing to term 1
I20260710 13:24:50.613384 22976 raft_consensus.cc:2468] T 17b62c8d269a4acbad0a139eded0a308 P cd7862b4d9d84ac8af0f82de4a6abc8c [term 1 FOLLOWER]: Leader election vote request: Granting yes vote for candidate f8fdced4e91f4e4dbbfbb5b20211f514 in term 1.
I20260710 13:24:50.613481 23124 raft_consensus.cc:2468] T 17b62c8d269a4acbad0a139eded0a308 P 51473d569773418294e90e0c5e29b215 [term 1 FOLLOWER]: Leader election vote request: Granting yes vote for candidate f8fdced4e91f4e4dbbfbb5b20211f514 in term 1.
