I20260710 13:25:02.154155 23125 raft_consensus.cc:2955] T 072cd019b8e4446988fd978341268cdd P 51473d569773418294e90e0c5e29b215 [term 1 FOLLOWER]: Committing config change with OpId 1.4: config changed from index 3 to 4, VOTER f8fdced4e91f4e4dbbfbb5b20211f514 (127.21.81.2) evicted. New config: { opid_index: 4 OBSOLETE_local: false peers { permanent_uuid: "cd7862b4d9d84ac8af0f82de4a6abc8c" member_type: VOTER last_known_addr { host: "127.21.81.1" port: 43583 } } peers { permanent_uuid: "51473d569773418294e90e0c5e29b215" member_type: VOTER last_known_addr { host: "127.21.81.3" port: 37525 } } peers { permanent_uuid: "5871eb4aa35143079b587096a4500cdf" member_type: VOTER last_known_addr { host: "127.21.81.4" port: 41319 } attrs { promote: false } } }
I20260710 13:25:02.159824 23659 raft_consensus.cc:2955] T 17b62c8d269a4acbad0a139eded0a308 P f8fdced4e91f4e4dbbfbb5b20211f514 [term 1 LEADER]: Committing config change with OpId 1.3: config changed from index 2 to 3, 5871eb4aa35143079b587096a4500cdf (127.21.81.4) changed from NON_VOTER to VOTER. New config: { opid_index: 3 OBSOLETE_local: false peers { permanent_uuid: "cd7862b4d9d84ac8af0f82de4a6abc8c" member_type: VOTER last_known_addr { host: "127.21.81.1" port: 43583 } attrs { replace: true } } peers { permanent_uuid: "f8fdced4e91f4e4dbbfbb5b20211f514" member_type: VOTER last_known_addr { host: "127.21.81.2" port: 45117 } } peers { permanent_uuid: "51473d569773418294e90e0c5e29b215" member_type: VOTER last_known_addr { host: "127.21.81.3" port: 37525 } } peers { permanent_uuid: "5871eb4aa35143079b587096a4500cdf" member_type: VOTER last_known_addr { host: "127.21.81.4" port: 41319 } attrs { promote: false } } }
I20260710 13:25:02.161883 23392 raft_consensus.cc:2955] T 17b62c8d269a4acbad0a139eded0a308 P 5871eb4aa35143079b587096a4500cdf [term 1 FOLLOWER]: Committing config change with OpId 1.3: config changed from index 2 to 3, 5871eb4aa35143079b587096a4500cdf (127.21.81.4) changed from NON_VOTER to VOTER. New config: { opid_index: 3 OBSOLETE_local: false peers { permanent_uuid: "cd7862b4d9d84ac8af0f82de4a6abc8c" member_type: VOTER last_known_addr { host: "127.21.81.1" port: 43583 } attrs { replace: true } } peers { permanent_uuid: "f8fdced4e91f4e4dbbfbb5b20211f514" member_type: VOTER last_known_addr { host: "127.21.81.2" port: 45117 } } peers { permanent_uuid: "51473d569773418294e90e0c5e29b215" member_type: VOTER last_known_addr { host: "127.21.81.3" port: 37525 } } peers { permanent_uuid: "5871eb4aa35143079b587096a4500cdf" member_type: VOTER last_known_addr { host: "127.21.81.4" port: 41319 } attrs { promote: false } } }
I20260710 13:25:02.164386 22875 catalog_manager.cc:5697] T 072cd019b8e4446988fd978341268cdd P 5871eb4aa35143079b587096a4500cdf reported cstate change: config changed from index 3 to 4, VOTER f8fdced4e91f4e4dbbfbb5b20211f514 (127.21.81.2) evicted. New cstate: current_term: 1 leader_uuid: "cd7862b4d9d84ac8af0f82de4a6abc8c" committed_config { opid_index: 4 OBSOLETE_local: false peers { permanent_uuid: "cd7862b4d9d84ac8af0f82de4a6abc8c" member_type: VOTER last_known_addr { host: "127.21.81.1" port: 43583 } } peers { permanent_uuid: "51473d569773418294e90e0c5e29b215" member_type: VOTER last_known_addr { host: "127.21.81.3" port: 37525 } } peers { permanent_uuid: "5871eb4aa35143079b587096a4500cdf" member_type: VOTER last_known_addr { host: "127.21.81.4" port: 41319 } attrs { promote: false } } }
I20260710 13:25:02.172868 22859 catalog_manager.cc:5210] ChangeConfig:REMOVE_PEER RPC for tablet 072cd019b8e4446988fd978341268cdd with cas_config_opid_index 3: ChangeConfig:REMOVE_PEER succeeded (attempt 1)
I20260710 13:25:02.172740 23125 raft_consensus.cc:2955] T 17b62c8d269a4acbad0a139eded0a308 P 51473d569773418294e90e0c5e29b215 [term 1 FOLLOWER]: Committing config change with OpId 1.3: config changed from index 2 to 3, 5871eb4aa35143079b587096a4500cdf (127.21.81.4) changed from NON_VOTER to VOTER. New config: { opid_index: 3 OBSOLETE_local: false peers { permanent_uuid: "cd7862b4d9d84ac8af0f82de4a6abc8c" member_type: VOTER last_known_addr { host: "127.21.81.1" port: 43583 } attrs { replace: true } } peers { permanent_uuid: "f8fdced4e91f4e4dbbfbb5b20211f514" member_type: VOTER last_known_addr { host: "127.21.81.2" port: 45117 } } peers { permanent_uuid: "51473d569773418294e90e0c5e29b215" member_type: VOTER last_known_addr { host: "127.21.81.3" port: 37525 } } peers { permanent_uuid: "5871eb4aa35143079b587096a4500cdf" member_type: VOTER last_known_addr { host: "127.21.81.4" port: 41319 } attrs { promote: false } } }
I20260710 13:25:02.180300 22873 catalog_manager.cc:5697] T 17b62c8d269a4acbad0a139eded0a308 P f8fdced4e91f4e4dbbfbb5b20211f514 reported cstate change: config changed from index 2 to 3, 5871eb4aa35143079b587096a4500cdf (127.21.81.4) changed from NON_VOTER to VOTER. New cstate: current_term: 1 leader_uuid: "f8fdced4e91f4e4dbbfbb5b20211f514" committed_config { opid_index: 3 OBSOLETE_local: false peers { permanent_uuid: "cd7862b4d9d84ac8af0f82de4a6abc8c" member_type: VOTER last_known_addr { host: "127.21.81.1" port: 43583 } attrs { replace: true } health_report { overall_health: HEALTHY } } peers { permanent_uuid: "f8fdced4e91f4e4dbbfbb5b20211f514" member_type: VOTER last_known_addr { host: "127.21.81.2" port: 45117 } health_report { overall_health: HEALTHY } } peers { permanent_uuid: "51473d569773418294e90e0c5e29b215" member_type: VOTER last_known_addr { host: "127.21.81.3" port: 37525 } health_report { overall_health: HEALTHY } } peers { permanent_uuid: "5871eb4aa35143079b587096a4500cdf" member_type: VOTER last_known_addr { host: "127.21.81.4" port: 41319 } attrs { promote: false } health_report { overall_health: HEALTHY } } }
I20260710 13:25:02.182318 23679 raft_consensus.cc:1064] T cc028521f7934625acaf7f634d51a478 P cd7862b4d9d84ac8af0f82de4a6abc8c: attempting to promote NON_VOTER 5871eb4aa35143079b587096a4500cdf to VOTER
I20260710 13:25:02.186215 23679 consensus_queue.cc:237] T cc028521f7934625acaf7f634d51a478 P cd7862b4d9d84ac8af0f82de4a6abc8c [LEADER]: Queue going to LEADER mode. State: All replicated index: 0, Majority replicated index: 2, Committed index: 2, Last appended: 1.2, Last appended by leader: 0, Current term: 1, Majority size: 3, State: 0, Mode: LEADER, active raft config: opid_index: 3 OBSOLETE_local: false peers { permanent_uuid: "cd7862b4d9d84ac8af0f82de4a6abc8c" member_type: VOTER last_known_addr { host: "127.21.81.1" port: 43583 } } peers { permanent_uuid: "f8fdced4e91f4e4dbbfbb5b20211f514" member_type: VOTER last_known_addr { host: "127.21.81.2" port: 45117 } } peers { permanent_uuid: "51473d569773418294e90e0c5e29b215" member_type: VOTER last_known_addr { host: "127.21.81.3" port: 37525 } attrs { replace: true } } peers { permanent_uuid: "5871eb4aa35143079b587096a4500cdf" member_type: VOTER last_known_addr { host: "127.21.81.4" port: 41319 } attrs { promote: false } }
I20260710 13:25:02.186050 22976 raft_consensus.cc:2955] T 17b62c8d269a4acbad0a139eded0a308 P cd7862b4d9d84ac8af0f82de4a6abc8c [term 1 FOLLOWER]: Committing config change with OpId 1.3: config changed from index 2 to 3, 5871eb4aa35143079b587096a4500cdf (127.21.81.4) changed from NON_VOTER to VOTER. New config: { opid_index: 3 OBSOLETE_local: false peers { permanent_uuid: "cd7862b4d9d84ac8af0f82de4a6abc8c" member_type: VOTER last_known_addr { host: "127.21.81.1" port: 43583 } attrs { replace: true } } peers { permanent_uuid: "f8fdced4e91f4e4dbbfbb5b20211f514" member_type: VOTER last_known_addr { host: "127.21.81.2" port: 45117 } } peers { permanent_uuid: "51473d569773418294e90e0c5e29b215" member_type: VOTER last_known_addr { host: "127.21.81.3" port: 37525 } } peers { permanent_uuid: "5871eb4aa35143079b587096a4500cdf" member_type: VOTER last_known_addr { host: "127.21.81.4" port: 41319 } attrs { promote: false } } }
I20260710 13:25:02.190862 23041 tablet_service.cc:1558] Processing DeleteTablet for tablet 072cd019b8e4446988fd978341268cdd with delete_type TABLET_DATA_TOMBSTONED (TS f8fdced4e91f4e4dbbfbb5b20211f514 not found in new config with opid_index 4) from {username='slave'} at 127.0.0.1:40604
I20260710 13:25:02.202422 23392 raft_consensus.cc:1275] T cc028521f7934625acaf7f634d51a478 P 5871eb4aa35143079b587096a4500cdf [term 1 LEARNER]: Refusing update from remote peer cd7862b4d9d84ac8af0f82de4a6abc8c: Log matching property violated. Preceding OpId in replica: term: 1 index: 2. Preceding OpId from leader: term: 1 index: 3. (index mismatch)
I20260710 13:25:02.203483 23052 raft_consensus.cc:1275] T cc028521f7934625acaf7f634d51a478 P f8fdced4e91f4e4dbbfbb5b20211f514 [term 1 FOLLOWER]: Refusing update from remote peer cd7862b4d9d84ac8af0f82de4a6abc8c: Log matching property violated. Preceding OpId in replica: term: 1 index: 2. Preceding OpId from leader: term: 1 index: 3. (index mismatch)
I20260710 13:25:02.204488 23680 tablet_replica.cc:333] T 072cd019b8e4446988fd978341268cdd P f8fdced4e91f4e4dbbfbb5b20211f514: stopping tablet replica
I20260710 13:25:02.205577 23680 raft_consensus.cc:2243] T 072cd019b8e4446988fd978341268cdd P f8fdced4e91f4e4dbbfbb5b20211f514 [term 1 FOLLOWER]: Raft consensus shutting down.
I20260710 13:25:02.206665 23680 raft_consensus.cc:2272] T 072cd019b8e4446988fd978341268cdd P f8fdced4e91f4e4dbbfbb5b20211f514 [term 1 FOLLOWER]: Raft consensus is shut down!
I20260710 13:25:02.216498 23661 consensus_queue.cc:1048] T cc028521f7934625acaf7f634d51a478 P cd7862b4d9d84ac8af0f82de4a6abc8c [LEADER]: Connected to new peer: Peer: permanent_uuid: "5871eb4aa35143079b587096a4500cdf" member_type: VOTER last_known_addr { host: "127.21.81.4" port: 41319 } attrs { promote: false }, Status: LMP_MISMATCH, Last received: 0.0, Next index: 3, Last known committed idx: 2, Time since last communication: 0.000s
I20260710 13:25:02.216939 23052 consensus_queue.cc:237] T 17b62c8d269a4acbad0a139eded0a308 P f8fdced4e91f4e4dbbfbb5b20211f514 [LEADER]: Queue going to LEADER mode. State: All replicated index: 0, Majority replicated index: 3, Committed index: 3, Last appended: 1.3, Last appended by leader: 0, Current term: 1, Majority size: 2, State: 0, Mode: LEADER, active raft config: opid_index: 4 OBSOLETE_local: false peers { permanent_uuid: "f8fdced4e91f4e4dbbfbb5b20211f514" member_type: VOTER last_known_addr { host: "127.21.81.2" port: 45117 } } peers { permanent_uuid: "51473d569773418294e90e0c5e29b215" member_type: VOTER last_known_addr { host: "127.21.81.3" port: 37525 } } peers { permanent_uuid: "5871eb4aa35143079b587096a4500cdf" member_type: VOTER last_known_addr { host: "127.21.81.4" port: 41319 } attrs { promote: false } }
I20260710 13:25:02.218382 23661 consensus_queue.cc:1048] T cc028521f7934625acaf7f634d51a478 P cd7862b4d9d84ac8af0f82de4a6abc8c [LEADER]: Connected to new peer: Peer: permanent_uuid: "f8fdced4e91f4e4dbbfbb5b20211f514" member_type: VOTER last_known_addr { host: "127.21.81.2" port: 45117 }, Status: LMP_MISMATCH, Last received: 0.0, Next index: 3, Last known committed idx: 2, Time since last communication: 0.000s
I20260710 13:25:02.223857 23125 raft_consensus.cc:1275] T cc028521f7934625acaf7f634d51a478 P 51473d569773418294e90e0c5e29b215 [term 1 FOLLOWER]: Refusing update from remote peer cd7862b4d9d84ac8af0f82de4a6abc8c: Log matching property violated. Preceding OpId in replica: term: 1 index: 2. Preceding OpId from leader: term: 1 index: 3. (index mismatch)
I20260710 13:25:02.227556 23679 consensus_queue.cc:1048] T cc028521f7934625acaf7f634d51a478 P cd7862b4d9d84ac8af0f82de4a6abc8c [LEADER]: Connected to new peer: Peer: permanent_uuid: "51473d569773418294e90e0c5e29b215" member_type: VOTER last_known_addr { host: "127.21.81.3" port: 37525 } attrs { replace: true }, Status: LMP_MISMATCH, Last received: 0.0, Next index: 3, Last known committed idx: 2, Time since last communication: 0.000s
I20260710 13:25:02.227557 23391 raft_consensus.cc:1275] T 17b62c8d269a4acbad0a139eded0a308 P 5871eb4aa35143079b587096a4500cdf [term 1 FOLLOWER]: Refusing update from remote peer f8fdced4e91f4e4dbbfbb5b20211f514: Log matching property violated. Preceding OpId in replica: term: 1 index: 3. Preceding OpId from leader: term: 1 index: 4. (index mismatch)
I20260710 13:25:02.231201 23659 consensus_queue.cc:1048] T 17b62c8d269a4acbad0a139eded0a308 P f8fdced4e91f4e4dbbfbb5b20211f514 [LEADER]: Connected to new peer: Peer: permanent_uuid: "5871eb4aa35143079b587096a4500cdf" member_type: VOTER last_known_addr { host: "127.21.81.4" port: 41319 } attrs { promote: false }, Status: LMP_MISMATCH, Last received: 0.0, Next index: 4, Last known committed idx: 3, Time since last communication: 0.000s
I20260710 13:25:02.234757 23125 raft_consensus.cc:1275] T 17b62c8d269a4acbad0a139eded0a308 P 51473d569773418294e90e0c5e29b215 [term 1 FOLLOWER]: Refusing update from remote peer f8fdced4e91f4e4dbbfbb5b20211f514: Log matching property violated. Preceding OpId in replica: term: 1 index: 3. Preceding OpId from leader: term: 1 index: 4. (index mismatch)
I20260710 13:25:02.238230 23680 ts_tablet_manager.cc:1916] T 072cd019b8e4446988fd978341268cdd P f8fdced4e91f4e4dbbfbb5b20211f514: Deleting tablet data with delete state TABLET_DATA_TOMBSTONED
I20260710 13:25:02.239617 23628 raft_consensus.cc:2955] T 17b62c8d269a4acbad0a139eded0a308 P f8fdced4e91f4e4dbbfbb5b20211f514 [term 1 LEADER]: Committing config change with OpId 1.4: config changed from index 3 to 4, VOTER cd7862b4d9d84ac8af0f82de4a6abc8c (127.21.81.1) evicted. New config: { opid_index: 4 OBSOLETE_local: false peers { permanent_uuid: "f8fdced4e91f4e4dbbfbb5b20211f514" member_type: VOTER last_known_addr { host: "127.21.81.2" port: 45117 } } peers { permanent_uuid: "51473d569773418294e90e0c5e29b215" member_type: VOTER last_known_addr { host: "127.21.81.3" port: 37525 } } peers { permanent_uuid: "5871eb4aa35143079b587096a4500cdf" member_type: VOTER last_known_addr { host: "127.21.81.4" port: 41319 } attrs { promote: false } } }
I20260710 13:25:02.243889 23660 consensus_queue.cc:1048] T 17b62c8d269a4acbad0a139eded0a308 P f8fdced4e91f4e4dbbfbb5b20211f514 [LEADER]: Connected to new peer: Peer: permanent_uuid: "51473d569773418294e90e0c5e29b215" member_type: VOTER last_known_addr { host: "127.21.81.3" port: 37525 }, Status: LMP_MISMATCH, Last received: 0.0, Next index: 4, Last known committed idx: 3, Time since last communication: 0.000s
I20260710 13:25:02.244381 23391 raft_consensus.cc:2955] T 17b62c8d269a4acbad0a139eded0a308 P 5871eb4aa35143079b587096a4500cdf [term 1 FOLLOWER]: Committing config change with OpId 1.4: config changed from index 3 to 4, VOTER cd7862b4d9d84ac8af0f82de4a6abc8c (127.21.81.1) evicted. New config: { opid_index: 4 OBSOLETE_local: false peers { permanent_uuid: "f8fdced4e91f4e4dbbfbb5b20211f514" member_type: VOTER last_known_addr { host: "127.21.81.2" port: 45117 } } peers { permanent_uuid: "51473d569773418294e90e0c5e29b215" member_type: VOTER last_known_addr { host: "127.21.81.3" port: 37525 } } peers { permanent_uuid: "5871eb4aa35143079b587096a4500cdf" member_type: VOTER last_known_addr { host: "127.21.81.4" port: 41319 } attrs { promote: false } } }
I20260710 13:25:02.248333 23123 raft_consensus.cc:2955] T 17b62c8d269a4acbad0a139eded0a308 P 51473d569773418294e90e0c5e29b215 [term 1 FOLLOWER]: Committing config change with OpId 1.4: config changed from index 3 to 4, VOTER cd7862b4d9d84ac8af0f82de4a6abc8c (127.21.81.1) evicted. New config: { opid_index: 4 OBSOLETE_local: false peers { permanent_uuid: "f8fdced4e91f4e4dbbfbb5b20211f514" member_type: VOTER last_known_addr { host: "127.21.81.2" port: 45117 } } peers { permanent_uuid: "51473d569773418294e90e0c5e29b215" member_type: VOTER last_known_addr { host: "127.21.81.3" port: 37525 } } peers { permanent_uuid: "5871eb4aa35143079b587096a4500cdf" member_type: VOTER last_known_addr { host: "127.21.81.4" port: 41319 } attrs { promote: false } } }
I20260710 13:25:02.260514 22859 catalog_manager.cc:5210] ChangeConfig:REMOVE_PEER RPC for tablet 17b62c8d269a4acbad0a139eded0a308 with cas_config_opid_index 3: ChangeConfig:REMOVE_PEER succeeded (attempt 1)
I20260710 13:25:02.268908 22874 catalog_manager.cc:5697] T 17b62c8d269a4acbad0a139eded0a308 P f8fdced4e91f4e4dbbfbb5b20211f514 reported cstate change: config changed from index 3 to 4, VOTER cd7862b4d9d84ac8af0f82de4a6abc8c (127.21.81.1) evicted. New cstate: current_term: 1 leader_uuid: "f8fdced4e91f4e4dbbfbb5b20211f514" committed_config { opid_index: 4 OBSOLETE_local: false peers { permanent_uuid: "f8fdced4e91f4e4dbbfbb5b20211f514" member_type: VOTER last_known_addr { host: "127.21.81.2" port: 45117 } health_report { overall_health: HEALTHY } } peers { permanent_uuid: "51473d569773418294e90e0c5e29b215" member_type: VOTER last_known_addr { host: "127.21.81.3" port: 37525 } health_report { overall_health: UNKNOWN } } peers { permanent_uuid: "5871eb4aa35143079b587096a4500cdf" member_type: VOTER last_known_addr { host: "127.21.81.4" port: 41319 } attrs { promote: false } health_report { overall_health: HEALTHY } } }
I20260710 13:25:02.274293 23661 raft_consensus.cc:2955] T cc028521f7934625acaf7f634d51a478 P cd7862b4d9d84ac8af0f82de4a6abc8c [term 1 LEADER]: Committing config change with OpId 1.3: config changed from index 2 to 3, 5871eb4aa35143079b587096a4500cdf (127.21.81.4) changed from NON_VOTER to VOTER. New config: { opid_index: 3 OBSOLETE_local: false peers { permanent_uuid: "cd7862b4d9d84ac8af0f82de4a6abc8c" member_type: VOTER last_known_addr { host: "127.21.81.1" port: 43583 } } peers { permanent_uuid: "f8fdced4e91f4e4dbbfbb5b20211f514" member_type: VOTER last_known_addr { host: "127.21.81.2" port: 45117 } } peers { permanent_uuid: "51473d569773418294e90e0c5e29b215" member_type: VOTER last_known_addr { host: "127.21.81.3" port: 37525 } attrs { replace: true } } peers { permanent_uuid: "5871eb4aa35143079b587096a4500cdf" member_type: VOTER last_known_addr { host: "127.21.81.4" port: 41319 } attrs { promote: false } } }
I20260710 13:25:02.276744 23052 raft_consensus.cc:2955] T cc028521f7934625acaf7f634d51a478 P f8fdced4e91f4e4dbbfbb5b20211f514 [term 1 FOLLOWER]: Committing config change with OpId 1.3: config changed from index 2 to 3, 5871eb4aa35143079b587096a4500cdf (127.21.81.4) changed from NON_VOTER to VOTER. New config: { opid_index: 3 OBSOLETE_local: false peers { permanent_uuid: "cd7862b4d9d84ac8af0f82de4a6abc8c" member_type: VOTER last_known_addr { host: "127.21.81.1" port: 43583 } } peers { permanent_uuid: "f8fdced4e91f4e4dbbfbb5b20211f514" member_type: VOTER last_known_addr { host: "127.21.81.2" port: 45117 } } peers { permanent_uuid: "51473d569773418294e90e0c5e29b215" member_type: VOTER last_known_addr { host: "127.21.81.3" port: 37525 } attrs { replace: true } } peers { permanent_uuid: "5871eb4aa35143079b587096a4500cdf" member_type: VOTER last_known_addr { host: "127.21.81.4" port: 41319 } attrs { promote: false } } }
I20260710 13:25:02.280373 22958 tablet_service.cc:1558] Processing DeleteTablet for tablet 17b62c8d269a4acbad0a139eded0a308 with delete_type TABLET_DATA_TOMBSTONED (TS cd7862b4d9d84ac8af0f82de4a6abc8c not found in new config with opid_index 4) from {username='slave'} at 127.0.0.1:46228
I20260710 13:25:02.286695 23392 raft_consensus.cc:2955] T cc028521f7934625acaf7f634d51a478 P 5871eb4aa35143079b587096a4500cdf [term 1 FOLLOWER]: Committing config change with OpId 1.3: config changed from index 2 to 3, 5871eb4aa35143079b587096a4500cdf (127.21.81.4) changed from NON_VOTER to VOTER. New config: { opid_index: 3 OBSOLETE_local: false peers { permanent_uuid: "cd7862b4d9d84ac8af0f82de4a6abc8c" member_type: VOTER last_known_addr { host: "127.21.81.1" port: 43583 } } peers { permanent_uuid: "f8fdced4e91f4e4dbbfbb5b20211f514" member_type: VOTER last_known_addr { host: "127.21.81.2" port: 45117 } } peers { permanent_uuid: "51473d569773418294e90e0c5e29b215" member_type: VOTER last_known_addr { host: "127.21.81.3" port: 37525 } attrs { replace: true } } peers { permanent_uuid: "5871eb4aa35143079b587096a4500cdf" member_type: VOTER last_known_addr { host: "127.21.81.4" port: 41319 } attrs { promote: false } } }
I20260710 13:25:02.289454 23680 ts_tablet_manager.cc:1929] T 072cd019b8e4446988fd978341268cdd P f8fdced4e91f4e4dbbfbb5b20211f514: tablet deleted with delete type TABLET_DATA_TOMBSTONED: last-logged OpId 1.3
I20260710 13:25:02.292220 23686 tablet_replica.cc:333] T 17b62c8d269a4acbad0a139eded0a308 P cd7862b4d9d84ac8af0f82de4a6abc8c: stopping tablet replica
I20260710 13:25:02.293183 23686 raft_consensus.cc:2243] T 17b62c8d269a4acbad0a139eded0a308 P cd7862b4d9d84ac8af0f82de4a6abc8c [term 1 FOLLOWER]: Raft consensus shutting down.
I20260710 13:25:02.293797 23686 raft_consensus.cc:2272] T 17b62c8d269a4acbad0a139eded0a308 P cd7862b4d9d84ac8af0f82de4a6abc8c [term 1 FOLLOWER]: Raft consensus is shut down!
I20260710 13:25:02.293373 22873 catalog_manager.cc:5697] T cc028521f7934625acaf7f634d51a478 P cd7862b4d9d84ac8af0f82de4a6abc8c reported cstate change: config changed from index 2 to 3, 5871eb4aa35143079b587096a4500cdf (127.21.81.4) changed from NON_VOTER to VOTER. New cstate: current_term: 1 leader_uuid: "cd7862b4d9d84ac8af0f82de4a6abc8c" committed_config { opid_index: 3 OBSOLETE_local: false peers { permanent_uuid: "cd7862b4d9d84ac8af0f82de4a6abc8c" member_type: VOTER last_known_addr { host: "127.21.81.1" port: 43583 } health_report { overall_health: HEALTHY } } peers { permanent_uuid: "f8fdced4e91f4e4dbbfbb5b20211f514" member_type: VOTER last_known_addr { host: "127.21.81.2" port: 45117 } health_report { overall_health: HEALTHY } } peers { permanent_uuid: "51473d569773418294e90e0c5e29b215" member_type: VOTER last_known_addr { host: "127.21.81.3" port: 37525 } attrs { replace: true } health_report { overall_health: UNKNOWN } } peers { permanent_uuid: "5871eb4aa35143079b587096a4500cdf" member_type: VOTER last_known_addr { host: "127.21.81.4" port: 41319 } attrs { promote: false } health_report { overall_health: HEALTHY } } }
I20260710 13:25:02.296566 23680 log.cc:1199] T 072cd019b8e4446988fd978341268cdd P f8fdced4e91f4e4dbbfbb5b20211f514: Deleting WAL directory at /tmp/dist-test-taskUZTzjS/test-tmp/auto_leader_rebalancer-test.0.LeaderRebalancerTest.AddTserver.1783689857344988-21828-0/minicluster-data/ts-1-root/wals/072cd019b8e4446988fd978341268cdd
I20260710 13:25:02.301223 23686 ts_tablet_manager.cc:1916] T 17b62c8d269a4acbad0a139eded0a308 P cd7862b4d9d84ac8af0f82de4a6abc8c: Deleting tablet data with delete state TABLET_DATA_TOMBSTONED
I20260710 13:25:02.298350 22859 catalog_manager.cc:5028] TS f8fdced4e91f4e4dbbfbb5b20211f514 (127.21.81.2:45117): tablet 072cd019b8e4446988fd978341268cdd (table test-workload [id=5012f50b02874390884ce7afe76fa4d1]) successfully deleted
I20260710 13:25:02.316557 23686 ts_tablet_manager.cc:1929] T 17b62c8d269a4acbad0a139eded0a308 P cd7862b4d9d84ac8af0f82de4a6abc8c: tablet deleted with delete type TABLET_DATA_TOMBSTONED: last-logged OpId 1.3
I20260710 13:25:02.317015 23686 log.cc:1199] T 17b62c8d269a4acbad0a139eded0a308 P cd7862b4d9d84ac8af0f82de4a6abc8c: Deleting WAL directory at /tmp/dist-test-taskUZTzjS/test-tmp/auto_leader_rebalancer-test.0.LeaderRebalancerTest.AddTserver.1783689857344988-21828-0/minicluster-data/ts-0-root/wals/17b62c8d269a4acbad0a139eded0a308
I20260710 13:25:02.318984 22976 consensus_queue.cc:237] T cc028521f7934625acaf7f634d51a478 P cd7862b4d9d84ac8af0f82de4a6abc8c [LEADER]: Queue going to LEADER mode. State: All replicated index: 0, Majority replicated index: 3, Committed index: 3, Last appended: 1.3, Last appended by leader: 0, Current term: 1, Majority size: 2, State: 0, Mode: LEADER, active raft config: opid_index: 4 OBSOLETE_local: false peers { permanent_uuid: "cd7862b4d9d84ac8af0f82de4a6abc8c" member_type: VOTER last_known_addr { host: "127.21.81.1" port: 43583 } } peers { permanent_uuid: "f8fdced4e91f4e4dbbfbb5b20211f514" member_type: VOTER last_known_addr { host: "127.21.81.2" port: 45117 } } peers { permanent_uuid: "5871eb4aa35143079b587096a4500cdf" member_type: VOTER last_known_addr { host: "127.21.81.4" port: 41319 } attrs { promote: false } }
I20260710 13:25:02.322257 22859 catalog_manager.cc:5028] TS cd7862b4d9d84ac8af0f82de4a6abc8c (127.21.81.1:43583): tablet 17b62c8d269a4acbad0a139eded0a308 (table test-workload [id=5012f50b02874390884ce7afe76fa4d1]) successfully deleted
I20260710 13:25:02.330245 23392 raft_consensus.cc:1275] T cc028521f7934625acaf7f634d51a478 P 5871eb4aa35143079b587096a4500cdf [term 1 FOLLOWER]: Refusing update from remote peer cd7862b4d9d84ac8af0f82de4a6abc8c: Log matching property violated. Preceding OpId in replica: term: 1 index: 3. Preceding OpId from leader: term: 1 index: 4. (index mismatch)
I20260710 13:25:02.333763 23052 raft_consensus.cc:1275] T cc028521f7934625acaf7f634d51a478 P f8fdced4e91f4e4dbbfbb5b20211f514 [term 1 FOLLOWER]: Refusing update from remote peer cd7862b4d9d84ac8af0f82de4a6abc8c: Log matching property violated. Preceding OpId in replica: term: 1 index: 3. Preceding OpId from leader: term: 1 index: 4. (index mismatch)
I20260710 13:25:02.334992 23643 consensus_queue.cc:1048] T cc028521f7934625acaf7f634d51a478 P cd7862b4d9d84ac8af0f82de4a6abc8c [LEADER]: Connected to new peer: Peer: permanent_uuid: "5871eb4aa35143079b587096a4500cdf" member_type: VOTER last_known_addr { host: "127.21.81.4" port: 41319 } attrs { promote: false }, Status: LMP_MISMATCH, Last received: 0.0, Next index: 4, Last known committed idx: 3, Time since last communication: 0.000s
I20260710 13:25:02.335850 23661 consensus_queue.cc:1048] T cc028521f7934625acaf7f634d51a478 P cd7862b4d9d84ac8af0f82de4a6abc8c [LEADER]: Connected to new peer: Peer: permanent_uuid: "f8fdced4e91f4e4dbbfbb5b20211f514" member_type: VOTER last_known_addr { host: "127.21.81.2" port: 45117 }, Status: LMP_MISMATCH, Last received: 0.0, Next index: 4, Last known committed idx: 3, Time since last communication: 0.000s
I20260710 13:25:02.342711 23661 raft_consensus.cc:2955] T cc028521f7934625acaf7f634d51a478 P cd7862b4d9d84ac8af0f82de4a6abc8c [term 1 LEADER]: Committing config change with OpId 1.4: config changed from index 3 to 4, VOTER 51473d569773418294e90e0c5e29b215 (127.21.81.3) evicted. New config: { opid_index: 4 OBSOLETE_local: false peers { permanent_uuid: "cd7862b4d9d84ac8af0f82de4a6abc8c" member_type: VOTER last_known_addr { host: "127.21.81.1" port: 43583 } } peers { permanent_uuid: "f8fdced4e91f4e4dbbfbb5b20211f514" member_type: VOTER last_known_addr { host: "127.21.81.2" port: 45117 } } peers { permanent_uuid: "5871eb4aa35143079b587096a4500cdf" member_type: VOTER last_known_addr { host: "127.21.81.4" port: 41319 } attrs { promote: false } } }
I20260710 13:25:02.345995 23052 raft_consensus.cc:2955] T cc028521f7934625acaf7f634d51a478 P f8fdced4e91f4e4dbbfbb5b20211f514 [term 1 FOLLOWER]: Committing config change with OpId 1.4: config changed from index 3 to 4, VOTER 51473d569773418294e90e0c5e29b215 (127.21.81.3) evicted. New config: { opid_index: 4 OBSOLETE_local: false peers { permanent_uuid: "cd7862b4d9d84ac8af0f82de4a6abc8c" member_type: VOTER last_known_addr { host: "127.21.81.1" port: 43583 } } peers { permanent_uuid: "f8fdced4e91f4e4dbbfbb5b20211f514" member_type: VOTER last_known_addr { host: "127.21.81.2" port: 45117 } } peers { permanent_uuid: "5871eb4aa35143079b587096a4500cdf" member_type: VOTER last_known_addr { host: "127.21.81.4" port: 41319 } attrs { promote: false } } }
I20260710 13:25:02.346782 23392 raft_consensus.cc:2955] T cc028521f7934625acaf7f634d51a478 P 5871eb4aa35143079b587096a4500cdf [term 1 FOLLOWER]: Committing config change with OpId 1.4: config changed from index 3 to 4, VOTER 51473d569773418294e90e0c5e29b215 (127.21.81.3) evicted. New config: { opid_index: 4 OBSOLETE_local: false peers { permanent_uuid: "cd7862b4d9d84ac8af0f82de4a6abc8c" member_type: VOTER last_known_addr { host: "127.21.81.1" port: 43583 } } peers { permanent_uuid: "f8fdced4e91f4e4dbbfbb5b20211f514" member_type: VOTER last_known_addr { host: "127.21.81.2" port: 45117 } } peers { permanent_uuid: "5871eb4aa35143079b587096a4500cdf" member_type: VOTER last_known_addr { host: "127.21.81.4" port: 41319 } attrs { promote: false } } }
I20260710 13:25:02.351895 22859 catalog_manager.cc:5210] ChangeConfig:REMOVE_PEER RPC for tablet cc028521f7934625acaf7f634d51a478 with cas_config_opid_index 3: ChangeConfig:REMOVE_PEER succeeded (attempt 1)
I20260710 13:25:02.358314 22873 catalog_manager.cc:5697] T cc028521f7934625acaf7f634d51a478 P cd7862b4d9d84ac8af0f82de4a6abc8c reported cstate change: config changed from index 3 to 4, VOTER 51473d569773418294e90e0c5e29b215 (127.21.81.3) evicted. New cstate: current_term: 1 leader_uuid: "cd7862b4d9d84ac8af0f82de4a6abc8c" committed_config { opid_index: 4 OBSOLETE_local: false peers { permanent_uuid: "cd7862b4d9d84ac8af0f82de4a6abc8c" member_type: VOTER last_known_addr { host: "127.21.81.1" port: 43583 } health_report { overall_health: HEALTHY } } peers { permanent_uuid: "f8fdced4e91f4e4dbbfbb5b20211f514" member_type: VOTER last_known_addr { host: "127.21.81.2" port: 45117 } health_report { overall_health: HEALTHY } } peers { permanent_uuid: "5871eb4aa35143079b587096a4500cdf" member_type: VOTER last_known_addr { host: "127.21.81.4" port: 41319 } attrs { promote: false } health_report { overall_health: HEALTHY } } }
I20260710 13:25:02.368113 23115 tablet_service.cc:1558] Processing DeleteTablet for tablet cc028521f7934625acaf7f634d51a478 with delete_type TABLET_DATA_TOMBSTONED (TS 51473d569773418294e90e0c5e29b215 not found in new config with opid_index 4) from {username='slave'} at 127.0.0.1:46868
I20260710 13:25:02.369087 23670 tablet_replica.cc:333] T cc028521f7934625acaf7f634d51a478 P 51473d569773418294e90e0c5e29b215: stopping tablet replica
I20260710 13:25:02.369838 23670 raft_consensus.cc:2243] T cc028521f7934625acaf7f634d51a478 P 51473d569773418294e90e0c5e29b215 [term 1 FOLLOWER]: Raft consensus shutting down.
I20260710 13:25:02.370322 23670 pending_rounds.cc:70] T cc028521f7934625acaf7f634d51a478 P 51473d569773418294e90e0c5e29b215: Trying to abort 1 pending ops.
I20260710 13:25:02.370563 23670 pending_rounds.cc:77] T cc028521f7934625acaf7f634d51a478 P 51473d569773418294e90e0c5e29b215: Aborting op as it isn't in flight: id { term: 1 index: 3 } timestamp: 7305993839347453952 op_type: CHANGE_CONFIG_OP change_config_record { tablet_id: "cc028521f7934625acaf7f634d51a478" old_config { opid_index: 2 OBSOLETE_local: false peers { permanent_uuid: "cd7862b4d9d84ac8af0f82de4a6abc8c" member_type: VOTER last_known_addr { host: "127.21.81.1" port: 43583 } } peers { permanent_uuid: "f8fdced4e91f4e4dbbfbb5b20211f514" member_type: VOTER last_known_addr { host: "127.21.81.2" port: 45117 } } peers { permanent_uuid: "51473d569773418294e90e0c5e29b215" member_type: VOTER last_known_addr { host: "127.21.81.3" port: 37525 } attrs { replace: true } } peers { permanent_uuid: "5871eb4aa35143079b587096a4500cdf" member_type: NON_VOTER last_known_addr { host: "127.21.81.4" port: 41319 } attrs { promote: true } } } new_config { opid_index: 3 OBSOLETE_local: false peers { permanent_uuid: "cd7862b4d9d84ac8af0f82de4a6abc8c" member_type: VOTER last_known_addr { host: "127.21.81.1" port: 43583 } } peers { permanent_uuid: "f8fdced4e91f4e4dbbfbb5b20211f514" member_type: VOTER last_known_addr { host: "127.21.81.2" port: 45117 } } peers { permanent_uuid: "51473d569773418294e90e0c5e29b215" member_type: VOTER last_known_addr { host: "127.21.81.3" port: 37525 } attrs { replace: true } } peers { permanent_uuid: "5871eb4aa35143079b587096a4500cdf" member_type: VOTER last_known_addr { host: "127.21.81.4" port: 41319 } attrs { promote: false } } } }
I20260710 13:25:02.371410 23670 raft_consensus.cc:2917] T cc028521f7934625acaf7f634d51a478 P 51473d569773418294e90e0c5e29b215 [term 1 FOLLOWER]: Aborting config change with OpId 1.3: Aborted: Op aborted
I20260710 13:25:02.371755 23670 raft_consensus.cc:2889] T cc028521f7934625acaf7f634d51a478 P 51473d569773418294e90e0c5e29b215 [term 1 FOLLOWER]: CHANGE_CONFIG_OP replication failed: Aborted: Op aborted
I20260710 13:25:02.372045 23670 raft_consensus.cc:2272] T cc028521f7934625acaf7f634d51a478 P 51473d569773418294e90e0c5e29b215 [term 1 FOLLOWER]: Raft consensus is shut down!
I20260710 13:25:02.374632 23670 ts_tablet_manager.cc:1916] T cc028521f7934625acaf7f634d51a478 P 51473d569773418294e90e0c5e29b215: Deleting tablet data with delete state TABLET_DATA_TOMBSTONED
I20260710 13:25:02.385143 23670 ts_tablet_manager.cc:1929] T cc028521f7934625acaf7f634d51a478 P 51473d569773418294e90e0c5e29b215: tablet deleted with delete type TABLET_DATA_TOMBSTONED: last-logged OpId 1.3
I20260710 13:25:02.385519 23670 log.cc:1199] T cc028521f7934625acaf7f634d51a478 P 51473d569773418294e90e0c5e29b215: Deleting WAL directory at /tmp/dist-test-taskUZTzjS/test-tmp/auto_leader_rebalancer-test.0.LeaderRebalancerTest.AddTserver.1783689857344988-21828-0/minicluster-data/ts-2-root/wals/cc028521f7934625acaf7f634d51a478
I20260710 13:25:02.386866 22859 catalog_manager.cc:5028] TS 51473d569773418294e90e0c5e29b215 (127.21.81.3:37525): tablet cc028521f7934625acaf7f634d51a478 (table test-workload [id=5012f50b02874390884ce7afe76fa4d1]) successfully deleted
I20260710 13:25:03.400635 22974 consensus_queue.cc:237] T 7a14b1532fce47e8b458771ccf3dd0e9 P cd7862b4d9d84ac8af0f82de4a6abc8c [LEADER]: Queue going to LEADER mode. State: All replicated index: 0, Majority replicated index: 1, Committed index: 1, Last appended: 1.1, Last appended by leader: 0, Current term: 1, Majority size: 2, State: 0, Mode: LEADER, active raft config: opid_index: 2 OBSOLETE_local: false peers { permanent_uuid: "cd7862b4d9d84ac8af0f82de4a6abc8c" member_type: VOTER last_known_addr { host: "127.21.81.1" port: 43583 } } peers { permanent_uuid: "f8fdced4e91f4e4dbbfbb5b20211f514" member_type: VOTER last_known_addr { host: "127.21.81.2" port: 45117 } attrs { replace: true } } peers { permanent_uuid: "51473d569773418294e90e0c5e29b215" member_type: VOTER last_known_addr { host: "127.21.81.3" port: 37525 } } peers { permanent_uuid: "5871eb4aa35143079b587096a4500cdf" member_type: NON_VOTER last_known_addr { host: "127.21.81.4" port: 41319 } attrs { promote: true } }
W20260710 13:25:03.407083 22940 consensus_peers.cc:597] T 7a14b1532fce47e8b458771ccf3dd0e9 P cd7862b4d9d84ac8af0f82de4a6abc8c -> Peer 5871eb4aa35143079b587096a4500cdf (127.21.81.4:41319): Couldn't send request to peer 5871eb4aa35143079b587096a4500cdf. Error code: TABLET_NOT_FOUND (6). Status: Not found: Tablet not found: 7a14b1532fce47e8b458771ccf3dd0e9. This is attempt 1: this message will repeat every 5th retry.
I20260710 13:25:03.407088 23124 raft_consensus.cc:1275] T 7a14b1532fce47e8b458771ccf3dd0e9 P 51473d569773418294e90e0c5e29b215 [term 1 FOLLOWER]: Refusing update from remote peer cd7862b4d9d84ac8af0f82de4a6abc8c: Log matching property violated. Preceding OpId in replica: term: 1 index: 1. Preceding OpId from leader: term: 1 index: 2. (index mismatch)
I20260710 13:25:03.408931 23052 raft_consensus.cc:1275] T 7a14b1532fce47e8b458771ccf3dd0e9 P f8fdced4e91f4e4dbbfbb5b20211f514 [term 1 FOLLOWER]: Refusing update from remote peer cd7862b4d9d84ac8af0f82de4a6abc8c: Log matching property violated. Preceding OpId in replica: term: 1 index: 1. Preceding OpId from leader: term: 1 index: 2. (index mismatch)
I20260710 13:25:03.408880 23661 consensus_queue.cc:1048] T 7a14b1532fce47e8b458771ccf3dd0e9 P cd7862b4d9d84ac8af0f82de4a6abc8c [LEADER]: Connected to new peer: Peer: permanent_uuid: "51473d569773418294e90e0c5e29b215" member_type: VOTER last_known_addr { host: "127.21.81.3" port: 37525 }, Status: LMP_MISMATCH, Last received: 0.0, Next index: 2, Last known committed idx: 1, Time since last communication: 0.001s
I20260710 13:25:03.410331 23689 consensus_queue.cc:1048] T 7a14b1532fce47e8b458771ccf3dd0e9 P cd7862b4d9d84ac8af0f82de4a6abc8c [LEADER]: Connected to new peer: Peer: permanent_uuid: "f8fdced4e91f4e4dbbfbb5b20211f514" member_type: VOTER last_known_addr { host: "127.21.81.2" port: 45117 } attrs { replace: true }, Status: LMP_MISMATCH, Last received: 0.0, Next index: 2, Last known committed idx: 1, Time since last communication: 0.000s
I20260710 13:25:03.416957 23591 raft_consensus.cc:2955] T 7a14b1532fce47e8b458771ccf3dd0e9 P cd7862b4d9d84ac8af0f82de4a6abc8c [term 1 LEADER]: Committing config change with OpId 1.2: config changed from index -1 to 2, NON_VOTER 5871eb4aa35143079b587096a4500cdf (127.21.81.4) added. New config: { opid_index: 2 OBSOLETE_local: false peers { permanent_uuid: "cd7862b4d9d84ac8af0f82de4a6abc8c" member_type: VOTER last_known_addr { host: "127.21.81.1" port: 43583 } } peers { permanent_uuid: "f8fdced4e91f4e4dbbfbb5b20211f514" member_type: VOTER last_known_addr { host: "127.21.81.2" port: 45117 } attrs { replace: true } } peers { permanent_uuid: "51473d569773418294e90e0c5e29b215" member_type: VOTER last_known_addr { host: "127.21.81.3" port: 37525 } } peers { permanent_uuid: "5871eb4aa35143079b587096a4500cdf" member_type: NON_VOTER last_known_addr { host: "127.21.81.4" port: 41319 } attrs { promote: true } } }
I20260710 13:25:03.420130 23052 raft_consensus.cc:2955] T 7a14b1532fce47e8b458771ccf3dd0e9 P f8fdced4e91f4e4dbbfbb5b20211f514 [term 1 FOLLOWER]: Committing config change with OpId 1.2: config changed from index -1 to 2, NON_VOTER 5871eb4aa35143079b587096a4500cdf (127.21.81.4) added. New config: { opid_index: 2 OBSOLETE_local: false peers { permanent_uuid: "cd7862b4d9d84ac8af0f82de4a6abc8c" member_type: VOTER last_known_addr { host: "127.21.81.1" port: 43583 } } peers { permanent_uuid: "f8fdced4e91f4e4dbbfbb5b20211f514" member_type: VOTER last_known_addr { host: "127.21.81.2" port: 45117 } attrs { replace: true } } peers { permanent_uuid: "51473d569773418294e90e0c5e29b215" member_type: VOTER last_known_addr { host: "127.21.81.3" port: 37525 } } peers { permanent_uuid: "5871eb4aa35143079b587096a4500cdf" member_type: NON_VOTER last_known_addr { host: "127.21.81.4" port: 41319 } attrs { promote: true } } }
I20260710 13:25:03.419694 23123 raft_consensus.cc:2955] T 7a14b1532fce47e8b458771ccf3dd0e9 P 51473d569773418294e90e0c5e29b215 [term 1 FOLLOWER]: Committing config change with OpId 1.2: config changed from index -1 to 2, NON_VOTER 5871eb4aa35143079b587096a4500cdf (127.21.81.4) added. New config: { opid_index: 2 OBSOLETE_local: false peers { permanent_uuid: "cd7862b4d9d84ac8af0f82de4a6abc8c" member_type: VOTER last_known_addr { host: "127.21.81.1" port: 43583 } } peers { permanent_uuid: "f8fdced4e91f4e4dbbfbb5b20211f514" member_type: VOTER last_known_addr { host: "127.21.81.2" port: 45117 } attrs { replace: true } } peers { permanent_uuid: "51473d569773418294e90e0c5e29b215" member_type: VOTER last_known_addr { host: "127.21.81.3" port: 37525 } } peers { permanent_uuid: "5871eb4aa35143079b587096a4500cdf" member_type: NON_VOTER last_known_addr { host: "127.21.81.4" port: 41319 } attrs { promote: true } } }
I20260710 13:25:03.431452 23124 consensus_queue.cc:237] T 0c4998343a284e438b3f308c4b9b1bf5 P 51473d569773418294e90e0c5e29b215 [LEADER]: Queue going to LEADER mode. State: All replicated index: 0, Majority replicated index: 1, Committed index: 1, Last appended: 1.1, Last appended by leader: 0, Current term: 1, Majority size: 2, State: 0, Mode: LEADER, active raft config: opid_index: 2 OBSOLETE_local: false peers { permanent_uuid: "51473d569773418294e90e0c5e29b215" member_type: VOTER last_known_addr { host: "127.21.81.3" port: 37525 } } peers { permanent_uuid: "cd7862b4d9d84ac8af0f82de4a6abc8c" member_type: VOTER last_known_addr { host: "127.21.81.1" port: 43583 } attrs { replace: true } } peers { permanent_uuid: "f8fdced4e91f4e4dbbfbb5b20211f514" member_type: VOTER last_known_addr { host: "127.21.81.2" port: 45117 } } peers { permanent_uuid: "5871eb4aa35143079b587096a4500cdf" member_type: NON_VOTER last_known_addr { host: "127.21.81.4" port: 41319 } attrs { promote: true } }
I20260710 13:25:03.432474 22873 catalog_manager.cc:5697] T 7a14b1532fce47e8b458771ccf3dd0e9 P cd7862b4d9d84ac8af0f82de4a6abc8c reported cstate change: config changed from index -1 to 2, NON_VOTER 5871eb4aa35143079b587096a4500cdf (127.21.81.4) added. New cstate: current_term: 1 leader_uuid: "cd7862b4d9d84ac8af0f82de4a6abc8c" committed_config { opid_index: 2 OBSOLETE_local: false peers { permanent_uuid: "cd7862b4d9d84ac8af0f82de4a6abc8c" member_type: VOTER last_known_addr { host: "127.21.81.1" port: 43583 } health_report { overall_health: HEALTHY } } peers { permanent_uuid: "f8fdced4e91f4e4dbbfbb5b20211f514" member_type: VOTER last_known_addr { host: "127.21.81.2" port: 45117 } attrs { replace: true } health_report { overall_health: HEALTHY } } peers { permanent_uuid: "51473d569773418294e90e0c5e29b215" member_type: VOTER last_known_addr { host: "127.21.81.3" port: 37525 } health_report { overall_health: HEALTHY } } peers { permanent_uuid: "5871eb4aa35143079b587096a4500cdf" member_type: NON_VOTER last_known_addr { host: "127.21.81.4" port: 41319 } attrs { promote: true } health_report { overall_health: UNKNOWN } } }
I20260710 13:25:03.441010 22974 raft_consensus.cc:1275] T 0c4998343a284e438b3f308c4b9b1bf5 P cd7862b4d9d84ac8af0f82de4a6abc8c [term 1 FOLLOWER]: Refusing update from remote peer 51473d569773418294e90e0c5e29b215: Log matching property violated. Preceding OpId in replica: term: 1 index: 1. Preceding OpId from leader: term: 1 index: 2. (index mismatch)
I20260710 13:25:03.442405 23052 raft_consensus.cc:1275] T 0c4998343a284e438b3f308c4b9b1bf5 P f8fdced4e91f4e4dbbfbb5b20211f514 [term 1 FOLLOWER]: Refusing update from remote peer 51473d569773418294e90e0c5e29b215: Log matching property violated. Preceding OpId in replica: term: 1 index: 1. Preceding OpId from leader: term: 1 index: 2. (index mismatch)
I20260710 13:25:03.443286 23593 consensus_queue.cc:1048] T 0c4998343a284e438b3f308c4b9b1bf5 P 51473d569773418294e90e0c5e29b215 [LEADER]: Connected to new peer: Peer: permanent_uuid: "cd7862b4d9d84ac8af0f82de4a6abc8c" member_type: VOTER last_known_addr { host: "127.21.81.1" port: 43583 } attrs { replace: true }, Status: LMP_MISMATCH, Last received: 0.0, Next index: 2, Last known committed idx: 1, Time since last communication: 0.001s
I20260710 13:25:03.445804 23593 consensus_queue.cc:1048] T 0c4998343a284e438b3f308c4b9b1bf5 P 51473d569773418294e90e0c5e29b215 [LEADER]: Connected to new peer: Peer: permanent_uuid: "f8fdced4e91f4e4dbbfbb5b20211f514" member_type: VOTER last_known_addr { host: "127.21.81.2" port: 45117 }, Status: LMP_MISMATCH, Last received: 0.0, Next index: 2, Last known committed idx: 1, Time since last communication: 0.001s
W20260710 13:25:03.451222 23089 consensus_peers.cc:597] T 0c4998343a284e438b3f308c4b9b1bf5 P 51473d569773418294e90e0c5e29b215 -> Peer 5871eb4aa35143079b587096a4500cdf (127.21.81.4:41319): Couldn't send request to peer 5871eb4aa35143079b587096a4500cdf. Error code: TABLET_NOT_FOUND (6). Status: Not found: Tablet not found: 0c4998343a284e438b3f308c4b9b1bf5. This is attempt 1: this message will repeat every 5th retry.
I20260710 13:25:03.456197 23687 raft_consensus.cc:2955] T 0c4998343a284e438b3f308c4b9b1bf5 P 51473d569773418294e90e0c5e29b215 [term 1 LEADER]: Committing config change with OpId 1.2: config changed from index -1 to 2, NON_VOTER 5871eb4aa35143079b587096a4500cdf (127.21.81.4) added. New config: { opid_index: 2 OBSOLETE_local: false peers { permanent_uuid: "51473d569773418294e90e0c5e29b215" member_type: VOTER last_known_addr { host: "127.21.81.3" port: 37525 } } peers { permanent_uuid: "cd7862b4d9d84ac8af0f82de4a6abc8c" member_type: VOTER last_known_addr { host: "127.21.81.1" port: 43583 } attrs { replace: true } } peers { permanent_uuid: "f8fdced4e91f4e4dbbfbb5b20211f514" member_type: VOTER last_known_addr { host: "127.21.81.2" port: 45117 } } peers { permanent_uuid: "5871eb4aa35143079b587096a4500cdf" member_type: NON_VOTER last_known_addr { host: "127.21.81.4" port: 41319 } attrs { promote: true } } }
I20260710 13:25:03.460148 22974 raft_consensus.cc:2955] T 0c4998343a284e438b3f308c4b9b1bf5 P cd7862b4d9d84ac8af0f82de4a6abc8c [term 1 FOLLOWER]: Committing config change with OpId 1.2: config changed from index -1 to 2, NON_VOTER 5871eb4aa35143079b587096a4500cdf (127.21.81.4) added. New config: { opid_index: 2 OBSOLETE_local: false peers { permanent_uuid: "51473d569773418294e90e0c5e29b215" member_type: VOTER last_known_addr { host: "127.21.81.3" port: 37525 } } peers { permanent_uuid: "cd7862b4d9d84ac8af0f82de4a6abc8c" member_type: VOTER last_known_addr { host: "127.21.81.1" port: 43583 } attrs { replace: true } } peers { permanent_uuid: "f8fdced4e91f4e4dbbfbb5b20211f514" member_type: VOTER last_known_addr { host: "127.21.81.2" port: 45117 } } peers { permanent_uuid: "5871eb4aa35143079b587096a4500cdf" member_type: NON_VOTER last_known_addr { host: "127.21.81.4" port: 41319 } attrs { promote: true } } }
I20260710 13:25:03.467805 23052 raft_consensus.cc:2955] T 0c4998343a284e438b3f308c4b9b1bf5 P f8fdced4e91f4e4dbbfbb5b20211f514 [term 1 FOLLOWER]: Committing config change with OpId 1.2: config changed from index -1 to 2, NON_VOTER 5871eb4aa35143079b587096a4500cdf (127.21.81.4) added. New config: { opid_index: 2 OBSOLETE_local: false peers { permanent_uuid: "51473d569773418294e90e0c5e29b215" member_type: VOTER last_known_addr { host: "127.21.81.3" port: 37525 } } peers { permanent_uuid: "cd7862b4d9d84ac8af0f82de4a6abc8c" member_type: VOTER last_known_addr { host: "127.21.81.1" port: 43583 } attrs { replace: true } } peers { permanent_uuid: "f8fdced4e91f4e4dbbfbb5b20211f514" member_type: VOTER last_known_addr { host: "127.21.81.2" port: 45117 } } peers { permanent_uuid: "5871eb4aa35143079b587096a4500cdf" member_type: NON_VOTER last_known_addr { host: "127.21.81.4" port: 41319 } attrs { promote: true } } }
I20260710 13:25:03.483976 22871 catalog_manager.cc:5697] T 0c4998343a284e438b3f308c4b9b1bf5 P 51473d569773418294e90e0c5e29b215 reported cstate change: config changed from index -1 to 2, NON_VOTER 5871eb4aa35143079b587096a4500cdf (127.21.81.4) added. New cstate: current_term: 1 leader_uuid: "51473d569773418294e90e0c5e29b215" committed_config { opid_index: 2 OBSOLETE_local: false peers { permanent_uuid: "51473d569773418294e90e0c5e29b215" member_type: VOTER last_known_addr { host: "127.21.81.3" port: 37525 } health_report { overall_health: HEALTHY } } peers { permanent_uuid: "cd7862b4d9d84ac8af0f82de4a6abc8c" member_type: VOTER last_known_addr { host: "127.21.81.1" port: 43583 } attrs { replace: true } health_report { overall_health: HEALTHY } } peers { permanent_uuid: "f8fdced4e91f4e4dbbfbb5b20211f514" member_type: VOTER last_known_addr { host: "127.21.81.2" port: 45117 } health_report { overall_health: HEALTHY } } peers { permanent_uuid: "5871eb4aa35143079b587096a4500cdf" member_type: NON_VOTER last_known_addr { host: "127.21.81.4" port: 41319 } attrs { promote: true } health_report { overall_health: UNKNOWN } } }
I20260710 13:25:03.820116 23700 ts_tablet_manager.cc:933] T 7a14b1532fce47e8b458771ccf3dd0e9 P 5871eb4aa35143079b587096a4500cdf: Initiating tablet copy from peer cd7862b4d9d84ac8af0f82de4a6abc8c (127.21.81.1:43583)
I20260710 13:25:03.821940 23700 tablet_copy_client.cc:323] T 7a14b1532fce47e8b458771ccf3dd0e9 P 5871eb4aa35143079b587096a4500cdf: tablet copy: Beginning tablet copy session from remote peer at address 127.21.81.1:43583
I20260710 13:25:03.823551 22987 tablet_copy_service.cc:140] P cd7862b4d9d84ac8af0f82de4a6abc8c: Received BeginTabletCopySession request for tablet 7a14b1532fce47e8b458771ccf3dd0e9 from peer 5871eb4aa35143079b587096a4500cdf ({username='slave'} at 127.0.0.1:57034)
I20260710 13:25:03.824074 22987 tablet_copy_service.cc:161] P cd7862b4d9d84ac8af0f82de4a6abc8c: Beginning new tablet copy session on tablet 7a14b1532fce47e8b458771ccf3dd0e9 from peer 5871eb4aa35143079b587096a4500cdf at {username='slave'} at 127.0.0.1:57034: session id = 5871eb4aa35143079b587096a4500cdf-7a14b1532fce47e8b458771ccf3dd0e9
I20260710 13:25:03.831539 22987 tablet_copy_source_session.cc:215] T 7a14b1532fce47e8b458771ccf3dd0e9 P cd7862b4d9d84ac8af0f82de4a6abc8c: Tablet Copy: opened 0 blocks and 1 log segments
I20260710 13:25:03.834468 23700 data_dirs.cc:400] Could only allocate 1 dirs of requested 3 for tablet 7a14b1532fce47e8b458771ccf3dd0e9. 1 dirs total, 0 dirs full, 0 dirs failed
I20260710 13:25:03.845079 23700 tablet_copy_client.cc:806] T 7a14b1532fce47e8b458771ccf3dd0e9 P 5871eb4aa35143079b587096a4500cdf: tablet copy: Starting download of 0 data blocks...
I20260710 13:25:03.845607 23700 tablet_copy_client.cc:670] T 7a14b1532fce47e8b458771ccf3dd0e9 P 5871eb4aa35143079b587096a4500cdf: tablet copy: Starting download of 1 WAL segments...
I20260710 13:25:03.849068 23700 tablet_copy_client.cc:538] T 7a14b1532fce47e8b458771ccf3dd0e9 P 5871eb4aa35143079b587096a4500cdf: tablet copy: Tablet Copy complete. Replacing tablet superblock.
I20260710 13:25:03.855084 23700 tablet_bootstrap.cc:492] T 7a14b1532fce47e8b458771ccf3dd0e9 P 5871eb4aa35143079b587096a4500cdf: Bootstrap starting.
I20260710 13:25:03.873874 23700 tablet_bootstrap.cc:492] T 7a14b1532fce47e8b458771ccf3dd0e9 P 5871eb4aa35143079b587096a4500cdf: Bootstrap replayed 1/1 log segments. Stats: ops{read=2 overwritten=0 applied=2 ignored=0} inserts{seen=0 ignored=0} mutations{seen=0 ignored=0} orphaned_commits=0. Pending: 0 replicates
I20260710 13:25:03.874809 23700 tablet_bootstrap.cc:492] T 7a14b1532fce47e8b458771ccf3dd0e9 P 5871eb4aa35143079b587096a4500cdf: Bootstrap complete.
I20260710 13:25:03.875675 23700 ts_tablet_manager.cc:1403] T 7a14b1532fce47e8b458771ccf3dd0e9 P 5871eb4aa35143079b587096a4500cdf: Time spent bootstrapping tablet: real 0.021s	user 0.012s	sys 0.008s
