I20260710 13:24:43.449839 23101 tablet_service.cc:1917] Received RequestConsensusVote() RPC: tablet_id: "2431a278d4bd41009bc367a8f3cabad0" candidate_uuid: "d793e7a08fb54b7ab9a169a2da7d43b9" candidate_term: 1 candidate_status { last_received { term: 0 index: 0 } } ignore_live_leader: false dest_uuid: "5d762d65228e423d87d90665f5c6bca5" is_pre_election: true
I20260710 13:24:43.451100 23101 raft_consensus.cc:2393] T 2431a278d4bd41009bc367a8f3cabad0 P 5d762d65228e423d87d90665f5c6bca5 [term 1 FOLLOWER]: Leader pre-election vote request: Denying vote to candidate d793e7a08fb54b7ab9a169a2da7d43b9 in current term 1: Already voted for candidate 4aefdf5e9edc4230b0cc763fce861f27 in this term.
I20260710 13:24:43.452702 23029 tablet_service.cc:1917] Received RequestConsensusVote() RPC: tablet_id: "2431a278d4bd41009bc367a8f3cabad0" candidate_uuid: "d793e7a08fb54b7ab9a169a2da7d43b9" candidate_term: 1 candidate_status { last_received { term: 0 index: 0 } } ignore_live_leader: false dest_uuid: "4aefdf5e9edc4230b0cc763fce861f27" is_pre_election: true
I20260710 13:24:43.456149 23145 tablet_bootstrap.cc:654] T bf73538cebf9487dab735b7960ed666c P d793e7a08fb54b7ab9a169a2da7d43b9: Neither blocks nor log segments found. Creating new log.
I20260710 13:24:43.455878 22920 leader_election.cc:304] T 2431a278d4bd41009bc367a8f3cabad0 P d793e7a08fb54b7ab9a169a2da7d43b9 [CANDIDATE]: Term 1 pre-election: Election decided. Result: candidate lost. Election summary: received 3 responses out of 3 voters: 1 yes votes; 2 no votes. yes voters: d793e7a08fb54b7ab9a169a2da7d43b9; no voters: 4aefdf5e9edc4230b0cc763fce861f27, 5d762d65228e423d87d90665f5c6bca5
I20260710 13:24:43.460726 23182 raft_consensus.cc:3060] T 2431a278d4bd41009bc367a8f3cabad0 P d793e7a08fb54b7ab9a169a2da7d43b9 [term 0 FOLLOWER]: Advancing to term 1
I20260710 13:24:43.465826 23213 consensus_queue.cc:1048] T 085b0a5930c74fbca22caebd817b30e8 P d793e7a08fb54b7ab9a169a2da7d43b9 [LEADER]: Connected to new peer: Peer: permanent_uuid: "5d762d65228e423d87d90665f5c6bca5" member_type: VOTER last_known_addr { host: "127.21.82.67" port: 42753 }, Status: LMP_MISMATCH, Last received: 0.0, Next index: 1, Last known committed idx: 0, Time since last communication: 0.001s
I20260710 13:24:43.466486 23158 raft_consensus.cc:493] T 683a1bc22a2a4c4f837d5305a00646ca P 4aefdf5e9edc4230b0cc763fce861f27 [term 0 FOLLOWER]: Starting pre-election (no leader contacted us within the election timeout)
I20260710 13:24:43.466987 23158 raft_consensus.cc:515] T 683a1bc22a2a4c4f837d5305a00646ca P 4aefdf5e9edc4230b0cc763fce861f27 [term 0 FOLLOWER]: Starting pre-election with config: opid_index: -1 OBSOLETE_local: false peers { permanent_uuid: "d793e7a08fb54b7ab9a169a2da7d43b9" member_type: VOTER last_known_addr { host: "127.21.82.65" port: 34239 } } peers { permanent_uuid: "4aefdf5e9edc4230b0cc763fce861f27" member_type: VOTER last_known_addr { host: "127.21.82.66" port: 42843 } } peers { permanent_uuid: "5d762d65228e423d87d90665f5c6bca5" member_type: VOTER last_known_addr { host: "127.21.82.67" port: 42753 } }
I20260710 13:24:43.470846 22955 tablet_service.cc:1917] Received RequestConsensusVote() RPC: tablet_id: "683a1bc22a2a4c4f837d5305a00646ca" candidate_uuid: "4aefdf5e9edc4230b0cc763fce861f27" candidate_term: 1 candidate_status { last_received { term: 0 index: 0 } } ignore_live_leader: false dest_uuid: "d793e7a08fb54b7ab9a169a2da7d43b9" is_pre_election: true
I20260710 13:24:43.471247 23158 leader_election.cc:290] T 683a1bc22a2a4c4f837d5305a00646ca P 4aefdf5e9edc4230b0cc763fce861f27 [CANDIDATE]: Term 1 pre-election: Requested pre-vote from peers d793e7a08fb54b7ab9a169a2da7d43b9 (127.21.82.65:34239), 5d762d65228e423d87d90665f5c6bca5 (127.21.82.67:42753)
W20260710 13:24:43.472361 22996 leader_election.cc:343] T 683a1bc22a2a4c4f837d5305a00646ca P 4aefdf5e9edc4230b0cc763fce861f27 [CANDIDATE]: Term 1 pre-election: Tablet error from VoteRequest() call to peer d793e7a08fb54b7ab9a169a2da7d43b9 (127.21.82.65:34239): Illegal state: must be running to vote when last-logged opid is not known
I20260710 13:24:43.472380 23102 tablet_service.cc:1917] Received RequestConsensusVote() RPC: tablet_id: "683a1bc22a2a4c4f837d5305a00646ca" candidate_uuid: "4aefdf5e9edc4230b0cc763fce861f27" candidate_term: 1 candidate_status { last_received { term: 0 index: 0 } } ignore_live_leader: false dest_uuid: "5d762d65228e423d87d90665f5c6bca5" is_pre_election: true
W20260710 13:24:43.474483 22994 leader_election.cc:343] T 683a1bc22a2a4c4f837d5305a00646ca P 4aefdf5e9edc4230b0cc763fce861f27 [CANDIDATE]: Term 1 pre-election: Tablet error from VoteRequest() call to peer 5d762d65228e423d87d90665f5c6bca5 (127.21.82.67:42753): Illegal state: must be running to vote when last-logged opid is not known
I20260710 13:24:43.475112 22994 leader_election.cc:304] T 683a1bc22a2a4c4f837d5305a00646ca P 4aefdf5e9edc4230b0cc763fce861f27 [CANDIDATE]: Term 1 pre-election: Election decided. Result: candidate lost. Election summary: received 3 responses out of 3 voters: 1 yes votes; 2 no votes. yes voters: 4aefdf5e9edc4230b0cc763fce861f27; no voters: 5d762d65228e423d87d90665f5c6bca5, d793e7a08fb54b7ab9a169a2da7d43b9
I20260710 13:24:43.476863 23145 tablet_bootstrap.cc:492] T bf73538cebf9487dab735b7960ed666c P d793e7a08fb54b7ab9a169a2da7d43b9: No bootstrap required, opened a new log
I20260710 13:24:43.476799 23158 raft_consensus.cc:2749] T 683a1bc22a2a4c4f837d5305a00646ca P 4aefdf5e9edc4230b0cc763fce861f27 [term 0 FOLLOWER]: Leader pre-election lost for term 1. Reason: could not achieve majority
I20260710 13:24:43.480131 23145 ts_tablet_manager.cc:1403] T bf73538cebf9487dab735b7960ed666c P d793e7a08fb54b7ab9a169a2da7d43b9: Time spent bootstrapping tablet: real 0.079s	user 0.004s	sys 0.014s
I20260710 13:24:43.482167 23148 tablet_bootstrap.cc:492] T e0025e1a185e42a4b4d74328705e9c08 P 5d762d65228e423d87d90665f5c6bca5: No bootstrap required, opened a new log
I20260710 13:24:43.482677 23148 ts_tablet_manager.cc:1403] T e0025e1a185e42a4b4d74328705e9c08 P 5d762d65228e423d87d90665f5c6bca5: Time spent bootstrapping tablet: real 0.144s	user 0.051s	sys 0.036s
I20260710 13:24:43.485116 23148 raft_consensus.cc:359] T e0025e1a185e42a4b4d74328705e9c08 P 5d762d65228e423d87d90665f5c6bca5 [term 0 FOLLOWER]: Replica starting. Triggering 0 pending ops. Active config: opid_index: -1 OBSOLETE_local: false peers { permanent_uuid: "d793e7a08fb54b7ab9a169a2da7d43b9" member_type: VOTER last_known_addr { host: "127.21.82.65" port: 34239 } } peers { permanent_uuid: "4aefdf5e9edc4230b0cc763fce861f27" member_type: VOTER last_known_addr { host: "127.21.82.66" port: 42843 } } peers { permanent_uuid: "5d762d65228e423d87d90665f5c6bca5" member_type: VOTER last_known_addr { host: "127.21.82.67" port: 42753 } }
I20260710 13:24:43.485833 23148 raft_consensus.cc:385] T e0025e1a185e42a4b4d74328705e9c08 P 5d762d65228e423d87d90665f5c6bca5 [term 0 FOLLOWER]: Consensus starting up: Expiring failure detector timer to make a prompt election more likely
I20260710 13:24:43.486140 23148 raft_consensus.cc:740] T e0025e1a185e42a4b4d74328705e9c08 P 5d762d65228e423d87d90665f5c6bca5 [term 0 FOLLOWER]: Becoming Follower/Learner. State: Replica: 5d762d65228e423d87d90665f5c6bca5, State: Initialized, Role: FOLLOWER
I20260710 13:24:43.486821 23148 consensus_queue.cc:260] T e0025e1a185e42a4b4d74328705e9c08 P 5d762d65228e423d87d90665f5c6bca5 [NON_LEADER]: Queue going to NON_LEADER mode. State: All replicated index: 0, Majority replicated index: 0, Committed index: 0, Last appended: 0.0, Last appended by leader: 0, Current term: 0, Majority size: -1, State: 0, Mode: NON_LEADER, active raft config: opid_index: -1 OBSOLETE_local: false peers { permanent_uuid: "d793e7a08fb54b7ab9a169a2da7d43b9" member_type: VOTER last_known_addr { host: "127.21.82.65" port: 34239 } } peers { permanent_uuid: "4aefdf5e9edc4230b0cc763fce861f27" member_type: VOTER last_known_addr { host: "127.21.82.66" port: 42843 } } peers { permanent_uuid: "5d762d65228e423d87d90665f5c6bca5" member_type: VOTER last_known_addr { host: "127.21.82.67" port: 42753 } }
I20260710 13:24:43.489178 23148 ts_tablet_manager.cc:1434] T e0025e1a185e42a4b4d74328705e9c08 P 5d762d65228e423d87d90665f5c6bca5: Time spent starting tablet: real 0.006s	user 0.007s	sys 0.000s
I20260710 13:24:43.490128 23148 tablet_bootstrap.cc:492] T 3a0e2f316efb434a891cad429ba0c640 P 5d762d65228e423d87d90665f5c6bca5: Bootstrap starting.
I20260710 13:24:43.493818 23149 tablet_bootstrap.cc:492] T 45989202b3fa44a39cd8b906f82e635c P 4aefdf5e9edc4230b0cc763fce861f27: No bootstrap required, opened a new log
I20260710 13:24:43.494343 23149 ts_tablet_manager.cc:1403] T 45989202b3fa44a39cd8b906f82e635c P 4aefdf5e9edc4230b0cc763fce861f27: Time spent bootstrapping tablet: real 0.126s	user 0.050s	sys 0.048s
I20260710 13:24:43.499583 23182 raft_consensus.cc:2749] T 2431a278d4bd41009bc367a8f3cabad0 P d793e7a08fb54b7ab9a169a2da7d43b9 [term 1 FOLLOWER]: Leader pre-election lost for term 1. Reason: could not achieve majority
W20260710 13:24:43.503746 22902 auto_rebalancer.cc:288] Could not retrieve cluster info: Service unavailable: Tablet not running
I20260710 13:24:43.504657 23148 tablet_bootstrap.cc:654] T 3a0e2f316efb434a891cad429ba0c640 P 5d762d65228e423d87d90665f5c6bca5: Neither blocks nor log segments found. Creating new log.
I20260710 13:24:43.508304 23145 raft_consensus.cc:359] T bf73538cebf9487dab735b7960ed666c P d793e7a08fb54b7ab9a169a2da7d43b9 [term 0 FOLLOWER]: Replica starting. Triggering 0 pending ops. Active config: opid_index: -1 OBSOLETE_local: false peers { permanent_uuid: "d793e7a08fb54b7ab9a169a2da7d43b9" member_type: VOTER last_known_addr { host: "127.21.82.65" port: 34239 } } peers { permanent_uuid: "4aefdf5e9edc4230b0cc763fce861f27" member_type: VOTER last_known_addr { host: "127.21.82.66" port: 42843 } } peers { permanent_uuid: "5d762d65228e423d87d90665f5c6bca5" member_type: VOTER last_known_addr { host: "127.21.82.67" port: 42753 } }
I20260710 13:24:43.509047 23145 raft_consensus.cc:385] T bf73538cebf9487dab735b7960ed666c P d793e7a08fb54b7ab9a169a2da7d43b9 [term 0 FOLLOWER]: Consensus starting up: Expiring failure detector timer to make a prompt election more likely
I20260710 13:24:43.509331 23145 raft_consensus.cc:740] T bf73538cebf9487dab735b7960ed666c P d793e7a08fb54b7ab9a169a2da7d43b9 [term 0 FOLLOWER]: Becoming Follower/Learner. State: Replica: d793e7a08fb54b7ab9a169a2da7d43b9, State: Initialized, Role: FOLLOWER
I20260710 13:24:43.510100 23145 consensus_queue.cc:260] T bf73538cebf9487dab735b7960ed666c P d793e7a08fb54b7ab9a169a2da7d43b9 [NON_LEADER]: Queue going to NON_LEADER mode. State: All replicated index: 0, Majority replicated index: 0, Committed index: 0, Last appended: 0.0, Last appended by leader: 0, Current term: 0, Majority size: -1, State: 0, Mode: NON_LEADER, active raft config: opid_index: -1 OBSOLETE_local: false peers { permanent_uuid: "d793e7a08fb54b7ab9a169a2da7d43b9" member_type: VOTER last_known_addr { host: "127.21.82.65" port: 34239 } } peers { permanent_uuid: "4aefdf5e9edc4230b0cc763fce861f27" member_type: VOTER last_known_addr { host: "127.21.82.66" port: 42843 } } peers { permanent_uuid: "5d762d65228e423d87d90665f5c6bca5" member_type: VOTER last_known_addr { host: "127.21.82.67" port: 42753 } }
I20260710 13:24:43.510491 23149 raft_consensus.cc:359] T 45989202b3fa44a39cd8b906f82e635c P 4aefdf5e9edc4230b0cc763fce861f27 [term 0 FOLLOWER]: Replica starting. Triggering 0 pending ops. Active config: opid_index: -1 OBSOLETE_local: false peers { permanent_uuid: "d793e7a08fb54b7ab9a169a2da7d43b9" member_type: VOTER last_known_addr { host: "127.21.82.65" port: 34239 } } peers { permanent_uuid: "4aefdf5e9edc4230b0cc763fce861f27" member_type: VOTER last_known_addr { host: "127.21.82.66" port: 42843 } } peers { permanent_uuid: "5d762d65228e423d87d90665f5c6bca5" member_type: VOTER last_known_addr { host: "127.21.82.67" port: 42753 } }
I20260710 13:24:43.511198 23149 raft_consensus.cc:385] T 45989202b3fa44a39cd8b906f82e635c P 4aefdf5e9edc4230b0cc763fce861f27 [term 0 FOLLOWER]: Consensus starting up: Expiring failure detector timer to make a prompt election more likely
I20260710 13:24:43.513772 23149 raft_consensus.cc:740] T 45989202b3fa44a39cd8b906f82e635c P 4aefdf5e9edc4230b0cc763fce861f27 [term 0 FOLLOWER]: Becoming Follower/Learner. State: Replica: 4aefdf5e9edc4230b0cc763fce861f27, State: Initialized, Role: FOLLOWER
I20260710 13:24:43.513923 23148 tablet_bootstrap.cc:492] T 3a0e2f316efb434a891cad429ba0c640 P 5d762d65228e423d87d90665f5c6bca5: No bootstrap required, opened a new log
I20260710 13:24:43.514456 23148 ts_tablet_manager.cc:1403] T 3a0e2f316efb434a891cad429ba0c640 P 5d762d65228e423d87d90665f5c6bca5: Time spent bootstrapping tablet: real 0.025s	user 0.010s	sys 0.001s
I20260710 13:24:43.514564 23149 consensus_queue.cc:260] T 45989202b3fa44a39cd8b906f82e635c P 4aefdf5e9edc4230b0cc763fce861f27 [NON_LEADER]: Queue going to NON_LEADER mode. State: All replicated index: 0, Majority replicated index: 0, Committed index: 0, Last appended: 0.0, Last appended by leader: 0, Current term: 0, Majority size: -1, State: 0, Mode: NON_LEADER, active raft config: opid_index: -1 OBSOLETE_local: false peers { permanent_uuid: "d793e7a08fb54b7ab9a169a2da7d43b9" member_type: VOTER last_known_addr { host: "127.21.82.65" port: 34239 } } peers { permanent_uuid: "4aefdf5e9edc4230b0cc763fce861f27" member_type: VOTER last_known_addr { host: "127.21.82.66" port: 42843 } } peers { permanent_uuid: "5d762d65228e423d87d90665f5c6bca5" member_type: VOTER last_known_addr { host: "127.21.82.67" port: 42753 } }
I20260710 13:24:43.511891 23145 ts_tablet_manager.cc:1434] T bf73538cebf9487dab735b7960ed666c P d793e7a08fb54b7ab9a169a2da7d43b9: Time spent starting tablet: real 0.031s	user 0.005s	sys 0.000s
I20260710 13:24:43.517216 23145 tablet_bootstrap.cc:492] T d3423cb6ff504236abe8b11d7ea04370 P d793e7a08fb54b7ab9a169a2da7d43b9: Bootstrap starting.
I20260710 13:24:43.517493 23149 ts_tablet_manager.cc:1434] T 45989202b3fa44a39cd8b906f82e635c P 4aefdf5e9edc4230b0cc763fce861f27: Time spent starting tablet: real 0.023s	user 0.006s	sys 0.001s
I20260710 13:24:43.518852 23149 tablet_bootstrap.cc:492] T d3423cb6ff504236abe8b11d7ea04370 P 4aefdf5e9edc4230b0cc763fce861f27: Bootstrap starting.
I20260710 13:24:43.520464 23148 raft_consensus.cc:359] T 3a0e2f316efb434a891cad429ba0c640 P 5d762d65228e423d87d90665f5c6bca5 [term 0 FOLLOWER]: Replica starting. Triggering 0 pending ops. Active config: opid_index: -1 OBSOLETE_local: false peers { permanent_uuid: "d793e7a08fb54b7ab9a169a2da7d43b9" member_type: VOTER last_known_addr { host: "127.21.82.65" port: 34239 } } peers { permanent_uuid: "4aefdf5e9edc4230b0cc763fce861f27" member_type: VOTER last_known_addr { host: "127.21.82.66" port: 42843 } } peers { permanent_uuid: "5d762d65228e423d87d90665f5c6bca5" member_type: VOTER last_known_addr { host: "127.21.82.67" port: 42753 } }
I20260710 13:24:43.521252 23148 raft_consensus.cc:385] T 3a0e2f316efb434a891cad429ba0c640 P 5d762d65228e423d87d90665f5c6bca5 [term 0 FOLLOWER]: Consensus starting up: Expiring failure detector timer to make a prompt election more likely
I20260710 13:24:43.521634 23148 raft_consensus.cc:740] T 3a0e2f316efb434a891cad429ba0c640 P 5d762d65228e423d87d90665f5c6bca5 [term 0 FOLLOWER]: Becoming Follower/Learner. State: Replica: 5d762d65228e423d87d90665f5c6bca5, State: Initialized, Role: FOLLOWER
I20260710 13:24:43.522534 23148 consensus_queue.cc:260] T 3a0e2f316efb434a891cad429ba0c640 P 5d762d65228e423d87d90665f5c6bca5 [NON_LEADER]: Queue going to NON_LEADER mode. State: All replicated index: 0, Majority replicated index: 0, Committed index: 0, Last appended: 0.0, Last appended by leader: 0, Current term: 0, Majority size: -1, State: 0, Mode: NON_LEADER, active raft config: opid_index: -1 OBSOLETE_local: false peers { permanent_uuid: "d793e7a08fb54b7ab9a169a2da7d43b9" member_type: VOTER last_known_addr { host: "127.21.82.65" port: 34239 } } peers { permanent_uuid: "4aefdf5e9edc4230b0cc763fce861f27" member_type: VOTER last_known_addr { host: "127.21.82.66" port: 42843 } } peers { permanent_uuid: "5d762d65228e423d87d90665f5c6bca5" member_type: VOTER last_known_addr { host: "127.21.82.67" port: 42753 } }
I20260710 13:24:43.524859 23149 tablet_bootstrap.cc:654] T d3423cb6ff504236abe8b11d7ea04370 P 4aefdf5e9edc4230b0cc763fce861f27: Neither blocks nor log segments found. Creating new log.
I20260710 13:24:43.524932 23148 ts_tablet_manager.cc:1434] T 3a0e2f316efb434a891cad429ba0c640 P 5d762d65228e423d87d90665f5c6bca5: Time spent starting tablet: real 0.010s	user 0.006s	sys 0.000s
I20260710 13:24:43.526137 23148 tablet_bootstrap.cc:492] T 683a1bc22a2a4c4f837d5305a00646ca P 5d762d65228e423d87d90665f5c6bca5: Bootstrap starting.
I20260710 13:24:43.532513 23148 tablet_bootstrap.cc:654] T 683a1bc22a2a4c4f837d5305a00646ca P 5d762d65228e423d87d90665f5c6bca5: Neither blocks nor log segments found. Creating new log.
I20260710 13:24:43.538089 23148 tablet_bootstrap.cc:492] T 683a1bc22a2a4c4f837d5305a00646ca P 5d762d65228e423d87d90665f5c6bca5: No bootstrap required, opened a new log
I20260710 13:24:43.538642 23148 ts_tablet_manager.cc:1403] T 683a1bc22a2a4c4f837d5305a00646ca P 5d762d65228e423d87d90665f5c6bca5: Time spent bootstrapping tablet: real 0.013s	user 0.007s	sys 0.005s
I20260710 13:24:43.544040 23148 raft_consensus.cc:359] T 683a1bc22a2a4c4f837d5305a00646ca P 5d762d65228e423d87d90665f5c6bca5 [term 0 FOLLOWER]: Replica starting. Triggering 0 pending ops. Active config: opid_index: -1 OBSOLETE_local: false peers { permanent_uuid: "d793e7a08fb54b7ab9a169a2da7d43b9" member_type: VOTER last_known_addr { host: "127.21.82.65" port: 34239 } } peers { permanent_uuid: "4aefdf5e9edc4230b0cc763fce861f27" member_type: VOTER last_known_addr { host: "127.21.82.66" port: 42843 } } peers { permanent_uuid: "5d762d65228e423d87d90665f5c6bca5" member_type: VOTER last_known_addr { host: "127.21.82.67" port: 42753 } }
I20260710 13:24:43.544866 23148 raft_consensus.cc:385] T 683a1bc22a2a4c4f837d5305a00646ca P 5d762d65228e423d87d90665f5c6bca5 [term 0 FOLLOWER]: Consensus starting up: Expiring failure detector timer to make a prompt election more likely
I20260710 13:24:43.545225 23148 raft_consensus.cc:740] T 683a1bc22a2a4c4f837d5305a00646ca P 5d762d65228e423d87d90665f5c6bca5 [term 0 FOLLOWER]: Becoming Follower/Learner. State: Replica: 5d762d65228e423d87d90665f5c6bca5, State: Initialized, Role: FOLLOWER
I20260710 13:24:43.523463 23145 tablet_bootstrap.cc:654] T d3423cb6ff504236abe8b11d7ea04370 P d793e7a08fb54b7ab9a169a2da7d43b9: Neither blocks nor log segments found. Creating new log.
I20260710 13:24:43.546073 23148 consensus_queue.cc:260] T 683a1bc22a2a4c4f837d5305a00646ca P 5d762d65228e423d87d90665f5c6bca5 [NON_LEADER]: Queue going to NON_LEADER mode. State: All replicated index: 0, Majority replicated index: 0, Committed index: 0, Last appended: 0.0, Last appended by leader: 0, Current term: 0, Majority size: -1, State: 0, Mode: NON_LEADER, active raft config: opid_index: -1 OBSOLETE_local: false peers { permanent_uuid: "d793e7a08fb54b7ab9a169a2da7d43b9" member_type: VOTER last_known_addr { host: "127.21.82.65" port: 34239 } } peers { permanent_uuid: "4aefdf5e9edc4230b0cc763fce861f27" member_type: VOTER last_known_addr { host: "127.21.82.66" port: 42843 } } peers { permanent_uuid: "5d762d65228e423d87d90665f5c6bca5" member_type: VOTER last_known_addr { host: "127.21.82.67" port: 42753 } }
I20260710 13:24:43.548360 23148 ts_tablet_manager.cc:1434] T 683a1bc22a2a4c4f837d5305a00646ca P 5d762d65228e423d87d90665f5c6bca5: Time spent starting tablet: real 0.009s	user 0.005s	sys 0.000s
I20260710 13:24:43.549522 23148 tablet_bootstrap.cc:492] T abcac00694ed4e3db39288d92985cf32 P 5d762d65228e423d87d90665f5c6bca5: Bootstrap starting.
I20260710 13:24:43.554966 23149 tablet_bootstrap.cc:492] T d3423cb6ff504236abe8b11d7ea04370 P 4aefdf5e9edc4230b0cc763fce861f27: No bootstrap required, opened a new log
I20260710 13:24:43.555596 23149 ts_tablet_manager.cc:1403] T d3423cb6ff504236abe8b11d7ea04370 P 4aefdf5e9edc4230b0cc763fce861f27: Time spent bootstrapping tablet: real 0.037s	user 0.014s	sys 0.020s
I20260710 13:24:43.555811 23148 tablet_bootstrap.cc:654] T abcac00694ed4e3db39288d92985cf32 P 5d762d65228e423d87d90665f5c6bca5: Neither blocks nor log segments found. Creating new log.
I20260710 13:24:43.558981 23149 raft_consensus.cc:359] T d3423cb6ff504236abe8b11d7ea04370 P 4aefdf5e9edc4230b0cc763fce861f27 [term 0 FOLLOWER]: Replica starting. Triggering 0 pending ops. Active config: opid_index: -1 OBSOLETE_local: false peers { permanent_uuid: "d793e7a08fb54b7ab9a169a2da7d43b9" member_type: VOTER last_known_addr { host: "127.21.82.65" port: 34239 } } peers { permanent_uuid: "4aefdf5e9edc4230b0cc763fce861f27" member_type: VOTER last_known_addr { host: "127.21.82.66" port: 42843 } } peers { permanent_uuid: "5d762d65228e423d87d90665f5c6bca5" member_type: VOTER last_known_addr { host: "127.21.82.67" port: 42753 } }
I20260710 13:24:43.559930 23149 raft_consensus.cc:385] T d3423cb6ff504236abe8b11d7ea04370 P 4aefdf5e9edc4230b0cc763fce861f27 [term 0 FOLLOWER]: Consensus starting up: Expiring failure detector timer to make a prompt election more likely
I20260710 13:24:43.560286 23149 raft_consensus.cc:740] T d3423cb6ff504236abe8b11d7ea04370 P 4aefdf5e9edc4230b0cc763fce861f27 [term 0 FOLLOWER]: Becoming Follower/Learner. State: Replica: 4aefdf5e9edc4230b0cc763fce861f27, State: Initialized, Role: FOLLOWER
I20260710 13:24:43.561247 23149 consensus_queue.cc:260] T d3423cb6ff504236abe8b11d7ea04370 P 4aefdf5e9edc4230b0cc763fce861f27 [NON_LEADER]: Queue going to NON_LEADER mode. State: All replicated index: 0, Majority replicated index: 0, Committed index: 0, Last appended: 0.0, Last appended by leader: 0, Current term: 0, Majority size: -1, State: 0, Mode: NON_LEADER, active raft config: opid_index: -1 OBSOLETE_local: false peers { permanent_uuid: "d793e7a08fb54b7ab9a169a2da7d43b9" member_type: VOTER last_known_addr { host: "127.21.82.65" port: 34239 } } peers { permanent_uuid: "4aefdf5e9edc4230b0cc763fce861f27" member_type: VOTER last_known_addr { host: "127.21.82.66" port: 42843 } } peers { permanent_uuid: "5d762d65228e423d87d90665f5c6bca5" member_type: VOTER last_known_addr { host: "127.21.82.67" port: 42753 } }
I20260710 13:24:43.564399 23149 ts_tablet_manager.cc:1434] T d3423cb6ff504236abe8b11d7ea04370 P 4aefdf5e9edc4230b0cc763fce861f27: Time spent starting tablet: real 0.008s	user 0.007s	sys 0.003s
I20260710 13:24:43.565783 23149 tablet_bootstrap.cc:492] T 085b0a5930c74fbca22caebd817b30e8 P 4aefdf5e9edc4230b0cc763fce861f27: Bootstrap starting.
I20260710 13:24:43.584779 23194 raft_consensus.cc:493] T e0025e1a185e42a4b4d74328705e9c08 P 5d762d65228e423d87d90665f5c6bca5 [term 0 FOLLOWER]: Starting pre-election (no leader contacted us within the election timeout)
I20260710 13:24:43.585296 23194 raft_consensus.cc:515] T e0025e1a185e42a4b4d74328705e9c08 P 5d762d65228e423d87d90665f5c6bca5 [term 0 FOLLOWER]: Starting pre-election with config: opid_index: -1 OBSOLETE_local: false peers { permanent_uuid: "d793e7a08fb54b7ab9a169a2da7d43b9" member_type: VOTER last_known_addr { host: "127.21.82.65" port: 34239 } } peers { permanent_uuid: "4aefdf5e9edc4230b0cc763fce861f27" member_type: VOTER last_known_addr { host: "127.21.82.66" port: 42843 } } peers { permanent_uuid: "5d762d65228e423d87d90665f5c6bca5" member_type: VOTER last_known_addr { host: "127.21.82.67" port: 42753 } }
I20260710 13:24:43.587132 23194 leader_election.cc:290] T e0025e1a185e42a4b4d74328705e9c08 P 5d762d65228e423d87d90665f5c6bca5 [CANDIDATE]: Term 1 pre-election: Requested pre-vote from peers d793e7a08fb54b7ab9a169a2da7d43b9 (127.21.82.65:34239), 4aefdf5e9edc4230b0cc763fce861f27 (127.21.82.66:42843)
I20260710 13:24:43.588230 23027 tablet_service.cc:1917] Received RequestConsensusVote() RPC: tablet_id: "e0025e1a185e42a4b4d74328705e9c08" candidate_uuid: "5d762d65228e423d87d90665f5c6bca5" candidate_term: 1 candidate_status { last_received { term: 0 index: 0 } } ignore_live_leader: false dest_uuid: "4aefdf5e9edc4230b0cc763fce861f27" is_pre_election: true
I20260710 13:24:43.588311 22955 tablet_service.cc:1917] Received RequestConsensusVote() RPC: tablet_id: "e0025e1a185e42a4b4d74328705e9c08" candidate_uuid: "5d762d65228e423d87d90665f5c6bca5" candidate_term: 1 candidate_status { last_received { term: 0 index: 0 } } ignore_live_leader: false dest_uuid: "d793e7a08fb54b7ab9a169a2da7d43b9" is_pre_election: true
W20260710 13:24:43.589550 23069 leader_election.cc:343] T e0025e1a185e42a4b4d74328705e9c08 P 5d762d65228e423d87d90665f5c6bca5 [CANDIDATE]: Term 1 pre-election: Tablet error from VoteRequest() call to peer 4aefdf5e9edc4230b0cc763fce861f27 (127.21.82.66:42843): Illegal state: must be running to vote when last-logged opid is not known
W20260710 13:24:43.590042 23070 leader_election.cc:343] T e0025e1a185e42a4b4d74328705e9c08 P 5d762d65228e423d87d90665f5c6bca5 [CANDIDATE]: Term 1 pre-election: Tablet error from VoteRequest() call to peer d793e7a08fb54b7ab9a169a2da7d43b9 (127.21.82.65:34239): Illegal state: must be running to vote when last-logged opid is not known
I20260710 13:24:43.590382 23070 leader_election.cc:304] T e0025e1a185e42a4b4d74328705e9c08 P 5d762d65228e423d87d90665f5c6bca5 [CANDIDATE]: Term 1 pre-election: Election decided. Result: candidate lost. Election summary: received 3 responses out of 3 voters: 1 yes votes; 2 no votes. yes voters: 5d762d65228e423d87d90665f5c6bca5; no voters: 4aefdf5e9edc4230b0cc763fce861f27, d793e7a08fb54b7ab9a169a2da7d43b9
I20260710 13:24:43.591005 23194 raft_consensus.cc:2749] T e0025e1a185e42a4b4d74328705e9c08 P 5d762d65228e423d87d90665f5c6bca5 [term 0 FOLLOWER]: Leader pre-election lost for term 1. Reason: could not achieve majority
I20260710 13:24:43.593758 23149 tablet_bootstrap.cc:654] T 085b0a5930c74fbca22caebd817b30e8 P 4aefdf5e9edc4230b0cc763fce861f27: Neither blocks nor log segments found. Creating new log.
I20260710 13:24:43.594790 23148 tablet_bootstrap.cc:492] T abcac00694ed4e3db39288d92985cf32 P 5d762d65228e423d87d90665f5c6bca5: No bootstrap required, opened a new log
I20260710 13:24:43.595273 23148 ts_tablet_manager.cc:1403] T abcac00694ed4e3db39288d92985cf32 P 5d762d65228e423d87d90665f5c6bca5: Time spent bootstrapping tablet: real 0.046s	user 0.010s	sys 0.007s
I20260710 13:24:43.595388 23145 tablet_bootstrap.cc:492] T d3423cb6ff504236abe8b11d7ea04370 P d793e7a08fb54b7ab9a169a2da7d43b9: No bootstrap required, opened a new log
I20260710 13:24:43.595885 23145 ts_tablet_manager.cc:1403] T d3423cb6ff504236abe8b11d7ea04370 P d793e7a08fb54b7ab9a169a2da7d43b9: Time spent bootstrapping tablet: real 0.079s	user 0.021s	sys 0.013s
I20260710 13:24:43.598238 23148 raft_consensus.cc:359] T abcac00694ed4e3db39288d92985cf32 P 5d762d65228e423d87d90665f5c6bca5 [term 0 FOLLOWER]: Replica starting. Triggering 0 pending ops. Active config: opid_index: -1 OBSOLETE_local: false peers { permanent_uuid: "d793e7a08fb54b7ab9a169a2da7d43b9" member_type: VOTER last_known_addr { host: "127.21.82.65" port: 34239 } } peers { permanent_uuid: "4aefdf5e9edc4230b0cc763fce861f27" member_type: VOTER last_known_addr { host: "127.21.82.66" port: 42843 } } peers { permanent_uuid: "5d762d65228e423d87d90665f5c6bca5" member_type: VOTER last_known_addr { host: "127.21.82.67" port: 42753 } }
I20260710 13:24:43.598953 23148 raft_consensus.cc:385] T abcac00694ed4e3db39288d92985cf32 P 5d762d65228e423d87d90665f5c6bca5 [term 0 FOLLOWER]: Consensus starting up: Expiring failure detector timer to make a prompt election more likely
I20260710 13:24:43.600284 23148 raft_consensus.cc:740] T abcac00694ed4e3db39288d92985cf32 P 5d762d65228e423d87d90665f5c6bca5 [term 0 FOLLOWER]: Becoming Follower/Learner. State: Replica: 5d762d65228e423d87d90665f5c6bca5, State: Initialized, Role: FOLLOWER
I20260710 13:24:43.601073 23148 consensus_queue.cc:260] T abcac00694ed4e3db39288d92985cf32 P 5d762d65228e423d87d90665f5c6bca5 [NON_LEADER]: Queue going to NON_LEADER mode. State: All replicated index: 0, Majority replicated index: 0, Committed index: 0, Last appended: 0.0, Last appended by leader: 0, Current term: 0, Majority size: -1, State: 0, Mode: NON_LEADER, active raft config: opid_index: -1 OBSOLETE_local: false peers { permanent_uuid: "d793e7a08fb54b7ab9a169a2da7d43b9" member_type: VOTER last_known_addr { host: "127.21.82.65" port: 34239 } } peers { permanent_uuid: "4aefdf5e9edc4230b0cc763fce861f27" member_type: VOTER last_known_addr { host: "127.21.82.66" port: 42843 } } peers { permanent_uuid: "5d762d65228e423d87d90665f5c6bca5" member_type: VOTER last_known_addr { host: "127.21.82.67" port: 42753 } }
I20260710 13:24:43.601348 23145 raft_consensus.cc:359] T d3423cb6ff504236abe8b11d7ea04370 P d793e7a08fb54b7ab9a169a2da7d43b9 [term 0 FOLLOWER]: Replica starting. Triggering 0 pending ops. Active config: opid_index: -1 OBSOLETE_local: false peers { permanent_uuid: "d793e7a08fb54b7ab9a169a2da7d43b9" member_type: VOTER last_known_addr { host: "127.21.82.65" port: 34239 } } peers { permanent_uuid: "4aefdf5e9edc4230b0cc763fce861f27" member_type: VOTER last_known_addr { host: "127.21.82.66" port: 42843 } } peers { permanent_uuid: "5d762d65228e423d87d90665f5c6bca5" member_type: VOTER last_known_addr { host: "127.21.82.67" port: 42753 } }
I20260710 13:24:43.602257 23145 raft_consensus.cc:385] T d3423cb6ff504236abe8b11d7ea04370 P d793e7a08fb54b7ab9a169a2da7d43b9 [term 0 FOLLOWER]: Consensus starting up: Expiring failure detector timer to make a prompt election more likely
I20260710 13:24:43.602399 23149 tablet_bootstrap.cc:492] T 085b0a5930c74fbca22caebd817b30e8 P 4aefdf5e9edc4230b0cc763fce861f27: No bootstrap required, opened a new log
I20260710 13:24:43.602548 23145 raft_consensus.cc:740] T d3423cb6ff504236abe8b11d7ea04370 P d793e7a08fb54b7ab9a169a2da7d43b9 [term 0 FOLLOWER]: Becoming Follower/Learner. State: Replica: d793e7a08fb54b7ab9a169a2da7d43b9, State: Initialized, Role: FOLLOWER
I20260710 13:24:43.602852 23149 ts_tablet_manager.cc:1403] T 085b0a5930c74fbca22caebd817b30e8 P 4aefdf5e9edc4230b0cc763fce861f27: Time spent bootstrapping tablet: real 0.037s	user 0.009s	sys 0.005s
I20260710 13:24:43.603343 23145 consensus_queue.cc:260] T d3423cb6ff504236abe8b11d7ea04370 P d793e7a08fb54b7ab9a169a2da7d43b9 [NON_LEADER]: Queue going to NON_LEADER mode. State: All replicated index: 0, Majority replicated index: 0, Committed index: 0, Last appended: 0.0, Last appended by leader: 0, Current term: 0, Majority size: -1, State: 0, Mode: NON_LEADER, active raft config: opid_index: -1 OBSOLETE_local: false peers { permanent_uuid: "d793e7a08fb54b7ab9a169a2da7d43b9" member_type: VOTER last_known_addr { host: "127.21.82.65" port: 34239 } } peers { permanent_uuid: "4aefdf5e9edc4230b0cc763fce861f27" member_type: VOTER last_known_addr { host: "127.21.82.66" port: 42843 } } peers { permanent_uuid: "5d762d65228e423d87d90665f5c6bca5" member_type: VOTER last_known_addr { host: "127.21.82.67" port: 42753 } }
I20260710 13:24:43.603945 23148 ts_tablet_manager.cc:1434] T abcac00694ed4e3db39288d92985cf32 P 5d762d65228e423d87d90665f5c6bca5: Time spent starting tablet: real 0.008s	user 0.007s	sys 0.000s
I20260710 13:24:43.604818 23148 tablet_bootstrap.cc:492] T 596f10d36cfe4968aa1a5e414a1b1b4d P 5d762d65228e423d87d90665f5c6bca5: Bootstrap starting.
I20260710 13:24:43.605309 23149 raft_consensus.cc:359] T 085b0a5930c74fbca22caebd817b30e8 P 4aefdf5e9edc4230b0cc763fce861f27 [term 0 FOLLOWER]: Replica starting. Triggering 0 pending ops. Active config: opid_index: -1 OBSOLETE_local: false peers { permanent_uuid: "d793e7a08fb54b7ab9a169a2da7d43b9" member_type: VOTER last_known_addr { host: "127.21.82.65" port: 34239 } } peers { permanent_uuid: "4aefdf5e9edc4230b0cc763fce861f27" member_type: VOTER last_known_addr { host: "127.21.82.66" port: 42843 } } peers { permanent_uuid: "5d762d65228e423d87d90665f5c6bca5" member_type: VOTER last_known_addr { host: "127.21.82.67" port: 42753 } }
I20260710 13:24:43.605959 23149 raft_consensus.cc:385] T 085b0a5930c74fbca22caebd817b30e8 P 4aefdf5e9edc4230b0cc763fce861f27 [term 0 FOLLOWER]: Consensus starting up: Expiring failure detector timer to make a prompt election more likely
I20260710 13:24:43.606201 23149 raft_consensus.cc:740] T 085b0a5930c74fbca22caebd817b30e8 P 4aefdf5e9edc4230b0cc763fce861f27 [term 0 FOLLOWER]: Becoming Follower/Learner. State: Replica: 4aefdf5e9edc4230b0cc763fce861f27, State: Initialized, Role: FOLLOWER
I20260710 13:24:43.606961 23149 consensus_queue.cc:260] T 085b0a5930c74fbca22caebd817b30e8 P 4aefdf5e9edc4230b0cc763fce861f27 [NON_LEADER]: Queue going to NON_LEADER mode. State: All replicated index: 0, Majority replicated index: 0, Committed index: 0, Last appended: 0.0, Last appended by leader: 0, Current term: 0, Majority size: -1, State: 0, Mode: NON_LEADER, active raft config: opid_index: -1 OBSOLETE_local: false peers { permanent_uuid: "d793e7a08fb54b7ab9a169a2da7d43b9" member_type: VOTER last_known_addr { host: "127.21.82.65" port: 34239 } } peers { permanent_uuid: "4aefdf5e9edc4230b0cc763fce861f27" member_type: VOTER last_known_addr { host: "127.21.82.66" port: 42843 } } peers { permanent_uuid: "5d762d65228e423d87d90665f5c6bca5" member_type: VOTER last_known_addr { host: "127.21.82.67" port: 42753 } }
I20260710 13:24:43.608552 23145 ts_tablet_manager.cc:1434] T d3423cb6ff504236abe8b11d7ea04370 P d793e7a08fb54b7ab9a169a2da7d43b9: Time spent starting tablet: real 0.012s	user 0.001s	sys 0.005s
I20260710 13:24:43.608940 23149 ts_tablet_manager.cc:1434] T 085b0a5930c74fbca22caebd817b30e8 P 4aefdf5e9edc4230b0cc763fce861f27: Time spent starting tablet: real 0.006s	user 0.005s	sys 0.000s
I20260710 13:24:43.609531 23145 tablet_bootstrap.cc:492] T e0025e1a185e42a4b4d74328705e9c08 P d793e7a08fb54b7ab9a169a2da7d43b9: Bootstrap starting.
I20260710 13:24:43.609961 23149 tablet_bootstrap.cc:492] T 79c09ffcffcd4d59a6e62bfe57a22bd2 P 4aefdf5e9edc4230b0cc763fce861f27: Bootstrap starting.
I20260710 13:24:43.611043 23148 tablet_bootstrap.cc:654] T 596f10d36cfe4968aa1a5e414a1b1b4d P 5d762d65228e423d87d90665f5c6bca5: Neither blocks nor log segments found. Creating new log.
I20260710 13:24:43.615549 23149 tablet_bootstrap.cc:654] T 79c09ffcffcd4d59a6e62bfe57a22bd2 P 4aefdf5e9edc4230b0cc763fce861f27: Neither blocks nor log segments found. Creating new log.
I20260710 13:24:43.618355 23145 tablet_bootstrap.cc:654] T e0025e1a185e42a4b4d74328705e9c08 P d793e7a08fb54b7ab9a169a2da7d43b9: Neither blocks nor log segments found. Creating new log.
I20260710 13:24:43.632330 23182 raft_consensus.cc:493] T bf73538cebf9487dab735b7960ed666c P d793e7a08fb54b7ab9a169a2da7d43b9 [term 0 FOLLOWER]: Starting pre-election (no leader contacted us within the election timeout)
I20260710 13:24:43.633018 23182 raft_consensus.cc:515] T bf73538cebf9487dab735b7960ed666c P d793e7a08fb54b7ab9a169a2da7d43b9 [term 0 FOLLOWER]: Starting pre-election with config: opid_index: -1 OBSOLETE_local: false peers { permanent_uuid: "d793e7a08fb54b7ab9a169a2da7d43b9" member_type: VOTER last_known_addr { host: "127.21.82.65" port: 34239 } } peers { permanent_uuid: "4aefdf5e9edc4230b0cc763fce861f27" member_type: VOTER last_known_addr { host: "127.21.82.66" port: 42843 } } peers { permanent_uuid: "5d762d65228e423d87d90665f5c6bca5" member_type: VOTER last_known_addr { host: "127.21.82.67" port: 42753 } }
I20260710 13:24:43.636652 23027 tablet_service.cc:1917] Received RequestConsensusVote() RPC: tablet_id: "bf73538cebf9487dab735b7960ed666c" candidate_uuid: "d793e7a08fb54b7ab9a169a2da7d43b9" candidate_term: 1 candidate_status { last_received { term: 0 index: 0 } } ignore_live_leader: false dest_uuid: "4aefdf5e9edc4230b0cc763fce861f27" is_pre_election: true
I20260710 13:24:43.637210 23158 raft_consensus.cc:493] T 596f10d36cfe4968aa1a5e414a1b1b4d P 4aefdf5e9edc4230b0cc763fce861f27 [term 0 FOLLOWER]: Starting pre-election (no leader contacted us within the election timeout)
I20260710 13:24:43.637991 23158 raft_consensus.cc:515] T 596f10d36cfe4968aa1a5e414a1b1b4d P 4aefdf5e9edc4230b0cc763fce861f27 [term 0 FOLLOWER]: Starting pre-election with config: opid_index: -1 OBSOLETE_local: false peers { permanent_uuid: "d793e7a08fb54b7ab9a169a2da7d43b9" member_type: VOTER last_known_addr { host: "127.21.82.65" port: 34239 } } peers { permanent_uuid: "4aefdf5e9edc4230b0cc763fce861f27" member_type: VOTER last_known_addr { host: "127.21.82.66" port: 42843 } } peers { permanent_uuid: "5d762d65228e423d87d90665f5c6bca5" member_type: VOTER last_known_addr { host: "127.21.82.67" port: 42753 } }
W20260710 13:24:43.638538 22920 leader_election.cc:343] T bf73538cebf9487dab735b7960ed666c P d793e7a08fb54b7ab9a169a2da7d43b9 [CANDIDATE]: Term 1 pre-election: Tablet error from VoteRequest() call to peer 4aefdf5e9edc4230b0cc763fce861f27 (127.21.82.66:42843): Illegal state: must be running to vote when last-logged opid is not known
I20260710 13:24:43.643977 23158 leader_election.cc:290] T 596f10d36cfe4968aa1a5e414a1b1b4d P 4aefdf5e9edc4230b0cc763fce861f27 [CANDIDATE]: Term 1 pre-election: Requested pre-vote from peers d793e7a08fb54b7ab9a169a2da7d43b9 (127.21.82.65:34239), 5d762d65228e423d87d90665f5c6bca5 (127.21.82.67:42753)
I20260710 13:24:43.644225 23102 tablet_service.cc:1917] Received RequestConsensusVote() RPC: tablet_id: "596f10d36cfe4968aa1a5e414a1b1b4d" candidate_uuid: "4aefdf5e9edc4230b0cc763fce861f27" candidate_term: 1 candidate_status { last_received { term: 0 index: 0 } } ignore_live_leader: false dest_uuid: "5d762d65228e423d87d90665f5c6bca5" is_pre_election: true
W20260710 13:24:43.645787 22994 leader_election.cc:343] T 596f10d36cfe4968aa1a5e414a1b1b4d P 4aefdf5e9edc4230b0cc763fce861f27 [CANDIDATE]: Term 1 pre-election: Tablet error from VoteRequest() call to peer 5d762d65228e423d87d90665f5c6bca5 (127.21.82.67:42753): Illegal state: must be running to vote when last-logged opid is not known
I20260710 13:24:43.647755 22955 tablet_service.cc:1917] Received RequestConsensusVote() RPC: tablet_id: "596f10d36cfe4968aa1a5e414a1b1b4d" candidate_uuid: "4aefdf5e9edc4230b0cc763fce861f27" candidate_term: 1 candidate_status { last_received { term: 0 index: 0 } } ignore_live_leader: false dest_uuid: "d793e7a08fb54b7ab9a169a2da7d43b9" is_pre_election: true
I20260710 13:24:43.648217 23101 tablet_service.cc:1917] Received RequestConsensusVote() RPC: tablet_id: "bf73538cebf9487dab735b7960ed666c" candidate_uuid: "d793e7a08fb54b7ab9a169a2da7d43b9" candidate_term: 1 candidate_status { last_received { term: 0 index: 0 } } ignore_live_leader: false dest_uuid: "5d762d65228e423d87d90665f5c6bca5" is_pre_election: true
I20260710 13:24:43.648313 23182 leader_election.cc:290] T bf73538cebf9487dab735b7960ed666c P d793e7a08fb54b7ab9a169a2da7d43b9 [CANDIDATE]: Term 1 pre-election: Requested pre-vote from peers 4aefdf5e9edc4230b0cc763fce861f27 (127.21.82.66:42843), 5d762d65228e423d87d90665f5c6bca5 (127.21.82.67:42753)
I20260710 13:24:43.648429 22955 raft_consensus.cc:2468] T 596f10d36cfe4968aa1a5e414a1b1b4d P d793e7a08fb54b7ab9a169a2da7d43b9 [term 0 FOLLOWER]: Leader pre-election vote request: Granting yes vote for candidate 4aefdf5e9edc4230b0cc763fce861f27 in term 0.
I20260710 13:24:43.648831 23101 raft_consensus.cc:2468] T bf73538cebf9487dab735b7960ed666c P 5d762d65228e423d87d90665f5c6bca5 [term 0 FOLLOWER]: Leader pre-election vote request: Granting yes vote for candidate d793e7a08fb54b7ab9a169a2da7d43b9 in term 0.
I20260710 13:24:43.649818 22996 leader_election.cc:304] T 596f10d36cfe4968aa1a5e414a1b1b4d P 4aefdf5e9edc4230b0cc763fce861f27 [CANDIDATE]: Term 1 pre-election: Election decided. Result: candidate won. Election summary: received 3 responses out of 3 voters: 2 yes votes; 1 no votes. yes voters: 4aefdf5e9edc4230b0cc763fce861f27, d793e7a08fb54b7ab9a169a2da7d43b9; no voters: 5d762d65228e423d87d90665f5c6bca5
I20260710 13:24:43.649973 23145 tablet_bootstrap.cc:492] T e0025e1a185e42a4b4d74328705e9c08 P d793e7a08fb54b7ab9a169a2da7d43b9: No bootstrap required, opened a new log
I20260710 13:24:43.650035 22919 leader_election.cc:304] T bf73538cebf9487dab735b7960ed666c P d793e7a08fb54b7ab9a169a2da7d43b9 [CANDIDATE]: Term 1 pre-election: Election decided. Result: candidate won. Election summary: received 3 responses out of 3 voters: 2 yes votes; 1 no votes. yes voters: 5d762d65228e423d87d90665f5c6bca5, d793e7a08fb54b7ab9a169a2da7d43b9; no voters: 4aefdf5e9edc4230b0cc763fce861f27
I20260710 13:24:43.652060 23182 raft_consensus.cc:2804] T bf73538cebf9487dab735b7960ed666c P d793e7a08fb54b7ab9a169a2da7d43b9 [term 0 FOLLOWER]: Leader pre-election won for term 1
I20260710 13:24:43.652237 23149 tablet_bootstrap.cc:492] T 79c09ffcffcd4d59a6e62bfe57a22bd2 P 4aefdf5e9edc4230b0cc763fce861f27: No bootstrap required, opened a new log
I20260710 13:24:43.652522 23182 raft_consensus.cc:493] T bf73538cebf9487dab735b7960ed666c P d793e7a08fb54b7ab9a169a2da7d43b9 [term 0 FOLLOWER]: Starting leader election (no leader contacted us within the election timeout)
I20260710 13:24:43.650908 23158 raft_consensus.cc:2804] T 596f10d36cfe4968aa1a5e414a1b1b4d P 4aefdf5e9edc4230b0cc763fce861f27 [term 0 FOLLOWER]: Leader pre-election won for term 1
I20260710 13:24:43.652701 23149 ts_tablet_manager.cc:1403] T 79c09ffcffcd4d59a6e62bfe57a22bd2 P 4aefdf5e9edc4230b0cc763fce861f27: Time spent bootstrapping tablet: real 0.043s	user 0.023s	sys 0.016s
I20260710 13:24:43.652992 23148 tablet_bootstrap.cc:492] T 596f10d36cfe4968aa1a5e414a1b1b4d P 5d762d65228e423d87d90665f5c6bca5: No bootstrap required, opened a new log
I20260710 13:24:43.653029 23158 raft_consensus.cc:493] T 596f10d36cfe4968aa1a5e414a1b1b4d P 4aefdf5e9edc4230b0cc763fce861f27 [term 0 FOLLOWER]: Starting leader election (no leader contacted us within the election timeout)
I20260710 13:24:43.653518 23158 raft_consensus.cc:3060] T 596f10d36cfe4968aa1a5e414a1b1b4d P 4aefdf5e9edc4230b0cc763fce861f27 [term 0 FOLLOWER]: Advancing to term 1
I20260710 13:24:43.653743 23182 raft_consensus.cc:3060] T bf73538cebf9487dab735b7960ed666c P d793e7a08fb54b7ab9a169a2da7d43b9 [term 0 FOLLOWER]: Advancing to term 1
I20260710 13:24:43.653565 23148 ts_tablet_manager.cc:1403] T 596f10d36cfe4968aa1a5e414a1b1b4d P 5d762d65228e423d87d90665f5c6bca5: Time spent bootstrapping tablet: real 0.049s	user 0.011s	sys 0.000s
I20260710 13:24:43.655511 23149 raft_consensus.cc:359] T 79c09ffcffcd4d59a6e62bfe57a22bd2 P 4aefdf5e9edc4230b0cc763fce861f27 [term 0 FOLLOWER]: Replica starting. Triggering 0 pending ops. Active config: opid_index: -1 OBSOLETE_local: false peers { permanent_uuid: "d793e7a08fb54b7ab9a169a2da7d43b9" member_type: VOTER last_known_addr { host: "127.21.82.65" port: 34239 } } peers { permanent_uuid: "4aefdf5e9edc4230b0cc763fce861f27" member_type: VOTER last_known_addr { host: "127.21.82.66" port: 42843 } } peers { permanent_uuid: "5d762d65228e423d87d90665f5c6bca5" member_type: VOTER last_known_addr { host: "127.21.82.67" port: 42753 } }
I20260710 13:24:43.650681 23145 ts_tablet_manager.cc:1403] T e0025e1a185e42a4b4d74328705e9c08 P d793e7a08fb54b7ab9a169a2da7d43b9: Time spent bootstrapping tablet: real 0.041s	user 0.025s	sys 0.008s
I20260710 13:24:43.656188 23149 raft_consensus.cc:385] T 79c09ffcffcd4d59a6e62bfe57a22bd2 P 4aefdf5e9edc4230b0cc763fce861f27 [term 0 FOLLOWER]: Consensus starting up: Expiring failure detector timer to make a prompt election more likely
I20260710 13:24:43.656494 23149 raft_consensus.cc:740] T 79c09ffcffcd4d59a6e62bfe57a22bd2 P 4aefdf5e9edc4230b0cc763fce861f27 [term 0 FOLLOWER]: Becoming Follower/Learner. State: Replica: 4aefdf5e9edc4230b0cc763fce861f27, State: Initialized, Role: FOLLOWER
I20260710 13:24:43.657083 23148 raft_consensus.cc:359] T 596f10d36cfe4968aa1a5e414a1b1b4d P 5d762d65228e423d87d90665f5c6bca5 [term 0 FOLLOWER]: Replica starting. Triggering 0 pending ops. Active config: opid_index: -1 OBSOLETE_local: false peers { permanent_uuid: "d793e7a08fb54b7ab9a169a2da7d43b9" member_type: VOTER last_known_addr { host: "127.21.82.65" port: 34239 } } peers { permanent_uuid: "4aefdf5e9edc4230b0cc763fce861f27" member_type: VOTER last_known_addr { host: "127.21.82.66" port: 42843 } } peers { permanent_uuid: "5d762d65228e423d87d90665f5c6bca5" member_type: VOTER last_known_addr { host: "127.21.82.67" port: 42753 } }
I20260710 13:24:43.657208 23149 consensus_queue.cc:260] T 79c09ffcffcd4d59a6e62bfe57a22bd2 P 4aefdf5e9edc4230b0cc763fce861f27 [NON_LEADER]: Queue going to NON_LEADER mode. State: All replicated index: 0, Majority replicated index: 0, Committed index: 0, Last appended: 0.0, Last appended by leader: 0, Current term: 0, Majority size: -1, State: 0, Mode: NON_LEADER, active raft config: opid_index: -1 OBSOLETE_local: false peers { permanent_uuid: "d793e7a08fb54b7ab9a169a2da7d43b9" member_type: VOTER last_known_addr { host: "127.21.82.65" port: 34239 } } peers { permanent_uuid: "4aefdf5e9edc4230b0cc763fce861f27" member_type: VOTER last_known_addr { host: "127.21.82.66" port: 42843 } } peers { permanent_uuid: "5d762d65228e423d87d90665f5c6bca5" member_type: VOTER last_known_addr { host: "127.21.82.67" port: 42753 } }
I20260710 13:24:43.657753 23148 raft_consensus.cc:385] T 596f10d36cfe4968aa1a5e414a1b1b4d P 5d762d65228e423d87d90665f5c6bca5 [term 0 FOLLOWER]: Consensus starting up: Expiring failure detector timer to make a prompt election more likely
I20260710 13:24:43.658027 23148 raft_consensus.cc:740] T 596f10d36cfe4968aa1a5e414a1b1b4d P 5d762d65228e423d87d90665f5c6bca5 [term 0 FOLLOWER]: Becoming Follower/Learner. State: Replica: 5d762d65228e423d87d90665f5c6bca5, State: Initialized, Role: FOLLOWER
I20260710 13:24:43.658746 23148 consensus_queue.cc:260] T 596f10d36cfe4968aa1a5e414a1b1b4d P 5d762d65228e423d87d90665f5c6bca5 [NON_LEADER]: Queue going to NON_LEADER mode. State: All replicated index: 0, Majority replicated index: 0, Committed index: 0, Last appended: 0.0, Last appended by leader: 0, Current term: 0, Majority size: -1, State: 0, Mode: NON_LEADER, active raft config: opid_index: -1 OBSOLETE_local: false peers { permanent_uuid: "d793e7a08fb54b7ab9a169a2da7d43b9" member_type: VOTER last_known_addr { host: "127.21.82.65" port: 34239 } } peers { permanent_uuid: "4aefdf5e9edc4230b0cc763fce861f27" member_type: VOTER last_known_addr { host: "127.21.82.66" port: 42843 } } peers { permanent_uuid: "5d762d65228e423d87d90665f5c6bca5" member_type: VOTER last_known_addr { host: "127.21.82.67" port: 42753 } }
I20260710 13:24:43.660156 23158 raft_consensus.cc:515] T 596f10d36cfe4968aa1a5e414a1b1b4d P 4aefdf5e9edc4230b0cc763fce861f27 [term 1 FOLLOWER]: Starting leader election with config: opid_index: -1 OBSOLETE_local: false peers { permanent_uuid: "d793e7a08fb54b7ab9a169a2da7d43b9" member_type: VOTER last_known_addr { host: "127.21.82.65" port: 34239 } } peers { permanent_uuid: "4aefdf5e9edc4230b0cc763fce861f27" member_type: VOTER last_known_addr { host: "127.21.82.66" port: 42843 } } peers { permanent_uuid: "5d762d65228e423d87d90665f5c6bca5" member_type: VOTER last_known_addr { host: "127.21.82.67" port: 42753 } }
I20260710 13:24:43.662158 23158 leader_election.cc:290] T 596f10d36cfe4968aa1a5e414a1b1b4d P 4aefdf5e9edc4230b0cc763fce861f27 [CANDIDATE]: Term 1 election: Requested vote from peers d793e7a08fb54b7ab9a169a2da7d43b9 (127.21.82.65:34239), 5d762d65228e423d87d90665f5c6bca5 (127.21.82.67:42753)
I20260710 13:24:43.660508 23145 raft_consensus.cc:359] T e0025e1a185e42a4b4d74328705e9c08 P d793e7a08fb54b7ab9a169a2da7d43b9 [term 0 FOLLOWER]: Replica starting. Triggering 0 pending ops. Active config: opid_index: -1 OBSOLETE_local: false peers { permanent_uuid: "d793e7a08fb54b7ab9a169a2da7d43b9" member_type: VOTER last_known_addr { host: "127.21.82.65" port: 34239 } } peers { permanent_uuid: "4aefdf5e9edc4230b0cc763fce861f27" member_type: VOTER last_known_addr { host: "127.21.82.66" port: 42843 } } peers { permanent_uuid: "5d762d65228e423d87d90665f5c6bca5" member_type: VOTER last_known_addr { host: "127.21.82.67" port: 42753 } }
I20260710 13:24:43.663380 23145 raft_consensus.cc:385] T e0025e1a185e42a4b4d74328705e9c08 P d793e7a08fb54b7ab9a169a2da7d43b9 [term 0 FOLLOWER]: Consensus starting up: Expiring failure detector timer to make a prompt election more likely
I20260710 13:24:43.663697 23145 raft_consensus.cc:740] T e0025e1a185e42a4b4d74328705e9c08 P d793e7a08fb54b7ab9a169a2da7d43b9 [term 0 FOLLOWER]: Becoming Follower/Learner. State: Replica: d793e7a08fb54b7ab9a169a2da7d43b9, State: Initialized, Role: FOLLOWER
I20260710 13:24:43.663801 23101 tablet_service.cc:1917] Received RequestConsensusVote() RPC: tablet_id: "596f10d36cfe4968aa1a5e414a1b1b4d" candidate_uuid: "4aefdf5e9edc4230b0cc763fce861f27" candidate_term: 1 candidate_status { last_received { term: 0 index: 0 } } ignore_live_leader: false dest_uuid: "5d762d65228e423d87d90665f5c6bca5"
I20260710 13:24:43.664496 23149 ts_tablet_manager.cc:1434] T 79c09ffcffcd4d59a6e62bfe57a22bd2 P 4aefdf5e9edc4230b0cc763fce861f27: Time spent starting tablet: real 0.011s	user 0.006s	sys 0.000s
I20260710 13:24:43.664384 23145 consensus_queue.cc:260] T e0025e1a185e42a4b4d74328705e9c08 P d793e7a08fb54b7ab9a169a2da7d43b9 [NON_LEADER]: Queue going to NON_LEADER mode. State: All replicated index: 0, Majority replicated index: 0, Committed index: 0, Last appended: 0.0, Last appended by leader: 0, Current term: 0, Majority size: -1, State: 0, Mode: NON_LEADER, active raft config: opid_index: -1 OBSOLETE_local: false peers { permanent_uuid: "d793e7a08fb54b7ab9a169a2da7d43b9" member_type: VOTER last_known_addr { host: "127.21.82.65" port: 34239 } } peers { permanent_uuid: "4aefdf5e9edc4230b0cc763fce861f27" member_type: VOTER last_known_addr { host: "127.21.82.66" port: 42843 } } peers { permanent_uuid: "5d762d65228e423d87d90665f5c6bca5" member_type: VOTER last_known_addr { host: "127.21.82.67" port: 42753 } }
I20260710 13:24:43.665540 23149 tablet_bootstrap.cc:492] T 962a3497d8ed4eaeb813c99f8dae6fc5 P 4aefdf5e9edc4230b0cc763fce861f27: Bootstrap starting.
