I20260710 13:24:39.074973 22985 leader_election.cc:304] T b35b7d51f91c411e945019ce1450eb7f P 74cd2e5dcc2c4ee5bfc50aae1afe43c8 [CANDIDATE]: Term 1 pre-election: Election decided. Result: candidate won. Election summary: received 2 responses out of 3 voters: 2 yes votes; 0 no votes. yes voters: 74cd2e5dcc2c4ee5bfc50aae1afe43c8, 783bac4e05de4a3093aef25497ba8718; no voters: 
I20260710 13:24:39.076332 23066 raft_consensus.cc:2804] T b35b7d51f91c411e945019ce1450eb7f P 74cd2e5dcc2c4ee5bfc50aae1afe43c8 [term 0 FOLLOWER]: Leader pre-election won for term 1
I20260710 13:24:39.076710 23066 raft_consensus.cc:493] T b35b7d51f91c411e945019ce1450eb7f P 74cd2e5dcc2c4ee5bfc50aae1afe43c8 [term 0 FOLLOWER]: Starting leader election (no leader contacted us within the election timeout)
I20260710 13:24:39.077050 23066 raft_consensus.cc:3060] T b35b7d51f91c411e945019ce1450eb7f P 74cd2e5dcc2c4ee5bfc50aae1afe43c8 [term 0 FOLLOWER]: Advancing to term 1
I20260710 13:24:39.078263 23064 raft_consensus.cc:493] T f24fc6ace50c45ea856e6ea87e0bf62c P e1aa82a4b0fe4afd8f3d9cd0833c5e18 [term 0 FOLLOWER]: Starting pre-election (no leader contacted us within the election timeout)
I20260710 13:24:39.078748 23064 raft_consensus.cc:515] T f24fc6ace50c45ea856e6ea87e0bf62c P e1aa82a4b0fe4afd8f3d9cd0833c5e18 [term 0 FOLLOWER]: Starting pre-election with config: opid_index: -1 OBSOLETE_local: false peers { permanent_uuid: "e1aa82a4b0fe4afd8f3d9cd0833c5e18" member_type: VOTER last_known_addr { host: "127.21.65.1" port: 35247 } } peers { permanent_uuid: "783bac4e05de4a3093aef25497ba8718" member_type: VOTER last_known_addr { host: "127.21.65.2" port: 46769 } } peers { permanent_uuid: "74cd2e5dcc2c4ee5bfc50aae1afe43c8" member_type: VOTER last_known_addr { host: "127.21.65.3" port: 36441 } }
I20260710 13:24:39.079357 23059 tablet_bootstrap.cc:492] T b42752b23894459cba4356af3e085e7e P 74cd2e5dcc2c4ee5bfc50aae1afe43c8: No bootstrap required, opened a new log
I20260710 13:24:39.079828 23059 ts_tablet_manager.cc:1403] T b42752b23894459cba4356af3e085e7e P 74cd2e5dcc2c4ee5bfc50aae1afe43c8: Time spent bootstrapping tablet: real 0.025s	user 0.009s	sys 0.006s
I20260710 13:24:39.080884 23064 leader_election.cc:290] T f24fc6ace50c45ea856e6ea87e0bf62c P e1aa82a4b0fe4afd8f3d9cd0833c5e18 [CANDIDATE]: Term 1 pre-election: Requested pre-vote from peers 783bac4e05de4a3093aef25497ba8718 (127.21.65.2:46769), 74cd2e5dcc2c4ee5bfc50aae1afe43c8 (127.21.65.3:36441)
I20260710 13:24:39.082715 23059 raft_consensus.cc:359] T b42752b23894459cba4356af3e085e7e P 74cd2e5dcc2c4ee5bfc50aae1afe43c8 [term 0 FOLLOWER]: Replica starting. Triggering 0 pending ops. Active config: opid_index: -1 OBSOLETE_local: false peers { permanent_uuid: "e1aa82a4b0fe4afd8f3d9cd0833c5e18" member_type: VOTER last_known_addr { host: "127.21.65.1" port: 35247 } } peers { permanent_uuid: "783bac4e05de4a3093aef25497ba8718" member_type: VOTER last_known_addr { host: "127.21.65.2" port: 46769 } } peers { permanent_uuid: "74cd2e5dcc2c4ee5bfc50aae1afe43c8" member_type: VOTER last_known_addr { host: "127.21.65.3" port: 36441 } }
I20260710 13:24:39.083384 23059 raft_consensus.cc:385] T b42752b23894459cba4356af3e085e7e P 74cd2e5dcc2c4ee5bfc50aae1afe43c8 [term 0 FOLLOWER]: Consensus starting up: Expiring failure detector timer to make a prompt election more likely
I20260710 13:24:39.083665 23059 raft_consensus.cc:740] T b42752b23894459cba4356af3e085e7e P 74cd2e5dcc2c4ee5bfc50aae1afe43c8 [term 0 FOLLOWER]: Becoming Follower/Learner. State: Replica: 74cd2e5dcc2c4ee5bfc50aae1afe43c8, State: Initialized, Role: FOLLOWER
I20260710 13:24:39.083779 23066 raft_consensus.cc:515] T b35b7d51f91c411e945019ce1450eb7f P 74cd2e5dcc2c4ee5bfc50aae1afe43c8 [term 1 FOLLOWER]: Starting leader election with config: opid_index: -1 OBSOLETE_local: false peers { permanent_uuid: "e1aa82a4b0fe4afd8f3d9cd0833c5e18" member_type: VOTER last_known_addr { host: "127.21.65.1" port: 35247 } } peers { permanent_uuid: "783bac4e05de4a3093aef25497ba8718" member_type: VOTER last_known_addr { host: "127.21.65.2" port: 46769 } } peers { permanent_uuid: "74cd2e5dcc2c4ee5bfc50aae1afe43c8" member_type: VOTER last_known_addr { host: "127.21.65.3" port: 36441 } }
I20260710 13:24:39.084357 23059 consensus_queue.cc:260] T b42752b23894459cba4356af3e085e7e P 74cd2e5dcc2c4ee5bfc50aae1afe43c8 [NON_LEADER]: Queue going to NON_LEADER mode. State: All replicated index: 0, Majority replicated index: 0, Committed index: 0, Last appended: 0.0, Last appended by leader: 0, Current term: 0, Majority size: -1, State: 0, Mode: NON_LEADER, active raft config: opid_index: -1 OBSOLETE_local: false peers { permanent_uuid: "e1aa82a4b0fe4afd8f3d9cd0833c5e18" member_type: VOTER last_known_addr { host: "127.21.65.1" port: 35247 } } peers { permanent_uuid: "783bac4e05de4a3093aef25497ba8718" member_type: VOTER last_known_addr { host: "127.21.65.2" port: 46769 } } peers { permanent_uuid: "74cd2e5dcc2c4ee5bfc50aae1afe43c8" member_type: VOTER last_known_addr { host: "127.21.65.3" port: 36441 } }
I20260710 13:24:39.086400 23066 leader_election.cc:290] T b35b7d51f91c411e945019ce1450eb7f P 74cd2e5dcc2c4ee5bfc50aae1afe43c8 [CANDIDATE]: Term 1 election: Requested vote from peers e1aa82a4b0fe4afd8f3d9cd0833c5e18 (127.21.65.1:35247), 783bac4e05de4a3093aef25497ba8718 (127.21.65.2:46769)
I20260710 13:24:39.088049 22945 tablet_service.cc:1917] Received RequestConsensusVote() RPC: tablet_id: "b35b7d51f91c411e945019ce1450eb7f" candidate_uuid: "74cd2e5dcc2c4ee5bfc50aae1afe43c8" candidate_term: 1 candidate_status { last_received { term: 0 index: 0 } } ignore_live_leader: false dest_uuid: "783bac4e05de4a3093aef25497ba8718"
I20260710 13:24:39.088572 22945 raft_consensus.cc:3060] T b35b7d51f91c411e945019ce1450eb7f P 783bac4e05de4a3093aef25497ba8718 [term 0 FOLLOWER]: Advancing to term 1
I20260710 13:24:39.088922 22869 tablet_service.cc:1917] Received RequestConsensusVote() RPC: tablet_id: "b35b7d51f91c411e945019ce1450eb7f" candidate_uuid: "74cd2e5dcc2c4ee5bfc50aae1afe43c8" candidate_term: 1 candidate_status { last_received { term: 0 index: 0 } } ignore_live_leader: false dest_uuid: "e1aa82a4b0fe4afd8f3d9cd0833c5e18"
I20260710 13:24:39.090201 22870 tablet_service.cc:1917] Received RequestConsensusVote() RPC: tablet_id: "b35b7d51f91c411e945019ce1450eb7f" candidate_uuid: "74cd2e5dcc2c4ee5bfc50aae1afe43c8" candidate_term: 1 candidate_status { last_received { term: 0 index: 0 } } ignore_live_leader: false dest_uuid: "e1aa82a4b0fe4afd8f3d9cd0833c5e18" is_pre_election: true
I20260710 13:24:39.094210 23059 ts_tablet_manager.cc:1434] T b42752b23894459cba4356af3e085e7e P 74cd2e5dcc2c4ee5bfc50aae1afe43c8: Time spent starting tablet: real 0.014s	user 0.008s	sys 0.000s
I20260710 13:24:39.095058 22945 raft_consensus.cc:2468] T b35b7d51f91c411e945019ce1450eb7f P 783bac4e05de4a3093aef25497ba8718 [term 1 FOLLOWER]: Leader election vote request: Granting yes vote for candidate 74cd2e5dcc2c4ee5bfc50aae1afe43c8 in term 1.
I20260710 13:24:39.095201 23019 tablet_service.cc:1917] Received RequestConsensusVote() RPC: tablet_id: "d1d92ffec7834f18b49f7a904d8fd529" candidate_uuid: "783bac4e05de4a3093aef25497ba8718" candidate_term: 1 candidate_status { last_received { term: 0 index: 0 } } ignore_live_leader: false dest_uuid: "74cd2e5dcc2c4ee5bfc50aae1afe43c8" is_pre_election: true
I20260710 13:24:39.096359 22985 leader_election.cc:304] T b35b7d51f91c411e945019ce1450eb7f P 74cd2e5dcc2c4ee5bfc50aae1afe43c8 [CANDIDATE]: Term 1 election: Election decided. Result: candidate won. Election summary: received 2 responses out of 3 voters: 2 yes votes; 0 no votes. yes voters: 74cd2e5dcc2c4ee5bfc50aae1afe43c8, 783bac4e05de4a3093aef25497ba8718; no voters: 
W20260710 13:24:39.096889 22910 leader_election.cc:343] T d1d92ffec7834f18b49f7a904d8fd529 P 783bac4e05de4a3093aef25497ba8718 [CANDIDATE]: Term 1 pre-election: Tablet error from VoteRequest() call to peer 74cd2e5dcc2c4ee5bfc50aae1afe43c8 (127.21.65.3:36441): Illegal state: must be running to vote when last-logged opid is not known
W20260710 13:24:39.097258 22985 leader_election.cc:343] T b35b7d51f91c411e945019ce1450eb7f P 74cd2e5dcc2c4ee5bfc50aae1afe43c8 [CANDIDATE]: Term 1 election: Tablet error from VoteRequest() call to peer e1aa82a4b0fe4afd8f3d9cd0833c5e18 (127.21.65.1:35247): Illegal state: must be running to vote when last-logged opid is not known
I20260710 13:24:39.097357 22910 leader_election.cc:304] T d1d92ffec7834f18b49f7a904d8fd529 P 783bac4e05de4a3093aef25497ba8718 [CANDIDATE]: Term 1 pre-election: Election decided. Result: candidate lost. Election summary: received 3 responses out of 3 voters: 1 yes votes; 2 no votes. yes voters: 783bac4e05de4a3093aef25497ba8718; no voters: 74cd2e5dcc2c4ee5bfc50aae1afe43c8, e1aa82a4b0fe4afd8f3d9cd0833c5e18
W20260710 13:24:39.098151 22985 leader_election.cc:343] T b35b7d51f91c411e945019ce1450eb7f P 74cd2e5dcc2c4ee5bfc50aae1afe43c8 [CANDIDATE]: Term 1 pre-election: Tablet error from VoteRequest() call to peer e1aa82a4b0fe4afd8f3d9cd0833c5e18 (127.21.65.1:35247): Illegal state: must be running to vote when last-logged opid is not known
I20260710 13:24:39.098246 23068 raft_consensus.cc:2749] T d1d92ffec7834f18b49f7a904d8fd529 P 783bac4e05de4a3093aef25497ba8718 [term 0 FOLLOWER]: Leader pre-election lost for term 1. Reason: could not achieve majority
I20260710 13:24:39.099100 23091 raft_consensus.cc:2804] T b35b7d51f91c411e945019ce1450eb7f P 74cd2e5dcc2c4ee5bfc50aae1afe43c8 [term 1 FOLLOWER]: Leader election won for term 1
I20260710 13:24:39.099561 23091 raft_consensus.cc:697] T b35b7d51f91c411e945019ce1450eb7f P 74cd2e5dcc2c4ee5bfc50aae1afe43c8 [term 1 LEADER]: Becoming Leader. State: Replica: 74cd2e5dcc2c4ee5bfc50aae1afe43c8, State: Running, Role: LEADER
I20260710 13:24:39.100338 23091 consensus_queue.cc:237] T b35b7d51f91c411e945019ce1450eb7f P 74cd2e5dcc2c4ee5bfc50aae1afe43c8 [LEADER]: Queue going to LEADER mode. State: All replicated index: 0, Majority replicated index: 0, Committed index: 0, Last appended: 0.0, Last appended by leader: 0, Current term: 1, Majority size: 2, State: 0, Mode: LEADER, active raft config: opid_index: -1 OBSOLETE_local: false peers { permanent_uuid: "e1aa82a4b0fe4afd8f3d9cd0833c5e18" member_type: VOTER last_known_addr { host: "127.21.65.1" port: 35247 } } peers { permanent_uuid: "783bac4e05de4a3093aef25497ba8718" member_type: VOTER last_known_addr { host: "127.21.65.2" port: 46769 } } peers { permanent_uuid: "74cd2e5dcc2c4ee5bfc50aae1afe43c8" member_type: VOTER last_known_addr { host: "127.21.65.3" port: 36441 } }
I20260710 13:24:39.101194 23059 tablet_bootstrap.cc:492] T 8d65ee5835ae44baabf81f5cc91b17d1 P 74cd2e5dcc2c4ee5bfc50aae1afe43c8: Bootstrap starting.
I20260710 13:24:39.100185 23061 consensus_queue.cc:260] T 073a3cb824224b658a88cd985ec74924 P 783bac4e05de4a3093aef25497ba8718 [NON_LEADER]: Queue going to NON_LEADER mode. State: All replicated index: 0, Majority replicated index: 0, Committed index: 0, Last appended: 0.0, Last appended by leader: 0, Current term: 0, Majority size: -1, State: 0, Mode: NON_LEADER, active raft config: opid_index: -1 OBSOLETE_local: false peers { permanent_uuid: "e1aa82a4b0fe4afd8f3d9cd0833c5e18" member_type: VOTER last_known_addr { host: "127.21.65.1" port: 35247 } } peers { permanent_uuid: "783bac4e05de4a3093aef25497ba8718" member_type: VOTER last_known_addr { host: "127.21.65.2" port: 46769 } } peers { permanent_uuid: "74cd2e5dcc2c4ee5bfc50aae1afe43c8" member_type: VOTER last_known_addr { host: "127.21.65.3" port: 36441 } }
I20260710 13:24:39.107664 23059 tablet_bootstrap.cc:654] T 8d65ee5835ae44baabf81f5cc91b17d1 P 74cd2e5dcc2c4ee5bfc50aae1afe43c8: Neither blocks nor log segments found. Creating new log.
I20260710 13:24:39.110549 23061 ts_tablet_manager.cc:1434] T 073a3cb824224b658a88cd985ec74924 P 783bac4e05de4a3093aef25497ba8718: Time spent starting tablet: real 0.058s	user 0.005s	sys 0.000s
I20260710 13:24:39.120970 23059 tablet_bootstrap.cc:492] T 8d65ee5835ae44baabf81f5cc91b17d1 P 74cd2e5dcc2c4ee5bfc50aae1afe43c8: No bootstrap required, opened a new log
I20260710 13:24:39.121421 23059 ts_tablet_manager.cc:1403] T 8d65ee5835ae44baabf81f5cc91b17d1 P 74cd2e5dcc2c4ee5bfc50aae1afe43c8: Time spent bootstrapping tablet: real 0.020s	user 0.012s	sys 0.004s
I20260710 13:24:39.122303 23061 tablet_bootstrap.cc:492] T f24fc6ace50c45ea856e6ea87e0bf62c P 783bac4e05de4a3093aef25497ba8718: Bootstrap starting.
I20260710 13:24:39.122843 23060 tablet_bootstrap.cc:492] T d1d92ffec7834f18b49f7a904d8fd529 P e1aa82a4b0fe4afd8f3d9cd0833c5e18: No bootstrap required, opened a new log
I20260710 13:24:39.123318 23060 ts_tablet_manager.cc:1403] T d1d92ffec7834f18b49f7a904d8fd529 P e1aa82a4b0fe4afd8f3d9cd0833c5e18: Time spent bootstrapping tablet: real 0.135s	user 0.051s	sys 0.063s
I20260710 13:24:39.123205 22765 catalog_manager.cc:5697] T b35b7d51f91c411e945019ce1450eb7f P 74cd2e5dcc2c4ee5bfc50aae1afe43c8 reported cstate change: term changed from 0 to 1, leader changed from <none> to 74cd2e5dcc2c4ee5bfc50aae1afe43c8 (127.21.65.3). New cstate: current_term: 1 leader_uuid: "74cd2e5dcc2c4ee5bfc50aae1afe43c8" committed_config { opid_index: -1 OBSOLETE_local: false peers { permanent_uuid: "e1aa82a4b0fe4afd8f3d9cd0833c5e18" member_type: VOTER last_known_addr { host: "127.21.65.1" port: 35247 } health_report { overall_health: UNKNOWN } } peers { permanent_uuid: "783bac4e05de4a3093aef25497ba8718" member_type: VOTER last_known_addr { host: "127.21.65.2" port: 46769 } health_report { overall_health: UNKNOWN } } peers { permanent_uuid: "74cd2e5dcc2c4ee5bfc50aae1afe43c8" member_type: VOTER last_known_addr { host: "127.21.65.3" port: 36441 } health_report { overall_health: HEALTHY } } }
I20260710 13:24:39.124059 23059 raft_consensus.cc:359] T 8d65ee5835ae44baabf81f5cc91b17d1 P 74cd2e5dcc2c4ee5bfc50aae1afe43c8 [term 0 FOLLOWER]: Replica starting. Triggering 0 pending ops. Active config: opid_index: -1 OBSOLETE_local: false peers { permanent_uuid: "e1aa82a4b0fe4afd8f3d9cd0833c5e18" member_type: VOTER last_known_addr { host: "127.21.65.1" port: 35247 } } peers { permanent_uuid: "783bac4e05de4a3093aef25497ba8718" member_type: VOTER last_known_addr { host: "127.21.65.2" port: 46769 } } peers { permanent_uuid: "74cd2e5dcc2c4ee5bfc50aae1afe43c8" member_type: VOTER last_known_addr { host: "127.21.65.3" port: 36441 } }
I20260710 13:24:39.124843 23059 raft_consensus.cc:385] T 8d65ee5835ae44baabf81f5cc91b17d1 P 74cd2e5dcc2c4ee5bfc50aae1afe43c8 [term 0 FOLLOWER]: Consensus starting up: Expiring failure detector timer to make a prompt election more likely
I20260710 13:24:39.125137 23059 raft_consensus.cc:740] T 8d65ee5835ae44baabf81f5cc91b17d1 P 74cd2e5dcc2c4ee5bfc50aae1afe43c8 [term 0 FOLLOWER]: Becoming Follower/Learner. State: Replica: 74cd2e5dcc2c4ee5bfc50aae1afe43c8, State: Initialized, Role: FOLLOWER
I20260710 13:24:39.125801 23068 raft_consensus.cc:493] T dfb8f593f8944b10881f78d080072657 P 783bac4e05de4a3093aef25497ba8718 [term 0 FOLLOWER]: Starting pre-election (no leader contacted us within the election timeout)
I20260710 13:24:39.125932 23059 consensus_queue.cc:260] T 8d65ee5835ae44baabf81f5cc91b17d1 P 74cd2e5dcc2c4ee5bfc50aae1afe43c8 [NON_LEADER]: Queue going to NON_LEADER mode. State: All replicated index: 0, Majority replicated index: 0, Committed index: 0, Last appended: 0.0, Last appended by leader: 0, Current term: 0, Majority size: -1, State: 0, Mode: NON_LEADER, active raft config: opid_index: -1 OBSOLETE_local: false peers { permanent_uuid: "e1aa82a4b0fe4afd8f3d9cd0833c5e18" member_type: VOTER last_known_addr { host: "127.21.65.1" port: 35247 } } peers { permanent_uuid: "783bac4e05de4a3093aef25497ba8718" member_type: VOTER last_known_addr { host: "127.21.65.2" port: 46769 } } peers { permanent_uuid: "74cd2e5dcc2c4ee5bfc50aae1afe43c8" member_type: VOTER last_known_addr { host: "127.21.65.3" port: 36441 } }
I20260710 13:24:39.126255 23068 raft_consensus.cc:515] T dfb8f593f8944b10881f78d080072657 P 783bac4e05de4a3093aef25497ba8718 [term 0 FOLLOWER]: Starting pre-election with config: opid_index: -1 OBSOLETE_local: false peers { permanent_uuid: "e1aa82a4b0fe4afd8f3d9cd0833c5e18" member_type: VOTER last_known_addr { host: "127.21.65.1" port: 35247 } } peers { permanent_uuid: "783bac4e05de4a3093aef25497ba8718" member_type: VOTER last_known_addr { host: "127.21.65.2" port: 46769 } } peers { permanent_uuid: "74cd2e5dcc2c4ee5bfc50aae1afe43c8" member_type: VOTER last_known_addr { host: "127.21.65.3" port: 36441 } }
I20260710 13:24:39.126435 23060 raft_consensus.cc:359] T d1d92ffec7834f18b49f7a904d8fd529 P e1aa82a4b0fe4afd8f3d9cd0833c5e18 [term 0 FOLLOWER]: Replica starting. Triggering 0 pending ops. Active config: opid_index: -1 OBSOLETE_local: false peers { permanent_uuid: "74cd2e5dcc2c4ee5bfc50aae1afe43c8" member_type: VOTER last_known_addr { host: "127.21.65.3" port: 36441 } } peers { permanent_uuid: "e1aa82a4b0fe4afd8f3d9cd0833c5e18" member_type: VOTER last_known_addr { host: "127.21.65.1" port: 35247 } } peers { permanent_uuid: "783bac4e05de4a3093aef25497ba8718" member_type: VOTER last_known_addr { host: "127.21.65.2" port: 46769 } }
I20260710 13:24:39.127239 23060 raft_consensus.cc:385] T d1d92ffec7834f18b49f7a904d8fd529 P e1aa82a4b0fe4afd8f3d9cd0833c5e18 [term 0 FOLLOWER]: Consensus starting up: Expiring failure detector timer to make a prompt election more likely
I20260710 13:24:39.127593 23060 raft_consensus.cc:740] T d1d92ffec7834f18b49f7a904d8fd529 P e1aa82a4b0fe4afd8f3d9cd0833c5e18 [term 0 FOLLOWER]: Becoming Follower/Learner. State: Replica: e1aa82a4b0fe4afd8f3d9cd0833c5e18, State: Initialized, Role: FOLLOWER
I20260710 13:24:39.128069 23059 ts_tablet_manager.cc:1434] T 8d65ee5835ae44baabf81f5cc91b17d1 P 74cd2e5dcc2c4ee5bfc50aae1afe43c8: Time spent starting tablet: real 0.006s	user 0.006s	sys 0.000s
I20260710 13:24:39.128219 23068 leader_election.cc:290] T dfb8f593f8944b10881f78d080072657 P 783bac4e05de4a3093aef25497ba8718 [CANDIDATE]: Term 1 pre-election: Requested pre-vote from peers e1aa82a4b0fe4afd8f3d9cd0833c5e18 (127.21.65.1:35247), 74cd2e5dcc2c4ee5bfc50aae1afe43c8 (127.21.65.3:36441)
I20260710 13:24:39.128322 23060 consensus_queue.cc:260] T d1d92ffec7834f18b49f7a904d8fd529 P e1aa82a4b0fe4afd8f3d9cd0833c5e18 [NON_LEADER]: Queue going to NON_LEADER mode. State: All replicated index: 0, Majority replicated index: 0, Committed index: 0, Last appended: 0.0, Last appended by leader: 0, Current term: 0, Majority size: -1, State: 0, Mode: NON_LEADER, active raft config: opid_index: -1 OBSOLETE_local: false peers { permanent_uuid: "74cd2e5dcc2c4ee5bfc50aae1afe43c8" member_type: VOTER last_known_addr { host: "127.21.65.3" port: 36441 } } peers { permanent_uuid: "e1aa82a4b0fe4afd8f3d9cd0833c5e18" member_type: VOTER last_known_addr { host: "127.21.65.1" port: 35247 } } peers { permanent_uuid: "783bac4e05de4a3093aef25497ba8718" member_type: VOTER last_known_addr { host: "127.21.65.2" port: 46769 } }
I20260710 13:24:39.128875 22870 tablet_service.cc:1917] Received RequestConsensusVote() RPC: tablet_id: "dfb8f593f8944b10881f78d080072657" candidate_uuid: "783bac4e05de4a3093aef25497ba8718" candidate_term: 1 candidate_status { last_received { term: 0 index: 0 } } ignore_live_leader: false dest_uuid: "e1aa82a4b0fe4afd8f3d9cd0833c5e18" is_pre_election: true
I20260710 13:24:39.130342 23019 tablet_service.cc:1917] Received RequestConsensusVote() RPC: tablet_id: "dfb8f593f8944b10881f78d080072657" candidate_uuid: "783bac4e05de4a3093aef25497ba8718" candidate_term: 1 candidate_status { last_received { term: 0 index: 0 } } ignore_live_leader: false dest_uuid: "74cd2e5dcc2c4ee5bfc50aae1afe43c8" is_pre_election: true
I20260710 13:24:39.130885 23019 raft_consensus.cc:2468] T dfb8f593f8944b10881f78d080072657 P 74cd2e5dcc2c4ee5bfc50aae1afe43c8 [term 0 FOLLOWER]: Leader pre-election vote request: Granting yes vote for candidate 783bac4e05de4a3093aef25497ba8718 in term 0.
W20260710 13:24:39.132648 22911 leader_election.cc:343] T dfb8f593f8944b10881f78d080072657 P 783bac4e05de4a3093aef25497ba8718 [CANDIDATE]: Term 1 pre-election: Tablet error from VoteRequest() call to peer e1aa82a4b0fe4afd8f3d9cd0833c5e18 (127.21.65.1:35247): Illegal state: must be running to vote when last-logged opid is not known
I20260710 13:24:39.133086 23060 ts_tablet_manager.cc:1434] T d1d92ffec7834f18b49f7a904d8fd529 P e1aa82a4b0fe4afd8f3d9cd0833c5e18: Time spent starting tablet: real 0.009s	user 0.006s	sys 0.000s
I20260710 13:24:39.133347 22910 leader_election.cc:304] T dfb8f593f8944b10881f78d080072657 P 783bac4e05de4a3093aef25497ba8718 [CANDIDATE]: Term 1 pre-election: Election decided. Result: candidate won. Election summary: received 3 responses out of 3 voters: 2 yes votes; 1 no votes. yes voters: 74cd2e5dcc2c4ee5bfc50aae1afe43c8, 783bac4e05de4a3093aef25497ba8718; no voters: e1aa82a4b0fe4afd8f3d9cd0833c5e18
I20260710 13:24:39.134114 23068 raft_consensus.cc:2804] T dfb8f593f8944b10881f78d080072657 P 783bac4e05de4a3093aef25497ba8718 [term 0 FOLLOWER]: Leader pre-election won for term 1
I20260710 13:24:39.134496 23068 raft_consensus.cc:493] T dfb8f593f8944b10881f78d080072657 P 783bac4e05de4a3093aef25497ba8718 [term 0 FOLLOWER]: Starting leader election (no leader contacted us within the election timeout)
I20260710 13:24:39.134800 23068 raft_consensus.cc:3060] T dfb8f593f8944b10881f78d080072657 P 783bac4e05de4a3093aef25497ba8718 [term 0 FOLLOWER]: Advancing to term 1
I20260710 13:24:39.138159 23018 tablet_service.cc:1917] Received RequestConsensusVote() RPC: tablet_id: "f24fc6ace50c45ea856e6ea87e0bf62c" candidate_uuid: "e1aa82a4b0fe4afd8f3d9cd0833c5e18" candidate_term: 1 candidate_status { last_received { term: 0 index: 0 } } ignore_live_leader: false dest_uuid: "74cd2e5dcc2c4ee5bfc50aae1afe43c8" is_pre_election: true
I20260710 13:24:39.138243 23019 tablet_service.cc:1917] Received RequestConsensusVote() RPC: tablet_id: "962651c7f94849b88abfb785e3b59d3d" candidate_uuid: "e1aa82a4b0fe4afd8f3d9cd0833c5e18" candidate_term: 1 candidate_status { last_received { term: 0 index: 0 } } ignore_live_leader: false dest_uuid: "74cd2e5dcc2c4ee5bfc50aae1afe43c8" is_pre_election: true
I20260710 13:24:39.138957 23018 raft_consensus.cc:2468] T f24fc6ace50c45ea856e6ea87e0bf62c P 74cd2e5dcc2c4ee5bfc50aae1afe43c8 [term 0 FOLLOWER]: Leader pre-election vote request: Granting yes vote for candidate e1aa82a4b0fe4afd8f3d9cd0833c5e18 in term 0.
I20260710 13:24:39.139003 23019 raft_consensus.cc:2468] T 962651c7f94849b88abfb785e3b59d3d P 74cd2e5dcc2c4ee5bfc50aae1afe43c8 [term 0 FOLLOWER]: Leader pre-election vote request: Granting yes vote for candidate e1aa82a4b0fe4afd8f3d9cd0833c5e18 in term 0.
I20260710 13:24:39.139256 23059 tablet_bootstrap.cc:492] T d1d92ffec7834f18b49f7a904d8fd529 P 74cd2e5dcc2c4ee5bfc50aae1afe43c8: Bootstrap starting.
I20260710 13:24:39.140576 22835 leader_election.cc:304] T f24fc6ace50c45ea856e6ea87e0bf62c P e1aa82a4b0fe4afd8f3d9cd0833c5e18 [CANDIDATE]: Term 1 pre-election: Election decided. Result: candidate won. Election summary: received 2 responses out of 3 voters: 2 yes votes; 0 no votes. yes voters: 74cd2e5dcc2c4ee5bfc50aae1afe43c8, e1aa82a4b0fe4afd8f3d9cd0833c5e18; no voters: 
I20260710 13:24:39.141534 23064 raft_consensus.cc:2804] T f24fc6ace50c45ea856e6ea87e0bf62c P e1aa82a4b0fe4afd8f3d9cd0833c5e18 [term 0 FOLLOWER]: Leader pre-election won for term 1
I20260710 13:24:39.141865 23064 raft_consensus.cc:493] T f24fc6ace50c45ea856e6ea87e0bf62c P e1aa82a4b0fe4afd8f3d9cd0833c5e18 [term 0 FOLLOWER]: Starting leader election (no leader contacted us within the election timeout)
I20260710 13:24:39.142191 23064 raft_consensus.cc:3060] T f24fc6ace50c45ea856e6ea87e0bf62c P e1aa82a4b0fe4afd8f3d9cd0833c5e18 [term 0 FOLLOWER]: Advancing to term 1
I20260710 13:24:39.142091 23068 raft_consensus.cc:515] T dfb8f593f8944b10881f78d080072657 P 783bac4e05de4a3093aef25497ba8718 [term 1 FOLLOWER]: Starting leader election with config: opid_index: -1 OBSOLETE_local: false peers { permanent_uuid: "e1aa82a4b0fe4afd8f3d9cd0833c5e18" member_type: VOTER last_known_addr { host: "127.21.65.1" port: 35247 } } peers { permanent_uuid: "783bac4e05de4a3093aef25497ba8718" member_type: VOTER last_known_addr { host: "127.21.65.2" port: 46769 } } peers { permanent_uuid: "74cd2e5dcc2c4ee5bfc50aae1afe43c8" member_type: VOTER last_known_addr { host: "127.21.65.3" port: 36441 } }
I20260710 13:24:39.145227 22870 tablet_service.cc:1917] Received RequestConsensusVote() RPC: tablet_id: "dfb8f593f8944b10881f78d080072657" candidate_uuid: "783bac4e05de4a3093aef25497ba8718" candidate_term: 1 candidate_status { last_received { term: 0 index: 0 } } ignore_live_leader: false dest_uuid: "e1aa82a4b0fe4afd8f3d9cd0833c5e18"
W20260710 13:24:39.146647 22911 leader_election.cc:343] T dfb8f593f8944b10881f78d080072657 P 783bac4e05de4a3093aef25497ba8718 [CANDIDATE]: Term 1 election: Tablet error from VoteRequest() call to peer e1aa82a4b0fe4afd8f3d9cd0833c5e18 (127.21.65.1:35247): Illegal state: must be running to vote when last-logged opid is not known
I20260710 13:24:39.134105 23060 tablet_bootstrap.cc:492] T b35b7d51f91c411e945019ce1450eb7f P e1aa82a4b0fe4afd8f3d9cd0833c5e18: Bootstrap starting.
I20260710 13:24:39.147023 22835 leader_election.cc:304] T 962651c7f94849b88abfb785e3b59d3d P e1aa82a4b0fe4afd8f3d9cd0833c5e18 [CANDIDATE]: Term 1 pre-election: Election decided. Result: candidate won. Election summary: received 2 responses out of 3 voters: 2 yes votes; 0 no votes. yes voters: 74cd2e5dcc2c4ee5bfc50aae1afe43c8, e1aa82a4b0fe4afd8f3d9cd0833c5e18; no voters: 
I20260710 13:24:39.147285 23059 tablet_bootstrap.cc:654] T d1d92ffec7834f18b49f7a904d8fd529 P 74cd2e5dcc2c4ee5bfc50aae1afe43c8: Neither blocks nor log segments found. Creating new log.
I20260710 13:24:39.150379 23064 raft_consensus.cc:515] T f24fc6ace50c45ea856e6ea87e0bf62c P e1aa82a4b0fe4afd8f3d9cd0833c5e18 [term 1 FOLLOWER]: Starting leader election with config: opid_index: -1 OBSOLETE_local: false peers { permanent_uuid: "e1aa82a4b0fe4afd8f3d9cd0833c5e18" member_type: VOTER last_known_addr { host: "127.21.65.1" port: 35247 } } peers { permanent_uuid: "783bac4e05de4a3093aef25497ba8718" member_type: VOTER last_known_addr { host: "127.21.65.2" port: 46769 } } peers { permanent_uuid: "74cd2e5dcc2c4ee5bfc50aae1afe43c8" member_type: VOTER last_known_addr { host: "127.21.65.3" port: 36441 } }
I20260710 13:24:39.152374 23068 leader_election.cc:290] T dfb8f593f8944b10881f78d080072657 P 783bac4e05de4a3093aef25497ba8718 [CANDIDATE]: Term 1 election: Requested vote from peers e1aa82a4b0fe4afd8f3d9cd0833c5e18 (127.21.65.1:35247), 74cd2e5dcc2c4ee5bfc50aae1afe43c8 (127.21.65.3:36441)
I20260710 13:24:39.153308 23019 tablet_service.cc:1917] Received RequestConsensusVote() RPC: tablet_id: "dfb8f593f8944b10881f78d080072657" candidate_uuid: "783bac4e05de4a3093aef25497ba8718" candidate_term: 1 candidate_status { last_received { term: 0 index: 0 } } ignore_live_leader: false dest_uuid: "74cd2e5dcc2c4ee5bfc50aae1afe43c8"
I20260710 13:24:39.153906 23019 raft_consensus.cc:3060] T dfb8f593f8944b10881f78d080072657 P 74cd2e5dcc2c4ee5bfc50aae1afe43c8 [term 0 FOLLOWER]: Advancing to term 1
I20260710 13:24:39.155580 23060 tablet_bootstrap.cc:654] T b35b7d51f91c411e945019ce1450eb7f P e1aa82a4b0fe4afd8f3d9cd0833c5e18: Neither blocks nor log segments found. Creating new log.
I20260710 13:24:39.157557 22945 tablet_service.cc:1917] Received RequestConsensusVote() RPC: tablet_id: "962651c7f94849b88abfb785e3b59d3d" candidate_uuid: "e1aa82a4b0fe4afd8f3d9cd0833c5e18" candidate_term: 1 candidate_status { last_received { term: 0 index: 0 } } ignore_live_leader: false dest_uuid: "783bac4e05de4a3093aef25497ba8718" is_pre_election: true
I20260710 13:24:39.158814 22944 tablet_service.cc:1917] Received RequestConsensusVote() RPC: tablet_id: "f24fc6ace50c45ea856e6ea87e0bf62c" candidate_uuid: "e1aa82a4b0fe4afd8f3d9cd0833c5e18" candidate_term: 1 candidate_status { last_received { term: 0 index: 0 } } ignore_live_leader: false dest_uuid: "783bac4e05de4a3093aef25497ba8718" is_pre_election: true
W20260710 13:24:39.160681 22836 leader_election.cc:343] T 962651c7f94849b88abfb785e3b59d3d P e1aa82a4b0fe4afd8f3d9cd0833c5e18 [CANDIDATE]: Term 1 pre-election: Tablet error from VoteRequest() call to peer 783bac4e05de4a3093aef25497ba8718 (127.21.65.2:46769): Illegal state: must be running to vote when last-logged opid is not known
W20260710 13:24:39.161386 22836 leader_election.cc:343] T f24fc6ace50c45ea856e6ea87e0bf62c P e1aa82a4b0fe4afd8f3d9cd0833c5e18 [CANDIDATE]: Term 1 pre-election: Tablet error from VoteRequest() call to peer 783bac4e05de4a3093aef25497ba8718 (127.21.65.2:46769): Illegal state: must be running to vote when last-logged opid is not known
I20260710 13:24:39.164057 22944 tablet_service.cc:1917] Received RequestConsensusVote() RPC: tablet_id: "f24fc6ace50c45ea856e6ea87e0bf62c" candidate_uuid: "e1aa82a4b0fe4afd8f3d9cd0833c5e18" candidate_term: 1 candidate_status { last_received { term: 0 index: 0 } } ignore_live_leader: false dest_uuid: "783bac4e05de4a3093aef25497ba8718"
W20260710 13:24:39.165360 22836 leader_election.cc:343] T f24fc6ace50c45ea856e6ea87e0bf62c P e1aa82a4b0fe4afd8f3d9cd0833c5e18 [CANDIDATE]: Term 1 election: Tablet error from VoteRequest() call to peer 783bac4e05de4a3093aef25497ba8718 (127.21.65.2:46769): Illegal state: must be running to vote when last-logged opid is not known
I20260710 13:24:39.166530 23019 raft_consensus.cc:2468] T dfb8f593f8944b10881f78d080072657 P 74cd2e5dcc2c4ee5bfc50aae1afe43c8 [term 1 FOLLOWER]: Leader election vote request: Granting yes vote for candidate 783bac4e05de4a3093aef25497ba8718 in term 1.
I20260710 13:24:39.167342 23064 leader_election.cc:290] T f24fc6ace50c45ea856e6ea87e0bf62c P e1aa82a4b0fe4afd8f3d9cd0833c5e18 [CANDIDATE]: Term 1 election: Requested vote from peers 783bac4e05de4a3093aef25497ba8718 (127.21.65.2:46769), 74cd2e5dcc2c4ee5bfc50aae1afe43c8 (127.21.65.3:36441)
I20260710 13:24:39.167728 22910 leader_election.cc:304] T dfb8f593f8944b10881f78d080072657 P 783bac4e05de4a3093aef25497ba8718 [CANDIDATE]: Term 1 election: Election decided. Result: candidate won. Election summary: received 3 responses out of 3 voters: 2 yes votes; 1 no votes. yes voters: 74cd2e5dcc2c4ee5bfc50aae1afe43c8, 783bac4e05de4a3093aef25497ba8718; no voters: e1aa82a4b0fe4afd8f3d9cd0833c5e18
I20260710 13:24:39.167825 23064 raft_consensus.cc:2804] T 962651c7f94849b88abfb785e3b59d3d P e1aa82a4b0fe4afd8f3d9cd0833c5e18 [term 0 FOLLOWER]: Leader pre-election won for term 1
I20260710 13:24:39.168897 23068 raft_consensus.cc:2804] T dfb8f593f8944b10881f78d080072657 P 783bac4e05de4a3093aef25497ba8718 [term 1 FOLLOWER]: Leader election won for term 1
I20260710 13:24:39.169384 23064 raft_consensus.cc:493] T 962651c7f94849b88abfb785e3b59d3d P e1aa82a4b0fe4afd8f3d9cd0833c5e18 [term 0 FOLLOWER]: Starting leader election (no leader contacted us within the election timeout)
I20260710 13:24:39.169704 23064 raft_consensus.cc:3060] T 962651c7f94849b88abfb785e3b59d3d P e1aa82a4b0fe4afd8f3d9cd0833c5e18 [term 0 FOLLOWER]: Advancing to term 1
I20260710 13:24:39.138156 23061 tablet_bootstrap.cc:654] T f24fc6ace50c45ea856e6ea87e0bf62c P 783bac4e05de4a3093aef25497ba8718: Neither blocks nor log segments found. Creating new log.
I20260710 13:24:39.178339 23019 tablet_service.cc:1917] Received RequestConsensusVote() RPC: tablet_id: "f24fc6ace50c45ea856e6ea87e0bf62c" candidate_uuid: "e1aa82a4b0fe4afd8f3d9cd0833c5e18" candidate_term: 1 candidate_status { last_received { term: 0 index: 0 } } ignore_live_leader: false dest_uuid: "74cd2e5dcc2c4ee5bfc50aae1afe43c8"
I20260710 13:24:39.178978 23019 raft_consensus.cc:3060] T f24fc6ace50c45ea856e6ea87e0bf62c P 74cd2e5dcc2c4ee5bfc50aae1afe43c8 [term 0 FOLLOWER]: Advancing to term 1
I20260710 13:24:39.182706 23061 tablet_bootstrap.cc:492] T f24fc6ace50c45ea856e6ea87e0bf62c P 783bac4e05de4a3093aef25497ba8718: No bootstrap required, opened a new log
I20260710 13:24:39.183180 23061 ts_tablet_manager.cc:1403] T f24fc6ace50c45ea856e6ea87e0bf62c P 783bac4e05de4a3093aef25497ba8718: Time spent bootstrapping tablet: real 0.061s	user 0.006s	sys 0.003s
I20260710 13:24:39.185938 23061 raft_consensus.cc:359] T f24fc6ace50c45ea856e6ea87e0bf62c P 783bac4e05de4a3093aef25497ba8718 [term 0 FOLLOWER]: Replica starting. Triggering 0 pending ops. Active config: opid_index: -1 OBSOLETE_local: false peers { permanent_uuid: "e1aa82a4b0fe4afd8f3d9cd0833c5e18" member_type: VOTER last_known_addr { host: "127.21.65.1" port: 35247 } } peers { permanent_uuid: "783bac4e05de4a3093aef25497ba8718" member_type: VOTER last_known_addr { host: "127.21.65.2" port: 46769 } } peers { permanent_uuid: "74cd2e5dcc2c4ee5bfc50aae1afe43c8" member_type: VOTER last_known_addr { host: "127.21.65.3" port: 36441 } }
I20260710 13:24:39.186601 23061 raft_consensus.cc:385] T f24fc6ace50c45ea856e6ea87e0bf62c P 783bac4e05de4a3093aef25497ba8718 [term 0 FOLLOWER]: Consensus starting up: Expiring failure detector timer to make a prompt election more likely
I20260710 13:24:39.186885 23061 raft_consensus.cc:740] T f24fc6ace50c45ea856e6ea87e0bf62c P 783bac4e05de4a3093aef25497ba8718 [term 0 FOLLOWER]: Becoming Follower/Learner. State: Replica: 783bac4e05de4a3093aef25497ba8718, State: Initialized, Role: FOLLOWER
I20260710 13:24:39.190371 23059 tablet_bootstrap.cc:492] T d1d92ffec7834f18b49f7a904d8fd529 P 74cd2e5dcc2c4ee5bfc50aae1afe43c8: No bootstrap required, opened a new log
I20260710 13:24:39.190794 23059 ts_tablet_manager.cc:1403] T d1d92ffec7834f18b49f7a904d8fd529 P 74cd2e5dcc2c4ee5bfc50aae1afe43c8: Time spent bootstrapping tablet: real 0.052s	user 0.028s	sys 0.020s
I20260710 13:24:39.191349 23060 tablet_bootstrap.cc:492] T b35b7d51f91c411e945019ce1450eb7f P e1aa82a4b0fe4afd8f3d9cd0833c5e18: No bootstrap required, opened a new log
I20260710 13:24:39.191839 23060 ts_tablet_manager.cc:1403] T b35b7d51f91c411e945019ce1450eb7f P e1aa82a4b0fe4afd8f3d9cd0833c5e18: Time spent bootstrapping tablet: real 0.058s	user 0.010s	sys 0.008s
I20260710 13:24:39.193254 23059 raft_consensus.cc:359] T d1d92ffec7834f18b49f7a904d8fd529 P 74cd2e5dcc2c4ee5bfc50aae1afe43c8 [term 0 FOLLOWER]: Replica starting. Triggering 0 pending ops. Active config: opid_index: -1 OBSOLETE_local: false peers { permanent_uuid: "74cd2e5dcc2c4ee5bfc50aae1afe43c8" member_type: VOTER last_known_addr { host: "127.21.65.3" port: 36441 } } peers { permanent_uuid: "e1aa82a4b0fe4afd8f3d9cd0833c5e18" member_type: VOTER last_known_addr { host: "127.21.65.1" port: 35247 } } peers { permanent_uuid: "783bac4e05de4a3093aef25497ba8718" member_type: VOTER last_known_addr { host: "127.21.65.2" port: 46769 } }
I20260710 13:24:39.193881 23059 raft_consensus.cc:385] T d1d92ffec7834f18b49f7a904d8fd529 P 74cd2e5dcc2c4ee5bfc50aae1afe43c8 [term 0 FOLLOWER]: Consensus starting up: Expiring failure detector timer to make a prompt election more likely
I20260710 13:24:39.194139 23059 raft_consensus.cc:740] T d1d92ffec7834f18b49f7a904d8fd529 P 74cd2e5dcc2c4ee5bfc50aae1afe43c8 [term 0 FOLLOWER]: Becoming Follower/Learner. State: Replica: 74cd2e5dcc2c4ee5bfc50aae1afe43c8, State: Initialized, Role: FOLLOWER
I20260710 13:24:39.194711 23059 consensus_queue.cc:260] T d1d92ffec7834f18b49f7a904d8fd529 P 74cd2e5dcc2c4ee5bfc50aae1afe43c8 [NON_LEADER]: Queue going to NON_LEADER mode. State: All replicated index: 0, Majority replicated index: 0, Committed index: 0, Last appended: 0.0, Last appended by leader: 0, Current term: 0, Majority size: -1, State: 0, Mode: NON_LEADER, active raft config: opid_index: -1 OBSOLETE_local: false peers { permanent_uuid: "74cd2e5dcc2c4ee5bfc50aae1afe43c8" member_type: VOTER last_known_addr { host: "127.21.65.3" port: 36441 } } peers { permanent_uuid: "e1aa82a4b0fe4afd8f3d9cd0833c5e18" member_type: VOTER last_known_addr { host: "127.21.65.1" port: 35247 } } peers { permanent_uuid: "783bac4e05de4a3093aef25497ba8718" member_type: VOTER last_known_addr { host: "127.21.65.2" port: 46769 } }
I20260710 13:24:39.196583 23059 ts_tablet_manager.cc:1434] T d1d92ffec7834f18b49f7a904d8fd529 P 74cd2e5dcc2c4ee5bfc50aae1afe43c8: Time spent starting tablet: real 0.006s	user 0.004s	sys 0.000s
I20260710 13:24:39.197446 23059 tablet_bootstrap.cc:492] T 073a3cb824224b658a88cd985ec74924 P 74cd2e5dcc2c4ee5bfc50aae1afe43c8: Bootstrap starting.
I20260710 13:24:39.199157 23064 raft_consensus.cc:515] T 962651c7f94849b88abfb785e3b59d3d P e1aa82a4b0fe4afd8f3d9cd0833c5e18 [term 1 FOLLOWER]: Starting leader election with config: opid_index: -1 OBSOLETE_local: false peers { permanent_uuid: "e1aa82a4b0fe4afd8f3d9cd0833c5e18" member_type: VOTER last_known_addr { host: "127.21.65.1" port: 35247 } } peers { permanent_uuid: "783bac4e05de4a3093aef25497ba8718" member_type: VOTER last_known_addr { host: "127.21.65.2" port: 46769 } } peers { permanent_uuid: "74cd2e5dcc2c4ee5bfc50aae1afe43c8" member_type: VOTER last_known_addr { host: "127.21.65.3" port: 36441 } }
I20260710 13:24:39.201990 22944 tablet_service.cc:1917] Received RequestConsensusVote() RPC: tablet_id: "962651c7f94849b88abfb785e3b59d3d" candidate_uuid: "e1aa82a4b0fe4afd8f3d9cd0833c5e18" candidate_term: 1 candidate_status { last_received { term: 0 index: 0 } } ignore_live_leader: false dest_uuid: "783bac4e05de4a3093aef25497ba8718"
I20260710 13:24:39.202653 23059 tablet_bootstrap.cc:654] T 073a3cb824224b658a88cd985ec74924 P 74cd2e5dcc2c4ee5bfc50aae1afe43c8: Neither blocks nor log segments found. Creating new log.
W20260710 13:24:39.203361 22836 leader_election.cc:343] T 962651c7f94849b88abfb785e3b59d3d P e1aa82a4b0fe4afd8f3d9cd0833c5e18 [CANDIDATE]: Term 1 election: Tablet error from VoteRequest() call to peer 783bac4e05de4a3093aef25497ba8718 (127.21.65.2:46769): Illegal state: must be running to vote when last-logged opid is not known
I20260710 13:24:39.196182 23060 raft_consensus.cc:359] T b35b7d51f91c411e945019ce1450eb7f P e1aa82a4b0fe4afd8f3d9cd0833c5e18 [term 0 FOLLOWER]: Replica starting. Triggering 0 pending ops. Active config: opid_index: -1 OBSOLETE_local: false peers { permanent_uuid: "e1aa82a4b0fe4afd8f3d9cd0833c5e18" member_type: VOTER last_known_addr { host: "127.21.65.1" port: 35247 } } peers { permanent_uuid: "783bac4e05de4a3093aef25497ba8718" member_type: VOTER last_known_addr { host: "127.21.65.2" port: 46769 } } peers { permanent_uuid: "74cd2e5dcc2c4ee5bfc50aae1afe43c8" member_type: VOTER last_known_addr { host: "127.21.65.3" port: 36441 } }
I20260710 13:24:39.204032 23060 raft_consensus.cc:385] T b35b7d51f91c411e945019ce1450eb7f P e1aa82a4b0fe4afd8f3d9cd0833c5e18 [term 0 FOLLOWER]: Consensus starting up: Expiring failure detector timer to make a prompt election more likely
I20260710 13:24:39.204371 23060 raft_consensus.cc:740] T b35b7d51f91c411e945019ce1450eb7f P e1aa82a4b0fe4afd8f3d9cd0833c5e18 [term 0 FOLLOWER]: Becoming Follower/Learner. State: Replica: e1aa82a4b0fe4afd8f3d9cd0833c5e18, State: Initialized, Role: FOLLOWER
I20260710 13:24:39.205256 23096 raft_consensus.cc:493] T 073a3cb824224b658a88cd985ec74924 P e1aa82a4b0fe4afd8f3d9cd0833c5e18 [term 0 FOLLOWER]: Starting pre-election (no leader contacted us within the election timeout)
I20260710 13:24:39.205677 23096 raft_consensus.cc:515] T 073a3cb824224b658a88cd985ec74924 P e1aa82a4b0fe4afd8f3d9cd0833c5e18 [term 0 FOLLOWER]: Starting pre-election with config: opid_index: -1 OBSOLETE_local: false peers { permanent_uuid: "e1aa82a4b0fe4afd8f3d9cd0833c5e18" member_type: VOTER last_known_addr { host: "127.21.65.1" port: 35247 } } peers { permanent_uuid: "783bac4e05de4a3093aef25497ba8718" member_type: VOTER last_known_addr { host: "127.21.65.2" port: 46769 } } peers { permanent_uuid: "74cd2e5dcc2c4ee5bfc50aae1afe43c8" member_type: VOTER last_known_addr { host: "127.21.65.3" port: 36441 } }
I20260710 13:24:39.206516 23018 tablet_service.cc:1917] Received RequestConsensusVote() RPC: tablet_id: "962651c7f94849b88abfb785e3b59d3d" candidate_uuid: "e1aa82a4b0fe4afd8f3d9cd0833c5e18" candidate_term: 1 candidate_status { last_received { term: 0 index: 0 } } ignore_live_leader: false dest_uuid: "74cd2e5dcc2c4ee5bfc50aae1afe43c8"
I20260710 13:24:39.207033 23018 raft_consensus.cc:3060] T 962651c7f94849b88abfb785e3b59d3d P 74cd2e5dcc2c4ee5bfc50aae1afe43c8 [term 0 FOLLOWER]: Advancing to term 1
I20260710 13:24:39.207759 23096 leader_election.cc:290] T 073a3cb824224b658a88cd985ec74924 P e1aa82a4b0fe4afd8f3d9cd0833c5e18 [CANDIDATE]: Term 1 pre-election: Requested pre-vote from peers 783bac4e05de4a3093aef25497ba8718 (127.21.65.2:46769), 74cd2e5dcc2c4ee5bfc50aae1afe43c8 (127.21.65.3:36441)
I20260710 13:24:39.207995 23068 raft_consensus.cc:697] T dfb8f593f8944b10881f78d080072657 P 783bac4e05de4a3093aef25497ba8718 [term 1 LEADER]: Becoming Leader. State: Replica: 783bac4e05de4a3093aef25497ba8718, State: Running, Role: LEADER
I20260710 13:24:39.208912 23068 consensus_queue.cc:237] T dfb8f593f8944b10881f78d080072657 P 783bac4e05de4a3093aef25497ba8718 [LEADER]: Queue going to LEADER mode. State: All replicated index: 0, Majority replicated index: 0, Committed index: 0, Last appended: 0.0, Last appended by leader: 0, Current term: 1, Majority size: 2, State: 0, Mode: LEADER, active raft config: opid_index: -1 OBSOLETE_local: false peers { permanent_uuid: "e1aa82a4b0fe4afd8f3d9cd0833c5e18" member_type: VOTER last_known_addr { host: "127.21.65.1" port: 35247 } } peers { permanent_uuid: "783bac4e05de4a3093aef25497ba8718" member_type: VOTER last_known_addr { host: "127.21.65.2" port: 46769 } } peers { permanent_uuid: "74cd2e5dcc2c4ee5bfc50aae1afe43c8" member_type: VOTER last_known_addr { host: "127.21.65.3" port: 36441 } }
I20260710 13:24:39.212291 23019 raft_consensus.cc:2468] T f24fc6ace50c45ea856e6ea87e0bf62c P 74cd2e5dcc2c4ee5bfc50aae1afe43c8 [term 1 FOLLOWER]: Leader election vote request: Granting yes vote for candidate e1aa82a4b0fe4afd8f3d9cd0833c5e18 in term 1.
I20260710 13:24:39.214052 22944 tablet_service.cc:1917] Received RequestConsensusVote() RPC: tablet_id: "073a3cb824224b658a88cd985ec74924" candidate_uuid: "e1aa82a4b0fe4afd8f3d9cd0833c5e18" candidate_term: 1 candidate_status { last_received { term: 0 index: 0 } } ignore_live_leader: false dest_uuid: "783bac4e05de4a3093aef25497ba8718" is_pre_election: true
I20260710 13:24:39.214422 22835 leader_election.cc:304] T f24fc6ace50c45ea856e6ea87e0bf62c P e1aa82a4b0fe4afd8f3d9cd0833c5e18 [CANDIDATE]: Term 1 election: Election decided. Result: candidate won. Election summary: received 3 responses out of 3 voters: 2 yes votes; 1 no votes. yes voters: 74cd2e5dcc2c4ee5bfc50aae1afe43c8, e1aa82a4b0fe4afd8f3d9cd0833c5e18; no voters: 783bac4e05de4a3093aef25497ba8718
I20260710 13:24:39.214625 22944 raft_consensus.cc:2468] T 073a3cb824224b658a88cd985ec74924 P 783bac4e05de4a3093aef25497ba8718 [term 0 FOLLOWER]: Leader pre-election vote request: Granting yes vote for candidate e1aa82a4b0fe4afd8f3d9cd0833c5e18 in term 0.
I20260710 13:24:39.214876 23019 tablet_service.cc:1917] Received RequestConsensusVote() RPC: tablet_id: "073a3cb824224b658a88cd985ec74924" candidate_uuid: "e1aa82a4b0fe4afd8f3d9cd0833c5e18" candidate_term: 1 candidate_status { last_received { term: 0 index: 0 } } ignore_live_leader: false dest_uuid: "74cd2e5dcc2c4ee5bfc50aae1afe43c8" is_pre_election: true
I20260710 13:24:39.215498 23096 raft_consensus.cc:2804] T f24fc6ace50c45ea856e6ea87e0bf62c P e1aa82a4b0fe4afd8f3d9cd0833c5e18 [term 1 FOLLOWER]: Leader election won for term 1
I20260710 13:24:39.215903 22836 leader_election.cc:304] T 073a3cb824224b658a88cd985ec74924 P e1aa82a4b0fe4afd8f3d9cd0833c5e18 [CANDIDATE]: Term 1 pre-election: Election decided. Result: candidate won. Election summary: received 2 responses out of 3 voters: 2 yes votes; 0 no votes. yes voters: 783bac4e05de4a3093aef25497ba8718, e1aa82a4b0fe4afd8f3d9cd0833c5e18; no voters: 
W20260710 13:24:39.216601 22835 leader_election.cc:343] T 073a3cb824224b658a88cd985ec74924 P e1aa82a4b0fe4afd8f3d9cd0833c5e18 [CANDIDATE]: Term 1 pre-election: Tablet error from VoteRequest() call to peer 74cd2e5dcc2c4ee5bfc50aae1afe43c8 (127.21.65.3:36441): Illegal state: must be running to vote when last-logged opid is not known
I20260710 13:24:39.216799 23061 consensus_queue.cc:260] T f24fc6ace50c45ea856e6ea87e0bf62c P 783bac4e05de4a3093aef25497ba8718 [NON_LEADER]: Queue going to NON_LEADER mode. State: All replicated index: 0, Majority replicated index: 0, Committed index: 0, Last appended: 0.0, Last appended by leader: 0, Current term: 0, Majority size: -1, State: 0, Mode: NON_LEADER, active raft config: opid_index: -1 OBSOLETE_local: false peers { permanent_uuid: "e1aa82a4b0fe4afd8f3d9cd0833c5e18" member_type: VOTER last_known_addr { host: "127.21.65.1" port: 35247 } } peers { permanent_uuid: "783bac4e05de4a3093aef25497ba8718" member_type: VOTER last_known_addr { host: "127.21.65.2" port: 46769 } } peers { permanent_uuid: "74cd2e5dcc2c4ee5bfc50aae1afe43c8" member_type: VOTER last_known_addr { host: "127.21.65.3" port: 36441 } }
I20260710 13:24:39.227118 23059 tablet_bootstrap.cc:492] T 073a3cb824224b658a88cd985ec74924 P 74cd2e5dcc2c4ee5bfc50aae1afe43c8: No bootstrap required, opened a new log
I20260710 13:24:39.227387 23061 ts_tablet_manager.cc:1434] T f24fc6ace50c45ea856e6ea87e0bf62c P 783bac4e05de4a3093aef25497ba8718: Time spent starting tablet: real 0.044s	user 0.008s	sys 0.000s
I20260710 13:24:39.227552 23059 ts_tablet_manager.cc:1403] T 073a3cb824224b658a88cd985ec74924 P 74cd2e5dcc2c4ee5bfc50aae1afe43c8: Time spent bootstrapping tablet: real 0.030s	user 0.004s	sys 0.009s
I20260710 13:24:39.228382 23061 tablet_bootstrap.cc:492] T b42752b23894459cba4356af3e085e7e P 783bac4e05de4a3093aef25497ba8718: Bootstrap starting.
I20260710 13:24:39.230062 23059 raft_consensus.cc:359] T 073a3cb824224b658a88cd985ec74924 P 74cd2e5dcc2c4ee5bfc50aae1afe43c8 [term 0 FOLLOWER]: Replica starting. Triggering 0 pending ops. Active config: opid_index: -1 OBSOLETE_local: false peers { permanent_uuid: "e1aa82a4b0fe4afd8f3d9cd0833c5e18" member_type: VOTER last_known_addr { host: "127.21.65.1" port: 35247 } } peers { permanent_uuid: "783bac4e05de4a3093aef25497ba8718" member_type: VOTER last_known_addr { host: "127.21.65.2" port: 46769 } } peers { permanent_uuid: "74cd2e5dcc2c4ee5bfc50aae1afe43c8" member_type: VOTER last_known_addr { host: "127.21.65.3" port: 36441 } }
I20260710 13:24:39.230680 23059 raft_consensus.cc:385] T 073a3cb824224b658a88cd985ec74924 P 74cd2e5dcc2c4ee5bfc50aae1afe43c8 [term 0 FOLLOWER]: Consensus starting up: Expiring failure detector timer to make a prompt election more likely
I20260710 13:24:39.230929 23059 raft_consensus.cc:740] T 073a3cb824224b658a88cd985ec74924 P 74cd2e5dcc2c4ee5bfc50aae1afe43c8 [term 0 FOLLOWER]: Becoming Follower/Learner. State: Replica: 74cd2e5dcc2c4ee5bfc50aae1afe43c8, State: Initialized, Role: FOLLOWER
I20260710 13:24:39.231140 22765 catalog_manager.cc:5697] T dfb8f593f8944b10881f78d080072657 P 783bac4e05de4a3093aef25497ba8718 reported cstate change: term changed from 0 to 1, leader changed from <none> to 783bac4e05de4a3093aef25497ba8718 (127.21.65.2). New cstate: current_term: 1 leader_uuid: "783bac4e05de4a3093aef25497ba8718" committed_config { opid_index: -1 OBSOLETE_local: false peers { permanent_uuid: "e1aa82a4b0fe4afd8f3d9cd0833c5e18" member_type: VOTER last_known_addr { host: "127.21.65.1" port: 35247 } health_report { overall_health: UNKNOWN } } peers { permanent_uuid: "783bac4e05de4a3093aef25497ba8718" member_type: VOTER last_known_addr { host: "127.21.65.2" port: 46769 } health_report { overall_health: HEALTHY } } peers { permanent_uuid: "74cd2e5dcc2c4ee5bfc50aae1afe43c8" member_type: VOTER last_known_addr { host: "127.21.65.3" port: 36441 } health_report { overall_health: UNKNOWN } } }
I20260710 13:24:39.232558 23091 raft_consensus.cc:493] T 8d65ee5835ae44baabf81f5cc91b17d1 P 74cd2e5dcc2c4ee5bfc50aae1afe43c8 [term 0 FOLLOWER]: Starting pre-election (no leader contacted us within the election timeout)
I20260710 13:24:39.231612 23059 consensus_queue.cc:260] T 073a3cb824224b658a88cd985ec74924 P 74cd2e5dcc2c4ee5bfc50aae1afe43c8 [NON_LEADER]: Queue going to NON_LEADER mode. State: All replicated index: 0, Majority replicated index: 0, Committed index: 0, Last appended: 0.0, Last appended by leader: 0, Current term: 0, Majority size: -1, State: 0, Mode: NON_LEADER, active raft config: opid_index: -1 OBSOLETE_local: false peers { permanent_uuid: "e1aa82a4b0fe4afd8f3d9cd0833c5e18" member_type: VOTER last_known_addr { host: "127.21.65.1" port: 35247 } } peers { permanent_uuid: "783bac4e05de4a3093aef25497ba8718" member_type: VOTER last_known_addr { host: "127.21.65.2" port: 46769 } } peers { permanent_uuid: "74cd2e5dcc2c4ee5bfc50aae1afe43c8" member_type: VOTER last_known_addr { host: "127.21.65.3" port: 36441 } }
I20260710 13:24:39.217692 23064 leader_election.cc:290] T 962651c7f94849b88abfb785e3b59d3d P e1aa82a4b0fe4afd8f3d9cd0833c5e18 [CANDIDATE]: Term 1 election: Requested vote from peers 783bac4e05de4a3093aef25497ba8718 (127.21.65.2:46769), 74cd2e5dcc2c4ee5bfc50aae1afe43c8 (127.21.65.3:36441)
I20260710 13:24:39.233151 23091 raft_consensus.cc:515] T 8d65ee5835ae44baabf81f5cc91b17d1 P 74cd2e5dcc2c4ee5bfc50aae1afe43c8 [term 0 FOLLOWER]: Starting pre-election with config: opid_index: -1 OBSOLETE_local: false peers { permanent_uuid: "e1aa82a4b0fe4afd8f3d9cd0833c5e18" member_type: VOTER last_known_addr { host: "127.21.65.1" port: 35247 } } peers { permanent_uuid: "783bac4e05de4a3093aef25497ba8718" member_type: VOTER last_known_addr { host: "127.21.65.2" port: 46769 } } peers { permanent_uuid: "74cd2e5dcc2c4ee5bfc50aae1afe43c8" member_type: VOTER last_known_addr { host: "127.21.65.3" port: 36441 } }
I20260710 13:24:39.234894 23104 raft_consensus.cc:2804] T 073a3cb824224b658a88cd985ec74924 P e1aa82a4b0fe4afd8f3d9cd0833c5e18 [term 0 FOLLOWER]: Leader pre-election won for term 1
I20260710 13:24:39.235257 23104 raft_consensus.cc:493] T 073a3cb824224b658a88cd985ec74924 P e1aa82a4b0fe4afd8f3d9cd0833c5e18 [term 0 FOLLOWER]: Starting leader election (no leader contacted us within the election timeout)
