I20260710 13:24:41.305171 23259 raft_consensus.cc:2749] T 6f709b27889644d2ab0a6e5e6256803b P c95a5323ce184e64aebb552394649b25 [term 0 FOLLOWER]: Leader pre-election lost for term 1. Reason: could not achieve majority
I20260710 13:24:41.306481 23210 raft_consensus.cc:359] T f2dae3a1b9684a7f9fbc570377af1e28 P d13436c462dc4530b0dc18ed72ff4d7c [term 0 FOLLOWER]: Replica starting. Triggering 0 pending ops. Active config: opid_index: -1 OBSOLETE_local: false peers { permanent_uuid: "4954f763e15046c8a9726f65add7b3ef" member_type: VOTER last_known_addr { host: "127.21.102.65" port: 41949 } } peers { permanent_uuid: "c95a5323ce184e64aebb552394649b25" member_type: VOTER last_known_addr { host: "127.21.102.66" port: 37769 } } peers { permanent_uuid: "d13436c462dc4530b0dc18ed72ff4d7c" member_type: VOTER last_known_addr { host: "127.21.102.67" port: 35177 } }
I20260710 13:24:41.307204 23210 raft_consensus.cc:385] T f2dae3a1b9684a7f9fbc570377af1e28 P d13436c462dc4530b0dc18ed72ff4d7c [term 0 FOLLOWER]: Consensus starting up: Expiring failure detector timer to make a prompt election more likely
I20260710 13:24:41.307564 23210 raft_consensus.cc:740] T f2dae3a1b9684a7f9fbc570377af1e28 P d13436c462dc4530b0dc18ed72ff4d7c [term 0 FOLLOWER]: Becoming Follower/Learner. State: Replica: d13436c462dc4530b0dc18ed72ff4d7c, State: Initialized, Role: FOLLOWER
I20260710 13:24:41.308315 23210 consensus_queue.cc:260] T f2dae3a1b9684a7f9fbc570377af1e28 P d13436c462dc4530b0dc18ed72ff4d7c [NON_LEADER]: Queue going to NON_LEADER mode. State: All replicated index: 0, Majority replicated index: 0, Committed index: 0, Last appended: 0.0, Last appended by leader: 0, Current term: 0, Majority size: -1, State: 0, Mode: NON_LEADER, active raft config: opid_index: -1 OBSOLETE_local: false peers { permanent_uuid: "4954f763e15046c8a9726f65add7b3ef" member_type: VOTER last_known_addr { host: "127.21.102.65" port: 41949 } } peers { permanent_uuid: "c95a5323ce184e64aebb552394649b25" member_type: VOTER last_known_addr { host: "127.21.102.66" port: 37769 } } peers { permanent_uuid: "d13436c462dc4530b0dc18ed72ff4d7c" member_type: VOTER last_known_addr { host: "127.21.102.67" port: 35177 } }
I20260710 13:24:41.308585 23236 leader_election.cc:290] T b96446bc13c84059aceaaec6a9b0fc98 P 4954f763e15046c8a9726f65add7b3ef [CANDIDATE]: Term 1 election: Requested vote from peers c95a5323ce184e64aebb552394649b25 (127.21.102.66:37769), d13436c462dc4530b0dc18ed72ff4d7c (127.21.102.67:35177)
I20260710 13:24:41.307248 23170 raft_consensus.cc:2468] T b96446bc13c84059aceaaec6a9b0fc98 P d13436c462dc4530b0dc18ed72ff4d7c [term 1 FOLLOWER]: Leader election vote request: Granting yes vote for candidate 4954f763e15046c8a9726f65add7b3ef in term 1.
I20260710 13:24:41.310261 23210 ts_tablet_manager.cc:1434] T f2dae3a1b9684a7f9fbc570377af1e28 P d13436c462dc4530b0dc18ed72ff4d7c: Time spent starting tablet: real 0.006s	user 0.004s	sys 0.000s
I20260710 13:24:41.311183 23210 tablet_bootstrap.cc:492] T 0cb344f633ab484188cc4263872261bf P d13436c462dc4530b0dc18ed72ff4d7c: Bootstrap starting.
I20260710 13:24:41.316792 23210 tablet_bootstrap.cc:654] T 0cb344f633ab484188cc4263872261bf P d13436c462dc4530b0dc18ed72ff4d7c: Neither blocks nor log segments found. Creating new log.
I20260710 13:24:41.321192 23236 raft_consensus.cc:493] T 7e656beb16e1469b81a4a40f9806eb01 P 4954f763e15046c8a9726f65add7b3ef [term 0 FOLLOWER]: Starting pre-election (no leader contacted us within the election timeout)
I20260710 13:24:41.321964 23236 raft_consensus.cc:515] T 7e656beb16e1469b81a4a40f9806eb01 P 4954f763e15046c8a9726f65add7b3ef [term 0 FOLLOWER]: Starting pre-election with config: opid_index: -1 OBSOLETE_local: false peers { permanent_uuid: "4954f763e15046c8a9726f65add7b3ef" member_type: VOTER last_known_addr { host: "127.21.102.65" port: 41949 } } peers { permanent_uuid: "c95a5323ce184e64aebb552394649b25" member_type: VOTER last_known_addr { host: "127.21.102.66" port: 37769 } } peers { permanent_uuid: "d13436c462dc4530b0dc18ed72ff4d7c" member_type: VOTER last_known_addr { host: "127.21.102.67" port: 35177 } }
I20260710 13:24:41.330515 23259 consensus_queue.cc:1048] T 5c0e1620483c4dd8b124ac161d51c754 P c95a5323ce184e64aebb552394649b25 [LEADER]: Connected to new peer: Peer: permanent_uuid: "4954f763e15046c8a9726f65add7b3ef" member_type: VOTER last_known_addr { host: "127.21.102.65" port: 41949 }, Status: LMP_MISMATCH, Last received: 0.0, Next index: 1, Last known committed idx: 0, Time since last communication: 0.001s
I20260710 13:24:41.331796 23210 tablet_bootstrap.cc:492] T 0cb344f633ab484188cc4263872261bf P d13436c462dc4530b0dc18ed72ff4d7c: No bootstrap required, opened a new log
I20260710 13:24:41.332427 23210 ts_tablet_manager.cc:1403] T 0cb344f633ab484188cc4263872261bf P d13436c462dc4530b0dc18ed72ff4d7c: Time spent bootstrapping tablet: real 0.021s	user 0.009s	sys 0.000s
I20260710 13:24:41.335788 23210 raft_consensus.cc:359] T 0cb344f633ab484188cc4263872261bf P d13436c462dc4530b0dc18ed72ff4d7c [term 0 FOLLOWER]: Replica starting. Triggering 0 pending ops. Active config: opid_index: -1 OBSOLETE_local: false peers { permanent_uuid: "4954f763e15046c8a9726f65add7b3ef" member_type: VOTER last_known_addr { host: "127.21.102.65" port: 41949 } } peers { permanent_uuid: "c95a5323ce184e64aebb552394649b25" member_type: VOTER last_known_addr { host: "127.21.102.66" port: 37769 } } peers { permanent_uuid: "d13436c462dc4530b0dc18ed72ff4d7c" member_type: VOTER last_known_addr { host: "127.21.102.67" port: 35177 } }
I20260710 13:24:41.336678 23210 raft_consensus.cc:385] T 0cb344f633ab484188cc4263872261bf P d13436c462dc4530b0dc18ed72ff4d7c [term 0 FOLLOWER]: Consensus starting up: Expiring failure detector timer to make a prompt election more likely
I20260710 13:24:41.337064 23210 raft_consensus.cc:740] T 0cb344f633ab484188cc4263872261bf P d13436c462dc4530b0dc18ed72ff4d7c [term 0 FOLLOWER]: Becoming Follower/Learner. State: Replica: d13436c462dc4530b0dc18ed72ff4d7c, State: Initialized, Role: FOLLOWER
I20260710 13:24:41.338101 23210 consensus_queue.cc:260] T 0cb344f633ab484188cc4263872261bf P d13436c462dc4530b0dc18ed72ff4d7c [NON_LEADER]: Queue going to NON_LEADER mode. State: All replicated index: 0, Majority replicated index: 0, Committed index: 0, Last appended: 0.0, Last appended by leader: 0, Current term: 0, Majority size: -1, State: 0, Mode: NON_LEADER, active raft config: opid_index: -1 OBSOLETE_local: false peers { permanent_uuid: "4954f763e15046c8a9726f65add7b3ef" member_type: VOTER last_known_addr { host: "127.21.102.65" port: 41949 } } peers { permanent_uuid: "c95a5323ce184e64aebb552394649b25" member_type: VOTER last_known_addr { host: "127.21.102.66" port: 37769 } } peers { permanent_uuid: "d13436c462dc4530b0dc18ed72ff4d7c" member_type: VOTER last_known_addr { host: "127.21.102.67" port: 35177 } }
I20260710 13:24:41.338769 23096 tablet_service.cc:1917] Received RequestConsensusVote() RPC: tablet_id: "7e656beb16e1469b81a4a40f9806eb01" candidate_uuid: "4954f763e15046c8a9726f65add7b3ef" candidate_term: 1 candidate_status { last_received { term: 0 index: 0 } } ignore_live_leader: false dest_uuid: "c95a5323ce184e64aebb552394649b25" is_pre_election: true
I20260710 13:24:41.339687 23096 raft_consensus.cc:2468] T 7e656beb16e1469b81a4a40f9806eb01 P c95a5323ce184e64aebb552394649b25 [term 0 FOLLOWER]: Leader pre-election vote request: Granting yes vote for candidate 4954f763e15046c8a9726f65add7b3ef in term 0.
I20260710 13:24:41.341315 22986 leader_election.cc:304] T 7e656beb16e1469b81a4a40f9806eb01 P 4954f763e15046c8a9726f65add7b3ef [CANDIDATE]: Term 1 pre-election: Election decided. Result: candidate won. Election summary: received 2 responses out of 3 voters: 2 yes votes; 0 no votes. yes voters: 4954f763e15046c8a9726f65add7b3ef, c95a5323ce184e64aebb552394649b25; no voters: 
I20260710 13:24:41.342561 23217 raft_consensus.cc:2804] T 7e656beb16e1469b81a4a40f9806eb01 P 4954f763e15046c8a9726f65add7b3ef [term 0 FOLLOWER]: Leader pre-election won for term 1
I20260710 13:24:41.343082 23217 raft_consensus.cc:493] T 7e656beb16e1469b81a4a40f9806eb01 P 4954f763e15046c8a9726f65add7b3ef [term 0 FOLLOWER]: Starting leader election (no leader contacted us within the election timeout)
I20260710 13:24:41.343570 23217 raft_consensus.cc:3060] T 7e656beb16e1469b81a4a40f9806eb01 P 4954f763e15046c8a9726f65add7b3ef [term 0 FOLLOWER]: Advancing to term 1
I20260710 13:24:41.351325 23210 ts_tablet_manager.cc:1434] T 0cb344f633ab484188cc4263872261bf P d13436c462dc4530b0dc18ed72ff4d7c: Time spent starting tablet: real 0.019s	user 0.009s	sys 0.000s
I20260710 13:24:41.359526 23259 consensus_queue.cc:1048] T 5c0e1620483c4dd8b124ac161d51c754 P c95a5323ce184e64aebb552394649b25 [LEADER]: Connected to new peer: Peer: permanent_uuid: "d13436c462dc4530b0dc18ed72ff4d7c" member_type: VOTER last_known_addr { host: "127.21.102.67" port: 35177 }, Status: LMP_MISMATCH, Last received: 0.0, Next index: 1, Last known committed idx: 0, Time since last communication: 0.001s
I20260710 13:24:41.368116 23217 raft_consensus.cc:515] T 7e656beb16e1469b81a4a40f9806eb01 P 4954f763e15046c8a9726f65add7b3ef [term 1 FOLLOWER]: Starting leader election with config: opid_index: -1 OBSOLETE_local: false peers { permanent_uuid: "4954f763e15046c8a9726f65add7b3ef" member_type: VOTER last_known_addr { host: "127.21.102.65" port: 41949 } } peers { permanent_uuid: "c95a5323ce184e64aebb552394649b25" member_type: VOTER last_known_addr { host: "127.21.102.66" port: 37769 } } peers { permanent_uuid: "d13436c462dc4530b0dc18ed72ff4d7c" member_type: VOTER last_known_addr { host: "127.21.102.67" port: 35177 } }
I20260710 13:24:41.371182 23210 tablet_bootstrap.cc:492] T 7e656beb16e1469b81a4a40f9806eb01 P d13436c462dc4530b0dc18ed72ff4d7c: Bootstrap starting.
I20260710 13:24:41.392277 23299 raft_consensus.cc:493] T 3d6f700dcbd246f890f28ce092b4713d P 4954f763e15046c8a9726f65add7b3ef [term 0 FOLLOWER]: Starting pre-election (no leader contacted us within the election timeout)
I20260710 13:24:41.392972 23299 raft_consensus.cc:515] T 3d6f700dcbd246f890f28ce092b4713d P 4954f763e15046c8a9726f65add7b3ef [term 0 FOLLOWER]: Starting pre-election with config: opid_index: -1 OBSOLETE_local: false peers { permanent_uuid: "4954f763e15046c8a9726f65add7b3ef" member_type: VOTER last_known_addr { host: "127.21.102.65" port: 41949 } } peers { permanent_uuid: "c95a5323ce184e64aebb552394649b25" member_type: VOTER last_known_addr { host: "127.21.102.66" port: 37769 } } peers { permanent_uuid: "d13436c462dc4530b0dc18ed72ff4d7c" member_type: VOTER last_known_addr { host: "127.21.102.67" port: 35177 } }
I20260710 13:24:41.396227 23236 leader_election.cc:290] T 7e656beb16e1469b81a4a40f9806eb01 P 4954f763e15046c8a9726f65add7b3ef [CANDIDATE]: Term 1 pre-election: Requested pre-vote from peers c95a5323ce184e64aebb552394649b25 (127.21.102.66:37769), d13436c462dc4530b0dc18ed72ff4d7c (127.21.102.67:35177)
I20260710 13:24:41.396540 23170 tablet_service.cc:1917] Received RequestConsensusVote() RPC: tablet_id: "7e656beb16e1469b81a4a40f9806eb01" candidate_uuid: "4954f763e15046c8a9726f65add7b3ef" candidate_term: 1 candidate_status { last_received { term: 0 index: 0 } } ignore_live_leader: false dest_uuid: "d13436c462dc4530b0dc18ed72ff4d7c"
I20260710 13:24:41.399113 23096 tablet_service.cc:1917] Received RequestConsensusVote() RPC: tablet_id: "7e656beb16e1469b81a4a40f9806eb01" candidate_uuid: "4954f763e15046c8a9726f65add7b3ef" candidate_term: 1 candidate_status { last_received { term: 0 index: 0 } } ignore_live_leader: false dest_uuid: "c95a5323ce184e64aebb552394649b25"
I20260710 13:24:41.399708 23096 raft_consensus.cc:3060] T 7e656beb16e1469b81a4a40f9806eb01 P c95a5323ce184e64aebb552394649b25 [term 0 FOLLOWER]: Advancing to term 1
I20260710 13:24:41.402638 23210 tablet_bootstrap.cc:654] T 7e656beb16e1469b81a4a40f9806eb01 P d13436c462dc4530b0dc18ed72ff4d7c: Neither blocks nor log segments found. Creating new log.
I20260710 13:24:41.402663 23168 tablet_service.cc:1917] Received RequestConsensusVote() RPC: tablet_id: "7e656beb16e1469b81a4a40f9806eb01" candidate_uuid: "4954f763e15046c8a9726f65add7b3ef" candidate_term: 1 candidate_status { last_received { term: 0 index: 0 } } ignore_live_leader: false dest_uuid: "d13436c462dc4530b0dc18ed72ff4d7c" is_pre_election: true
I20260710 13:24:41.406348 23095 tablet_service.cc:1917] Received RequestConsensusVote() RPC: tablet_id: "3d6f700dcbd246f890f28ce092b4713d" candidate_uuid: "4954f763e15046c8a9726f65add7b3ef" candidate_term: 1 candidate_status { last_received { term: 0 index: 0 } } ignore_live_leader: false dest_uuid: "c95a5323ce184e64aebb552394649b25" is_pre_election: true
I20260710 13:24:41.408288 23299 leader_election.cc:290] T 3d6f700dcbd246f890f28ce092b4713d P 4954f763e15046c8a9726f65add7b3ef [CANDIDATE]: Term 1 pre-election: Requested pre-vote from peers c95a5323ce184e64aebb552394649b25 (127.21.102.66:37769), d13436c462dc4530b0dc18ed72ff4d7c (127.21.102.67:35177)
I20260710 13:24:41.409996 23260 consensus_queue.cc:1048] T 076785f3d915427b820ebe6d8836bb97 P c95a5323ce184e64aebb552394649b25 [LEADER]: Connected to new peer: Peer: permanent_uuid: "4954f763e15046c8a9726f65add7b3ef" member_type: VOTER last_known_addr { host: "127.21.102.65" port: 41949 }, Status: LMP_MISMATCH, Last received: 0.0, Next index: 1, Last known committed idx: 0, Time since last communication: 0.001s
W20260710 13:24:41.412627 22986 leader_election.cc:343] T 3d6f700dcbd246f890f28ce092b4713d P 4954f763e15046c8a9726f65add7b3ef [CANDIDATE]: Term 1 pre-election: Tablet error from VoteRequest() call to peer c95a5323ce184e64aebb552394649b25 (127.21.102.66:37769): Illegal state: must be running to vote when last-logged opid is not known
W20260710 13:24:41.413745 22987 leader_election.cc:343] T 7e656beb16e1469b81a4a40f9806eb01 P 4954f763e15046c8a9726f65add7b3ef [CANDIDATE]: Term 1 pre-election: Tablet error from VoteRequest() call to peer d13436c462dc4530b0dc18ed72ff4d7c (127.21.102.67:35177): Illegal state: must be running to vote when last-logged opid is not known
W20260710 13:24:41.414824 22987 leader_election.cc:343] T 7e656beb16e1469b81a4a40f9806eb01 P 4954f763e15046c8a9726f65add7b3ef [CANDIDATE]: Term 1 election: Tablet error from VoteRequest() call to peer d13436c462dc4530b0dc18ed72ff4d7c (127.21.102.67:35177): Illegal state: must be running to vote when last-logged opid is not known
I20260710 13:24:41.415724 23299 raft_consensus.cc:493] T 12d3f6b9ee5f42a5808ba45d0b8794a9 P 4954f763e15046c8a9726f65add7b3ef [term 0 FOLLOWER]: Starting pre-election (no leader contacted us within the election timeout)
I20260710 13:24:41.416229 23299 raft_consensus.cc:515] T 12d3f6b9ee5f42a5808ba45d0b8794a9 P 4954f763e15046c8a9726f65add7b3ef [term 0 FOLLOWER]: Starting pre-election with config: opid_index: -1 OBSOLETE_local: false peers { permanent_uuid: "4954f763e15046c8a9726f65add7b3ef" member_type: VOTER last_known_addr { host: "127.21.102.65" port: 41949 } } peers { permanent_uuid: "c95a5323ce184e64aebb552394649b25" member_type: VOTER last_known_addr { host: "127.21.102.66" port: 37769 } } peers { permanent_uuid: "d13436c462dc4530b0dc18ed72ff4d7c" member_type: VOTER last_known_addr { host: "127.21.102.67" port: 35177 } }
I20260710 13:24:41.417718 23217 leader_election.cc:290] T 7e656beb16e1469b81a4a40f9806eb01 P 4954f763e15046c8a9726f65add7b3ef [CANDIDATE]: Term 1 election: Requested vote from peers c95a5323ce184e64aebb552394649b25 (127.21.102.66:37769), d13436c462dc4530b0dc18ed72ff4d7c (127.21.102.67:35177)
I20260710 13:24:41.417846 23216 raft_consensus.cc:493] T 1eb89dab10d34e02beecd652370d0f3e P d13436c462dc4530b0dc18ed72ff4d7c [term 0 FOLLOWER]: Starting pre-election (no leader contacted us within the election timeout)
I20260710 13:24:41.418355 23216 raft_consensus.cc:515] T 1eb89dab10d34e02beecd652370d0f3e P d13436c462dc4530b0dc18ed72ff4d7c [term 0 FOLLOWER]: Starting pre-election with config: opid_index: -1 OBSOLETE_local: false peers { permanent_uuid: "4954f763e15046c8a9726f65add7b3ef" member_type: VOTER last_known_addr { host: "127.21.102.65" port: 41949 } } peers { permanent_uuid: "c95a5323ce184e64aebb552394649b25" member_type: VOTER last_known_addr { host: "127.21.102.66" port: 37769 } } peers { permanent_uuid: "d13436c462dc4530b0dc18ed72ff4d7c" member_type: VOTER last_known_addr { host: "127.21.102.67" port: 35177 } }
I20260710 13:24:41.420248 23170 tablet_service.cc:1917] Received RequestConsensusVote() RPC: tablet_id: "3d6f700dcbd246f890f28ce092b4713d" candidate_uuid: "4954f763e15046c8a9726f65add7b3ef" candidate_term: 1 candidate_status { last_received { term: 0 index: 0 } } ignore_live_leader: false dest_uuid: "d13436c462dc4530b0dc18ed72ff4d7c" is_pre_election: true
I20260710 13:24:41.419799 22916 catalog_manager.cc:5697] T b96446bc13c84059aceaaec6a9b0fc98 P 4954f763e15046c8a9726f65add7b3ef reported cstate change: term changed from 0 to 1, leader changed from <none> to 4954f763e15046c8a9726f65add7b3ef (127.21.102.65). New cstate: current_term: 1 leader_uuid: "4954f763e15046c8a9726f65add7b3ef" committed_config { opid_index: -1 OBSOLETE_local: false peers { permanent_uuid: "4954f763e15046c8a9726f65add7b3ef" member_type: VOTER last_known_addr { host: "127.21.102.65" port: 41949 } health_report { overall_health: HEALTHY } } peers { permanent_uuid: "c95a5323ce184e64aebb552394649b25" member_type: VOTER last_known_addr { host: "127.21.102.66" port: 37769 } health_report { overall_health: UNKNOWN } } peers { permanent_uuid: "d13436c462dc4530b0dc18ed72ff4d7c" member_type: VOTER last_known_addr { host: "127.21.102.67" port: 35177 } health_report { overall_health: UNKNOWN } } }
I20260710 13:24:41.420550 23216 leader_election.cc:290] T 1eb89dab10d34e02beecd652370d0f3e P d13436c462dc4530b0dc18ed72ff4d7c [CANDIDATE]: Term 1 pre-election: Requested pre-vote from peers 4954f763e15046c8a9726f65add7b3ef (127.21.102.65:41949), c95a5323ce184e64aebb552394649b25 (127.21.102.66:37769)
W20260710 13:24:41.421383 22987 leader_election.cc:343] T 3d6f700dcbd246f890f28ce092b4713d P 4954f763e15046c8a9726f65add7b3ef [CANDIDATE]: Term 1 pre-election: Tablet error from VoteRequest() call to peer d13436c462dc4530b0dc18ed72ff4d7c (127.21.102.67:35177): Illegal state: must be running to vote when last-logged opid is not known
I20260710 13:24:41.421837 22987 leader_election.cc:304] T 3d6f700dcbd246f890f28ce092b4713d P 4954f763e15046c8a9726f65add7b3ef [CANDIDATE]: Term 1 pre-election: Election decided. Result: candidate lost. Election summary: received 3 responses out of 3 voters: 1 yes votes; 2 no votes. yes voters: 4954f763e15046c8a9726f65add7b3ef; no voters: c95a5323ce184e64aebb552394649b25, d13436c462dc4530b0dc18ed72ff4d7c
I20260710 13:24:41.422467 23019 tablet_service.cc:1917] Received RequestConsensusVote() RPC: tablet_id: "1eb89dab10d34e02beecd652370d0f3e" candidate_uuid: "d13436c462dc4530b0dc18ed72ff4d7c" candidate_term: 1 candidate_status { last_received { term: 0 index: 0 } } ignore_live_leader: false dest_uuid: "4954f763e15046c8a9726f65add7b3ef" is_pre_election: true
I20260710 13:24:41.422609 23236 raft_consensus.cc:2749] T 3d6f700dcbd246f890f28ce092b4713d P 4954f763e15046c8a9726f65add7b3ef [term 0 FOLLOWER]: Leader pre-election lost for term 1. Reason: could not achieve majority
I20260710 13:24:41.423188 23019 raft_consensus.cc:2468] T 1eb89dab10d34e02beecd652370d0f3e P 4954f763e15046c8a9726f65add7b3ef [term 0 FOLLOWER]: Leader pre-election vote request: Granting yes vote for candidate d13436c462dc4530b0dc18ed72ff4d7c in term 0.
I20260710 13:24:41.424717 23135 leader_election.cc:304] T 1eb89dab10d34e02beecd652370d0f3e P d13436c462dc4530b0dc18ed72ff4d7c [CANDIDATE]: Term 1 pre-election: Election decided. Result: candidate won. Election summary: received 2 responses out of 3 voters: 2 yes votes; 0 no votes. yes voters: 4954f763e15046c8a9726f65add7b3ef, d13436c462dc4530b0dc18ed72ff4d7c; no voters: 
I20260710 13:24:41.431442 23262 raft_consensus.cc:2804] T 1eb89dab10d34e02beecd652370d0f3e P d13436c462dc4530b0dc18ed72ff4d7c [term 0 FOLLOWER]: Leader pre-election won for term 1
I20260710 13:24:41.431917 23262 raft_consensus.cc:493] T 1eb89dab10d34e02beecd652370d0f3e P d13436c462dc4530b0dc18ed72ff4d7c [term 0 FOLLOWER]: Starting leader election (no leader contacted us within the election timeout)
I20260710 13:24:41.432327 23262 raft_consensus.cc:3060] T 1eb89dab10d34e02beecd652370d0f3e P d13436c462dc4530b0dc18ed72ff4d7c [term 0 FOLLOWER]: Advancing to term 1
I20260710 13:24:41.432578 23095 tablet_service.cc:1917] Received RequestConsensusVote() RPC: tablet_id: "1eb89dab10d34e02beecd652370d0f3e" candidate_uuid: "d13436c462dc4530b0dc18ed72ff4d7c" candidate_term: 1 candidate_status { last_received { term: 0 index: 0 } } ignore_live_leader: false dest_uuid: "c95a5323ce184e64aebb552394649b25" is_pre_election: true
I20260710 13:24:41.433229 23095 raft_consensus.cc:2468] T 1eb89dab10d34e02beecd652370d0f3e P c95a5323ce184e64aebb552394649b25 [term 0 FOLLOWER]: Leader pre-election vote request: Granting yes vote for candidate d13436c462dc4530b0dc18ed72ff4d7c in term 0.
I20260710 13:24:41.434274 23232 consensus_queue.cc:1048] T 5da1762966c642d89c288ff5e15fe12f P 4954f763e15046c8a9726f65add7b3ef [LEADER]: Connected to new peer: Peer: permanent_uuid: "d13436c462dc4530b0dc18ed72ff4d7c" member_type: VOTER last_known_addr { host: "127.21.102.67" port: 35177 }, Status: LMP_MISMATCH, Last received: 0.0, Next index: 1, Last known committed idx: 0, Time since last communication: 0.001s
I20260710 13:24:41.437178 23170 tablet_service.cc:1917] Received RequestConsensusVote() RPC: tablet_id: "12d3f6b9ee5f42a5808ba45d0b8794a9" candidate_uuid: "4954f763e15046c8a9726f65add7b3ef" candidate_term: 1 candidate_status { last_received { term: 0 index: 0 } } ignore_live_leader: false dest_uuid: "d13436c462dc4530b0dc18ed72ff4d7c" is_pre_election: true
W20260710 13:24:41.445173 22987 leader_election.cc:343] T 12d3f6b9ee5f42a5808ba45d0b8794a9 P 4954f763e15046c8a9726f65add7b3ef [CANDIDATE]: Term 1 pre-election: Tablet error from VoteRequest() call to peer d13436c462dc4530b0dc18ed72ff4d7c (127.21.102.67:35177): Illegal state: must be running to vote when last-logged opid is not known
I20260710 13:24:41.446071 23095 tablet_service.cc:1917] Received RequestConsensusVote() RPC: tablet_id: "12d3f6b9ee5f42a5808ba45d0b8794a9" candidate_uuid: "4954f763e15046c8a9726f65add7b3ef" candidate_term: 1 candidate_status { last_received { term: 0 index: 0 } } ignore_live_leader: false dest_uuid: "c95a5323ce184e64aebb552394649b25" is_pre_election: true
I20260710 13:24:41.451817 23216 consensus_queue.cc:1048] T ed5c0304f4ca44d09a14d5f2411cdc43 P d13436c462dc4530b0dc18ed72ff4d7c [LEADER]: Connected to new peer: Peer: permanent_uuid: "4954f763e15046c8a9726f65add7b3ef" member_type: VOTER last_known_addr { host: "127.21.102.65" port: 41949 }, Status: LMP_MISMATCH, Last received: 0.0, Next index: 1, Last known committed idx: 0, Time since last communication: 0.000s
I20260710 13:24:41.453756 23212 tablet_bootstrap.cc:492] T f2dae3a1b9684a7f9fbc570377af1e28 P 4954f763e15046c8a9726f65add7b3ef: No bootstrap required, opened a new log
I20260710 13:24:41.454245 23212 ts_tablet_manager.cc:1403] T f2dae3a1b9684a7f9fbc570377af1e28 P 4954f763e15046c8a9726f65add7b3ef: Time spent bootstrapping tablet: real 0.192s	user 0.040s	sys 0.066s
I20260710 13:24:41.454195 23095 raft_consensus.cc:3060] T 6f709b27889644d2ab0a6e5e6256803b P c95a5323ce184e64aebb552394649b25 [term 0 FOLLOWER]: Advancing to term 1
W20260710 13:24:41.454783 22986 leader_election.cc:343] T 12d3f6b9ee5f42a5808ba45d0b8794a9 P 4954f763e15046c8a9726f65add7b3ef [CANDIDATE]: Term 1 pre-election: Tablet error from VoteRequest() call to peer c95a5323ce184e64aebb552394649b25 (127.21.102.66:37769): Illegal state: must be running to vote when last-logged opid is not known
I20260710 13:24:41.442548 23096 raft_consensus.cc:2468] T 7e656beb16e1469b81a4a40f9806eb01 P c95a5323ce184e64aebb552394649b25 [term 1 FOLLOWER]: Leader election vote request: Granting yes vote for candidate 4954f763e15046c8a9726f65add7b3ef in term 1.
I20260710 13:24:41.456248 23217 consensus_queue.cc:1048] T 5da1762966c642d89c288ff5e15fe12f P 4954f763e15046c8a9726f65add7b3ef [LEADER]: Connected to new peer: Peer: permanent_uuid: "c95a5323ce184e64aebb552394649b25" member_type: VOTER last_known_addr { host: "127.21.102.66" port: 37769 }, Status: LMP_MISMATCH, Last received: 0.0, Next index: 1, Last known committed idx: 0, Time since last communication: 0.001s
I20260710 13:24:41.455911 23260 raft_consensus.cc:493] T 8602bede587c4743af3d2b6329defc61 P c95a5323ce184e64aebb552394649b25 [term 0 FOLLOWER]: Starting pre-election (no leader contacted us within the election timeout)
I20260710 13:24:41.457335 23260 raft_consensus.cc:515] T 8602bede587c4743af3d2b6329defc61 P c95a5323ce184e64aebb552394649b25 [term 0 FOLLOWER]: Starting pre-election with config: opid_index: -1 OBSOLETE_local: false peers { permanent_uuid: "4954f763e15046c8a9726f65add7b3ef" member_type: VOTER last_known_addr { host: "127.21.102.65" port: 41949 } } peers { permanent_uuid: "c95a5323ce184e64aebb552394649b25" member_type: VOTER last_known_addr { host: "127.21.102.66" port: 37769 } } peers { permanent_uuid: "d13436c462dc4530b0dc18ed72ff4d7c" member_type: VOTER last_known_addr { host: "127.21.102.67" port: 35177 } }
I20260710 13:24:41.459267 22986 leader_election.cc:304] T 12d3f6b9ee5f42a5808ba45d0b8794a9 P 4954f763e15046c8a9726f65add7b3ef [CANDIDATE]: Term 1 pre-election: Election decided. Result: candidate lost. Election summary: received 3 responses out of 3 voters: 1 yes votes; 2 no votes. yes voters: 4954f763e15046c8a9726f65add7b3ef; no voters: c95a5323ce184e64aebb552394649b25, d13436c462dc4530b0dc18ed72ff4d7c
I20260710 13:24:41.460323 23170 tablet_service.cc:1917] Received RequestConsensusVote() RPC: tablet_id: "8602bede587c4743af3d2b6329defc61" candidate_uuid: "c95a5323ce184e64aebb552394649b25" candidate_term: 1 candidate_status { last_received { term: 0 index: 0 } } ignore_live_leader: false dest_uuid: "d13436c462dc4530b0dc18ed72ff4d7c" is_pre_election: true
I20260710 13:24:41.461035 23236 raft_consensus.cc:2749] T 12d3f6b9ee5f42a5808ba45d0b8794a9 P 4954f763e15046c8a9726f65add7b3ef [term 0 FOLLOWER]: Leader pre-election lost for term 1. Reason: could not achieve majority
I20260710 13:24:41.443876 23299 leader_election.cc:290] T 12d3f6b9ee5f42a5808ba45d0b8794a9 P 4954f763e15046c8a9726f65add7b3ef [CANDIDATE]: Term 1 pre-election: Requested pre-vote from peers c95a5323ce184e64aebb552394649b25 (127.21.102.66:37769), d13436c462dc4530b0dc18ed72ff4d7c (127.21.102.67:35177)
I20260710 13:24:41.466874 23018 tablet_service.cc:1917] Received RequestConsensusVote() RPC: tablet_id: "8602bede587c4743af3d2b6329defc61" candidate_uuid: "c95a5323ce184e64aebb552394649b25" candidate_term: 1 candidate_status { last_received { term: 0 index: 0 } } ignore_live_leader: false dest_uuid: "4954f763e15046c8a9726f65add7b3ef" is_pre_election: true
I20260710 13:24:41.470850 22986 leader_election.cc:304] T 7e656beb16e1469b81a4a40f9806eb01 P 4954f763e15046c8a9726f65add7b3ef [CANDIDATE]: Term 1 election: Election decided. Result: candidate won. Election summary: received 3 responses out of 3 voters: 2 yes votes; 1 no votes. yes voters: 4954f763e15046c8a9726f65add7b3ef, c95a5323ce184e64aebb552394649b25; no voters: d13436c462dc4530b0dc18ed72ff4d7c
I20260710 13:24:41.471660 23018 raft_consensus.cc:2393] T 8602bede587c4743af3d2b6329defc61 P 4954f763e15046c8a9726f65add7b3ef [term 1 FOLLOWER]: Leader pre-election vote request: Denying vote to candidate c95a5323ce184e64aebb552394649b25 in current term 1: Already voted for candidate d13436c462dc4530b0dc18ed72ff4d7c in this term.
I20260710 13:24:41.472000 23217 raft_consensus.cc:2804] T 7e656beb16e1469b81a4a40f9806eb01 P 4954f763e15046c8a9726f65add7b3ef [term 1 FOLLOWER]: Leader election won for term 1
I20260710 13:24:41.474432 23217 raft_consensus.cc:697] T 7e656beb16e1469b81a4a40f9806eb01 P 4954f763e15046c8a9726f65add7b3ef [term 1 LEADER]: Becoming Leader. State: Replica: 4954f763e15046c8a9726f65add7b3ef, State: Running, Role: LEADER
I20260710 13:24:41.474745 23061 leader_election.cc:304] T 8602bede587c4743af3d2b6329defc61 P c95a5323ce184e64aebb552394649b25 [CANDIDATE]: Term 1 pre-election: Election decided. Result: candidate lost. Election summary: received 3 responses out of 3 voters: 1 yes votes; 2 no votes. yes voters: c95a5323ce184e64aebb552394649b25; no voters: 4954f763e15046c8a9726f65add7b3ef, d13436c462dc4530b0dc18ed72ff4d7c
I20260710 13:24:41.475804 23228 raft_consensus.cc:3060] T 8602bede587c4743af3d2b6329defc61 P c95a5323ce184e64aebb552394649b25 [term 0 FOLLOWER]: Advancing to term 1
I20260710 13:24:41.465802 23260 leader_election.cc:290] T 8602bede587c4743af3d2b6329defc61 P c95a5323ce184e64aebb552394649b25 [CANDIDATE]: Term 1 pre-election: Requested pre-vote from peers 4954f763e15046c8a9726f65add7b3ef (127.21.102.65:41949), d13436c462dc4530b0dc18ed72ff4d7c (127.21.102.67:35177)
I20260710 13:24:41.476729 23217 consensus_queue.cc:237] T 7e656beb16e1469b81a4a40f9806eb01 P 4954f763e15046c8a9726f65add7b3ef [LEADER]: Queue going to LEADER mode. State: All replicated index: 0, Majority replicated index: 0, Committed index: 0, Last appended: 0.0, Last appended by leader: 0, Current term: 1, Majority size: 2, State: 0, Mode: LEADER, active raft config: opid_index: -1 OBSOLETE_local: false peers { permanent_uuid: "4954f763e15046c8a9726f65add7b3ef" member_type: VOTER last_known_addr { host: "127.21.102.65" port: 41949 } } peers { permanent_uuid: "c95a5323ce184e64aebb552394649b25" member_type: VOTER last_known_addr { host: "127.21.102.66" port: 37769 } } peers { permanent_uuid: "d13436c462dc4530b0dc18ed72ff4d7c" member_type: VOTER last_known_addr { host: "127.21.102.67" port: 35177 } }
I20260710 13:24:41.485718 23228 raft_consensus.cc:2749] T 8602bede587c4743af3d2b6329defc61 P c95a5323ce184e64aebb552394649b25 [term 1 FOLLOWER]: Leader pre-election lost for term 1. Reason: could not achieve majority
I20260710 13:24:41.468585 23262 raft_consensus.cc:515] T 1eb89dab10d34e02beecd652370d0f3e P d13436c462dc4530b0dc18ed72ff4d7c [term 1 FOLLOWER]: Starting leader election with config: opid_index: -1 OBSOLETE_local: false peers { permanent_uuid: "4954f763e15046c8a9726f65add7b3ef" member_type: VOTER last_known_addr { host: "127.21.102.65" port: 41949 } } peers { permanent_uuid: "c95a5323ce184e64aebb552394649b25" member_type: VOTER last_known_addr { host: "127.21.102.66" port: 37769 } } peers { permanent_uuid: "d13436c462dc4530b0dc18ed72ff4d7c" member_type: VOTER last_known_addr { host: "127.21.102.67" port: 35177 } }
I20260710 13:24:41.489329 23213 tablet_bootstrap.cc:492] T ddf4fa84f90541a0bfa744999525efb0 P c95a5323ce184e64aebb552394649b25: No bootstrap required, opened a new log
I20260710 13:24:41.489704 23210 tablet_bootstrap.cc:492] T 7e656beb16e1469b81a4a40f9806eb01 P d13436c462dc4530b0dc18ed72ff4d7c: No bootstrap required, opened a new log
I20260710 13:24:41.489802 23213 ts_tablet_manager.cc:1403] T ddf4fa84f90541a0bfa744999525efb0 P c95a5323ce184e64aebb552394649b25: Time spent bootstrapping tablet: real 0.208s	user 0.046s	sys 0.071s
I20260710 13:24:41.490350 23210 ts_tablet_manager.cc:1403] T 7e656beb16e1469b81a4a40f9806eb01 P d13436c462dc4530b0dc18ed72ff4d7c: Time spent bootstrapping tablet: real 0.119s	user 0.016s	sys 0.007s
I20260710 13:24:41.491497 23018 tablet_service.cc:1917] Received RequestConsensusVote() RPC: tablet_id: "1eb89dab10d34e02beecd652370d0f3e" candidate_uuid: "d13436c462dc4530b0dc18ed72ff4d7c" candidate_term: 1 candidate_status { last_received { term: 0 index: 0 } } ignore_live_leader: false dest_uuid: "4954f763e15046c8a9726f65add7b3ef"
I20260710 13:24:41.492178 23018 raft_consensus.cc:3060] T 1eb89dab10d34e02beecd652370d0f3e P 4954f763e15046c8a9726f65add7b3ef [term 0 FOLLOWER]: Advancing to term 1
I20260710 13:24:41.495859 23210 raft_consensus.cc:359] T 7e656beb16e1469b81a4a40f9806eb01 P d13436c462dc4530b0dc18ed72ff4d7c [term 0 FOLLOWER]: Replica starting. Triggering 0 pending ops. Active config: opid_index: -1 OBSOLETE_local: false peers { permanent_uuid: "4954f763e15046c8a9726f65add7b3ef" member_type: VOTER last_known_addr { host: "127.21.102.65" port: 41949 } } peers { permanent_uuid: "c95a5323ce184e64aebb552394649b25" member_type: VOTER last_known_addr { host: "127.21.102.66" port: 37769 } } peers { permanent_uuid: "d13436c462dc4530b0dc18ed72ff4d7c" member_type: VOTER last_known_addr { host: "127.21.102.67" port: 35177 } }
I20260710 13:24:41.496449 23213 raft_consensus.cc:359] T ddf4fa84f90541a0bfa744999525efb0 P c95a5323ce184e64aebb552394649b25 [term 0 FOLLOWER]: Replica starting. Triggering 0 pending ops. Active config: opid_index: -1 OBSOLETE_local: false peers { permanent_uuid: "4954f763e15046c8a9726f65add7b3ef" member_type: VOTER last_known_addr { host: "127.21.102.65" port: 41949 } } peers { permanent_uuid: "c95a5323ce184e64aebb552394649b25" member_type: VOTER last_known_addr { host: "127.21.102.66" port: 37769 } } peers { permanent_uuid: "d13436c462dc4530b0dc18ed72ff4d7c" member_type: VOTER last_known_addr { host: "127.21.102.67" port: 35177 } }
I20260710 13:24:41.496948 23210 raft_consensus.cc:385] T 7e656beb16e1469b81a4a40f9806eb01 P d13436c462dc4530b0dc18ed72ff4d7c [term 0 FOLLOWER]: Consensus starting up: Expiring failure detector timer to make a prompt election more likely
I20260710 13:24:41.497185 23213 raft_consensus.cc:385] T ddf4fa84f90541a0bfa744999525efb0 P c95a5323ce184e64aebb552394649b25 [term 0 FOLLOWER]: Consensus starting up: Expiring failure detector timer to make a prompt election more likely
I20260710 13:24:41.497538 23210 raft_consensus.cc:740] T 7e656beb16e1469b81a4a40f9806eb01 P d13436c462dc4530b0dc18ed72ff4d7c [term 0 FOLLOWER]: Becoming Follower/Learner. State: Replica: d13436c462dc4530b0dc18ed72ff4d7c, State: Initialized, Role: FOLLOWER
I20260710 13:24:41.498389 23210 consensus_queue.cc:260] T 7e656beb16e1469b81a4a40f9806eb01 P d13436c462dc4530b0dc18ed72ff4d7c [NON_LEADER]: Queue going to NON_LEADER mode. State: All replicated index: 0, Majority replicated index: 0, Committed index: 0, Last appended: 0.0, Last appended by leader: 0, Current term: 0, Majority size: -1, State: 0, Mode: NON_LEADER, active raft config: opid_index: -1 OBSOLETE_local: false peers { permanent_uuid: "4954f763e15046c8a9726f65add7b3ef" member_type: VOTER last_known_addr { host: "127.21.102.65" port: 41949 } } peers { permanent_uuid: "c95a5323ce184e64aebb552394649b25" member_type: VOTER last_known_addr { host: "127.21.102.66" port: 37769 } } peers { permanent_uuid: "d13436c462dc4530b0dc18ed72ff4d7c" member_type: VOTER last_known_addr { host: "127.21.102.67" port: 35177 } }
I20260710 13:24:41.497565 23213 raft_consensus.cc:740] T ddf4fa84f90541a0bfa744999525efb0 P c95a5323ce184e64aebb552394649b25 [term 0 FOLLOWER]: Becoming Follower/Learner. State: Replica: c95a5323ce184e64aebb552394649b25, State: Initialized, Role: FOLLOWER
I20260710 13:24:41.499750 23213 consensus_queue.cc:260] T ddf4fa84f90541a0bfa744999525efb0 P c95a5323ce184e64aebb552394649b25 [NON_LEADER]: Queue going to NON_LEADER mode. State: All replicated index: 0, Majority replicated index: 0, Committed index: 0, Last appended: 0.0, Last appended by leader: 0, Current term: 0, Majority size: -1, State: 0, Mode: NON_LEADER, active raft config: opid_index: -1 OBSOLETE_local: false peers { permanent_uuid: "4954f763e15046c8a9726f65add7b3ef" member_type: VOTER last_known_addr { host: "127.21.102.65" port: 41949 } } peers { permanent_uuid: "c95a5323ce184e64aebb552394649b25" member_type: VOTER last_known_addr { host: "127.21.102.66" port: 37769 } } peers { permanent_uuid: "d13436c462dc4530b0dc18ed72ff4d7c" member_type: VOTER last_known_addr { host: "127.21.102.67" port: 35177 } }
I20260710 13:24:41.501384 23299 consensus_queue.cc:1048] T ddf4fa84f90541a0bfa744999525efb0 P 4954f763e15046c8a9726f65add7b3ef [LEADER]: Connected to new peer: Peer: permanent_uuid: "d13436c462dc4530b0dc18ed72ff4d7c" member_type: VOTER last_known_addr { host: "127.21.102.67" port: 35177 }, Status: LMP_MISMATCH, Last received: 0.0, Next index: 1, Last known committed idx: 0, Time since last communication: 0.000s
I20260710 13:24:41.501756 23213 ts_tablet_manager.cc:1434] T ddf4fa84f90541a0bfa744999525efb0 P c95a5323ce184e64aebb552394649b25: Time spent starting tablet: real 0.012s	user 0.006s	sys 0.002s
I20260710 13:24:41.502323 23018 raft_consensus.cc:2468] T 1eb89dab10d34e02beecd652370d0f3e P 4954f763e15046c8a9726f65add7b3ef [term 1 FOLLOWER]: Leader election vote request: Granting yes vote for candidate d13436c462dc4530b0dc18ed72ff4d7c in term 1.
I20260710 13:24:41.502805 23213 tablet_bootstrap.cc:492] T a369c82565c54430a9d5368c2c982295 P c95a5323ce184e64aebb552394649b25: Bootstrap starting.
I20260710 13:24:41.504066 23135 leader_election.cc:304] T 1eb89dab10d34e02beecd652370d0f3e P d13436c462dc4530b0dc18ed72ff4d7c [CANDIDATE]: Term 1 election: Election decided. Result: candidate won. Election summary: received 2 responses out of 3 voters: 2 yes votes; 0 no votes. yes voters: 4954f763e15046c8a9726f65add7b3ef, d13436c462dc4530b0dc18ed72ff4d7c; no voters: 
I20260710 13:24:41.498688 23212 raft_consensus.cc:359] T f2dae3a1b9684a7f9fbc570377af1e28 P 4954f763e15046c8a9726f65add7b3ef [term 0 FOLLOWER]: Replica starting. Triggering 0 pending ops. Active config: opid_index: -1 OBSOLETE_local: false peers { permanent_uuid: "4954f763e15046c8a9726f65add7b3ef" member_type: VOTER last_known_addr { host: "127.21.102.65" port: 41949 } } peers { permanent_uuid: "c95a5323ce184e64aebb552394649b25" member_type: VOTER last_known_addr { host: "127.21.102.66" port: 37769 } } peers { permanent_uuid: "d13436c462dc4530b0dc18ed72ff4d7c" member_type: VOTER last_known_addr { host: "127.21.102.67" port: 35177 } }
I20260710 13:24:41.507352 23212 raft_consensus.cc:385] T f2dae3a1b9684a7f9fbc570377af1e28 P 4954f763e15046c8a9726f65add7b3ef [term 0 FOLLOWER]: Consensus starting up: Expiring failure detector timer to make a prompt election more likely
I20260710 13:24:41.507656 23212 raft_consensus.cc:740] T f2dae3a1b9684a7f9fbc570377af1e28 P 4954f763e15046c8a9726f65add7b3ef [term 0 FOLLOWER]: Becoming Follower/Learner. State: Replica: 4954f763e15046c8a9726f65add7b3ef, State: Initialized, Role: FOLLOWER
I20260710 13:24:41.508375 23212 consensus_queue.cc:260] T f2dae3a1b9684a7f9fbc570377af1e28 P 4954f763e15046c8a9726f65add7b3ef [NON_LEADER]: Queue going to NON_LEADER mode. State: All replicated index: 0, Majority replicated index: 0, Committed index: 0, Last appended: 0.0, Last appended by leader: 0, Current term: 0, Majority size: -1, State: 0, Mode: NON_LEADER, active raft config: opid_index: -1 OBSOLETE_local: false peers { permanent_uuid: "4954f763e15046c8a9726f65add7b3ef" member_type: VOTER last_known_addr { host: "127.21.102.65" port: 41949 } } peers { permanent_uuid: "c95a5323ce184e64aebb552394649b25" member_type: VOTER last_known_addr { host: "127.21.102.66" port: 37769 } } peers { permanent_uuid: "d13436c462dc4530b0dc18ed72ff4d7c" member_type: VOTER last_known_addr { host: "127.21.102.67" port: 35177 } }
I20260710 13:24:41.510043 23212 ts_tablet_manager.cc:1434] T f2dae3a1b9684a7f9fbc570377af1e28 P 4954f763e15046c8a9726f65add7b3ef: Time spent starting tablet: real 0.055s	user 0.006s	sys 0.000s
I20260710 13:24:41.509171 23215 consensus_queue.cc:1048] T ed5c0304f4ca44d09a14d5f2411cdc43 P d13436c462dc4530b0dc18ed72ff4d7c [LEADER]: Connected to new peer: Peer: permanent_uuid: "c95a5323ce184e64aebb552394649b25" member_type: VOTER last_known_addr { host: "127.21.102.66" port: 37769 }, Status: LMP_MISMATCH, Last received: 0.0, Next index: 1, Last known committed idx: 0, Time since last communication: 0.011s
I20260710 13:24:41.525362 23262 leader_election.cc:290] T 1eb89dab10d34e02beecd652370d0f3e P d13436c462dc4530b0dc18ed72ff4d7c [CANDIDATE]: Term 1 election: Requested vote from peers 4954f763e15046c8a9726f65add7b3ef (127.21.102.65:41949), c95a5323ce184e64aebb552394649b25 (127.21.102.66:37769)
I20260710 13:24:41.518714 23216 raft_consensus.cc:2804] T 1eb89dab10d34e02beecd652370d0f3e P d13436c462dc4530b0dc18ed72ff4d7c [term 1 FOLLOWER]: Leader election won for term 1
I20260710 13:24:41.537626 23212 tablet_bootstrap.cc:492] T 1baa6b92557a4c9ab7dbf7edaefc2150 P 4954f763e15046c8a9726f65add7b3ef: Bootstrap starting.
I20260710 13:24:41.540314 23228 consensus_queue.cc:1048] T 076785f3d915427b820ebe6d8836bb97 P c95a5323ce184e64aebb552394649b25 [LEADER]: Connected to new peer: Peer: permanent_uuid: "d13436c462dc4530b0dc18ed72ff4d7c" member_type: VOTER last_known_addr { host: "127.21.102.67" port: 35177 }, Status: LMP_MISMATCH, Last received: 0.0, Next index: 1, Last known committed idx: 0, Time since last communication: 0.000s
I20260710 13:24:41.541442 23213 tablet_bootstrap.cc:654] T a369c82565c54430a9d5368c2c982295 P c95a5323ce184e64aebb552394649b25: Neither blocks nor log segments found. Creating new log.
I20260710 13:24:41.528775 23216 raft_consensus.cc:697] T 1eb89dab10d34e02beecd652370d0f3e P d13436c462dc4530b0dc18ed72ff4d7c [term 1 LEADER]: Becoming Leader. State: Replica: d13436c462dc4530b0dc18ed72ff4d7c, State: Running, Role: LEADER
I20260710 13:24:41.548159 23216 consensus_queue.cc:237] T 1eb89dab10d34e02beecd652370d0f3e P d13436c462dc4530b0dc18ed72ff4d7c [LEADER]: Queue going to LEADER mode. State: All replicated index: 0, Majority replicated index: 0, Committed index: 0, Last appended: 0.0, Last appended by leader: 0, Current term: 1, Majority size: 2, State: 0, Mode: LEADER, active raft config: opid_index: -1 OBSOLETE_local: false peers { permanent_uuid: "4954f763e15046c8a9726f65add7b3ef" member_type: VOTER last_known_addr { host: "127.21.102.65" port: 41949 } } peers { permanent_uuid: "c95a5323ce184e64aebb552394649b25" member_type: VOTER last_known_addr { host: "127.21.102.66" port: 37769 } } peers { permanent_uuid: "d13436c462dc4530b0dc18ed72ff4d7c" member_type: VOTER last_known_addr { host: "127.21.102.67" port: 35177 } }
I20260710 13:24:41.549062 23215 raft_consensus.cc:493] T 9477d65100194c3d9aa4663bfcb8811f P d13436c462dc4530b0dc18ed72ff4d7c [term 0 FOLLOWER]: Starting pre-election (no leader contacted us within the election timeout)
I20260710 13:24:41.549775 23215 raft_consensus.cc:515] T 9477d65100194c3d9aa4663bfcb8811f P d13436c462dc4530b0dc18ed72ff4d7c [term 0 FOLLOWER]: Starting pre-election with config: opid_index: -1 OBSOLETE_local: false peers { permanent_uuid: "4954f763e15046c8a9726f65add7b3ef" member_type: VOTER last_known_addr { host: "127.21.102.65" port: 41949 } } peers { permanent_uuid: "c95a5323ce184e64aebb552394649b25" member_type: VOTER last_known_addr { host: "127.21.102.66" port: 37769 } } peers { permanent_uuid: "d13436c462dc4530b0dc18ed72ff4d7c" member_type: VOTER last_known_addr { host: "127.21.102.67" port: 35177 } }
I20260710 13:24:41.549088 23096 raft_consensus.cc:3060] T ddf4fa84f90541a0bfa744999525efb0 P c95a5323ce184e64aebb552394649b25 [term 0 FOLLOWER]: Advancing to term 1
I20260710 13:24:41.556114 23215 leader_election.cc:290] T 9477d65100194c3d9aa4663bfcb8811f P d13436c462dc4530b0dc18ed72ff4d7c [CANDIDATE]: Term 1 pre-election: Requested pre-vote from peers 4954f763e15046c8a9726f65add7b3ef (127.21.102.65:41949), c95a5323ce184e64aebb552394649b25 (127.21.102.66:37769)
I20260710 13:24:41.573239 23212 tablet_bootstrap.cc:654] T 1baa6b92557a4c9ab7dbf7edaefc2150 P 4954f763e15046c8a9726f65add7b3ef: Neither blocks nor log segments found. Creating new log.
I20260710 13:24:41.597985 23299 consensus_queue.cc:1048] T ddf4fa84f90541a0bfa744999525efb0 P 4954f763e15046c8a9726f65add7b3ef [LEADER]: Connected to new peer: Peer: permanent_uuid: "c95a5323ce184e64aebb552394649b25" member_type: VOTER last_known_addr { host: "127.21.102.66" port: 37769 }, Status: LMP_MISMATCH, Last received: 0.0, Next index: 1, Last known committed idx: 0, Time since last communication: 0.001s
I20260710 13:24:41.624089 23232 raft_consensus.cc:493] T 0cb344f633ab484188cc4263872261bf P 4954f763e15046c8a9726f65add7b3ef [term 0 FOLLOWER]: Starting pre-election (no leader contacted us within the election timeout)
I20260710 13:24:41.629792 23260 consensus_queue.cc:1048] T 12810789164341eba127efa47b70e48c P c95a5323ce184e64aebb552394649b25 [LEADER]: Connected to new peer: Peer: permanent_uuid: "d13436c462dc4530b0dc18ed72ff4d7c" member_type: VOTER last_known_addr { host: "127.21.102.67" port: 35177 }, Status: LMP_MISMATCH, Last received: 0.0, Next index: 1, Last known committed idx: 0, Time since last communication: 0.001s
I20260710 13:24:41.629864 23232 raft_consensus.cc:515] T 0cb344f633ab484188cc4263872261bf P 4954f763e15046c8a9726f65add7b3ef [term 0 FOLLOWER]: Starting pre-election with config: opid_index: -1 OBSOLETE_local: false peers { permanent_uuid: "4954f763e15046c8a9726f65add7b3ef" member_type: VOTER last_known_addr { host: "127.21.102.65" port: 41949 } } peers { permanent_uuid: "c95a5323ce184e64aebb552394649b25" member_type: VOTER last_known_addr { host: "127.21.102.66" port: 37769 } } peers { permanent_uuid: "d13436c462dc4530b0dc18ed72ff4d7c" member_type: VOTER last_known_addr { host: "127.21.102.67" port: 35177 } }
I20260710 13:24:41.638558 23232 leader_election.cc:290] T 0cb344f633ab484188cc4263872261bf P 4954f763e15046c8a9726f65add7b3ef [CANDIDATE]: Term 1 pre-election: Requested pre-vote from peers c95a5323ce184e64aebb552394649b25 (127.21.102.66:37769), d13436c462dc4530b0dc18ed72ff4d7c (127.21.102.67:35177)
I20260710 13:24:41.651821 23168 tablet_service.cc:1917] Received RequestConsensusVote() RPC: tablet_id: "0cb344f633ab484188cc4263872261bf" candidate_uuid: "4954f763e15046c8a9726f65add7b3ef" candidate_term: 1 candidate_status { last_received { term: 0 index: 0 } } ignore_live_leader: false dest_uuid: "d13436c462dc4530b0dc18ed72ff4d7c" is_pre_election: true
I20260710 13:24:41.653798 23168 raft_consensus.cc:2468] T 0cb344f633ab484188cc4263872261bf P d13436c462dc4530b0dc18ed72ff4d7c [term 0 FOLLOWER]: Leader pre-election vote request: Granting yes vote for candidate 4954f763e15046c8a9726f65add7b3ef in term 0.
I20260710 13:24:41.654670 23217 raft_consensus.cc:493] T f2dae3a1b9684a7f9fbc570377af1e28 P 4954f763e15046c8a9726f65add7b3ef [term 0 FOLLOWER]: Starting pre-election (no leader contacted us within the election timeout)
I20260710 13:24:41.655210 23217 raft_consensus.cc:515] T f2dae3a1b9684a7f9fbc570377af1e28 P 4954f763e15046c8a9726f65add7b3ef [term 0 FOLLOWER]: Starting pre-election with config: opid_index: -1 OBSOLETE_local: false peers { permanent_uuid: "4954f763e15046c8a9726f65add7b3ef" member_type: VOTER last_known_addr { host: "127.21.102.65" port: 41949 } } peers { permanent_uuid: "c95a5323ce184e64aebb552394649b25" member_type: VOTER last_known_addr { host: "127.21.102.66" port: 37769 } } peers { permanent_uuid: "d13436c462dc4530b0dc18ed72ff4d7c" member_type: VOTER last_known_addr { host: "127.21.102.67" port: 35177 } }
I20260710 13:24:41.678022 23210 ts_tablet_manager.cc:1434] T 7e656beb16e1469b81a4a40f9806eb01 P d13436c462dc4530b0dc18ed72ff4d7c: Time spent starting tablet: real 0.187s	user 0.082s	sys 0.063s
I20260710 13:24:41.678808 23210 tablet_bootstrap.cc:492] T 3d6f700dcbd246f890f28ce092b4713d P d13436c462dc4530b0dc18ed72ff4d7c: Bootstrap starting.
I20260710 13:24:41.671872 22987 leader_election.cc:304] T 0cb344f633ab484188cc4263872261bf P 4954f763e15046c8a9726f65add7b3ef [CANDIDATE]: Term 1 pre-election: Election decided. Result: candidate won. Election summary: received 2 responses out of 3 voters: 2 yes votes; 0 no votes. yes voters: 4954f763e15046c8a9726f65add7b3ef, d13436c462dc4530b0dc18ed72ff4d7c; no voters: 
I20260710 13:24:41.680181 23094 tablet_service.cc:1917] Received RequestConsensusVote() RPC: tablet_id: "0cb344f633ab484188cc4263872261bf" candidate_uuid: "4954f763e15046c8a9726f65add7b3ef" candidate_term: 1 candidate_status { last_received { term: 0 index: 0 } } ignore_live_leader: false dest_uuid: "c95a5323ce184e64aebb552394649b25" is_pre_election: true
W20260710 13:24:41.668440 23135 outbound_call.cc:321] RPC callback for RPC call kudu.consensus.ConsensusService.RequestConsensusVote -> {remote=127.21.102.65:41949, user_credentials={real_user=slave}} blocked reactor thread for 164463us
I20260710 13:24:41.686340 23217 leader_election.cc:290] T f2dae3a1b9684a7f9fbc570377af1e28 P 4954f763e15046c8a9726f65add7b3ef [CANDIDATE]: Term 1 pre-election: Requested pre-vote from peers c95a5323ce184e64aebb552394649b25 (127.21.102.66:37769), d13436c462dc4530b0dc18ed72ff4d7c (127.21.102.67:35177)
I20260710 13:24:41.688900 23093 tablet_service.cc:1917] Received RequestConsensusVote() RPC: tablet_id: "f2dae3a1b9684a7f9fbc570377af1e28" candidate_uuid: "4954f763e15046c8a9726f65add7b3ef" candidate_term: 1 candidate_status { last_received { term: 0 index: 0 } } ignore_live_leader: false dest_uuid: "c95a5323ce184e64aebb552394649b25" is_pre_election: true
I20260710 13:24:41.691226 23212 tablet_bootstrap.cc:492] T 1baa6b92557a4c9ab7dbf7edaefc2150 P 4954f763e15046c8a9726f65add7b3ef: No bootstrap required, opened a new log
I20260710 13:24:41.691689 23212 ts_tablet_manager.cc:1403] T 1baa6b92557a4c9ab7dbf7edaefc2150 P 4954f763e15046c8a9726f65add7b3ef: Time spent bootstrapping tablet: real 0.154s	user 0.023s	sys 0.001s
W20260710 13:24:41.694840 22986 leader_election.cc:343] T f2dae3a1b9684a7f9fbc570377af1e28 P 4954f763e15046c8a9726f65add7b3ef [CANDIDATE]: Term 1 pre-election: Tablet error from VoteRequest() call to peer c95a5323ce184e64aebb552394649b25 (127.21.102.66:37769): Illegal state: must be running to vote when last-logged opid is not known
