I20260710 13:24:35.398420 28438 consensus_queue.cc:260] T dd513d45a6984010a7a7f0fb2eff262a P 38ffc3fe7a084ac7a6fe267d888239eb [NON_LEADER]: Queue going to NON_LEADER mode. State: All replicated index: 0, Majority replicated index: 0, Committed index: 0, Last appended: 0.0, Last appended by leader: 0, Current term: 0, Majority size: -1, State: 0, Mode: NON_LEADER, active raft config: opid_index: -1 OBSOLETE_local: false peers { permanent_uuid: "207f9e4a58174c148cb9d644757e49c3" member_type: VOTER last_known_addr { host: "127.26.128.65" port: 42067 } } peers { permanent_uuid: "38ffc3fe7a084ac7a6fe267d888239eb" member_type: VOTER last_known_addr { host: "127.26.128.66" port: 37301 } } peers { permanent_uuid: "28b1c3dac84349f6b897f2308b699ba5" member_type: VOTER last_known_addr { host: "127.26.128.67" port: 43773 } }
I20260710 13:24:35.400528 28438 ts_tablet_manager.cc:1434] T dd513d45a6984010a7a7f0fb2eff262a P 38ffc3fe7a084ac7a6fe267d888239eb: Time spent starting tablet: real 0.009s	user 0.005s	sys 0.001s
I20260710 13:24:35.401337 28438 tablet_bootstrap.cc:492] T 02f8017e66d24829b6c4c094b9f1029e P 38ffc3fe7a084ac7a6fe267d888239eb: Bootstrap starting.
I20260710 13:24:35.406524 28437 ts_tablet_manager.cc:1434] T 5ec13d55220a4fb880976a7bf5dd8e29 P 207f9e4a58174c148cb9d644757e49c3: Time spent starting tablet: real 0.023s	user 0.007s	sys 0.000s
I20260710 13:24:35.407366 28437 tablet_bootstrap.cc:492] T dd513d45a6984010a7a7f0fb2eff262a P 207f9e4a58174c148cb9d644757e49c3: Bootstrap starting.
I20260710 13:24:35.407368 28442 consensus_queue.cc:1048] T def2400dba3744d28d0c026fcf025c48 P 38ffc3fe7a084ac7a6fe267d888239eb [LEADER]: Connected to new peer: Peer: permanent_uuid: "207f9e4a58174c148cb9d644757e49c3" member_type: VOTER last_known_addr { host: "127.26.128.65" port: 42067 }, Status: LMP_MISMATCH, Last received: 0.0, Next index: 1, Last known committed idx: 0, Time since last communication: 0.001s
I20260710 13:24:35.413337 28436 tablet_bootstrap.cc:492] T 972e4665958e43b5a554de59634438d7 P 28b1c3dac84349f6b897f2308b699ba5: No bootstrap required, opened a new log
I20260710 13:24:35.413483 28438 tablet_bootstrap.cc:654] T 02f8017e66d24829b6c4c094b9f1029e P 38ffc3fe7a084ac7a6fe267d888239eb: Neither blocks nor log segments found. Creating new log.
I20260710 13:24:35.413290 28437 tablet_bootstrap.cc:654] T dd513d45a6984010a7a7f0fb2eff262a P 207f9e4a58174c148cb9d644757e49c3: Neither blocks nor log segments found. Creating new log.
I20260710 13:24:35.413779 28436 ts_tablet_manager.cc:1403] T 972e4665958e43b5a554de59634438d7 P 28b1c3dac84349f6b897f2308b699ba5: Time spent bootstrapping tablet: real 0.034s	user 0.010s	sys 0.016s
I20260710 13:24:35.415391 28482 raft_consensus.cc:493] T fe42c413689c43a49563cfa68051588a P 38ffc3fe7a084ac7a6fe267d888239eb [term 0 FOLLOWER]: Starting pre-election (no leader contacted us within the election timeout)
I20260710 13:24:35.415827 28482 raft_consensus.cc:515] T fe42c413689c43a49563cfa68051588a P 38ffc3fe7a084ac7a6fe267d888239eb [term 0 FOLLOWER]: Starting pre-election with config: opid_index: -1 OBSOLETE_local: false peers { permanent_uuid: "207f9e4a58174c148cb9d644757e49c3" member_type: VOTER last_known_addr { host: "127.26.128.65" port: 42067 } } peers { permanent_uuid: "38ffc3fe7a084ac7a6fe267d888239eb" member_type: VOTER last_known_addr { host: "127.26.128.66" port: 37301 } } peers { permanent_uuid: "28b1c3dac84349f6b897f2308b699ba5" member_type: VOTER last_known_addr { host: "127.26.128.67" port: 43773 } }
I20260710 13:24:35.416291 28436 raft_consensus.cc:359] T 972e4665958e43b5a554de59634438d7 P 28b1c3dac84349f6b897f2308b699ba5 [term 0 FOLLOWER]: Replica starting. Triggering 0 pending ops. Active config: opid_index: -1 OBSOLETE_local: false peers { permanent_uuid: "207f9e4a58174c148cb9d644757e49c3" member_type: VOTER last_known_addr { host: "127.26.128.65" port: 42067 } } peers { permanent_uuid: "38ffc3fe7a084ac7a6fe267d888239eb" member_type: VOTER last_known_addr { host: "127.26.128.66" port: 37301 } } peers { permanent_uuid: "28b1c3dac84349f6b897f2308b699ba5" member_type: VOTER last_known_addr { host: "127.26.128.67" port: 43773 } }
I20260710 13:24:35.417467 28436 raft_consensus.cc:385] T 972e4665958e43b5a554de59634438d7 P 28b1c3dac84349f6b897f2308b699ba5 [term 0 FOLLOWER]: Consensus starting up: Expiring failure detector timer to make a prompt election more likely
I20260710 13:24:35.417717 28436 raft_consensus.cc:740] T 972e4665958e43b5a554de59634438d7 P 28b1c3dac84349f6b897f2308b699ba5 [term 0 FOLLOWER]: Becoming Follower/Learner. State: Replica: 28b1c3dac84349f6b897f2308b699ba5, State: Initialized, Role: FOLLOWER
I20260710 13:24:35.418490 28436 consensus_queue.cc:260] T 972e4665958e43b5a554de59634438d7 P 28b1c3dac84349f6b897f2308b699ba5 [NON_LEADER]: Queue going to NON_LEADER mode. State: All replicated index: 0, Majority replicated index: 0, Committed index: 0, Last appended: 0.0, Last appended by leader: 0, Current term: 0, Majority size: -1, State: 0, Mode: NON_LEADER, active raft config: opid_index: -1 OBSOLETE_local: false peers { permanent_uuid: "207f9e4a58174c148cb9d644757e49c3" member_type: VOTER last_known_addr { host: "127.26.128.65" port: 42067 } } peers { permanent_uuid: "38ffc3fe7a084ac7a6fe267d888239eb" member_type: VOTER last_known_addr { host: "127.26.128.66" port: 37301 } } peers { permanent_uuid: "28b1c3dac84349f6b897f2308b699ba5" member_type: VOTER last_known_addr { host: "127.26.128.67" port: 43773 } }
I20260710 13:24:35.420796 28436 ts_tablet_manager.cc:1434] T 972e4665958e43b5a554de59634438d7 P 28b1c3dac84349f6b897f2308b699ba5: Time spent starting tablet: real 0.007s	user 0.003s	sys 0.003s
I20260710 13:24:35.421703 28436 tablet_bootstrap.cc:492] T 7cfd6ad93ad04a03badcc3a9249d3812 P 28b1c3dac84349f6b897f2308b699ba5: Bootstrap starting.
I20260710 13:24:35.426641 28444 raft_consensus.cc:493] T def2400dba3744d28d0c026fcf025c48 P 28b1c3dac84349f6b897f2308b699ba5 [term 0 FOLLOWER]: Starting pre-election (no leader contacted us within the election timeout)
I20260710 13:24:35.426735 28443 consensus_queue.cc:1048] T 1cbf1b8e18994ae7a555d1ac7b217d78 P 207f9e4a58174c148cb9d644757e49c3 [LEADER]: Connected to new peer: Peer: permanent_uuid: "38ffc3fe7a084ac7a6fe267d888239eb" member_type: VOTER last_known_addr { host: "127.26.128.66" port: 37301 }, Status: LMP_MISMATCH, Last received: 0.0, Next index: 1, Last known committed idx: 0, Time since last communication: 0.000s
I20260710 13:24:35.427215 28444 raft_consensus.cc:515] T def2400dba3744d28d0c026fcf025c48 P 28b1c3dac84349f6b897f2308b699ba5 [term 0 FOLLOWER]: Starting pre-election with config: opid_index: -1 OBSOLETE_local: false peers { permanent_uuid: "207f9e4a58174c148cb9d644757e49c3" member_type: VOTER last_known_addr { host: "127.26.128.65" port: 42067 } } peers { permanent_uuid: "38ffc3fe7a084ac7a6fe267d888239eb" member_type: VOTER last_known_addr { host: "127.26.128.66" port: 37301 } } peers { permanent_uuid: "28b1c3dac84349f6b897f2308b699ba5" member_type: VOTER last_known_addr { host: "127.26.128.67" port: 43773 } }
I20260710 13:24:35.428242 28443 consensus_queue.cc:1048] T 16adcb3453e54a70b86577d12eaaeed6 P 207f9e4a58174c148cb9d644757e49c3 [LEADER]: Connected to new peer: Peer: permanent_uuid: "38ffc3fe7a084ac7a6fe267d888239eb" member_type: VOTER last_known_addr { host: "127.26.128.66" port: 37301 }, Status: LMP_MISMATCH, Last received: 0.0, Next index: 1, Last known committed idx: 0, Time since last communication: 0.000s
I20260710 13:24:35.429523 28444 leader_election.cc:290] T def2400dba3744d28d0c026fcf025c48 P 28b1c3dac84349f6b897f2308b699ba5 [CANDIDATE]: Term 1 pre-election: Requested pre-vote from peers 207f9e4a58174c148cb9d644757e49c3 (127.26.128.65:42067), 38ffc3fe7a084ac7a6fe267d888239eb (127.26.128.66:37301)
I20260710 13:24:35.431583 28320 tablet_service.cc:1917] Received RequestConsensusVote() RPC: tablet_id: "def2400dba3744d28d0c026fcf025c48" candidate_uuid: "28b1c3dac84349f6b897f2308b699ba5" candidate_term: 1 candidate_status { last_received { term: 0 index: 0 } } ignore_live_leader: false dest_uuid: "38ffc3fe7a084ac7a6fe267d888239eb" is_pre_election: true
I20260710 13:24:35.434167 28246 tablet_service.cc:1917] Received RequestConsensusVote() RPC: tablet_id: "def2400dba3744d28d0c026fcf025c48" candidate_uuid: "28b1c3dac84349f6b897f2308b699ba5" candidate_term: 1 candidate_status { last_received { term: 0 index: 0 } } ignore_live_leader: false dest_uuid: "207f9e4a58174c148cb9d644757e49c3" is_pre_election: true
I20260710 13:24:35.435735 28436 tablet_bootstrap.cc:654] T 7cfd6ad93ad04a03badcc3a9249d3812 P 28b1c3dac84349f6b897f2308b699ba5: Neither blocks nor log segments found. Creating new log.
I20260710 13:24:35.435644 28361 leader_election.cc:304] T def2400dba3744d28d0c026fcf025c48 P 28b1c3dac84349f6b897f2308b699ba5 [CANDIDATE]: Term 1 pre-election: Election decided. Result: candidate lost. Election summary: received 3 responses out of 3 voters: 1 yes votes; 2 no votes. yes voters: 28b1c3dac84349f6b897f2308b699ba5; no voters: 207f9e4a58174c148cb9d644757e49c3, 38ffc3fe7a084ac7a6fe267d888239eb
I20260710 13:24:35.436226 28437 tablet_bootstrap.cc:492] T dd513d45a6984010a7a7f0fb2eff262a P 207f9e4a58174c148cb9d644757e49c3: No bootstrap required, opened a new log
I20260710 13:24:35.436707 28437 ts_tablet_manager.cc:1403] T dd513d45a6984010a7a7f0fb2eff262a P 207f9e4a58174c148cb9d644757e49c3: Time spent bootstrapping tablet: real 0.030s	user 0.021s	sys 0.007s
I20260710 13:24:35.436691 28444 raft_consensus.cc:2749] T def2400dba3744d28d0c026fcf025c48 P 28b1c3dac84349f6b897f2308b699ba5 [term 0 FOLLOWER]: Leader pre-election lost for term 1. Reason: could not achieve majority
I20260710 13:24:35.437983 28482 leader_election.cc:290] T fe42c413689c43a49563cfa68051588a P 38ffc3fe7a084ac7a6fe267d888239eb [CANDIDATE]: Term 1 pre-election: Requested pre-vote from peers 207f9e4a58174c148cb9d644757e49c3 (127.26.128.65:42067), 28b1c3dac84349f6b897f2308b699ba5 (127.26.128.67:43773)
I20260710 13:24:35.438205 28394 tablet_service.cc:1917] Received RequestConsensusVote() RPC: tablet_id: "fe42c413689c43a49563cfa68051588a" candidate_uuid: "38ffc3fe7a084ac7a6fe267d888239eb" candidate_term: 1 candidate_status { last_received { term: 0 index: 0 } } ignore_live_leader: false dest_uuid: "28b1c3dac84349f6b897f2308b699ba5" is_pre_election: true
W20260710 13:24:35.439458 28285 leader_election.cc:343] T fe42c413689c43a49563cfa68051588a P 38ffc3fe7a084ac7a6fe267d888239eb [CANDIDATE]: Term 1 pre-election: Tablet error from VoteRequest() call to peer 28b1c3dac84349f6b897f2308b699ba5 (127.26.128.67:43773): Illegal state: must be running to vote when last-logged opid is not known
I20260710 13:24:35.441084 28394 raft_consensus.cc:3060] T def2400dba3744d28d0c026fcf025c48 P 28b1c3dac84349f6b897f2308b699ba5 [term 0 FOLLOWER]: Advancing to term 1
I20260710 13:24:35.441632 28437 raft_consensus.cc:359] T dd513d45a6984010a7a7f0fb2eff262a P 207f9e4a58174c148cb9d644757e49c3 [term 0 FOLLOWER]: Replica starting. Triggering 0 pending ops. Active config: opid_index: -1 OBSOLETE_local: false peers { permanent_uuid: "207f9e4a58174c148cb9d644757e49c3" member_type: VOTER last_known_addr { host: "127.26.128.65" port: 42067 } } peers { permanent_uuid: "38ffc3fe7a084ac7a6fe267d888239eb" member_type: VOTER last_known_addr { host: "127.26.128.66" port: 37301 } } peers { permanent_uuid: "28b1c3dac84349f6b897f2308b699ba5" member_type: VOTER last_known_addr { host: "127.26.128.67" port: 43773 } }
I20260710 13:24:35.442418 28437 raft_consensus.cc:385] T dd513d45a6984010a7a7f0fb2eff262a P 207f9e4a58174c148cb9d644757e49c3 [term 0 FOLLOWER]: Consensus starting up: Expiring failure detector timer to make a prompt election more likely
I20260710 13:24:35.442735 28437 raft_consensus.cc:740] T dd513d45a6984010a7a7f0fb2eff262a P 207f9e4a58174c148cb9d644757e49c3 [term 0 FOLLOWER]: Becoming Follower/Learner. State: Replica: 207f9e4a58174c148cb9d644757e49c3, State: Initialized, Role: FOLLOWER
I20260710 13:24:35.442986 28245 tablet_service.cc:1917] Received RequestConsensusVote() RPC: tablet_id: "fe42c413689c43a49563cfa68051588a" candidate_uuid: "38ffc3fe7a084ac7a6fe267d888239eb" candidate_term: 1 candidate_status { last_received { term: 0 index: 0 } } ignore_live_leader: false dest_uuid: "207f9e4a58174c148cb9d644757e49c3" is_pre_election: true
I20260710 13:24:35.443578 28245 raft_consensus.cc:2468] T fe42c413689c43a49563cfa68051588a P 207f9e4a58174c148cb9d644757e49c3 [term 0 FOLLOWER]: Leader pre-election vote request: Granting yes vote for candidate 38ffc3fe7a084ac7a6fe267d888239eb in term 0.
I20260710 13:24:35.444156 28437 consensus_queue.cc:260] T dd513d45a6984010a7a7f0fb2eff262a P 207f9e4a58174c148cb9d644757e49c3 [NON_LEADER]: Queue going to NON_LEADER mode. State: All replicated index: 0, Majority replicated index: 0, Committed index: 0, Last appended: 0.0, Last appended by leader: 0, Current term: 0, Majority size: -1, State: 0, Mode: NON_LEADER, active raft config: opid_index: -1 OBSOLETE_local: false peers { permanent_uuid: "207f9e4a58174c148cb9d644757e49c3" member_type: VOTER last_known_addr { host: "127.26.128.65" port: 42067 } } peers { permanent_uuid: "38ffc3fe7a084ac7a6fe267d888239eb" member_type: VOTER last_known_addr { host: "127.26.128.66" port: 37301 } } peers { permanent_uuid: "28b1c3dac84349f6b897f2308b699ba5" member_type: VOTER last_known_addr { host: "127.26.128.67" port: 43773 } }
I20260710 13:24:35.446080 28468 consensus_queue.cc:1048] T e7c0244bdf8f4821a6f14695fee24772 P 207f9e4a58174c148cb9d644757e49c3 [LEADER]: Connected to new peer: Peer: permanent_uuid: "28b1c3dac84349f6b897f2308b699ba5" member_type: VOTER last_known_addr { host: "127.26.128.67" port: 43773 }, Status: LMP_MISMATCH, Last received: 0.0, Next index: 1, Last known committed idx: 0, Time since last communication: 0.000s
I20260710 13:24:35.450681 28442 consensus_queue.cc:1048] T def2400dba3744d28d0c026fcf025c48 P 38ffc3fe7a084ac7a6fe267d888239eb [LEADER]: Connected to new peer: Peer: permanent_uuid: "28b1c3dac84349f6b897f2308b699ba5" member_type: VOTER last_known_addr { host: "127.26.128.67" port: 43773 }, Status: LMP_MISMATCH, Last received: 0.0, Next index: 1, Last known committed idx: 0, Time since last communication: 0.000s
I20260710 13:24:35.453284 28287 leader_election.cc:304] T fe42c413689c43a49563cfa68051588a P 38ffc3fe7a084ac7a6fe267d888239eb [CANDIDATE]: Term 1 pre-election: Election decided. Result: candidate won. Election summary: received 3 responses out of 3 voters: 2 yes votes; 1 no votes. yes voters: 207f9e4a58174c148cb9d644757e49c3, 38ffc3fe7a084ac7a6fe267d888239eb; no voters: 28b1c3dac84349f6b897f2308b699ba5
I20260710 13:24:35.455253 28437 ts_tablet_manager.cc:1434] T dd513d45a6984010a7a7f0fb2eff262a P 207f9e4a58174c148cb9d644757e49c3: Time spent starting tablet: real 0.018s	user 0.005s	sys 0.000s
I20260710 13:24:35.457458 28474 consensus_queue.cc:1048] T 16adcb3453e54a70b86577d12eaaeed6 P 207f9e4a58174c148cb9d644757e49c3 [LEADER]: Connected to new peer: Peer: permanent_uuid: "28b1c3dac84349f6b897f2308b699ba5" member_type: VOTER last_known_addr { host: "127.26.128.67" port: 43773 }, Status: LMP_MISMATCH, Last received: 0.0, Next index: 1, Last known committed idx: 0, Time since last communication: 0.000s
I20260710 13:24:35.458832 28437 tablet_bootstrap.cc:492] T 02f8017e66d24829b6c4c094b9f1029e P 207f9e4a58174c148cb9d644757e49c3: Bootstrap starting.
I20260710 13:24:35.460116 28442 raft_consensus.cc:2804] T fe42c413689c43a49563cfa68051588a P 38ffc3fe7a084ac7a6fe267d888239eb [term 0 FOLLOWER]: Leader pre-election won for term 1
I20260710 13:24:35.460529 28442 raft_consensus.cc:493] T fe42c413689c43a49563cfa68051588a P 38ffc3fe7a084ac7a6fe267d888239eb [term 0 FOLLOWER]: Starting leader election (no leader contacted us within the election timeout)
I20260710 13:24:35.460866 28442 raft_consensus.cc:3060] T fe42c413689c43a49563cfa68051588a P 38ffc3fe7a084ac7a6fe267d888239eb [term 0 FOLLOWER]: Advancing to term 1
I20260710 13:24:35.464257 28443 consensus_queue.cc:1048] T e7c0244bdf8f4821a6f14695fee24772 P 207f9e4a58174c148cb9d644757e49c3 [LEADER]: Connected to new peer: Peer: permanent_uuid: "38ffc3fe7a084ac7a6fe267d888239eb" member_type: VOTER last_known_addr { host: "127.26.128.66" port: 37301 }, Status: LMP_MISMATCH, Last received: 0.0, Next index: 1, Last known committed idx: 0, Time since last communication: 0.000s
I20260710 13:24:35.468828 28436 tablet_bootstrap.cc:492] T 7cfd6ad93ad04a03badcc3a9249d3812 P 28b1c3dac84349f6b897f2308b699ba5: No bootstrap required, opened a new log
I20260710 13:24:35.469328 28436 ts_tablet_manager.cc:1403] T 7cfd6ad93ad04a03badcc3a9249d3812 P 28b1c3dac84349f6b897f2308b699ba5: Time spent bootstrapping tablet: real 0.048s	user 0.006s	sys 0.022s
I20260710 13:24:35.471171 28437 tablet_bootstrap.cc:654] T 02f8017e66d24829b6c4c094b9f1029e P 207f9e4a58174c148cb9d644757e49c3: Neither blocks nor log segments found. Creating new log.
I20260710 13:24:35.472483 28436 raft_consensus.cc:359] T 7cfd6ad93ad04a03badcc3a9249d3812 P 28b1c3dac84349f6b897f2308b699ba5 [term 0 FOLLOWER]: Replica starting. Triggering 0 pending ops. Active config: opid_index: -1 OBSOLETE_local: false peers { permanent_uuid: "207f9e4a58174c148cb9d644757e49c3" member_type: VOTER last_known_addr { host: "127.26.128.65" port: 42067 } } peers { permanent_uuid: "38ffc3fe7a084ac7a6fe267d888239eb" member_type: VOTER last_known_addr { host: "127.26.128.66" port: 37301 } } peers { permanent_uuid: "28b1c3dac84349f6b897f2308b699ba5" member_type: VOTER last_known_addr { host: "127.26.128.67" port: 43773 } }
I20260710 13:24:35.473148 28436 raft_consensus.cc:385] T 7cfd6ad93ad04a03badcc3a9249d3812 P 28b1c3dac84349f6b897f2308b699ba5 [term 0 FOLLOWER]: Consensus starting up: Expiring failure detector timer to make a prompt election more likely
I20260710 13:24:35.473480 28436 raft_consensus.cc:740] T 7cfd6ad93ad04a03badcc3a9249d3812 P 28b1c3dac84349f6b897f2308b699ba5 [term 0 FOLLOWER]: Becoming Follower/Learner. State: Replica: 28b1c3dac84349f6b897f2308b699ba5, State: Initialized, Role: FOLLOWER
I20260710 13:24:35.474422 28436 consensus_queue.cc:260] T 7cfd6ad93ad04a03badcc3a9249d3812 P 28b1c3dac84349f6b897f2308b699ba5 [NON_LEADER]: Queue going to NON_LEADER mode. State: All replicated index: 0, Majority replicated index: 0, Committed index: 0, Last appended: 0.0, Last appended by leader: 0, Current term: 0, Majority size: -1, State: 0, Mode: NON_LEADER, active raft config: opid_index: -1 OBSOLETE_local: false peers { permanent_uuid: "207f9e4a58174c148cb9d644757e49c3" member_type: VOTER last_known_addr { host: "127.26.128.65" port: 42067 } } peers { permanent_uuid: "38ffc3fe7a084ac7a6fe267d888239eb" member_type: VOTER last_known_addr { host: "127.26.128.66" port: 37301 } } peers { permanent_uuid: "28b1c3dac84349f6b897f2308b699ba5" member_type: VOTER last_known_addr { host: "127.26.128.67" port: 43773 } }
I20260710 13:24:35.476647 28436 ts_tablet_manager.cc:1434] T 7cfd6ad93ad04a03badcc3a9249d3812 P 28b1c3dac84349f6b897f2308b699ba5: Time spent starting tablet: real 0.007s	user 0.000s	sys 0.007s
I20260710 13:24:35.477595 28436 tablet_bootstrap.cc:492] T fe42c413689c43a49563cfa68051588a P 28b1c3dac84349f6b897f2308b699ba5: Bootstrap starting.
I20260710 13:24:35.483124 28436 tablet_bootstrap.cc:654] T fe42c413689c43a49563cfa68051588a P 28b1c3dac84349f6b897f2308b699ba5: Neither blocks nor log segments found. Creating new log.
I20260710 13:24:35.484251 28437 tablet_bootstrap.cc:492] T 02f8017e66d24829b6c4c094b9f1029e P 207f9e4a58174c148cb9d644757e49c3: No bootstrap required, opened a new log
I20260710 13:24:35.484727 28437 ts_tablet_manager.cc:1403] T 02f8017e66d24829b6c4c094b9f1029e P 207f9e4a58174c148cb9d644757e49c3: Time spent bootstrapping tablet: real 0.027s	user 0.017s	sys 0.000s
I20260710 13:24:35.487879 28437 raft_consensus.cc:359] T 02f8017e66d24829b6c4c094b9f1029e P 207f9e4a58174c148cb9d644757e49c3 [term 0 FOLLOWER]: Replica starting. Triggering 0 pending ops. Active config: opid_index: -1 OBSOLETE_local: false peers { permanent_uuid: "207f9e4a58174c148cb9d644757e49c3" member_type: VOTER last_known_addr { host: "127.26.128.65" port: 42067 } } peers { permanent_uuid: "38ffc3fe7a084ac7a6fe267d888239eb" member_type: VOTER last_known_addr { host: "127.26.128.66" port: 37301 } } peers { permanent_uuid: "28b1c3dac84349f6b897f2308b699ba5" member_type: VOTER last_known_addr { host: "127.26.128.67" port: 43773 } }
I20260710 13:24:35.488852 28437 raft_consensus.cc:385] T 02f8017e66d24829b6c4c094b9f1029e P 207f9e4a58174c148cb9d644757e49c3 [term 0 FOLLOWER]: Consensus starting up: Expiring failure detector timer to make a prompt election more likely
I20260710 13:24:35.489184 28437 raft_consensus.cc:740] T 02f8017e66d24829b6c4c094b9f1029e P 207f9e4a58174c148cb9d644757e49c3 [term 0 FOLLOWER]: Becoming Follower/Learner. State: Replica: 207f9e4a58174c148cb9d644757e49c3, State: Initialized, Role: FOLLOWER
I20260710 13:24:35.490424 28437 consensus_queue.cc:260] T 02f8017e66d24829b6c4c094b9f1029e P 207f9e4a58174c148cb9d644757e49c3 [NON_LEADER]: Queue going to NON_LEADER mode. State: All replicated index: 0, Majority replicated index: 0, Committed index: 0, Last appended: 0.0, Last appended by leader: 0, Current term: 0, Majority size: -1, State: 0, Mode: NON_LEADER, active raft config: opid_index: -1 OBSOLETE_local: false peers { permanent_uuid: "207f9e4a58174c148cb9d644757e49c3" member_type: VOTER last_known_addr { host: "127.26.128.65" port: 42067 } } peers { permanent_uuid: "38ffc3fe7a084ac7a6fe267d888239eb" member_type: VOTER last_known_addr { host: "127.26.128.66" port: 37301 } } peers { permanent_uuid: "28b1c3dac84349f6b897f2308b699ba5" member_type: VOTER last_known_addr { host: "127.26.128.67" port: 43773 } }
I20260710 13:24:35.492772 28437 ts_tablet_manager.cc:1434] T 02f8017e66d24829b6c4c094b9f1029e P 207f9e4a58174c148cb9d644757e49c3: Time spent starting tablet: real 0.008s	user 0.005s	sys 0.000s
I20260710 13:24:35.497066 28144 catalog_manager.cc:5697] T ec8b5f50af6e4482978a802ca54ece8d P 38ffc3fe7a084ac7a6fe267d888239eb reported cstate change: term changed from 0 to 1, leader changed from <none> to 38ffc3fe7a084ac7a6fe267d888239eb (127.26.128.66). New cstate: current_term: 1 leader_uuid: "38ffc3fe7a084ac7a6fe267d888239eb" committed_config { opid_index: -1 OBSOLETE_local: false peers { permanent_uuid: "207f9e4a58174c148cb9d644757e49c3" member_type: VOTER last_known_addr { host: "127.26.128.65" port: 42067 } health_report { overall_health: UNKNOWN } } peers { permanent_uuid: "38ffc3fe7a084ac7a6fe267d888239eb" member_type: VOTER last_known_addr { host: "127.26.128.66" port: 37301 } health_report { overall_health: HEALTHY } } peers { permanent_uuid: "28b1c3dac84349f6b897f2308b699ba5" member_type: VOTER last_known_addr { host: "127.26.128.67" port: 43773 } health_report { overall_health: UNKNOWN } } }
I20260710 13:24:35.507210 28442 raft_consensus.cc:515] T fe42c413689c43a49563cfa68051588a P 38ffc3fe7a084ac7a6fe267d888239eb [term 1 FOLLOWER]: Starting leader election with config: opid_index: -1 OBSOLETE_local: false peers { permanent_uuid: "207f9e4a58174c148cb9d644757e49c3" member_type: VOTER last_known_addr { host: "127.26.128.65" port: 42067 } } peers { permanent_uuid: "38ffc3fe7a084ac7a6fe267d888239eb" member_type: VOTER last_known_addr { host: "127.26.128.66" port: 37301 } } peers { permanent_uuid: "28b1c3dac84349f6b897f2308b699ba5" member_type: VOTER last_known_addr { host: "127.26.128.67" port: 43773 } }
I20260710 13:24:35.507659 28142 catalog_manager.cc:5697] T 858a366701334a97bd5af4f5f5c46afc P 207f9e4a58174c148cb9d644757e49c3 reported cstate change: term changed from 0 to 1, leader changed from <none> to 207f9e4a58174c148cb9d644757e49c3 (127.26.128.65). New cstate: current_term: 1 leader_uuid: "207f9e4a58174c148cb9d644757e49c3" committed_config { opid_index: -1 OBSOLETE_local: false peers { permanent_uuid: "207f9e4a58174c148cb9d644757e49c3" member_type: VOTER last_known_addr { host: "127.26.128.65" port: 42067 } health_report { overall_health: HEALTHY } } peers { permanent_uuid: "38ffc3fe7a084ac7a6fe267d888239eb" member_type: VOTER last_known_addr { host: "127.26.128.66" port: 37301 } health_report { overall_health: UNKNOWN } } peers { permanent_uuid: "28b1c3dac84349f6b897f2308b699ba5" member_type: VOTER last_known_addr { host: "127.26.128.67" port: 43773 } health_report { overall_health: UNKNOWN } } }
I20260710 13:24:35.513872 28246 tablet_service.cc:1917] Received RequestConsensusVote() RPC: tablet_id: "fe42c413689c43a49563cfa68051588a" candidate_uuid: "38ffc3fe7a084ac7a6fe267d888239eb" candidate_term: 1 candidate_status { last_received { term: 0 index: 0 } } ignore_live_leader: false dest_uuid: "207f9e4a58174c148cb9d644757e49c3"
I20260710 13:24:35.514449 28246 raft_consensus.cc:3060] T fe42c413689c43a49563cfa68051588a P 207f9e4a58174c148cb9d644757e49c3 [term 0 FOLLOWER]: Advancing to term 1
I20260710 13:24:35.519665 28246 raft_consensus.cc:2468] T fe42c413689c43a49563cfa68051588a P 207f9e4a58174c148cb9d644757e49c3 [term 1 FOLLOWER]: Leader election vote request: Granting yes vote for candidate 38ffc3fe7a084ac7a6fe267d888239eb in term 1.
I20260710 13:24:35.521370 28287 leader_election.cc:304] T fe42c413689c43a49563cfa68051588a P 38ffc3fe7a084ac7a6fe267d888239eb [CANDIDATE]: Term 1 election: Election decided. Result: candidate won. Election summary: received 2 responses out of 3 voters: 2 yes votes; 0 no votes. yes voters: 207f9e4a58174c148cb9d644757e49c3, 38ffc3fe7a084ac7a6fe267d888239eb; no voters: 
I20260710 13:24:35.522130 28482 raft_consensus.cc:2804] T fe42c413689c43a49563cfa68051588a P 38ffc3fe7a084ac7a6fe267d888239eb [term 1 FOLLOWER]: Leader election won for term 1
I20260710 13:24:35.522612 28482 raft_consensus.cc:697] T fe42c413689c43a49563cfa68051588a P 38ffc3fe7a084ac7a6fe267d888239eb [term 1 LEADER]: Becoming Leader. State: Replica: 38ffc3fe7a084ac7a6fe267d888239eb, State: Running, Role: LEADER
I20260710 13:24:35.523361 28482 consensus_queue.cc:237] T fe42c413689c43a49563cfa68051588a P 38ffc3fe7a084ac7a6fe267d888239eb [LEADER]: Queue going to LEADER mode. State: All replicated index: 0, Majority replicated index: 0, Committed index: 0, Last appended: 0.0, Last appended by leader: 0, Current term: 1, Majority size: 2, State: 0, Mode: LEADER, active raft config: opid_index: -1 OBSOLETE_local: false peers { permanent_uuid: "207f9e4a58174c148cb9d644757e49c3" member_type: VOTER last_known_addr { host: "127.26.128.65" port: 42067 } } peers { permanent_uuid: "38ffc3fe7a084ac7a6fe267d888239eb" member_type: VOTER last_known_addr { host: "127.26.128.66" port: 37301 } } peers { permanent_uuid: "28b1c3dac84349f6b897f2308b699ba5" member_type: VOTER last_known_addr { host: "127.26.128.67" port: 43773 } }
I20260710 13:24:35.528083 28436 tablet_bootstrap.cc:492] T fe42c413689c43a49563cfa68051588a P 28b1c3dac84349f6b897f2308b699ba5: No bootstrap required, opened a new log
I20260710 13:24:35.528638 28436 ts_tablet_manager.cc:1403] T fe42c413689c43a49563cfa68051588a P 28b1c3dac84349f6b897f2308b699ba5: Time spent bootstrapping tablet: real 0.051s	user 0.011s	sys 0.006s
I20260710 13:24:35.531471 28436 raft_consensus.cc:359] T fe42c413689c43a49563cfa68051588a P 28b1c3dac84349f6b897f2308b699ba5 [term 0 FOLLOWER]: Replica starting. Triggering 0 pending ops. Active config: opid_index: -1 OBSOLETE_local: false peers { permanent_uuid: "207f9e4a58174c148cb9d644757e49c3" member_type: VOTER last_known_addr { host: "127.26.128.65" port: 42067 } } peers { permanent_uuid: "38ffc3fe7a084ac7a6fe267d888239eb" member_type: VOTER last_known_addr { host: "127.26.128.66" port: 37301 } } peers { permanent_uuid: "28b1c3dac84349f6b897f2308b699ba5" member_type: VOTER last_known_addr { host: "127.26.128.67" port: 43773 } }
I20260710 13:24:35.532227 28436 raft_consensus.cc:385] T fe42c413689c43a49563cfa68051588a P 28b1c3dac84349f6b897f2308b699ba5 [term 0 FOLLOWER]: Consensus starting up: Expiring failure detector timer to make a prompt election more likely
I20260710 13:24:35.532549 28436 raft_consensus.cc:740] T fe42c413689c43a49563cfa68051588a P 28b1c3dac84349f6b897f2308b699ba5 [term 0 FOLLOWER]: Becoming Follower/Learner. State: Replica: 28b1c3dac84349f6b897f2308b699ba5, State: Initialized, Role: FOLLOWER
I20260710 13:24:35.533255 28436 consensus_queue.cc:260] T fe42c413689c43a49563cfa68051588a P 28b1c3dac84349f6b897f2308b699ba5 [NON_LEADER]: Queue going to NON_LEADER mode. State: All replicated index: 0, Majority replicated index: 0, Committed index: 0, Last appended: 0.0, Last appended by leader: 0, Current term: 0, Majority size: -1, State: 0, Mode: NON_LEADER, active raft config: opid_index: -1 OBSOLETE_local: false peers { permanent_uuid: "207f9e4a58174c148cb9d644757e49c3" member_type: VOTER last_known_addr { host: "127.26.128.65" port: 42067 } } peers { permanent_uuid: "38ffc3fe7a084ac7a6fe267d888239eb" member_type: VOTER last_known_addr { host: "127.26.128.66" port: 37301 } } peers { permanent_uuid: "28b1c3dac84349f6b897f2308b699ba5" member_type: VOTER last_known_addr { host: "127.26.128.67" port: 43773 } }
I20260710 13:24:35.535336 28436 ts_tablet_manager.cc:1434] T fe42c413689c43a49563cfa68051588a P 28b1c3dac84349f6b897f2308b699ba5: Time spent starting tablet: real 0.006s	user 0.002s	sys 0.003s
I20260710 13:24:35.536387 28436 tablet_bootstrap.cc:492] T 2422c96e81e847bc8116e4378da86a64 P 28b1c3dac84349f6b897f2308b699ba5: Bootstrap starting.
I20260710 13:24:35.538734 28539 raft_consensus.cc:493] T 7cfd6ad93ad04a03badcc3a9249d3812 P 38ffc3fe7a084ac7a6fe267d888239eb [term 0 FOLLOWER]: Starting pre-election (no leader contacted us within the election timeout)
I20260710 13:24:35.539223 28539 raft_consensus.cc:515] T 7cfd6ad93ad04a03badcc3a9249d3812 P 38ffc3fe7a084ac7a6fe267d888239eb [term 0 FOLLOWER]: Starting pre-election with config: opid_index: -1 OBSOLETE_local: false peers { permanent_uuid: "207f9e4a58174c148cb9d644757e49c3" member_type: VOTER last_known_addr { host: "127.26.128.65" port: 42067 } } peers { permanent_uuid: "38ffc3fe7a084ac7a6fe267d888239eb" member_type: VOTER last_known_addr { host: "127.26.128.66" port: 37301 } } peers { permanent_uuid: "28b1c3dac84349f6b897f2308b699ba5" member_type: VOTER last_known_addr { host: "127.26.128.67" port: 43773 } }
I20260710 13:24:35.542212 28436 tablet_bootstrap.cc:654] T 2422c96e81e847bc8116e4378da86a64 P 28b1c3dac84349f6b897f2308b699ba5: Neither blocks nor log segments found. Creating new log.
I20260710 13:24:35.543767 28246 tablet_service.cc:1917] Received RequestConsensusVote() RPC: tablet_id: "7cfd6ad93ad04a03badcc3a9249d3812" candidate_uuid: "38ffc3fe7a084ac7a6fe267d888239eb" candidate_term: 1 candidate_status { last_received { term: 0 index: 0 } } ignore_live_leader: false dest_uuid: "207f9e4a58174c148cb9d644757e49c3" is_pre_election: true
I20260710 13:24:35.544723 28539 leader_election.cc:290] T 7cfd6ad93ad04a03badcc3a9249d3812 P 38ffc3fe7a084ac7a6fe267d888239eb [CANDIDATE]: Term 1 pre-election: Requested pre-vote from peers 207f9e4a58174c148cb9d644757e49c3 (127.26.128.65:42067), 28b1c3dac84349f6b897f2308b699ba5 (127.26.128.67:43773)
I20260710 13:24:35.545420 28396 tablet_service.cc:1917] Received RequestConsensusVote() RPC: tablet_id: "7cfd6ad93ad04a03badcc3a9249d3812" candidate_uuid: "38ffc3fe7a084ac7a6fe267d888239eb" candidate_term: 1 candidate_status { last_received { term: 0 index: 0 } } ignore_live_leader: false dest_uuid: "28b1c3dac84349f6b897f2308b699ba5" is_pre_election: true
I20260710 13:24:35.546058 28396 raft_consensus.cc:2468] T 7cfd6ad93ad04a03badcc3a9249d3812 P 28b1c3dac84349f6b897f2308b699ba5 [term 0 FOLLOWER]: Leader pre-election vote request: Granting yes vote for candidate 38ffc3fe7a084ac7a6fe267d888239eb in term 0.
I20260710 13:24:35.547363 28285 leader_election.cc:304] T 7cfd6ad93ad04a03badcc3a9249d3812 P 38ffc3fe7a084ac7a6fe267d888239eb [CANDIDATE]: Term 1 pre-election: Election decided. Result: candidate won. Election summary: received 2 responses out of 3 voters: 2 yes votes; 0 no votes. yes voters: 28b1c3dac84349f6b897f2308b699ba5, 38ffc3fe7a084ac7a6fe267d888239eb; no voters: 
I20260710 13:24:35.548130 28539 raft_consensus.cc:2804] T 7cfd6ad93ad04a03badcc3a9249d3812 P 38ffc3fe7a084ac7a6fe267d888239eb [term 0 FOLLOWER]: Leader pre-election won for term 1
I20260710 13:24:35.548398 28539 raft_consensus.cc:493] T 7cfd6ad93ad04a03badcc3a9249d3812 P 38ffc3fe7a084ac7a6fe267d888239eb [term 0 FOLLOWER]: Starting leader election (no leader contacted us within the election timeout)
I20260710 13:24:35.548647 28539 raft_consensus.cc:3060] T 7cfd6ad93ad04a03badcc3a9249d3812 P 38ffc3fe7a084ac7a6fe267d888239eb [term 0 FOLLOWER]: Advancing to term 1
I20260710 13:24:35.544373 28246 raft_consensus.cc:2468] T 7cfd6ad93ad04a03badcc3a9249d3812 P 207f9e4a58174c148cb9d644757e49c3 [term 0 FOLLOWER]: Leader pre-election vote request: Granting yes vote for candidate 38ffc3fe7a084ac7a6fe267d888239eb in term 0.
I20260710 13:24:35.555691 28442 leader_election.cc:290] T fe42c413689c43a49563cfa68051588a P 38ffc3fe7a084ac7a6fe267d888239eb [CANDIDATE]: Term 1 election: Requested vote from peers 207f9e4a58174c148cb9d644757e49c3 (127.26.128.65:42067), 28b1c3dac84349f6b897f2308b699ba5 (127.26.128.67:43773)
I20260710 13:24:35.557649 28393 tablet_service.cc:1917] Received RequestConsensusVote() RPC: tablet_id: "fe42c413689c43a49563cfa68051588a" candidate_uuid: "38ffc3fe7a084ac7a6fe267d888239eb" candidate_term: 1 candidate_status { last_received { term: 0 index: 0 } } ignore_live_leader: false dest_uuid: "28b1c3dac84349f6b897f2308b699ba5"
I20260710 13:24:35.558297 28393 raft_consensus.cc:3060] T fe42c413689c43a49563cfa68051588a P 28b1c3dac84349f6b897f2308b699ba5 [term 0 FOLLOWER]: Advancing to term 1
I20260710 13:24:35.574802 28539 raft_consensus.cc:515] T 7cfd6ad93ad04a03badcc3a9249d3812 P 38ffc3fe7a084ac7a6fe267d888239eb [term 1 FOLLOWER]: Starting leader election with config: opid_index: -1 OBSOLETE_local: false peers { permanent_uuid: "207f9e4a58174c148cb9d644757e49c3" member_type: VOTER last_known_addr { host: "127.26.128.65" port: 42067 } } peers { permanent_uuid: "38ffc3fe7a084ac7a6fe267d888239eb" member_type: VOTER last_known_addr { host: "127.26.128.66" port: 37301 } } peers { permanent_uuid: "28b1c3dac84349f6b897f2308b699ba5" member_type: VOTER last_known_addr { host: "127.26.128.67" port: 43773 } }
I20260710 13:24:35.585621 28538 consensus_queue.cc:1048] T 972e4665958e43b5a554de59634438d7 P 38ffc3fe7a084ac7a6fe267d888239eb [LEADER]: Connected to new peer: Peer: permanent_uuid: "207f9e4a58174c148cb9d644757e49c3" member_type: VOTER last_known_addr { host: "127.26.128.65" port: 42067 }, Status: LMP_MISMATCH, Last received: 0.0, Next index: 1, Last known committed idx: 0, Time since last communication: 0.000s
I20260710 13:24:35.596946 28539 leader_election.cc:290] T 7cfd6ad93ad04a03badcc3a9249d3812 P 38ffc3fe7a084ac7a6fe267d888239eb [CANDIDATE]: Term 1 election: Requested vote from peers 207f9e4a58174c148cb9d644757e49c3 (127.26.128.65:42067), 28b1c3dac84349f6b897f2308b699ba5 (127.26.128.67:43773)
I20260710 13:24:35.597249 28246 tablet_service.cc:1917] Received RequestConsensusVote() RPC: tablet_id: "7cfd6ad93ad04a03badcc3a9249d3812" candidate_uuid: "38ffc3fe7a084ac7a6fe267d888239eb" candidate_term: 1 candidate_status { last_received { term: 0 index: 0 } } ignore_live_leader: false dest_uuid: "207f9e4a58174c148cb9d644757e49c3"
I20260710 13:24:35.594735 28482 raft_consensus.cc:493] T 2422c96e81e847bc8116e4378da86a64 P 38ffc3fe7a084ac7a6fe267d888239eb [term 0 FOLLOWER]: Starting pre-election (no leader contacted us within the election timeout)
I20260710 13:24:35.597620 28394 tablet_service.cc:1917] Received RequestConsensusVote() RPC: tablet_id: "7cfd6ad93ad04a03badcc3a9249d3812" candidate_uuid: "38ffc3fe7a084ac7a6fe267d888239eb" candidate_term: 1 candidate_status { last_received { term: 0 index: 0 } } ignore_live_leader: false dest_uuid: "28b1c3dac84349f6b897f2308b699ba5"
I20260710 13:24:35.597780 28246 raft_consensus.cc:3060] T 7cfd6ad93ad04a03badcc3a9249d3812 P 207f9e4a58174c148cb9d644757e49c3 [term 0 FOLLOWER]: Advancing to term 1
I20260710 13:24:35.598289 28394 raft_consensus.cc:3060] T 7cfd6ad93ad04a03badcc3a9249d3812 P 28b1c3dac84349f6b897f2308b699ba5 [term 0 FOLLOWER]: Advancing to term 1
I20260710 13:24:35.597959 28482 raft_consensus.cc:515] T 2422c96e81e847bc8116e4378da86a64 P 38ffc3fe7a084ac7a6fe267d888239eb [term 0 FOLLOWER]: Starting pre-election with config: opid_index: -1 OBSOLETE_local: false peers { permanent_uuid: "207f9e4a58174c148cb9d644757e49c3" member_type: VOTER last_known_addr { host: "127.26.128.65" port: 42067 } } peers { permanent_uuid: "38ffc3fe7a084ac7a6fe267d888239eb" member_type: VOTER last_known_addr { host: "127.26.128.66" port: 37301 } } peers { permanent_uuid: "28b1c3dac84349f6b897f2308b699ba5" member_type: VOTER last_known_addr { host: "127.26.128.67" port: 43773 } }
I20260710 13:24:35.600661 28482 leader_election.cc:290] T 2422c96e81e847bc8116e4378da86a64 P 38ffc3fe7a084ac7a6fe267d888239eb [CANDIDATE]: Term 1 pre-election: Requested pre-vote from peers 207f9e4a58174c148cb9d644757e49c3 (127.26.128.65:42067), 28b1c3dac84349f6b897f2308b699ba5 (127.26.128.67:43773)
I20260710 13:24:35.601619 28396 tablet_service.cc:1917] Received RequestConsensusVote() RPC: tablet_id: "2422c96e81e847bc8116e4378da86a64" candidate_uuid: "38ffc3fe7a084ac7a6fe267d888239eb" candidate_term: 1 candidate_status { last_received { term: 0 index: 0 } } ignore_live_leader: false dest_uuid: "28b1c3dac84349f6b897f2308b699ba5" is_pre_election: true
W20260710 13:24:35.602948 28285 leader_election.cc:343] T 2422c96e81e847bc8116e4378da86a64 P 38ffc3fe7a084ac7a6fe267d888239eb [CANDIDATE]: Term 1 pre-election: Tablet error from VoteRequest() call to peer 28b1c3dac84349f6b897f2308b699ba5 (127.26.128.67:43773): Illegal state: must be running to vote when last-logged opid is not known
I20260710 13:24:35.591665 28393 raft_consensus.cc:2468] T fe42c413689c43a49563cfa68051588a P 28b1c3dac84349f6b897f2308b699ba5 [term 1 FOLLOWER]: Leader election vote request: Granting yes vote for candidate 38ffc3fe7a084ac7a6fe267d888239eb in term 1.
I20260710 13:24:35.603207 28245 tablet_service.cc:1917] Received RequestConsensusVote() RPC: tablet_id: "2422c96e81e847bc8116e4378da86a64" candidate_uuid: "38ffc3fe7a084ac7a6fe267d888239eb" candidate_term: 1 candidate_status { last_received { term: 0 index: 0 } } ignore_live_leader: false dest_uuid: "207f9e4a58174c148cb9d644757e49c3" is_pre_election: true
I20260710 13:24:35.604629 28245 raft_consensus.cc:2468] T 2422c96e81e847bc8116e4378da86a64 P 207f9e4a58174c148cb9d644757e49c3 [term 0 FOLLOWER]: Leader pre-election vote request: Granting yes vote for candidate 38ffc3fe7a084ac7a6fe267d888239eb in term 0.
I20260710 13:24:35.607281 28394 raft_consensus.cc:2468] T 7cfd6ad93ad04a03badcc3a9249d3812 P 28b1c3dac84349f6b897f2308b699ba5 [term 1 FOLLOWER]: Leader election vote request: Granting yes vote for candidate 38ffc3fe7a084ac7a6fe267d888239eb in term 1.
I20260710 13:24:35.605824 28287 leader_election.cc:304] T 2422c96e81e847bc8116e4378da86a64 P 38ffc3fe7a084ac7a6fe267d888239eb [CANDIDATE]: Term 1 pre-election: Election decided. Result: candidate won. Election summary: received 3 responses out of 3 voters: 2 yes votes; 1 no votes. yes voters: 207f9e4a58174c148cb9d644757e49c3, 38ffc3fe7a084ac7a6fe267d888239eb; no voters: 28b1c3dac84349f6b897f2308b699ba5
I20260710 13:24:35.609151 28285 leader_election.cc:304] T 7cfd6ad93ad04a03badcc3a9249d3812 P 38ffc3fe7a084ac7a6fe267d888239eb [CANDIDATE]: Term 1 election: Election decided. Result: candidate won. Election summary: received 2 responses out of 3 voters: 2 yes votes; 0 no votes. yes voters: 28b1c3dac84349f6b897f2308b699ba5, 38ffc3fe7a084ac7a6fe267d888239eb; no voters: 
I20260710 13:24:35.608662 28145 catalog_manager.cc:5697] T fe42c413689c43a49563cfa68051588a P 38ffc3fe7a084ac7a6fe267d888239eb reported cstate change: term changed from 0 to 1, leader changed from <none> to 38ffc3fe7a084ac7a6fe267d888239eb (127.26.128.66). New cstate: current_term: 1 leader_uuid: "38ffc3fe7a084ac7a6fe267d888239eb" committed_config { opid_index: -1 OBSOLETE_local: false peers { permanent_uuid: "207f9e4a58174c148cb9d644757e49c3" member_type: VOTER last_known_addr { host: "127.26.128.65" port: 42067 } health_report { overall_health: UNKNOWN } } peers { permanent_uuid: "38ffc3fe7a084ac7a6fe267d888239eb" member_type: VOTER last_known_addr { host: "127.26.128.66" port: 37301 } health_report { overall_health: HEALTHY } } peers { permanent_uuid: "28b1c3dac84349f6b897f2308b699ba5" member_type: VOTER last_known_addr { host: "127.26.128.67" port: 43773 } health_report { overall_health: UNKNOWN } } }
I20260710 13:24:35.609874 28539 raft_consensus.cc:2804] T 2422c96e81e847bc8116e4378da86a64 P 38ffc3fe7a084ac7a6fe267d888239eb [term 0 FOLLOWER]: Leader pre-election won for term 1
I20260710 13:24:35.610316 28539 raft_consensus.cc:493] T 2422c96e81e847bc8116e4378da86a64 P 38ffc3fe7a084ac7a6fe267d888239eb [term 0 FOLLOWER]: Starting leader election (no leader contacted us within the election timeout)
I20260710 13:24:35.610687 28539 raft_consensus.cc:3060] T 2422c96e81e847bc8116e4378da86a64 P 38ffc3fe7a084ac7a6fe267d888239eb [term 0 FOLLOWER]: Advancing to term 1
I20260710 13:24:35.610996 28393 raft_consensus.cc:3060] T 972e4665958e43b5a554de59634438d7 P 28b1c3dac84349f6b897f2308b699ba5 [term 0 FOLLOWER]: Advancing to term 1
I20260710 13:24:35.614607 28436 tablet_bootstrap.cc:492] T 2422c96e81e847bc8116e4378da86a64 P 28b1c3dac84349f6b897f2308b699ba5: No bootstrap required, opened a new log
I20260710 13:24:35.615121 28436 ts_tablet_manager.cc:1403] T 2422c96e81e847bc8116e4378da86a64 P 28b1c3dac84349f6b897f2308b699ba5: Time spent bootstrapping tablet: real 0.079s	user 0.022s	sys 0.016s
I20260710 13:24:35.616850 28438 tablet_bootstrap.cc:492] T 02f8017e66d24829b6c4c094b9f1029e P 38ffc3fe7a084ac7a6fe267d888239eb: No bootstrap required, opened a new log
I20260710 13:24:35.617271 28438 ts_tablet_manager.cc:1403] T 02f8017e66d24829b6c4c094b9f1029e P 38ffc3fe7a084ac7a6fe267d888239eb: Time spent bootstrapping tablet: real 0.216s	user 0.063s	sys 0.057s
I20260710 13:24:35.618661 28436 raft_consensus.cc:359] T 2422c96e81e847bc8116e4378da86a64 P 28b1c3dac84349f6b897f2308b699ba5 [term 0 FOLLOWER]: Replica starting. Triggering 0 pending ops. Active config: opid_index: -1 OBSOLETE_local: false peers { permanent_uuid: "207f9e4a58174c148cb9d644757e49c3" member_type: VOTER last_known_addr { host: "127.26.128.65" port: 42067 } } peers { permanent_uuid: "38ffc3fe7a084ac7a6fe267d888239eb" member_type: VOTER last_known_addr { host: "127.26.128.66" port: 37301 } } peers { permanent_uuid: "28b1c3dac84349f6b897f2308b699ba5" member_type: VOTER last_known_addr { host: "127.26.128.67" port: 43773 } }
I20260710 13:24:35.612154 28482 raft_consensus.cc:2804] T 7cfd6ad93ad04a03badcc3a9249d3812 P 38ffc3fe7a084ac7a6fe267d888239eb [term 1 FOLLOWER]: Leader election won for term 1
I20260710 13:24:35.619587 28436 raft_consensus.cc:385] T 2422c96e81e847bc8116e4378da86a64 P 28b1c3dac84349f6b897f2308b699ba5 [term 0 FOLLOWER]: Consensus starting up: Expiring failure detector timer to make a prompt election more likely
I20260710 13:24:35.619971 28436 raft_consensus.cc:740] T 2422c96e81e847bc8116e4378da86a64 P 28b1c3dac84349f6b897f2308b699ba5 [term 0 FOLLOWER]: Becoming Follower/Learner. State: Replica: 28b1c3dac84349f6b897f2308b699ba5, State: Initialized, Role: FOLLOWER
I20260710 13:24:35.620008 28482 raft_consensus.cc:697] T 7cfd6ad93ad04a03badcc3a9249d3812 P 38ffc3fe7a084ac7a6fe267d888239eb [term 1 LEADER]: Becoming Leader. State: Replica: 38ffc3fe7a084ac7a6fe267d888239eb, State: Running, Role: LEADER
I20260710 13:24:35.617614 28246 raft_consensus.cc:2468] T 7cfd6ad93ad04a03badcc3a9249d3812 P 207f9e4a58174c148cb9d644757e49c3 [term 1 FOLLOWER]: Leader election vote request: Granting yes vote for candidate 38ffc3fe7a084ac7a6fe267d888239eb in term 1.
I20260710 13:24:35.621066 28482 consensus_queue.cc:237] T 7cfd6ad93ad04a03badcc3a9249d3812 P 38ffc3fe7a084ac7a6fe267d888239eb [LEADER]: Queue going to LEADER mode. State: All replicated index: 0, Majority replicated index: 0, Committed index: 0, Last appended: 0.0, Last appended by leader: 0, Current term: 1, Majority size: 2, State: 0, Mode: LEADER, active raft config: opid_index: -1 OBSOLETE_local: false peers { permanent_uuid: "207f9e4a58174c148cb9d644757e49c3" member_type: VOTER last_known_addr { host: "127.26.128.65" port: 42067 } } peers { permanent_uuid: "38ffc3fe7a084ac7a6fe267d888239eb" member_type: VOTER last_known_addr { host: "127.26.128.66" port: 37301 } } peers { permanent_uuid: "28b1c3dac84349f6b897f2308b699ba5" member_type: VOTER last_known_addr { host: "127.26.128.67" port: 43773 } }
I20260710 13:24:35.620814 28436 consensus_queue.cc:260] T 2422c96e81e847bc8116e4378da86a64 P 28b1c3dac84349f6b897f2308b699ba5 [NON_LEADER]: Queue going to NON_LEADER mode. State: All replicated index: 0, Majority replicated index: 0, Committed index: 0, Last appended: 0.0, Last appended by leader: 0, Current term: 0, Majority size: -1, State: 0, Mode: NON_LEADER, active raft config: opid_index: -1 OBSOLETE_local: false peers { permanent_uuid: "207f9e4a58174c148cb9d644757e49c3" member_type: VOTER last_known_addr { host: "127.26.128.65" port: 42067 } } peers { permanent_uuid: "38ffc3fe7a084ac7a6fe267d888239eb" member_type: VOTER last_known_addr { host: "127.26.128.66" port: 37301 } } peers { permanent_uuid: "28b1c3dac84349f6b897f2308b699ba5" member_type: VOTER last_known_addr { host: "127.26.128.67" port: 43773 } }
I20260710 13:24:35.625694 28436 ts_tablet_manager.cc:1434] T 2422c96e81e847bc8116e4378da86a64 P 28b1c3dac84349f6b897f2308b699ba5: Time spent starting tablet: real 0.010s	user 0.005s	sys 0.000s
I20260710 13:24:35.626731 28436 tablet_bootstrap.cc:492] T 119bdf609ca241c59500073c3b865b3e P 28b1c3dac84349f6b897f2308b699ba5: Bootstrap starting.
I20260710 13:24:35.628459 28438 raft_consensus.cc:359] T 02f8017e66d24829b6c4c094b9f1029e P 38ffc3fe7a084ac7a6fe267d888239eb [term 0 FOLLOWER]: Replica starting. Triggering 0 pending ops. Active config: opid_index: -1 OBSOLETE_local: false peers { permanent_uuid: "207f9e4a58174c148cb9d644757e49c3" member_type: VOTER last_known_addr { host: "127.26.128.65" port: 42067 } } peers { permanent_uuid: "38ffc3fe7a084ac7a6fe267d888239eb" member_type: VOTER last_known_addr { host: "127.26.128.66" port: 37301 } } peers { permanent_uuid: "28b1c3dac84349f6b897f2308b699ba5" member_type: VOTER last_known_addr { host: "127.26.128.67" port: 43773 } }
I20260710 13:24:35.629079 28438 raft_consensus.cc:385] T 02f8017e66d24829b6c4c094b9f1029e P 38ffc3fe7a084ac7a6fe267d888239eb [term 0 FOLLOWER]: Consensus starting up: Expiring failure detector timer to make a prompt election more likely
I20260710 13:24:35.629318 28438 raft_consensus.cc:740] T 02f8017e66d24829b6c4c094b9f1029e P 38ffc3fe7a084ac7a6fe267d888239eb [term 0 FOLLOWER]: Becoming Follower/Learner. State: Replica: 38ffc3fe7a084ac7a6fe267d888239eb, State: Initialized, Role: FOLLOWER
I20260710 13:24:35.630800 28438 consensus_queue.cc:260] T 02f8017e66d24829b6c4c094b9f1029e P 38ffc3fe7a084ac7a6fe267d888239eb [NON_LEADER]: Queue going to NON_LEADER mode. State: All replicated index: 0, Majority replicated index: 0, Committed index: 0, Last appended: 0.0, Last appended by leader: 0, Current term: 0, Majority size: -1, State: 0, Mode: NON_LEADER, active raft config: opid_index: -1 OBSOLETE_local: false peers { permanent_uuid: "207f9e4a58174c148cb9d644757e49c3" member_type: VOTER last_known_addr { host: "127.26.128.65" port: 42067 } } peers { permanent_uuid: "38ffc3fe7a084ac7a6fe267d888239eb" member_type: VOTER last_known_addr { host: "127.26.128.66" port: 37301 } } peers { permanent_uuid: "28b1c3dac84349f6b897f2308b699ba5" member_type: VOTER last_known_addr { host: "127.26.128.67" port: 43773 } }
I20260710 13:24:35.635380 28438 ts_tablet_manager.cc:1434] T 02f8017e66d24829b6c4c094b9f1029e P 38ffc3fe7a084ac7a6fe267d888239eb: Time spent starting tablet: real 0.018s	user 0.007s	sys 0.001s
I20260710 13:24:35.636035 28438 tablet_bootstrap.cc:492] T 7a78b1d705254c31995a3321b3637048 P 38ffc3fe7a084ac7a6fe267d888239eb: Bootstrap starting.
I20260710 13:24:35.637513 28538 consensus_queue.cc:1048] T 972e4665958e43b5a554de59634438d7 P 38ffc3fe7a084ac7a6fe267d888239eb [LEADER]: Connected to new peer: Peer: permanent_uuid: "28b1c3dac84349f6b897f2308b699ba5" member_type: VOTER last_known_addr { host: "127.26.128.67" port: 43773 }, Status: LMP_MISMATCH, Last received: 0.0, Next index: 1, Last known committed idx: 0, Time since last communication: 0.000s
I20260710 13:24:35.647213 28538 raft_consensus.cc:493] T 119bdf609ca241c59500073c3b865b3e P 38ffc3fe7a084ac7a6fe267d888239eb [term 0 FOLLOWER]: Starting pre-election (no leader contacted us within the election timeout)
I20260710 13:24:35.647671 28538 raft_consensus.cc:515] T 119bdf609ca241c59500073c3b865b3e P 38ffc3fe7a084ac7a6fe267d888239eb [term 0 FOLLOWER]: Starting pre-election with config: opid_index: -1 OBSOLETE_local: false peers { permanent_uuid: "207f9e4a58174c148cb9d644757e49c3" member_type: VOTER last_known_addr { host: "127.26.128.65" port: 42067 } } peers { permanent_uuid: "38ffc3fe7a084ac7a6fe267d888239eb" member_type: VOTER last_known_addr { host: "127.26.128.66" port: 37301 } } peers { permanent_uuid: "28b1c3dac84349f6b897f2308b699ba5" member_type: VOTER last_known_addr { host: "127.26.128.67" port: 43773 } }
I20260710 13:24:35.652580 28538 leader_election.cc:290] T 119bdf609ca241c59500073c3b865b3e P 38ffc3fe7a084ac7a6fe267d888239eb [CANDIDATE]: Term 1 pre-election: Requested pre-vote from peers 207f9e4a58174c148cb9d644757e49c3 (127.26.128.65:42067), 28b1c3dac84349f6b897f2308b699ba5 (127.26.128.67:43773)
