I20260710 13:24:51.651710 23465 tablet_copy_service.cc:140] P 2b4d5f5d4a8b46ff9f7d5d04a5ddeb9e: Received BeginTabletCopySession request for tablet 1c86d9b6cc224007bc9612511c6bc72e from peer 5436a535f2c24884926084bc76f85483 ({username='slave'} at 127.0.0.1:45938)
I20260710 13:24:51.652304 23465 tablet_copy_service.cc:161] P 2b4d5f5d4a8b46ff9f7d5d04a5ddeb9e: Beginning new tablet copy session on tablet 1c86d9b6cc224007bc9612511c6bc72e from peer 5436a535f2c24884926084bc76f85483 at {username='slave'} at 127.0.0.1:45938: session id = 5436a535f2c24884926084bc76f85483-1c86d9b6cc224007bc9612511c6bc72e
I20260710 13:24:51.659631 23465 tablet_copy_source_session.cc:215] T 1c86d9b6cc224007bc9612511c6bc72e P 2b4d5f5d4a8b46ff9f7d5d04a5ddeb9e: Tablet Copy: opened 0 blocks and 1 log segments
I20260710 13:24:51.662393 24040 data_dirs.cc:400] Could only allocate 1 dirs of requested 3 for tablet 1c86d9b6cc224007bc9612511c6bc72e. 1 dirs total, 0 dirs full, 0 dirs failed
I20260710 13:24:51.707075 24040 tablet_copy_client.cc:806] T 1c86d9b6cc224007bc9612511c6bc72e P 5436a535f2c24884926084bc76f85483: tablet copy: Starting download of 0 data blocks...
I20260710 13:24:51.708973 24040 tablet_copy_client.cc:670] T 1c86d9b6cc224007bc9612511c6bc72e P 5436a535f2c24884926084bc76f85483: tablet copy: Starting download of 1 WAL segments...
I20260710 13:24:51.715014 24040 tablet_copy_client.cc:538] T 1c86d9b6cc224007bc9612511c6bc72e P 5436a535f2c24884926084bc76f85483: tablet copy: Tablet Copy complete. Replacing tablet superblock.
I20260710 13:24:51.723428 24040 tablet_bootstrap.cc:492] T 1c86d9b6cc224007bc9612511c6bc72e P 5436a535f2c24884926084bc76f85483: Bootstrap starting.
I20260710 13:24:51.742632 24040 tablet_bootstrap.cc:492] T 1c86d9b6cc224007bc9612511c6bc72e P 5436a535f2c24884926084bc76f85483: Bootstrap replayed 1/1 log segments. Stats: ops{read=2 overwritten=0 applied=2 ignored=0} inserts{seen=0 ignored=0} mutations{seen=0 ignored=0} orphaned_commits=0. Pending: 0 replicates
I20260710 13:24:51.743755 24040 tablet_bootstrap.cc:492] T 1c86d9b6cc224007bc9612511c6bc72e P 5436a535f2c24884926084bc76f85483: Bootstrap complete.
I20260710 13:24:51.744551 24040 ts_tablet_manager.cc:1403] T 1c86d9b6cc224007bc9612511c6bc72e P 5436a535f2c24884926084bc76f85483: Time spent bootstrapping tablet: real 0.021s	user 0.016s	sys 0.007s
I20260710 13:24:51.746826 24040 raft_consensus.cc:359] T 1c86d9b6cc224007bc9612511c6bc72e P 5436a535f2c24884926084bc76f85483 [term 1 LEARNER]: Replica starting. Triggering 0 pending ops. Active config: opid_index: 2 OBSOLETE_local: false peers { permanent_uuid: "0fb2a23d219343758ee0ff767bf4d2d6" member_type: VOTER last_known_addr { host: "127.21.173.129" port: 43369 } } peers { permanent_uuid: "c0868a22248b4ec2a3617bef920d021d" member_type: VOTER last_known_addr { host: "127.21.173.130" port: 36879 } attrs { replace: true } } peers { permanent_uuid: "2b4d5f5d4a8b46ff9f7d5d04a5ddeb9e" member_type: VOTER last_known_addr { host: "127.21.173.131" port: 43371 } } peers { permanent_uuid: "5436a535f2c24884926084bc76f85483" member_type: NON_VOTER last_known_addr { host: "127.21.173.132" port: 34913 } attrs { promote: true } }
I20260710 13:24:51.748293 24040 raft_consensus.cc:740] T 1c86d9b6cc224007bc9612511c6bc72e P 5436a535f2c24884926084bc76f85483 [term 1 LEARNER]: Becoming Follower/Learner. State: Replica: 5436a535f2c24884926084bc76f85483, State: Initialized, Role: LEARNER
I20260710 13:24:51.749109 24040 consensus_queue.cc:260] T 1c86d9b6cc224007bc9612511c6bc72e P 5436a535f2c24884926084bc76f85483 [NON_LEADER]: Queue going to NON_LEADER mode. State: All replicated index: 0, Majority replicated index: 0, Committed index: 2, Last appended: 1.2, Last appended by leader: 2, Current term: 0, Majority size: -1, State: 0, Mode: NON_LEADER, active raft config: opid_index: 2 OBSOLETE_local: false peers { permanent_uuid: "0fb2a23d219343758ee0ff767bf4d2d6" member_type: VOTER last_known_addr { host: "127.21.173.129" port: 43369 } } peers { permanent_uuid: "c0868a22248b4ec2a3617bef920d021d" member_type: VOTER last_known_addr { host: "127.21.173.130" port: 36879 } attrs { replace: true } } peers { permanent_uuid: "2b4d5f5d4a8b46ff9f7d5d04a5ddeb9e" member_type: VOTER last_known_addr { host: "127.21.173.131" port: 43371 } } peers { permanent_uuid: "5436a535f2c24884926084bc76f85483" member_type: NON_VOTER last_known_addr { host: "127.21.173.132" port: 34913 } attrs { promote: true } }
I20260710 13:24:51.751294 24040 ts_tablet_manager.cc:1434] T 1c86d9b6cc224007bc9612511c6bc72e P 5436a535f2c24884926084bc76f85483: Time spent starting tablet: real 0.006s	user 0.004s	sys 0.001s
I20260710 13:24:51.753651 23465 tablet_copy_service.cc:342] P 2b4d5f5d4a8b46ff9f7d5d04a5ddeb9e: Request end of tablet copy session 5436a535f2c24884926084bc76f85483-1c86d9b6cc224007bc9612511c6bc72e received from {username='slave'} at 127.0.0.1:45938
I20260710 13:24:51.754758 23465 tablet_copy_service.cc:434] P 2b4d5f5d4a8b46ff9f7d5d04a5ddeb9e: ending tablet copy session 5436a535f2c24884926084bc76f85483-1c86d9b6cc224007bc9612511c6bc72e on tablet 1c86d9b6cc224007bc9612511c6bc72e with peer 5436a535f2c24884926084bc76f85483
I20260710 13:24:51.881258 23729 raft_consensus.cc:1217] T 9e1ef7c39df548618a96bc26f8b1a351 P 5436a535f2c24884926084bc76f85483 [term 1 LEARNER]: Deduplicated request from leader. Original: 1.1->[1.2-1.2]   Dedup: 1.2->[]
I20260710 13:24:52.234521 23729 raft_consensus.cc:1217] T 1c86d9b6cc224007bc9612511c6bc72e P 5436a535f2c24884926084bc76f85483 [term 1 LEARNER]: Deduplicated request from leader. Original: 1.1->[1.2-1.2]   Dedup: 1.2->[]
I20260710 13:24:52.485055 24048 raft_consensus.cc:1064] T 9e1ef7c39df548618a96bc26f8b1a351 P c0868a22248b4ec2a3617bef920d021d: attempting to promote NON_VOTER 5436a535f2c24884926084bc76f85483 to VOTER
I20260710 13:24:52.488348 24048 consensus_queue.cc:237] T 9e1ef7c39df548618a96bc26f8b1a351 P c0868a22248b4ec2a3617bef920d021d [LEADER]: Queue going to LEADER mode. State: All replicated index: 0, Majority replicated index: 2, Committed index: 2, Last appended: 1.2, Last appended by leader: 0, Current term: 1, Majority size: 3, State: 0, Mode: LEADER, active raft config: opid_index: 3 OBSOLETE_local: false peers { permanent_uuid: "0fb2a23d219343758ee0ff767bf4d2d6" member_type: VOTER last_known_addr { host: "127.21.173.129" port: 43369 } } peers { permanent_uuid: "c0868a22248b4ec2a3617bef920d021d" member_type: VOTER last_known_addr { host: "127.21.173.130" port: 36879 } } peers { permanent_uuid: "2b4d5f5d4a8b46ff9f7d5d04a5ddeb9e" member_type: VOTER last_known_addr { host: "127.21.173.131" port: 43371 } attrs { replace: true } } peers { permanent_uuid: "5436a535f2c24884926084bc76f85483" member_type: VOTER last_known_addr { host: "127.21.173.132" port: 34913 } attrs { promote: false } }
I20260710 13:24:52.511101 23729 raft_consensus.cc:1275] T 9e1ef7c39df548618a96bc26f8b1a351 P 5436a535f2c24884926084bc76f85483 [term 1 LEARNER]: Refusing update from remote peer c0868a22248b4ec2a3617bef920d021d: Log matching property violated. Preceding OpId in replica: term: 1 index: 2. Preceding OpId from leader: term: 1 index: 3. (index mismatch)
I20260710 13:24:52.511096 23451 raft_consensus.cc:1275] T 9e1ef7c39df548618a96bc26f8b1a351 P 2b4d5f5d4a8b46ff9f7d5d04a5ddeb9e [term 1 FOLLOWER]: Refusing update from remote peer c0868a22248b4ec2a3617bef920d021d: Log matching property violated. Preceding OpId in replica: term: 1 index: 2. Preceding OpId from leader: term: 1 index: 3. (index mismatch)
I20260710 13:24:52.513866 23305 raft_consensus.cc:1275] T 9e1ef7c39df548618a96bc26f8b1a351 P 0fb2a23d219343758ee0ff767bf4d2d6 [term 1 FOLLOWER]: Refusing update from remote peer c0868a22248b4ec2a3617bef920d021d: Log matching property violated. Preceding OpId in replica: term: 1 index: 2. Preceding OpId from leader: term: 1 index: 3. (index mismatch)
I20260710 13:24:52.516553 24051 consensus_queue.cc:1048] T 9e1ef7c39df548618a96bc26f8b1a351 P c0868a22248b4ec2a3617bef920d021d [LEADER]: Connected to new peer: Peer: permanent_uuid: "5436a535f2c24884926084bc76f85483" member_type: VOTER last_known_addr { host: "127.21.173.132" port: 34913 } attrs { promote: false }, Status: LMP_MISMATCH, Last received: 0.0, Next index: 3, Last known committed idx: 2, Time since last communication: 0.001s
I20260710 13:24:52.528450 24048 consensus_queue.cc:1048] T 9e1ef7c39df548618a96bc26f8b1a351 P c0868a22248b4ec2a3617bef920d021d [LEADER]: Connected to new peer: Peer: permanent_uuid: "0fb2a23d219343758ee0ff767bf4d2d6" member_type: VOTER last_known_addr { host: "127.21.173.129" port: 43369 }, Status: LMP_MISMATCH, Last received: 0.0, Next index: 3, Last known committed idx: 2, Time since last communication: 0.000s
I20260710 13:24:52.531960 24049 consensus_queue.cc:1048] T 9e1ef7c39df548618a96bc26f8b1a351 P c0868a22248b4ec2a3617bef920d021d [LEADER]: Connected to new peer: Peer: permanent_uuid: "2b4d5f5d4a8b46ff9f7d5d04a5ddeb9e" member_type: VOTER last_known_addr { host: "127.21.173.131" port: 43371 } attrs { replace: true }, Status: LMP_MISMATCH, Last received: 0.0, Next index: 3, Last known committed idx: 2, Time since last communication: 0.001s
I20260710 13:24:52.572574 24051 raft_consensus.cc:2955] T 9e1ef7c39df548618a96bc26f8b1a351 P c0868a22248b4ec2a3617bef920d021d [term 1 LEADER]: Committing config change with OpId 1.3: config changed from index 2 to 3, 5436a535f2c24884926084bc76f85483 (127.21.173.132) changed from NON_VOTER to VOTER. New config: { opid_index: 3 OBSOLETE_local: false peers { permanent_uuid: "0fb2a23d219343758ee0ff767bf4d2d6" member_type: VOTER last_known_addr { host: "127.21.173.129" port: 43369 } } peers { permanent_uuid: "c0868a22248b4ec2a3617bef920d021d" member_type: VOTER last_known_addr { host: "127.21.173.130" port: 36879 } } peers { permanent_uuid: "2b4d5f5d4a8b46ff9f7d5d04a5ddeb9e" member_type: VOTER last_known_addr { host: "127.21.173.131" port: 43371 } attrs { replace: true } } peers { permanent_uuid: "5436a535f2c24884926084bc76f85483" member_type: VOTER last_known_addr { host: "127.21.173.132" port: 34913 } attrs { promote: false } } }
I20260710 13:24:52.579059 23729 raft_consensus.cc:2955] T 9e1ef7c39df548618a96bc26f8b1a351 P 5436a535f2c24884926084bc76f85483 [term 1 FOLLOWER]: Committing config change with OpId 1.3: config changed from index 2 to 3, 5436a535f2c24884926084bc76f85483 (127.21.173.132) changed from NON_VOTER to VOTER. New config: { opid_index: 3 OBSOLETE_local: false peers { permanent_uuid: "0fb2a23d219343758ee0ff767bf4d2d6" member_type: VOTER last_known_addr { host: "127.21.173.129" port: 43369 } } peers { permanent_uuid: "c0868a22248b4ec2a3617bef920d021d" member_type: VOTER last_known_addr { host: "127.21.173.130" port: 36879 } } peers { permanent_uuid: "2b4d5f5d4a8b46ff9f7d5d04a5ddeb9e" member_type: VOTER last_known_addr { host: "127.21.173.131" port: 43371 } attrs { replace: true } } peers { permanent_uuid: "5436a535f2c24884926084bc76f85483" member_type: VOTER last_known_addr { host: "127.21.173.132" port: 34913 } attrs { promote: false } } }
I20260710 13:24:52.591331 23451 raft_consensus.cc:2955] T 9e1ef7c39df548618a96bc26f8b1a351 P 2b4d5f5d4a8b46ff9f7d5d04a5ddeb9e [term 1 FOLLOWER]: Committing config change with OpId 1.3: config changed from index 2 to 3, 5436a535f2c24884926084bc76f85483 (127.21.173.132) changed from NON_VOTER to VOTER. New config: { opid_index: 3 OBSOLETE_local: false peers { permanent_uuid: "0fb2a23d219343758ee0ff767bf4d2d6" member_type: VOTER last_known_addr { host: "127.21.173.129" port: 43369 } } peers { permanent_uuid: "c0868a22248b4ec2a3617bef920d021d" member_type: VOTER last_known_addr { host: "127.21.173.130" port: 36879 } } peers { permanent_uuid: "2b4d5f5d4a8b46ff9f7d5d04a5ddeb9e" member_type: VOTER last_known_addr { host: "127.21.173.131" port: 43371 } attrs { replace: true } } peers { permanent_uuid: "5436a535f2c24884926084bc76f85483" member_type: VOTER last_known_addr { host: "127.21.173.132" port: 34913 } attrs { promote: false } } }
I20260710 13:24:52.596223 23305 raft_consensus.cc:2955] T 9e1ef7c39df548618a96bc26f8b1a351 P 0fb2a23d219343758ee0ff767bf4d2d6 [term 1 FOLLOWER]: Committing config change with OpId 1.3: config changed from index 2 to 3, 5436a535f2c24884926084bc76f85483 (127.21.173.132) changed from NON_VOTER to VOTER. New config: { opid_index: 3 OBSOLETE_local: false peers { permanent_uuid: "0fb2a23d219343758ee0ff767bf4d2d6" member_type: VOTER last_known_addr { host: "127.21.173.129" port: 43369 } } peers { permanent_uuid: "c0868a22248b4ec2a3617bef920d021d" member_type: VOTER last_known_addr { host: "127.21.173.130" port: 36879 } } peers { permanent_uuid: "2b4d5f5d4a8b46ff9f7d5d04a5ddeb9e" member_type: VOTER last_known_addr { host: "127.21.173.131" port: 43371 } attrs { replace: true } } peers { permanent_uuid: "5436a535f2c24884926084bc76f85483" member_type: VOTER last_known_addr { host: "127.21.173.132" port: 34913 } attrs { promote: false } } }
I20260710 13:24:52.611066 23203 catalog_manager.cc:5697] T 9e1ef7c39df548618a96bc26f8b1a351 P c0868a22248b4ec2a3617bef920d021d reported cstate change: config changed from index 2 to 3, 5436a535f2c24884926084bc76f85483 (127.21.173.132) changed from NON_VOTER to VOTER. New cstate: current_term: 1 leader_uuid: "c0868a22248b4ec2a3617bef920d021d" committed_config { opid_index: 3 OBSOLETE_local: false peers { permanent_uuid: "0fb2a23d219343758ee0ff767bf4d2d6" member_type: VOTER last_known_addr { host: "127.21.173.129" port: 43369 } health_report { overall_health: HEALTHY } } peers { permanent_uuid: "c0868a22248b4ec2a3617bef920d021d" member_type: VOTER last_known_addr { host: "127.21.173.130" port: 36879 } health_report { overall_health: HEALTHY } } peers { permanent_uuid: "2b4d5f5d4a8b46ff9f7d5d04a5ddeb9e" member_type: VOTER last_known_addr { host: "127.21.173.131" port: 43371 } attrs { replace: true } health_report { overall_health: HEALTHY } } peers { permanent_uuid: "5436a535f2c24884926084bc76f85483" member_type: VOTER last_known_addr { host: "127.21.173.132" port: 34913 } attrs { promote: false } health_report { overall_health: HEALTHY } } }
I20260710 13:24:53.015190 24002 raft_consensus.cc:1064] T 1c86d9b6cc224007bc9612511c6bc72e P 2b4d5f5d4a8b46ff9f7d5d04a5ddeb9e: attempting to promote NON_VOTER 5436a535f2c24884926084bc76f85483 to VOTER
I20260710 13:24:53.018831 24002 consensus_queue.cc:237] T 1c86d9b6cc224007bc9612511c6bc72e P 2b4d5f5d4a8b46ff9f7d5d04a5ddeb9e [LEADER]: Queue going to LEADER mode. State: All replicated index: 0, Majority replicated index: 2, Committed index: 2, Last appended: 1.2, Last appended by leader: 0, Current term: 1, Majority size: 3, State: 0, Mode: LEADER, active raft config: opid_index: 3 OBSOLETE_local: false peers { permanent_uuid: "0fb2a23d219343758ee0ff767bf4d2d6" member_type: VOTER last_known_addr { host: "127.21.173.129" port: 43369 } } peers { permanent_uuid: "c0868a22248b4ec2a3617bef920d021d" member_type: VOTER last_known_addr { host: "127.21.173.130" port: 36879 } attrs { replace: true } } peers { permanent_uuid: "2b4d5f5d4a8b46ff9f7d5d04a5ddeb9e" member_type: VOTER last_known_addr { host: "127.21.173.131" port: 43371 } } peers { permanent_uuid: "5436a535f2c24884926084bc76f85483" member_type: VOTER last_known_addr { host: "127.21.173.132" port: 34913 } attrs { promote: false } }
I20260710 13:24:53.045279 23728 raft_consensus.cc:1275] T 1c86d9b6cc224007bc9612511c6bc72e P 5436a535f2c24884926084bc76f85483 [term 1 LEARNER]: Refusing update from remote peer 2b4d5f5d4a8b46ff9f7d5d04a5ddeb9e: Log matching property violated. Preceding OpId in replica: term: 1 index: 2. Preceding OpId from leader: term: 1 index: 3. (index mismatch)
I20260710 13:24:53.047359 23378 raft_consensus.cc:1275] T 1c86d9b6cc224007bc9612511c6bc72e P c0868a22248b4ec2a3617bef920d021d [term 1 FOLLOWER]: Refusing update from remote peer 2b4d5f5d4a8b46ff9f7d5d04a5ddeb9e: Log matching property violated. Preceding OpId in replica: term: 1 index: 2. Preceding OpId from leader: term: 1 index: 3. (index mismatch)
I20260710 13:24:53.050912 23381 consensus_queue.cc:237] T 9e1ef7c39df548618a96bc26f8b1a351 P c0868a22248b4ec2a3617bef920d021d [LEADER]: Queue going to LEADER mode. State: All replicated index: 0, Majority replicated index: 3, Committed index: 3, Last appended: 1.3, Last appended by leader: 0, Current term: 1, Majority size: 2, State: 0, Mode: LEADER, active raft config: opid_index: 4 OBSOLETE_local: false peers { permanent_uuid: "0fb2a23d219343758ee0ff767bf4d2d6" member_type: VOTER last_known_addr { host: "127.21.173.129" port: 43369 } } peers { permanent_uuid: "c0868a22248b4ec2a3617bef920d021d" member_type: VOTER last_known_addr { host: "127.21.173.130" port: 36879 } } peers { permanent_uuid: "5436a535f2c24884926084bc76f85483" member_type: VOTER last_known_addr { host: "127.21.173.132" port: 34913 } attrs { promote: false } }
I20260710 13:24:53.053880 24002 consensus_queue.cc:1048] T 1c86d9b6cc224007bc9612511c6bc72e P 2b4d5f5d4a8b46ff9f7d5d04a5ddeb9e [LEADER]: Connected to new peer: Peer: permanent_uuid: "5436a535f2c24884926084bc76f85483" member_type: VOTER last_known_addr { host: "127.21.173.132" port: 34913 } attrs { promote: false }, Status: LMP_MISMATCH, Last received: 0.0, Next index: 3, Last known committed idx: 2, Time since last communication: 0.000s
I20260710 13:24:53.056787 24062 consensus_queue.cc:1048] T 1c86d9b6cc224007bc9612511c6bc72e P 2b4d5f5d4a8b46ff9f7d5d04a5ddeb9e [LEADER]: Connected to new peer: Peer: permanent_uuid: "c0868a22248b4ec2a3617bef920d021d" member_type: VOTER last_known_addr { host: "127.21.173.130" port: 36879 } attrs { replace: true }, Status: LMP_MISMATCH, Last received: 0.0, Next index: 3, Last known committed idx: 2, Time since last communication: 0.001s
I20260710 13:24:53.062136 23730 raft_consensus.cc:1275] T 9e1ef7c39df548618a96bc26f8b1a351 P 5436a535f2c24884926084bc76f85483 [term 1 FOLLOWER]: Refusing update from remote peer c0868a22248b4ec2a3617bef920d021d: Log matching property violated. Preceding OpId in replica: term: 1 index: 3. Preceding OpId from leader: term: 1 index: 4. (index mismatch)
I20260710 13:24:53.062750 23302 raft_consensus.cc:1275] T 9e1ef7c39df548618a96bc26f8b1a351 P 0fb2a23d219343758ee0ff767bf4d2d6 [term 1 FOLLOWER]: Refusing update from remote peer c0868a22248b4ec2a3617bef920d021d: Log matching property violated. Preceding OpId in replica: term: 1 index: 3. Preceding OpId from leader: term: 1 index: 4. (index mismatch)
I20260710 13:24:53.064718 24048 consensus_queue.cc:1048] T 9e1ef7c39df548618a96bc26f8b1a351 P c0868a22248b4ec2a3617bef920d021d [LEADER]: Connected to new peer: Peer: permanent_uuid: "0fb2a23d219343758ee0ff767bf4d2d6" member_type: VOTER last_known_addr { host: "127.21.173.129" port: 43369 }, Status: LMP_MISMATCH, Last received: 0.0, Next index: 4, Last known committed idx: 3, Time since last communication: 0.000s
I20260710 13:24:53.069212 24048 consensus_queue.cc:1048] T 9e1ef7c39df548618a96bc26f8b1a351 P c0868a22248b4ec2a3617bef920d021d [LEADER]: Connected to new peer: Peer: permanent_uuid: "5436a535f2c24884926084bc76f85483" member_type: VOTER last_known_addr { host: "127.21.173.132" port: 34913 } attrs { promote: false }, Status: LMP_MISMATCH, Last received: 0.0, Next index: 4, Last known committed idx: 3, Time since last communication: 0.001s
I20260710 13:24:53.075129 24052 raft_consensus.cc:2955] T 9e1ef7c39df548618a96bc26f8b1a351 P c0868a22248b4ec2a3617bef920d021d [term 1 LEADER]: Committing config change with OpId 1.4: config changed from index 3 to 4, VOTER 2b4d5f5d4a8b46ff9f7d5d04a5ddeb9e (127.21.173.131) evicted. New config: { opid_index: 4 OBSOLETE_local: false peers { permanent_uuid: "0fb2a23d219343758ee0ff767bf4d2d6" member_type: VOTER last_known_addr { host: "127.21.173.129" port: 43369 } } peers { permanent_uuid: "c0868a22248b4ec2a3617bef920d021d" member_type: VOTER last_known_addr { host: "127.21.173.130" port: 36879 } } peers { permanent_uuid: "5436a535f2c24884926084bc76f85483" member_type: VOTER last_known_addr { host: "127.21.173.132" port: 34913 } attrs { promote: false } } }
I20260710 13:24:53.084920 23302 raft_consensus.cc:1275] T 1c86d9b6cc224007bc9612511c6bc72e P 0fb2a23d219343758ee0ff767bf4d2d6 [term 1 FOLLOWER]: Refusing update from remote peer 2b4d5f5d4a8b46ff9f7d5d04a5ddeb9e: Log matching property violated. Preceding OpId in replica: term: 1 index: 2. Preceding OpId from leader: term: 1 index: 3. (index mismatch)
I20260710 13:24:53.089664 23730 raft_consensus.cc:2955] T 9e1ef7c39df548618a96bc26f8b1a351 P 5436a535f2c24884926084bc76f85483 [term 1 FOLLOWER]: Committing config change with OpId 1.4: config changed from index 3 to 4, VOTER 2b4d5f5d4a8b46ff9f7d5d04a5ddeb9e (127.21.173.131) evicted. New config: { opid_index: 4 OBSOLETE_local: false peers { permanent_uuid: "0fb2a23d219343758ee0ff767bf4d2d6" member_type: VOTER last_known_addr { host: "127.21.173.129" port: 43369 } } peers { permanent_uuid: "c0868a22248b4ec2a3617bef920d021d" member_type: VOTER last_known_addr { host: "127.21.173.130" port: 36879 } } peers { permanent_uuid: "5436a535f2c24884926084bc76f85483" member_type: VOTER last_known_addr { host: "127.21.173.132" port: 34913 } attrs { promote: false } } }
I20260710 13:24:53.091325 24046 consensus_queue.cc:1048] T 1c86d9b6cc224007bc9612511c6bc72e P 2b4d5f5d4a8b46ff9f7d5d04a5ddeb9e [LEADER]: Connected to new peer: Peer: permanent_uuid: "0fb2a23d219343758ee0ff767bf4d2d6" member_type: VOTER last_known_addr { host: "127.21.173.129" port: 43369 }, Status: LMP_MISMATCH, Last received: 0.0, Next index: 3, Last known committed idx: 2, Time since last communication: 0.001s
I20260710 13:24:53.094937 24062 raft_consensus.cc:2955] T 1c86d9b6cc224007bc9612511c6bc72e P 2b4d5f5d4a8b46ff9f7d5d04a5ddeb9e [term 1 LEADER]: Committing config change with OpId 1.3: config changed from index 2 to 3, 5436a535f2c24884926084bc76f85483 (127.21.173.132) changed from NON_VOTER to VOTER. New config: { opid_index: 3 OBSOLETE_local: false peers { permanent_uuid: "0fb2a23d219343758ee0ff767bf4d2d6" member_type: VOTER last_known_addr { host: "127.21.173.129" port: 43369 } } peers { permanent_uuid: "c0868a22248b4ec2a3617bef920d021d" member_type: VOTER last_known_addr { host: "127.21.173.130" port: 36879 } attrs { replace: true } } peers { permanent_uuid: "2b4d5f5d4a8b46ff9f7d5d04a5ddeb9e" member_type: VOTER last_known_addr { host: "127.21.173.131" port: 43371 } } peers { permanent_uuid: "5436a535f2c24884926084bc76f85483" member_type: VOTER last_known_addr { host: "127.21.173.132" port: 34913 } attrs { promote: false } } }
I20260710 13:24:53.097836 23302 raft_consensus.cc:2955] T 9e1ef7c39df548618a96bc26f8b1a351 P 0fb2a23d219343758ee0ff767bf4d2d6 [term 1 FOLLOWER]: Committing config change with OpId 1.4: config changed from index 3 to 4, VOTER 2b4d5f5d4a8b46ff9f7d5d04a5ddeb9e (127.21.173.131) evicted. New config: { opid_index: 4 OBSOLETE_local: false peers { permanent_uuid: "0fb2a23d219343758ee0ff767bf4d2d6" member_type: VOTER last_known_addr { host: "127.21.173.129" port: 43369 } } peers { permanent_uuid: "c0868a22248b4ec2a3617bef920d021d" member_type: VOTER last_known_addr { host: "127.21.173.130" port: 36879 } } peers { permanent_uuid: "5436a535f2c24884926084bc76f85483" member_type: VOTER last_known_addr { host: "127.21.173.132" port: 34913 } attrs { promote: false } } }
I20260710 13:24:53.102326 23381 raft_consensus.cc:2955] T 1c86d9b6cc224007bc9612511c6bc72e P c0868a22248b4ec2a3617bef920d021d [term 1 FOLLOWER]: Committing config change with OpId 1.3: config changed from index 2 to 3, 5436a535f2c24884926084bc76f85483 (127.21.173.132) changed from NON_VOTER to VOTER. New config: { opid_index: 3 OBSOLETE_local: false peers { permanent_uuid: "0fb2a23d219343758ee0ff767bf4d2d6" member_type: VOTER last_known_addr { host: "127.21.173.129" port: 43369 } } peers { permanent_uuid: "c0868a22248b4ec2a3617bef920d021d" member_type: VOTER last_known_addr { host: "127.21.173.130" port: 36879 } attrs { replace: true } } peers { permanent_uuid: "2b4d5f5d4a8b46ff9f7d5d04a5ddeb9e" member_type: VOTER last_known_addr { host: "127.21.173.131" port: 43371 } } peers { permanent_uuid: "5436a535f2c24884926084bc76f85483" member_type: VOTER last_known_addr { host: "127.21.173.132" port: 34913 } attrs { promote: false } } }
I20260710 13:24:53.114341 23191 catalog_manager.cc:5210] ChangeConfig:REMOVE_PEER RPC for tablet 9e1ef7c39df548618a96bc26f8b1a351 with cas_config_opid_index 3: ChangeConfig:REMOVE_PEER succeeded (attempt 1)
I20260710 13:24:53.117923 23728 raft_consensus.cc:2955] T 1c86d9b6cc224007bc9612511c6bc72e P 5436a535f2c24884926084bc76f85483 [term 1 FOLLOWER]: Committing config change with OpId 1.3: config changed from index 2 to 3, 5436a535f2c24884926084bc76f85483 (127.21.173.132) changed from NON_VOTER to VOTER. New config: { opid_index: 3 OBSOLETE_local: false peers { permanent_uuid: "0fb2a23d219343758ee0ff767bf4d2d6" member_type: VOTER last_known_addr { host: "127.21.173.129" port: 43369 } } peers { permanent_uuid: "c0868a22248b4ec2a3617bef920d021d" member_type: VOTER last_known_addr { host: "127.21.173.130" port: 36879 } attrs { replace: true } } peers { permanent_uuid: "2b4d5f5d4a8b46ff9f7d5d04a5ddeb9e" member_type: VOTER last_known_addr { host: "127.21.173.131" port: 43371 } } peers { permanent_uuid: "5436a535f2c24884926084bc76f85483" member_type: VOTER last_known_addr { host: "127.21.173.132" port: 34913 } attrs { promote: false } } }
I20260710 13:24:53.120805 23204 catalog_manager.cc:5697] T 9e1ef7c39df548618a96bc26f8b1a351 P 0fb2a23d219343758ee0ff767bf4d2d6 reported cstate change: config changed from index 3 to 4, VOTER 2b4d5f5d4a8b46ff9f7d5d04a5ddeb9e (127.21.173.131) evicted. New cstate: current_term: 1 leader_uuid: "c0868a22248b4ec2a3617bef920d021d" committed_config { opid_index: 4 OBSOLETE_local: false peers { permanent_uuid: "0fb2a23d219343758ee0ff767bf4d2d6" member_type: VOTER last_known_addr { host: "127.21.173.129" port: 43369 } } peers { permanent_uuid: "c0868a22248b4ec2a3617bef920d021d" member_type: VOTER last_known_addr { host: "127.21.173.130" port: 36879 } } peers { permanent_uuid: "5436a535f2c24884926084bc76f85483" member_type: VOTER last_known_addr { host: "127.21.173.132" port: 34913 } attrs { promote: false } } }
I20260710 13:24:53.140679 23202 catalog_manager.cc:5697] T 1c86d9b6cc224007bc9612511c6bc72e P 2b4d5f5d4a8b46ff9f7d5d04a5ddeb9e reported cstate change: config changed from index 2 to 3, 5436a535f2c24884926084bc76f85483 (127.21.173.132) changed from NON_VOTER to VOTER. New cstate: current_term: 1 leader_uuid: "2b4d5f5d4a8b46ff9f7d5d04a5ddeb9e" committed_config { opid_index: 3 OBSOLETE_local: false peers { permanent_uuid: "0fb2a23d219343758ee0ff767bf4d2d6" member_type: VOTER last_known_addr { host: "127.21.173.129" port: 43369 } health_report { overall_health: UNKNOWN } } peers { permanent_uuid: "c0868a22248b4ec2a3617bef920d021d" member_type: VOTER last_known_addr { host: "127.21.173.130" port: 36879 } attrs { replace: true } health_report { overall_health: HEALTHY } } peers { permanent_uuid: "2b4d5f5d4a8b46ff9f7d5d04a5ddeb9e" member_type: VOTER last_known_addr { host: "127.21.173.131" port: 43371 } health_report { overall_health: HEALTHY } } peers { permanent_uuid: "5436a535f2c24884926084bc76f85483" member_type: VOTER last_known_addr { host: "127.21.173.132" port: 34913 } attrs { promote: false } health_report { overall_health: HEALTHY } } }
I20260710 13:24:53.145875 23304 raft_consensus.cc:2955] T 1c86d9b6cc224007bc9612511c6bc72e P 0fb2a23d219343758ee0ff767bf4d2d6 [term 1 FOLLOWER]: Committing config change with OpId 1.3: config changed from index 2 to 3, 5436a535f2c24884926084bc76f85483 (127.21.173.132) changed from NON_VOTER to VOTER. New config: { opid_index: 3 OBSOLETE_local: false peers { permanent_uuid: "0fb2a23d219343758ee0ff767bf4d2d6" member_type: VOTER last_known_addr { host: "127.21.173.129" port: 43369 } } peers { permanent_uuid: "c0868a22248b4ec2a3617bef920d021d" member_type: VOTER last_known_addr { host: "127.21.173.130" port: 36879 } attrs { replace: true } } peers { permanent_uuid: "2b4d5f5d4a8b46ff9f7d5d04a5ddeb9e" member_type: VOTER last_known_addr { host: "127.21.173.131" port: 43371 } } peers { permanent_uuid: "5436a535f2c24884926084bc76f85483" member_type: VOTER last_known_addr { host: "127.21.173.132" port: 34913 } attrs { promote: false } } }
I20260710 13:24:53.167924 23439 tablet_service.cc:1558] Processing DeleteTablet for tablet 9e1ef7c39df548618a96bc26f8b1a351 with delete_type TABLET_DATA_TOMBSTONED (TS 2b4d5f5d4a8b46ff9f7d5d04a5ddeb9e not found in new config with opid_index 4) from {username='slave'} at 127.0.0.1:60022
I20260710 13:24:53.181010 23452 consensus_queue.cc:237] T 1c86d9b6cc224007bc9612511c6bc72e P 2b4d5f5d4a8b46ff9f7d5d04a5ddeb9e [LEADER]: Queue going to LEADER mode. State: All replicated index: 0, Majority replicated index: 3, Committed index: 3, Last appended: 1.3, Last appended by leader: 0, Current term: 1, Majority size: 2, State: 0, Mode: LEADER, active raft config: opid_index: 4 OBSOLETE_local: false peers { permanent_uuid: "0fb2a23d219343758ee0ff767bf4d2d6" member_type: VOTER last_known_addr { host: "127.21.173.129" port: 43369 } } peers { permanent_uuid: "2b4d5f5d4a8b46ff9f7d5d04a5ddeb9e" member_type: VOTER last_known_addr { host: "127.21.173.131" port: 43371 } } peers { permanent_uuid: "5436a535f2c24884926084bc76f85483" member_type: VOTER last_known_addr { host: "127.21.173.132" port: 34913 } attrs { promote: false } }
I20260710 13:24:53.184799 24068 tablet_replica.cc:333] T 9e1ef7c39df548618a96bc26f8b1a351 P 2b4d5f5d4a8b46ff9f7d5d04a5ddeb9e: stopping tablet replica
I20260710 13:24:53.185962 24068 raft_consensus.cc:2243] T 9e1ef7c39df548618a96bc26f8b1a351 P 2b4d5f5d4a8b46ff9f7d5d04a5ddeb9e [term 1 FOLLOWER]: Raft consensus shutting down.
I20260710 13:24:53.187086 24068 raft_consensus.cc:2272] T 9e1ef7c39df548618a96bc26f8b1a351 P 2b4d5f5d4a8b46ff9f7d5d04a5ddeb9e [term 1 FOLLOWER]: Raft consensus is shut down!
I20260710 13:24:53.187129 23728 raft_consensus.cc:1275] T 1c86d9b6cc224007bc9612511c6bc72e P 5436a535f2c24884926084bc76f85483 [term 1 FOLLOWER]: Refusing update from remote peer 2b4d5f5d4a8b46ff9f7d5d04a5ddeb9e: Log matching property violated. Preceding OpId in replica: term: 1 index: 3. Preceding OpId from leader: term: 1 index: 4. (index mismatch)
I20260710 13:24:53.187114 23304 raft_consensus.cc:1275] T 1c86d9b6cc224007bc9612511c6bc72e P 0fb2a23d219343758ee0ff767bf4d2d6 [term 1 FOLLOWER]: Refusing update from remote peer 2b4d5f5d4a8b46ff9f7d5d04a5ddeb9e: Log matching property violated. Preceding OpId in replica: term: 1 index: 3. Preceding OpId from leader: term: 1 index: 4. (index mismatch)
I20260710 13:24:53.189093 24002 consensus_queue.cc:1048] T 1c86d9b6cc224007bc9612511c6bc72e P 2b4d5f5d4a8b46ff9f7d5d04a5ddeb9e [LEADER]: Connected to new peer: Peer: permanent_uuid: "0fb2a23d219343758ee0ff767bf4d2d6" member_type: VOTER last_known_addr { host: "127.21.173.129" port: 43369 }, Status: LMP_MISMATCH, Last received: 0.0, Next index: 4, Last known committed idx: 3, Time since last communication: 0.000s
I20260710 13:24:53.191082 24002 consensus_queue.cc:1048] T 1c86d9b6cc224007bc9612511c6bc72e P 2b4d5f5d4a8b46ff9f7d5d04a5ddeb9e [LEADER]: Connected to new peer: Peer: permanent_uuid: "5436a535f2c24884926084bc76f85483" member_type: VOTER last_known_addr { host: "127.21.173.132" port: 34913 } attrs { promote: false }, Status: LMP_MISMATCH, Last received: 0.0, Next index: 4, Last known committed idx: 3, Time since last communication: 0.000s
I20260710 13:24:53.192128 24068 ts_tablet_manager.cc:1916] T 9e1ef7c39df548618a96bc26f8b1a351 P 2b4d5f5d4a8b46ff9f7d5d04a5ddeb9e: Deleting tablet data with delete state TABLET_DATA_TOMBSTONED
I20260710 13:24:53.197316 24002 raft_consensus.cc:2955] T 1c86d9b6cc224007bc9612511c6bc72e P 2b4d5f5d4a8b46ff9f7d5d04a5ddeb9e [term 1 LEADER]: Committing config change with OpId 1.4: config changed from index 3 to 4, VOTER c0868a22248b4ec2a3617bef920d021d (127.21.173.130) evicted. New config: { opid_index: 4 OBSOLETE_local: false peers { permanent_uuid: "0fb2a23d219343758ee0ff767bf4d2d6" member_type: VOTER last_known_addr { host: "127.21.173.129" port: 43369 } } peers { permanent_uuid: "2b4d5f5d4a8b46ff9f7d5d04a5ddeb9e" member_type: VOTER last_known_addr { host: "127.21.173.131" port: 43371 } } peers { permanent_uuid: "5436a535f2c24884926084bc76f85483" member_type: VOTER last_known_addr { host: "127.21.173.132" port: 34913 } attrs { promote: false } } }
I20260710 13:24:53.208575 24068 ts_tablet_manager.cc:1929] T 9e1ef7c39df548618a96bc26f8b1a351 P 2b4d5f5d4a8b46ff9f7d5d04a5ddeb9e: tablet deleted with delete type TABLET_DATA_TOMBSTONED: last-logged OpId 1.3
I20260710 13:24:53.209148 24068 log.cc:1199] T 9e1ef7c39df548618a96bc26f8b1a351 P 2b4d5f5d4a8b46ff9f7d5d04a5ddeb9e: Deleting WAL directory at /tmp/dist-test-taskWQyuou/test-tmp/auto_leader_rebalancer-test.0.LeaderRebalancerTest.AddTserver.1783689848186245-22198-0/minicluster-data/ts-2-root/wals/9e1ef7c39df548618a96bc26f8b1a351
I20260710 13:24:53.208731 23730 raft_consensus.cc:2955] T 1c86d9b6cc224007bc9612511c6bc72e P 5436a535f2c24884926084bc76f85483 [term 1 FOLLOWER]: Committing config change with OpId 1.4: config changed from index 3 to 4, VOTER c0868a22248b4ec2a3617bef920d021d (127.21.173.130) evicted. New config: { opid_index: 4 OBSOLETE_local: false peers { permanent_uuid: "0fb2a23d219343758ee0ff767bf4d2d6" member_type: VOTER last_known_addr { host: "127.21.173.129" port: 43369 } } peers { permanent_uuid: "2b4d5f5d4a8b46ff9f7d5d04a5ddeb9e" member_type: VOTER last_known_addr { host: "127.21.173.131" port: 43371 } } peers { permanent_uuid: "5436a535f2c24884926084bc76f85483" member_type: VOTER last_known_addr { host: "127.21.173.132" port: 34913 } attrs { promote: false } } }
I20260710 13:24:53.203840 23302 raft_consensus.cc:2955] T 1c86d9b6cc224007bc9612511c6bc72e P 0fb2a23d219343758ee0ff767bf4d2d6 [term 1 FOLLOWER]: Committing config change with OpId 1.4: config changed from index 3 to 4, VOTER c0868a22248b4ec2a3617bef920d021d (127.21.173.130) evicted. New config: { opid_index: 4 OBSOLETE_local: false peers { permanent_uuid: "0fb2a23d219343758ee0ff767bf4d2d6" member_type: VOTER last_known_addr { host: "127.21.173.129" port: 43369 } } peers { permanent_uuid: "2b4d5f5d4a8b46ff9f7d5d04a5ddeb9e" member_type: VOTER last_known_addr { host: "127.21.173.131" port: 43371 } } peers { permanent_uuid: "5436a535f2c24884926084bc76f85483" member_type: VOTER last_known_addr { host: "127.21.173.132" port: 34913 } attrs { promote: false } } }
I20260710 13:24:53.210799 23190 catalog_manager.cc:5028] TS 2b4d5f5d4a8b46ff9f7d5d04a5ddeb9e (127.21.173.131:43371): tablet 9e1ef7c39df548618a96bc26f8b1a351 (table test-workload [id=810f8ad884d44f83b600a7f8e8da8737]) successfully deleted
I20260710 13:24:53.219890 23190 catalog_manager.cc:5210] ChangeConfig:REMOVE_PEER RPC for tablet 1c86d9b6cc224007bc9612511c6bc72e with cas_config_opid_index 3: ChangeConfig:REMOVE_PEER succeeded (attempt 1)
I20260710 13:24:53.223371 23202 catalog_manager.cc:5697] T 1c86d9b6cc224007bc9612511c6bc72e P 5436a535f2c24884926084bc76f85483 reported cstate change: config changed from index 3 to 4, VOTER c0868a22248b4ec2a3617bef920d021d (127.21.173.130) evicted. New cstate: current_term: 1 leader_uuid: "2b4d5f5d4a8b46ff9f7d5d04a5ddeb9e" committed_config { opid_index: 4 OBSOLETE_local: false peers { permanent_uuid: "0fb2a23d219343758ee0ff767bf4d2d6" member_type: VOTER last_known_addr { host: "127.21.173.129" port: 43369 } } peers { permanent_uuid: "2b4d5f5d4a8b46ff9f7d5d04a5ddeb9e" member_type: VOTER last_known_addr { host: "127.21.173.131" port: 43371 } } peers { permanent_uuid: "5436a535f2c24884926084bc76f85483" member_type: VOTER last_known_addr { host: "127.21.173.132" port: 34913 } attrs { promote: false } } }
I20260710 13:24:53.236248 23363 tablet_service.cc:1558] Processing DeleteTablet for tablet 1c86d9b6cc224007bc9612511c6bc72e with delete_type TABLET_DATA_TOMBSTONED (TS c0868a22248b4ec2a3617bef920d021d not found in new config with opid_index 4) from {username='slave'} at 127.0.0.1:51250
I20260710 13:24:53.237949 24069 tablet_replica.cc:333] T 1c86d9b6cc224007bc9612511c6bc72e P c0868a22248b4ec2a3617bef920d021d: stopping tablet replica
I20260710 13:24:53.238804 24069 raft_consensus.cc:2243] T 1c86d9b6cc224007bc9612511c6bc72e P c0868a22248b4ec2a3617bef920d021d [term 1 FOLLOWER]: Raft consensus shutting down.
I20260710 13:24:53.239413 24069 raft_consensus.cc:2272] T 1c86d9b6cc224007bc9612511c6bc72e P c0868a22248b4ec2a3617bef920d021d [term 1 FOLLOWER]: Raft consensus is shut down!
I20260710 13:24:53.242619 24069 ts_tablet_manager.cc:1916] T 1c86d9b6cc224007bc9612511c6bc72e P c0868a22248b4ec2a3617bef920d021d: Deleting tablet data with delete state TABLET_DATA_TOMBSTONED
I20260710 13:24:53.258075 24069 ts_tablet_manager.cc:1929] T 1c86d9b6cc224007bc9612511c6bc72e P c0868a22248b4ec2a3617bef920d021d: tablet deleted with delete type TABLET_DATA_TOMBSTONED: last-logged OpId 1.3
I20260710 13:24:53.258421 24069 log.cc:1199] T 1c86d9b6cc224007bc9612511c6bc72e P c0868a22248b4ec2a3617bef920d021d: Deleting WAL directory at /tmp/dist-test-taskWQyuou/test-tmp/auto_leader_rebalancer-test.0.LeaderRebalancerTest.AddTserver.1783689848186245-22198-0/minicluster-data/ts-1-root/wals/1c86d9b6cc224007bc9612511c6bc72e
I20260710 13:24:53.260210 23191 catalog_manager.cc:5028] TS c0868a22248b4ec2a3617bef920d021d (127.21.173.130:36879): tablet 1c86d9b6cc224007bc9612511c6bc72e (table test-workload [id=810f8ad884d44f83b600a7f8e8da8737]) successfully deleted
W20260710 13:24:53.842545 23327 debug-util.cc:398] Leaking SignalData structure 0x7b080027ba80 after lost signal to thread 22201
W20260710 13:24:53.843566 23327 debug-util.cc:398] Leaking SignalData structure 0x7b08001bb2a0 after lost signal to thread 23238
W20260710 13:24:53.844658 23327 debug-util.cc:398] Leaking SignalData structure 0x7b0800118260 after lost signal to thread 23330
W20260710 13:24:53.845697 23327 debug-util.cc:398] Leaking SignalData structure 0x7b080003e960 after lost signal to thread 23405
W20260710 13:24:53.846719 23327 debug-util.cc:398] Leaking SignalData structure 0x7b08002716c0 after lost signal to thread 23479
W20260710 13:24:53.847558 23327 debug-util.cc:398] Leaking SignalData structure 0x7b0800111740 after lost signal to thread 23756
W20260710 13:24:56.041239 23753 debug-util.cc:398] Leaking SignalData structure 0x7b080025f060 after lost signal to thread 22201
W20260710 13:24:56.042198 23753 debug-util.cc:398] Leaking SignalData structure 0x7b080025f740 after lost signal to thread 23238
W20260710 13:24:56.043327 23753 debug-util.cc:398] Leaking SignalData structure 0x7b080018d6a0 after lost signal to thread 23330
W20260710 13:24:56.044438 23753 debug-util.cc:398] Leaking SignalData structure 0x7b08000f27a0 after lost signal to thread 23405
W20260710 13:24:56.045560 23753 debug-util.cc:398] Leaking SignalData structure 0x7b080013f960 after lost signal to thread 23479
W20260710 13:24:56.047128 23753 debug-util.cc:398] Leaking SignalData structure 0x7b080027c620 after lost signal to thread 23756
I20260710 13:24:58.384043 22198 auto_leader_rebalancer.cc:141] leader rebalance for table test-workload
I20260710 13:24:58.442365 23305 tablet_service.cc:2072] Received LeaderStepDown RPC: tablet_id: "12a6897575f9489a95c671832f956941"
dest_uuid: "0fb2a23d219343758ee0ff767bf4d2d6"
mode: GRACEFUL
new_leader_uuid: "5436a535f2c24884926084bc76f85483"
 from {username='slave'} at 127.0.0.1:34248
I20260710 13:24:58.443130 23305 raft_consensus.cc:606] T 12a6897575f9489a95c671832f956941 P 0fb2a23d219343758ee0ff767bf4d2d6 [term 1 LEADER]: Received request to transfer leadership to TS 5436a535f2c24884926084bc76f85483
I20260710 13:24:58.458554 23452 tablet_service.cc:2072] Received LeaderStepDown RPC: tablet_id: "17506b093cff4ed1ae9e3eee7910f84a"
dest_uuid: "2b4d5f5d4a8b46ff9f7d5d04a5ddeb9e"
mode: GRACEFUL
new_leader_uuid: "0fb2a23d219343758ee0ff767bf4d2d6"
 from {username='slave'} at 127.0.0.1:60854
I20260710 13:24:58.459230 23452 raft_consensus.cc:606] T 17506b093cff4ed1ae9e3eee7910f84a P 2b4d5f5d4a8b46ff9f7d5d04a5ddeb9e [term 1 LEADER]: Received request to transfer leadership to TS 0fb2a23d219343758ee0ff767bf4d2d6
I20260710 13:24:58.462785 23452 tablet_service.cc:2072] Received LeaderStepDown RPC: tablet_id: "54937737bf0749238cc534625965c9c9"
dest_uuid: "2b4d5f5d4a8b46ff9f7d5d04a5ddeb9e"
mode: GRACEFUL
new_leader_uuid: "5436a535f2c24884926084bc76f85483"
 from {username='slave'} at 127.0.0.1:60854
I20260710 13:24:58.463413 23452 raft_consensus.cc:606] T 54937737bf0749238cc534625965c9c9 P 2b4d5f5d4a8b46ff9f7d5d04a5ddeb9e [term 1 LEADER]: Received request to transfer leadership to TS 5436a535f2c24884926084bc76f85483
I20260710 13:24:58.466784 23452 tablet_service.cc:2072] Received LeaderStepDown RPC: tablet_id: "6d009d403cbc4948bdae967a9eb4b1d3"
dest_uuid: "2b4d5f5d4a8b46ff9f7d5d04a5ddeb9e"
mode: GRACEFUL
new_leader_uuid: "5436a535f2c24884926084bc76f85483"
 from {username='slave'} at 127.0.0.1:60854
I20260710 13:24:58.467646 23452 raft_consensus.cc:606] T 6d009d403cbc4948bdae967a9eb4b1d3 P 2b4d5f5d4a8b46ff9f7d5d04a5ddeb9e [term 1 LEADER]: Received request to transfer leadership to TS 5436a535f2c24884926084bc76f85483
I20260710 13:24:58.471228 23452 tablet_service.cc:2072] Received LeaderStepDown RPC: tablet_id: "f6f5ce81725545348f9ced5a89eabdab"
dest_uuid: "2b4d5f5d4a8b46ff9f7d5d04a5ddeb9e"
mode: GRACEFUL
new_leader_uuid: "5436a535f2c24884926084bc76f85483"
 from {username='slave'} at 127.0.0.1:60854
I20260710 13:24:58.471951 23452 raft_consensus.cc:606] T f6f5ce81725545348f9ced5a89eabdab P 2b4d5f5d4a8b46ff9f7d5d04a5ddeb9e [term 1 LEADER]: Received request to transfer leadership to TS 5436a535f2c24884926084bc76f85483
I20260710 13:24:58.475487 22198 auto_leader_rebalancer.cc:479] table: test-workload, leader rebalance finish, leader transfer count: 5
I20260710 13:24:58.476496 22198 auto_leader_rebalancer.cc:554] All tables' leader rebalancing finished this round
I20260710 13:24:58.567860 24070 raft_consensus.cc:993] T 17506b093cff4ed1ae9e3eee7910f84a P 2b4d5f5d4a8b46ff9f7d5d04a5ddeb9e: : Instructing follower 0fb2a23d219343758ee0ff767bf4d2d6 to start an election
I20260710 13:24:58.568429 24002 raft_consensus.cc:1081] T 17506b093cff4ed1ae9e3eee7910f84a P 2b4d5f5d4a8b46ff9f7d5d04a5ddeb9e [term 1 LEADER]: Signalling peer 0fb2a23d219343758ee0ff767bf4d2d6 to start an election
I20260710 13:24:58.570237 23305 tablet_service.cc:2044] Received Run Leader Election RPC: tablet_id: "17506b093cff4ed1ae9e3eee7910f84a"
dest_uuid: "0fb2a23d219343758ee0ff767bf4d2d6"
 from {username='slave'} at 127.0.0.1:54708
I20260710 13:24:58.570788 23305 raft_consensus.cc:493] T 17506b093cff4ed1ae9e3eee7910f84a P 0fb2a23d219343758ee0ff767bf4d2d6 [term 1 FOLLOWER]: Starting forced leader election (received explicit request)
I20260710 13:24:58.571096 23305 raft_consensus.cc:3060] T 17506b093cff4ed1ae9e3eee7910f84a P 0fb2a23d219343758ee0ff767bf4d2d6 [term 1 FOLLOWER]: Advancing to term 2
I20260710 13:24:58.576017 23305 raft_consensus.cc:515] T 17506b093cff4ed1ae9e3eee7910f84a P 0fb2a23d219343758ee0ff767bf4d2d6 [term 2 FOLLOWER]: Starting forced leader election with config: opid_index: -1 OBSOLETE_local: false peers { permanent_uuid: "0fb2a23d219343758ee0ff767bf4d2d6" member_type: VOTER last_known_addr { host: "127.21.173.129" port: 43369 } } peers { permanent_uuid: "c0868a22248b4ec2a3617bef920d021d" member_type: VOTER last_known_addr { host: "127.21.173.130" port: 36879 } } peers { permanent_uuid: "2b4d5f5d4a8b46ff9f7d5d04a5ddeb9e" member_type: VOTER last_known_addr { host: "127.21.173.131" port: 43371 } }
I20260710 13:24:58.578176 23305 leader_election.cc:290] T 17506b093cff4ed1ae9e3eee7910f84a P 0fb2a23d219343758ee0ff767bf4d2d6 [CANDIDATE]: Term 2 election: Requested vote from peers c0868a22248b4ec2a3617bef920d021d (127.21.173.130:36879), 2b4d5f5d4a8b46ff9f7d5d04a5ddeb9e (127.21.173.131:43371)
I20260710 13:24:58.579931 23378 tablet_service.cc:1917] Received RequestConsensusVote() RPC: tablet_id: "17506b093cff4ed1ae9e3eee7910f84a" candidate_uuid: "0fb2a23d219343758ee0ff767bf4d2d6" candidate_term: 2 candidate_status { last_received { term: 1 index: 1 } } ignore_live_leader: true dest_uuid: "c0868a22248b4ec2a3617bef920d021d"
I20260710 13:24:58.580768 23378 raft_consensus.cc:3060] T 17506b093cff4ed1ae9e3eee7910f84a P c0868a22248b4ec2a3617bef920d021d [term 1 FOLLOWER]: Advancing to term 2
I20260710 13:24:58.579748 23452 tablet_service.cc:1917] Received RequestConsensusVote() RPC: tablet_id: "17506b093cff4ed1ae9e3eee7910f84a" candidate_uuid: "0fb2a23d219343758ee0ff767bf4d2d6" candidate_term: 2 candidate_status { last_received { term: 1 index: 1 } } ignore_live_leader: true dest_uuid: "2b4d5f5d4a8b46ff9f7d5d04a5ddeb9e"
I20260710 13:24:58.581751 23452 raft_consensus.cc:3055] T 17506b093cff4ed1ae9e3eee7910f84a P 2b4d5f5d4a8b46ff9f7d5d04a5ddeb9e [term 1 LEADER]: Stepping down as leader of term 1
I20260710 13:24:58.582504 23452 raft_consensus.cc:740] T 17506b093cff4ed1ae9e3eee7910f84a P 2b4d5f5d4a8b46ff9f7d5d04a5ddeb9e [term 1 LEADER]: Becoming Follower/Learner. State: Replica: 2b4d5f5d4a8b46ff9f7d5d04a5ddeb9e, State: Running, Role: LEADER
I20260710 13:24:58.583437 23452 consensus_queue.cc:260] T 17506b093cff4ed1ae9e3eee7910f84a P 2b4d5f5d4a8b46ff9f7d5d04a5ddeb9e [NON_LEADER]: Queue going to NON_LEADER mode. State: All replicated index: 0, Majority replicated index: 1, Committed index: 1, Last appended: 1.1, Last appended by leader: 1, Current term: 1, Majority size: -1, State: 0, Mode: NON_LEADER, active raft config: opid_index: -1 OBSOLETE_local: false peers { permanent_uuid: "0fb2a23d219343758ee0ff767bf4d2d6" member_type: VOTER last_known_addr { host: "127.21.173.129" port: 43369 } } peers { permanent_uuid: "c0868a22248b4ec2a3617bef920d021d" member_type: VOTER last_known_addr { host: "127.21.173.130" port: 36879 } } peers { permanent_uuid: "2b4d5f5d4a8b46ff9f7d5d04a5ddeb9e" member_type: VOTER last_known_addr { host: "127.21.173.131" port: 43371 } }
I20260710 13:24:58.585083 23452 raft_consensus.cc:3060] T 17506b093cff4ed1ae9e3eee7910f84a P 2b4d5f5d4a8b46ff9f7d5d04a5ddeb9e [term 1 FOLLOWER]: Advancing to term 2
I20260710 13:24:58.588346 23378 raft_consensus.cc:2468] T 17506b093cff4ed1ae9e3eee7910f84a P c0868a22248b4ec2a3617bef920d021d [term 2 FOLLOWER]: Leader election vote request: Granting yes vote for candidate 0fb2a23d219343758ee0ff767bf4d2d6 in term 2.
I20260710 13:24:58.590057 23272 leader_election.cc:304] T 17506b093cff4ed1ae9e3eee7910f84a P 0fb2a23d219343758ee0ff767bf4d2d6 [CANDIDATE]: Term 2 election: Election decided. Result: candidate won. Election summary: received 2 responses out of 3 voters: 2 yes votes; 0 no votes. yes voters: 0fb2a23d219343758ee0ff767bf4d2d6, c0868a22248b4ec2a3617bef920d021d; no voters: 
I20260710 13:24:58.592257 23452 raft_consensus.cc:2468] T 17506b093cff4ed1ae9e3eee7910f84a P 2b4d5f5d4a8b46ff9f7d5d04a5ddeb9e [term 2 FOLLOWER]: Leader election vote request: Granting yes vote for candidate 0fb2a23d219343758ee0ff767bf4d2d6 in term 2.
I20260710 13:24:58.593284 24075 raft_consensus.cc:2804] T 17506b093cff4ed1ae9e3eee7910f84a P 0fb2a23d219343758ee0ff767bf4d2d6 [term 2 FOLLOWER]: Leader election won for term 2
I20260710 13:24:58.593884 24075 raft_consensus.cc:697] T 17506b093cff4ed1ae9e3eee7910f84a P 0fb2a23d219343758ee0ff767bf4d2d6 [term 2 LEADER]: Becoming Leader. State: Replica: 0fb2a23d219343758ee0ff767bf4d2d6, State: Running, Role: LEADER
I20260710 13:24:58.595167 24070 raft_consensus.cc:993] T 6d009d403cbc4948bdae967a9eb4b1d3 P 2b4d5f5d4a8b46ff9f7d5d04a5ddeb9e: : Instructing follower 5436a535f2c24884926084bc76f85483 to start an election
I20260710 13:24:58.594980 24075 consensus_queue.cc:237] T 17506b093cff4ed1ae9e3eee7910f84a P 0fb2a23d219343758ee0ff767bf4d2d6 [LEADER]: Queue going to LEADER mode. State: All replicated index: 0, Majority replicated index: 1, Committed index: 1, Last appended: 1.1, Last appended by leader: 1, Current term: 2, Majority size: 2, State: 0, Mode: LEADER, active raft config: opid_index: -1 OBSOLETE_local: false peers { permanent_uuid: "0fb2a23d219343758ee0ff767bf4d2d6" member_type: VOTER last_known_addr { host: "127.21.173.129" port: 43369 } } peers { permanent_uuid: "c0868a22248b4ec2a3617bef920d021d" member_type: VOTER last_known_addr { host: "127.21.173.130" port: 36879 } } peers { permanent_uuid: "2b4d5f5d4a8b46ff9f7d5d04a5ddeb9e" member_type: VOTER last_known_addr { host: "127.21.173.131" port: 43371 } }
I20260710 13:24:58.595642 24070 raft_consensus.cc:1081] T 6d009d403cbc4948bdae967a9eb4b1d3 P 2b4d5f5d4a8b46ff9f7d5d04a5ddeb9e [term 1 LEADER]: Signalling peer 5436a535f2c24884926084bc76f85483 to start an election
I20260710 13:24:58.597648 23728 tablet_service.cc:2044] Received Run Leader Election RPC: tablet_id: "6d009d403cbc4948bdae967a9eb4b1d3"
dest_uuid: "5436a535f2c24884926084bc76f85483"
 from {username='slave'} at 127.0.0.1:57178
I20260710 13:24:58.598279 23728 raft_consensus.cc:493] T 6d009d403cbc4948bdae967a9eb4b1d3 P 5436a535f2c24884926084bc76f85483 [term 1 FOLLOWER]: Starting forced leader election (received explicit request)
I20260710 13:24:58.598682 23728 raft_consensus.cc:3060] T 6d009d403cbc4948bdae967a9eb4b1d3 P 5436a535f2c24884926084bc76f85483 [term 1 FOLLOWER]: Advancing to term 2
