I20260710 13:24:36.936712 23560 raft_consensus.cc:2749] T 9e1ef7c39df548618a96bc26f8b1a351 P 2b4d5f5d4a8b46ff9f7d5d04a5ddeb9e [term 1 FOLLOWER]: Leader pre-election lost for term 1. Reason: could not achieve majority
I20260710 13:24:36.936884 23498 raft_consensus.cc:385] T c02632564123409084ce33b85bb377ac P c0868a22248b4ec2a3617bef920d021d [term 0 FOLLOWER]: Consensus starting up: Expiring failure detector timer to make a prompt election more likely
I20260710 13:24:36.938114 23498 raft_consensus.cc:740] T c02632564123409084ce33b85bb377ac P c0868a22248b4ec2a3617bef920d021d [term 0 FOLLOWER]: Becoming Follower/Learner. State: Replica: c0868a22248b4ec2a3617bef920d021d, State: Initialized, Role: FOLLOWER
I20260710 13:24:36.939126 23498 consensus_queue.cc:260] T c02632564123409084ce33b85bb377ac P c0868a22248b4ec2a3617bef920d021d [NON_LEADER]: Queue going to NON_LEADER mode. State: All replicated index: 0, Majority replicated index: 0, Committed index: 0, Last appended: 0.0, Last appended by leader: 0, Current term: 0, Majority size: -1, State: 0, Mode: NON_LEADER, active raft config: opid_index: -1 OBSOLETE_local: false peers { permanent_uuid: "0fb2a23d219343758ee0ff767bf4d2d6" member_type: VOTER last_known_addr { host: "127.21.173.129" port: 43369 } } peers { permanent_uuid: "c0868a22248b4ec2a3617bef920d021d" member_type: VOTER last_known_addr { host: "127.21.173.130" port: 36879 } } peers { permanent_uuid: "2b4d5f5d4a8b46ff9f7d5d04a5ddeb9e" member_type: VOTER last_known_addr { host: "127.21.173.131" port: 43371 } }
I20260710 13:24:36.952597 23498 ts_tablet_manager.cc:1434] T c02632564123409084ce33b85bb377ac P c0868a22248b4ec2a3617bef920d021d: Time spent starting tablet: real 0.060s	user 0.012s	sys 0.000s
I20260710 13:24:36.944192 23554 raft_consensus.cc:493] T 731df08309f94c20bc1dded9ec1322ce P 0fb2a23d219343758ee0ff767bf4d2d6 [term 0 FOLLOWER]: Starting pre-election (no leader contacted us within the election timeout)
I20260710 13:24:36.954921 23498 tablet_bootstrap.cc:492] T 6d009d403cbc4948bdae967a9eb4b1d3 P c0868a22248b4ec2a3617bef920d021d: Bootstrap starting.
I20260710 13:24:36.958159 23500 raft_consensus.cc:359] T 76424adef3a4451db1dda54f9bdd908a P 2b4d5f5d4a8b46ff9f7d5d04a5ddeb9e [term 0 FOLLOWER]: Replica starting. Triggering 0 pending ops. Active config: opid_index: -1 OBSOLETE_local: false peers { permanent_uuid: "0fb2a23d219343758ee0ff767bf4d2d6" member_type: VOTER last_known_addr { host: "127.21.173.129" port: 43369 } } peers { permanent_uuid: "c0868a22248b4ec2a3617bef920d021d" member_type: VOTER last_known_addr { host: "127.21.173.130" port: 36879 } } peers { permanent_uuid: "2b4d5f5d4a8b46ff9f7d5d04a5ddeb9e" member_type: VOTER last_known_addr { host: "127.21.173.131" port: 43371 } }
I20260710 13:24:36.959685 23500 raft_consensus.cc:385] T 76424adef3a4451db1dda54f9bdd908a P 2b4d5f5d4a8b46ff9f7d5d04a5ddeb9e [term 0 FOLLOWER]: Consensus starting up: Expiring failure detector timer to make a prompt election more likely
I20260710 13:24:36.960351 23500 raft_consensus.cc:740] T 76424adef3a4451db1dda54f9bdd908a P 2b4d5f5d4a8b46ff9f7d5d04a5ddeb9e [term 0 FOLLOWER]: Becoming Follower/Learner. State: Replica: 2b4d5f5d4a8b46ff9f7d5d04a5ddeb9e, State: Initialized, Role: FOLLOWER
I20260710 13:24:36.958850 23554 raft_consensus.cc:515] T 731df08309f94c20bc1dded9ec1322ce P 0fb2a23d219343758ee0ff767bf4d2d6 [term 0 FOLLOWER]: Starting pre-election with config: opid_index: -1 OBSOLETE_local: false peers { permanent_uuid: "0fb2a23d219343758ee0ff767bf4d2d6" member_type: VOTER last_known_addr { host: "127.21.173.129" port: 43369 } } peers { permanent_uuid: "c0868a22248b4ec2a3617bef920d021d" member_type: VOTER last_known_addr { host: "127.21.173.130" port: 36879 } } peers { permanent_uuid: "2b4d5f5d4a8b46ff9f7d5d04a5ddeb9e" member_type: VOTER last_known_addr { host: "127.21.173.131" port: 43371 } }
I20260710 13:24:36.965762 23502 consensus_queue.cc:1048] T 9e1ef7c39df548618a96bc26f8b1a351 P c0868a22248b4ec2a3617bef920d021d [LEADER]: Connected to new peer: Peer: permanent_uuid: "2b4d5f5d4a8b46ff9f7d5d04a5ddeb9e" member_type: VOTER last_known_addr { host: "127.21.173.131" port: 43371 }, Status: LMP_MISMATCH, Last received: 0.0, Next index: 1, Last known committed idx: 0, Time since last communication: 0.001s
I20260710 13:24:36.991135 23201 catalog_manager.cc:5697] T 54937737bf0749238cc534625965c9c9 P 2b4d5f5d4a8b46ff9f7d5d04a5ddeb9e reported cstate change: term changed from 0 to 1, leader changed from <none> to 2b4d5f5d4a8b46ff9f7d5d04a5ddeb9e (127.21.173.131). New cstate: current_term: 1 leader_uuid: "2b4d5f5d4a8b46ff9f7d5d04a5ddeb9e" committed_config { opid_index: -1 OBSOLETE_local: false peers { permanent_uuid: "0fb2a23d219343758ee0ff767bf4d2d6" member_type: VOTER last_known_addr { host: "127.21.173.129" port: 43369 } health_report { overall_health: UNKNOWN } } peers { permanent_uuid: "c0868a22248b4ec2a3617bef920d021d" member_type: VOTER last_known_addr { host: "127.21.173.130" port: 36879 } health_report { overall_health: UNKNOWN } } peers { permanent_uuid: "2b4d5f5d4a8b46ff9f7d5d04a5ddeb9e" member_type: VOTER last_known_addr { host: "127.21.173.131" port: 43371 } health_report { overall_health: HEALTHY } } }
W20260710 13:24:37.000625 23651 log.cc:927] Time spent T 1c86d9b6cc224007bc9612511c6bc72e P 2b4d5f5d4a8b46ff9f7d5d04a5ddeb9e: Append to log took a long time: real 0.072s	user 0.005s	sys 0.001s
I20260710 13:24:37.002633 23500 consensus_queue.cc:260] T 76424adef3a4451db1dda54f9bdd908a P 2b4d5f5d4a8b46ff9f7d5d04a5ddeb9e [NON_LEADER]: Queue going to NON_LEADER mode. State: All replicated index: 0, Majority replicated index: 0, Committed index: 0, Last appended: 0.0, Last appended by leader: 0, Current term: 0, Majority size: -1, State: 0, Mode: NON_LEADER, active raft config: opid_index: -1 OBSOLETE_local: false peers { permanent_uuid: "0fb2a23d219343758ee0ff767bf4d2d6" member_type: VOTER last_known_addr { host: "127.21.173.129" port: 43369 } } peers { permanent_uuid: "c0868a22248b4ec2a3617bef920d021d" member_type: VOTER last_known_addr { host: "127.21.173.130" port: 36879 } } peers { permanent_uuid: "2b4d5f5d4a8b46ff9f7d5d04a5ddeb9e" member_type: VOTER last_known_addr { host: "127.21.173.131" port: 43371 } }
I20260710 13:24:36.998126 23201 catalog_manager.cc:5697] T 1c86d9b6cc224007bc9612511c6bc72e P 2b4d5f5d4a8b46ff9f7d5d04a5ddeb9e reported cstate change: term changed from 0 to 1, leader changed from <none> to 2b4d5f5d4a8b46ff9f7d5d04a5ddeb9e (127.21.173.131). New cstate: current_term: 1 leader_uuid: "2b4d5f5d4a8b46ff9f7d5d04a5ddeb9e" committed_config { opid_index: -1 OBSOLETE_local: false peers { permanent_uuid: "0fb2a23d219343758ee0ff767bf4d2d6" member_type: VOTER last_known_addr { host: "127.21.173.129" port: 43369 } health_report { overall_health: UNKNOWN } } peers { permanent_uuid: "c0868a22248b4ec2a3617bef920d021d" member_type: VOTER last_known_addr { host: "127.21.173.130" port: 36879 } health_report { overall_health: UNKNOWN } } peers { permanent_uuid: "2b4d5f5d4a8b46ff9f7d5d04a5ddeb9e" member_type: VOTER last_known_addr { host: "127.21.173.131" port: 43371 } health_report { overall_health: HEALTHY } } }
I20260710 13:24:37.031029 23500 ts_tablet_manager.cc:1434] T 76424adef3a4451db1dda54f9bdd908a P 2b4d5f5d4a8b46ff9f7d5d04a5ddeb9e: Time spent starting tablet: real 0.100s	user 0.019s	sys 0.000s
I20260710 13:24:37.033445 23509 raft_consensus.cc:493] T 76424adef3a4451db1dda54f9bdd908a P 2b4d5f5d4a8b46ff9f7d5d04a5ddeb9e [term 0 FOLLOWER]: Starting pre-election (no leader contacted us within the election timeout)
I20260710 13:24:37.032394 23500 tablet_bootstrap.cc:492] T c02632564123409084ce33b85bb377ac P 2b4d5f5d4a8b46ff9f7d5d04a5ddeb9e: Bootstrap starting.
I20260710 13:24:37.034013 23509 raft_consensus.cc:515] T 76424adef3a4451db1dda54f9bdd908a P 2b4d5f5d4a8b46ff9f7d5d04a5ddeb9e [term 0 FOLLOWER]: Starting pre-election with config: opid_index: -1 OBSOLETE_local: false peers { permanent_uuid: "0fb2a23d219343758ee0ff767bf4d2d6" member_type: VOTER last_known_addr { host: "127.21.173.129" port: 43369 } } peers { permanent_uuid: "c0868a22248b4ec2a3617bef920d021d" member_type: VOTER last_known_addr { host: "127.21.173.130" port: 36879 } } peers { permanent_uuid: "2b4d5f5d4a8b46ff9f7d5d04a5ddeb9e" member_type: VOTER last_known_addr { host: "127.21.173.131" port: 43371 } }
I20260710 13:24:37.033120 23514 consensus_queue.cc:1048] T 1003df73e7ed4107afffbf90c47a8c42 P 0fb2a23d219343758ee0ff767bf4d2d6 [LEADER]: Connected to new peer: Peer: permanent_uuid: "2b4d5f5d4a8b46ff9f7d5d04a5ddeb9e" member_type: VOTER last_known_addr { host: "127.21.173.131" port: 43371 }, Status: LMP_MISMATCH, Last received: 0.0, Next index: 1, Last known committed idx: 0, Time since last communication: 0.001s
I20260710 13:24:37.038025 23203 catalog_manager.cc:5697] T f1386f0b0cb947c38fb638187ecd4eac P 0fb2a23d219343758ee0ff767bf4d2d6 reported cstate change: term changed from 0 to 1, leader changed from <none> to 0fb2a23d219343758ee0ff767bf4d2d6 (127.21.173.129). New cstate: current_term: 1 leader_uuid: "0fb2a23d219343758ee0ff767bf4d2d6" committed_config { opid_index: -1 OBSOLETE_local: false peers { permanent_uuid: "0fb2a23d219343758ee0ff767bf4d2d6" member_type: VOTER last_known_addr { host: "127.21.173.129" port: 43369 } health_report { overall_health: HEALTHY } } peers { permanent_uuid: "c0868a22248b4ec2a3617bef920d021d" member_type: VOTER last_known_addr { host: "127.21.173.130" port: 36879 } health_report { overall_health: UNKNOWN } } peers { permanent_uuid: "2b4d5f5d4a8b46ff9f7d5d04a5ddeb9e" member_type: VOTER last_known_addr { host: "127.21.173.131" port: 43371 } health_report { overall_health: UNKNOWN } } }
W20260710 13:24:37.061954 23421 outbound_call.cc:321] RPC callback for RPC call kudu.consensus.ConsensusService.UpdateConsensus -> {remote=127.21.173.130:36879, user_credentials={real_user=slave}} blocked reactor thread for 44322.2us
I20260710 13:24:37.065943 23502 raft_consensus.cc:493] T 1c86d9b6cc224007bc9612511c6bc72e P c0868a22248b4ec2a3617bef920d021d [term 0 FOLLOWER]: Starting pre-election (no leader contacted us within the election timeout)
I20260710 13:24:37.070173 23499 tablet_bootstrap.cc:492] T f6f5ce81725545348f9ced5a89eabdab P 0fb2a23d219343758ee0ff767bf4d2d6: No bootstrap required, opened a new log
I20260710 13:24:37.069135 23502 raft_consensus.cc:515] T 1c86d9b6cc224007bc9612511c6bc72e P c0868a22248b4ec2a3617bef920d021d [term 0 FOLLOWER]: Starting pre-election with config: opid_index: -1 OBSOLETE_local: false peers { permanent_uuid: "0fb2a23d219343758ee0ff767bf4d2d6" member_type: VOTER last_known_addr { host: "127.21.173.129" port: 43369 } } peers { permanent_uuid: "c0868a22248b4ec2a3617bef920d021d" member_type: VOTER last_known_addr { host: "127.21.173.130" port: 36879 } } peers { permanent_uuid: "2b4d5f5d4a8b46ff9f7d5d04a5ddeb9e" member_type: VOTER last_known_addr { host: "127.21.173.131" port: 43371 } }
I20260710 13:24:37.073326 23453 tablet_service.cc:1917] Received RequestConsensusVote() RPC: tablet_id: "731df08309f94c20bc1dded9ec1322ce" candidate_uuid: "0fb2a23d219343758ee0ff767bf4d2d6" candidate_term: 1 candidate_status { last_received { term: 0 index: 0 } } ignore_live_leader: false dest_uuid: "2b4d5f5d4a8b46ff9f7d5d04a5ddeb9e" is_pre_election: true
I20260710 13:24:37.074362 23453 raft_consensus.cc:2393] T 731df08309f94c20bc1dded9ec1322ce P 2b4d5f5d4a8b46ff9f7d5d04a5ddeb9e [term 1 FOLLOWER]: Leader pre-election vote request: Denying vote to candidate 0fb2a23d219343758ee0ff767bf4d2d6 in current term 1: Already voted for candidate c0868a22248b4ec2a3617bef920d021d in this term.
I20260710 13:24:37.074198 23509 leader_election.cc:290] T 76424adef3a4451db1dda54f9bdd908a P 2b4d5f5d4a8b46ff9f7d5d04a5ddeb9e [CANDIDATE]: Term 1 pre-election: Requested pre-vote from peers 0fb2a23d219343758ee0ff767bf4d2d6 (127.21.173.129:43369), c0868a22248b4ec2a3617bef920d021d (127.21.173.130:36879)
I20260710 13:24:37.075152 23502 leader_election.cc:290] T 1c86d9b6cc224007bc9612511c6bc72e P c0868a22248b4ec2a3617bef920d021d [CANDIDATE]: Term 1 pre-election: Requested pre-vote from peers 0fb2a23d219343758ee0ff767bf4d2d6 (127.21.173.129:43369), 2b4d5f5d4a8b46ff9f7d5d04a5ddeb9e (127.21.173.131:43371)
I20260710 13:24:37.076586 23306 tablet_service.cc:1917] Received RequestConsensusVote() RPC: tablet_id: "1c86d9b6cc224007bc9612511c6bc72e" candidate_uuid: "c0868a22248b4ec2a3617bef920d021d" candidate_term: 1 candidate_status { last_received { term: 0 index: 0 } } ignore_live_leader: false dest_uuid: "0fb2a23d219343758ee0ff767bf4d2d6" is_pre_election: true
I20260710 13:24:37.077445 23306 raft_consensus.cc:2393] T 1c86d9b6cc224007bc9612511c6bc72e P 0fb2a23d219343758ee0ff767bf4d2d6 [term 1 FOLLOWER]: Leader pre-election vote request: Denying vote to candidate c0868a22248b4ec2a3617bef920d021d in current term 1: Already voted for candidate 2b4d5f5d4a8b46ff9f7d5d04a5ddeb9e in this term.
I20260710 13:24:37.078066 23554 leader_election.cc:290] T 731df08309f94c20bc1dded9ec1322ce P 0fb2a23d219343758ee0ff767bf4d2d6 [CANDIDATE]: Term 1 pre-election: Requested pre-vote from peers c0868a22248b4ec2a3617bef920d021d (127.21.173.130:36879), 2b4d5f5d4a8b46ff9f7d5d04a5ddeb9e (127.21.173.131:43371)
I20260710 13:24:37.080829 23378 tablet_service.cc:1917] Received RequestConsensusVote() RPC: tablet_id: "731df08309f94c20bc1dded9ec1322ce" candidate_uuid: "0fb2a23d219343758ee0ff767bf4d2d6" candidate_term: 1 candidate_status { last_received { term: 0 index: 0 } } ignore_live_leader: false dest_uuid: "c0868a22248b4ec2a3617bef920d021d" is_pre_election: true
I20260710 13:24:37.078431 23499 ts_tablet_manager.cc:1403] T f6f5ce81725545348f9ced5a89eabdab P 0fb2a23d219343758ee0ff767bf4d2d6: Time spent bootstrapping tablet: real 0.273s	user 0.035s	sys 0.016s
I20260710 13:24:37.088920 23500 tablet_bootstrap.cc:654] T c02632564123409084ce33b85bb377ac P 2b4d5f5d4a8b46ff9f7d5d04a5ddeb9e: Neither blocks nor log segments found. Creating new log.
I20260710 13:24:37.094291 23498 tablet_bootstrap.cc:654] T 6d009d403cbc4948bdae967a9eb4b1d3 P c0868a22248b4ec2a3617bef920d021d: Neither blocks nor log segments found. Creating new log.
I20260710 13:24:37.096844 23453 tablet_service.cc:1917] Received RequestConsensusVote() RPC: tablet_id: "1c86d9b6cc224007bc9612511c6bc72e" candidate_uuid: "c0868a22248b4ec2a3617bef920d021d" candidate_term: 1 candidate_status { last_received { term: 0 index: 0 } } ignore_live_leader: false dest_uuid: "2b4d5f5d4a8b46ff9f7d5d04a5ddeb9e" is_pre_election: true
I20260710 13:24:37.097313 23272 leader_election.cc:304] T 731df08309f94c20bc1dded9ec1322ce P 0fb2a23d219343758ee0ff767bf4d2d6 [CANDIDATE]: Term 1 pre-election: Election decided. Result: candidate lost. Election summary: received 3 responses out of 3 voters: 1 yes votes; 2 no votes. yes voters: 0fb2a23d219343758ee0ff767bf4d2d6; no voters: 2b4d5f5d4a8b46ff9f7d5d04a5ddeb9e, c0868a22248b4ec2a3617bef920d021d
I20260710 13:24:37.103283 23346 leader_election.cc:304] T 1c86d9b6cc224007bc9612511c6bc72e P c0868a22248b4ec2a3617bef920d021d [CANDIDATE]: Term 1 pre-election: Election decided. Result: candidate lost. Election summary: received 3 responses out of 3 voters: 1 yes votes; 2 no votes. yes voters: c0868a22248b4ec2a3617bef920d021d; no voters: 0fb2a23d219343758ee0ff767bf4d2d6, 2b4d5f5d4a8b46ff9f7d5d04a5ddeb9e
I20260710 13:24:37.100224 23554 raft_consensus.cc:3060] T 731df08309f94c20bc1dded9ec1322ce P 0fb2a23d219343758ee0ff767bf4d2d6 [term 0 FOLLOWER]: Advancing to term 1
I20260710 13:24:37.103699 23378 tablet_service.cc:1917] Received RequestConsensusVote() RPC: tablet_id: "76424adef3a4451db1dda54f9bdd908a" candidate_uuid: "2b4d5f5d4a8b46ff9f7d5d04a5ddeb9e" candidate_term: 1 candidate_status { last_received { term: 0 index: 0 } } ignore_live_leader: false dest_uuid: "c0868a22248b4ec2a3617bef920d021d" is_pre_election: true
I20260710 13:24:37.106586 23502 raft_consensus.cc:3060] T 1c86d9b6cc224007bc9612511c6bc72e P c0868a22248b4ec2a3617bef920d021d [term 0 FOLLOWER]: Advancing to term 1
I20260710 13:24:37.111822 23514 consensus_queue.cc:1048] T 1003df73e7ed4107afffbf90c47a8c42 P 0fb2a23d219343758ee0ff767bf4d2d6 [LEADER]: Connected to new peer: Peer: permanent_uuid: "c0868a22248b4ec2a3617bef920d021d" member_type: VOTER last_known_addr { host: "127.21.173.130" port: 36879 }, Status: LMP_MISMATCH, Last received: 0.0, Next index: 1, Last known committed idx: 0, Time since last communication: 0.001s
I20260710 13:24:37.127346 23302 tablet_service.cc:1917] Received RequestConsensusVote() RPC: tablet_id: "76424adef3a4451db1dda54f9bdd908a" candidate_uuid: "2b4d5f5d4a8b46ff9f7d5d04a5ddeb9e" candidate_term: 1 candidate_status { last_received { term: 0 index: 0 } } ignore_live_leader: false dest_uuid: "0fb2a23d219343758ee0ff767bf4d2d6" is_pre_election: true
I20260710 13:24:37.143831 23554 raft_consensus.cc:2749] T 731df08309f94c20bc1dded9ec1322ce P 0fb2a23d219343758ee0ff767bf4d2d6 [term 1 FOLLOWER]: Leader pre-election lost for term 1. Reason: could not achieve majority
I20260710 13:24:37.144404 23418 leader_election.cc:304] T 76424adef3a4451db1dda54f9bdd908a P 2b4d5f5d4a8b46ff9f7d5d04a5ddeb9e [CANDIDATE]: Term 1 pre-election: Election decided. Result: candidate lost. Election summary: received 3 responses out of 3 voters: 1 yes votes; 2 no votes. yes voters: 2b4d5f5d4a8b46ff9f7d5d04a5ddeb9e; no voters: 0fb2a23d219343758ee0ff767bf4d2d6, c0868a22248b4ec2a3617bef920d021d
I20260710 13:24:37.147454 23660 raft_consensus.cc:2749] T 76424adef3a4451db1dda54f9bdd908a P 2b4d5f5d4a8b46ff9f7d5d04a5ddeb9e [term 0 FOLLOWER]: Leader pre-election lost for term 1. Reason: could not achieve majority
I20260710 13:24:37.162945 23502 raft_consensus.cc:2749] T 1c86d9b6cc224007bc9612511c6bc72e P c0868a22248b4ec2a3617bef920d021d [term 1 FOLLOWER]: Leader pre-election lost for term 1. Reason: could not achieve majority
I20260710 13:24:37.197579 23586 consensus_queue.cc:1048] T 731df08309f94c20bc1dded9ec1322ce P c0868a22248b4ec2a3617bef920d021d [LEADER]: Connected to new peer: Peer: permanent_uuid: "0fb2a23d219343758ee0ff767bf4d2d6" member_type: VOTER last_known_addr { host: "127.21.173.129" port: 43369 }, Status: LMP_MISMATCH, Last received: 0.0, Next index: 1, Last known committed idx: 0, Time since last communication: 0.000s
I20260710 13:24:37.203500 23500 tablet_bootstrap.cc:492] T c02632564123409084ce33b85bb377ac P 2b4d5f5d4a8b46ff9f7d5d04a5ddeb9e: No bootstrap required, opened a new log
I20260710 13:24:37.204507 23500 ts_tablet_manager.cc:1403] T c02632564123409084ce33b85bb377ac P 2b4d5f5d4a8b46ff9f7d5d04a5ddeb9e: Time spent bootstrapping tablet: real 0.172s	user 0.016s	sys 0.032s
I20260710 13:24:37.211251 23500 raft_consensus.cc:359] T c02632564123409084ce33b85bb377ac P 2b4d5f5d4a8b46ff9f7d5d04a5ddeb9e [term 0 FOLLOWER]: Replica starting. Triggering 0 pending ops. Active config: opid_index: -1 OBSOLETE_local: false peers { permanent_uuid: "0fb2a23d219343758ee0ff767bf4d2d6" member_type: VOTER last_known_addr { host: "127.21.173.129" port: 43369 } } peers { permanent_uuid: "c0868a22248b4ec2a3617bef920d021d" member_type: VOTER last_known_addr { host: "127.21.173.130" port: 36879 } } peers { permanent_uuid: "2b4d5f5d4a8b46ff9f7d5d04a5ddeb9e" member_type: VOTER last_known_addr { host: "127.21.173.131" port: 43371 } }
I20260710 13:24:37.212363 23500 raft_consensus.cc:385] T c02632564123409084ce33b85bb377ac P 2b4d5f5d4a8b46ff9f7d5d04a5ddeb9e [term 0 FOLLOWER]: Consensus starting up: Expiring failure detector timer to make a prompt election more likely
I20260710 13:24:37.212778 23500 raft_consensus.cc:740] T c02632564123409084ce33b85bb377ac P 2b4d5f5d4a8b46ff9f7d5d04a5ddeb9e [term 0 FOLLOWER]: Becoming Follower/Learner. State: Replica: 2b4d5f5d4a8b46ff9f7d5d04a5ddeb9e, State: Initialized, Role: FOLLOWER
I20260710 13:24:37.213759 23500 consensus_queue.cc:260] T c02632564123409084ce33b85bb377ac P 2b4d5f5d4a8b46ff9f7d5d04a5ddeb9e [NON_LEADER]: Queue going to NON_LEADER mode. State: All replicated index: 0, Majority replicated index: 0, Committed index: 0, Last appended: 0.0, Last appended by leader: 0, Current term: 0, Majority size: -1, State: 0, Mode: NON_LEADER, active raft config: opid_index: -1 OBSOLETE_local: false peers { permanent_uuid: "0fb2a23d219343758ee0ff767bf4d2d6" member_type: VOTER last_known_addr { host: "127.21.173.129" port: 43369 } } peers { permanent_uuid: "c0868a22248b4ec2a3617bef920d021d" member_type: VOTER last_known_addr { host: "127.21.173.130" port: 36879 } } peers { permanent_uuid: "2b4d5f5d4a8b46ff9f7d5d04a5ddeb9e" member_type: VOTER last_known_addr { host: "127.21.173.131" port: 43371 } }
I20260710 13:24:37.216450 23500 ts_tablet_manager.cc:1434] T c02632564123409084ce33b85bb377ac P 2b4d5f5d4a8b46ff9f7d5d04a5ddeb9e: Time spent starting tablet: real 0.012s	user 0.006s	sys 0.003s
I20260710 13:24:37.219089 23500 tablet_bootstrap.cc:492] T 6d009d403cbc4948bdae967a9eb4b1d3 P 2b4d5f5d4a8b46ff9f7d5d04a5ddeb9e: Bootstrap starting.
I20260710 13:24:37.219271 23499 raft_consensus.cc:359] T f6f5ce81725545348f9ced5a89eabdab P 0fb2a23d219343758ee0ff767bf4d2d6 [term 0 FOLLOWER]: Replica starting. Triggering 0 pending ops. Active config: opid_index: -1 OBSOLETE_local: false peers { permanent_uuid: "0fb2a23d219343758ee0ff767bf4d2d6" member_type: VOTER last_known_addr { host: "127.21.173.129" port: 43369 } } peers { permanent_uuid: "c0868a22248b4ec2a3617bef920d021d" member_type: VOTER last_known_addr { host: "127.21.173.130" port: 36879 } } peers { permanent_uuid: "2b4d5f5d4a8b46ff9f7d5d04a5ddeb9e" member_type: VOTER last_known_addr { host: "127.21.173.131" port: 43371 } }
I20260710 13:24:37.220657 23499 raft_consensus.cc:385] T f6f5ce81725545348f9ced5a89eabdab P 0fb2a23d219343758ee0ff767bf4d2d6 [term 0 FOLLOWER]: Consensus starting up: Expiring failure detector timer to make a prompt election more likely
I20260710 13:24:37.221004 23499 raft_consensus.cc:740] T f6f5ce81725545348f9ced5a89eabdab P 0fb2a23d219343758ee0ff767bf4d2d6 [term 0 FOLLOWER]: Becoming Follower/Learner. State: Replica: 0fb2a23d219343758ee0ff767bf4d2d6, State: Initialized, Role: FOLLOWER
I20260710 13:24:37.223390 23499 consensus_queue.cc:260] T f6f5ce81725545348f9ced5a89eabdab P 0fb2a23d219343758ee0ff767bf4d2d6 [NON_LEADER]: Queue going to NON_LEADER mode. State: All replicated index: 0, Majority replicated index: 0, Committed index: 0, Last appended: 0.0, Last appended by leader: 0, Current term: 0, Majority size: -1, State: 0, Mode: NON_LEADER, active raft config: opid_index: -1 OBSOLETE_local: false peers { permanent_uuid: "0fb2a23d219343758ee0ff767bf4d2d6" member_type: VOTER last_known_addr { host: "127.21.173.129" port: 43369 } } peers { permanent_uuid: "c0868a22248b4ec2a3617bef920d021d" member_type: VOTER last_known_addr { host: "127.21.173.130" port: 36879 } } peers { permanent_uuid: "2b4d5f5d4a8b46ff9f7d5d04a5ddeb9e" member_type: VOTER last_known_addr { host: "127.21.173.131" port: 43371 } }
I20260710 13:24:37.226940 23499 ts_tablet_manager.cc:1434] T f6f5ce81725545348f9ced5a89eabdab P 0fb2a23d219343758ee0ff767bf4d2d6: Time spent starting tablet: real 0.137s	user 0.009s	sys 0.000s
I20260710 13:24:37.227346 23498 tablet_bootstrap.cc:492] T 6d009d403cbc4948bdae967a9eb4b1d3 P c0868a22248b4ec2a3617bef920d021d: No bootstrap required, opened a new log
I20260710 13:24:37.228415 23499 tablet_bootstrap.cc:492] T 54937737bf0749238cc534625965c9c9 P 0fb2a23d219343758ee0ff767bf4d2d6: Bootstrap starting.
I20260710 13:24:37.231769 23660 consensus_queue.cc:1048] T 1c86d9b6cc224007bc9612511c6bc72e P 2b4d5f5d4a8b46ff9f7d5d04a5ddeb9e [LEADER]: Connected to new peer: Peer: permanent_uuid: "0fb2a23d219343758ee0ff767bf4d2d6" member_type: VOTER last_known_addr { host: "127.21.173.129" port: 43369 }, Status: LMP_MISMATCH, Last received: 0.0, Next index: 1, Last known committed idx: 0, Time since last communication: 0.001s
I20260710 13:24:37.235577 23502 raft_consensus.cc:493] T c02632564123409084ce33b85bb377ac P c0868a22248b4ec2a3617bef920d021d [term 0 FOLLOWER]: Starting pre-election (no leader contacted us within the election timeout)
I20260710 13:24:37.239055 23498 ts_tablet_manager.cc:1403] T 6d009d403cbc4948bdae967a9eb4b1d3 P c0868a22248b4ec2a3617bef920d021d: Time spent bootstrapping tablet: real 0.284s	user 0.034s	sys 0.032s
I20260710 13:24:37.236145 23502 raft_consensus.cc:515] T c02632564123409084ce33b85bb377ac P c0868a22248b4ec2a3617bef920d021d [term 0 FOLLOWER]: Starting pre-election with config: opid_index: -1 OBSOLETE_local: false peers { permanent_uuid: "0fb2a23d219343758ee0ff767bf4d2d6" member_type: VOTER last_known_addr { host: "127.21.173.129" port: 43369 } } peers { permanent_uuid: "c0868a22248b4ec2a3617bef920d021d" member_type: VOTER last_known_addr { host: "127.21.173.130" port: 36879 } } peers { permanent_uuid: "2b4d5f5d4a8b46ff9f7d5d04a5ddeb9e" member_type: VOTER last_known_addr { host: "127.21.173.131" port: 43371 } }
I20260710 13:24:37.248167 23302 tablet_service.cc:1917] Received RequestConsensusVote() RPC: tablet_id: "c02632564123409084ce33b85bb377ac" candidate_uuid: "c0868a22248b4ec2a3617bef920d021d" candidate_term: 1 candidate_status { last_received { term: 0 index: 0 } } ignore_live_leader: false dest_uuid: "0fb2a23d219343758ee0ff767bf4d2d6" is_pre_election: true
I20260710 13:24:37.250346 23502 leader_election.cc:290] T c02632564123409084ce33b85bb377ac P c0868a22248b4ec2a3617bef920d021d [CANDIDATE]: Term 1 pre-election: Requested pre-vote from peers 0fb2a23d219343758ee0ff767bf4d2d6 (127.21.173.129:43369), 2b4d5f5d4a8b46ff9f7d5d04a5ddeb9e (127.21.173.131:43371)
I20260710 13:24:37.256549 23500 tablet_bootstrap.cc:654] T 6d009d403cbc4948bdae967a9eb4b1d3 P 2b4d5f5d4a8b46ff9f7d5d04a5ddeb9e: Neither blocks nor log segments found. Creating new log.
W20260710 13:24:37.257788 23344 leader_election.cc:343] T c02632564123409084ce33b85bb377ac P c0868a22248b4ec2a3617bef920d021d [CANDIDATE]: Term 1 pre-election: Tablet error from VoteRequest() call to peer 0fb2a23d219343758ee0ff767bf4d2d6 (127.21.173.129:43369): Illegal state: must be running to vote when last-logged opid is not known
I20260710 13:24:37.258647 23498 raft_consensus.cc:359] T 6d009d403cbc4948bdae967a9eb4b1d3 P c0868a22248b4ec2a3617bef920d021d [term 0 FOLLOWER]: Replica starting. Triggering 0 pending ops. Active config: opid_index: -1 OBSOLETE_local: false peers { permanent_uuid: "0fb2a23d219343758ee0ff767bf4d2d6" member_type: VOTER last_known_addr { host: "127.21.173.129" port: 43369 } } peers { permanent_uuid: "c0868a22248b4ec2a3617bef920d021d" member_type: VOTER last_known_addr { host: "127.21.173.130" port: 36879 } } peers { permanent_uuid: "2b4d5f5d4a8b46ff9f7d5d04a5ddeb9e" member_type: VOTER last_known_addr { host: "127.21.173.131" port: 43371 } }
I20260710 13:24:37.259572 23498 raft_consensus.cc:385] T 6d009d403cbc4948bdae967a9eb4b1d3 P c0868a22248b4ec2a3617bef920d021d [term 0 FOLLOWER]: Consensus starting up: Expiring failure detector timer to make a prompt election more likely
I20260710 13:24:37.259867 23498 raft_consensus.cc:740] T 6d009d403cbc4948bdae967a9eb4b1d3 P c0868a22248b4ec2a3617bef920d021d [term 0 FOLLOWER]: Becoming Follower/Learner. State: Replica: c0868a22248b4ec2a3617bef920d021d, State: Initialized, Role: FOLLOWER
I20260710 13:24:37.260462 23452 tablet_service.cc:1917] Received RequestConsensusVote() RPC: tablet_id: "c02632564123409084ce33b85bb377ac" candidate_uuid: "c0868a22248b4ec2a3617bef920d021d" candidate_term: 1 candidate_status { last_received { term: 0 index: 0 } } ignore_live_leader: false dest_uuid: "2b4d5f5d4a8b46ff9f7d5d04a5ddeb9e" is_pre_election: true
I20260710 13:24:37.263058 23452 raft_consensus.cc:2468] T c02632564123409084ce33b85bb377ac P 2b4d5f5d4a8b46ff9f7d5d04a5ddeb9e [term 0 FOLLOWER]: Leader pre-election vote request: Granting yes vote for candidate c0868a22248b4ec2a3617bef920d021d in term 0.
I20260710 13:24:37.264755 23346 leader_election.cc:304] T c02632564123409084ce33b85bb377ac P c0868a22248b4ec2a3617bef920d021d [CANDIDATE]: Term 1 pre-election: Election decided. Result: candidate won. Election summary: received 3 responses out of 3 voters: 2 yes votes; 1 no votes. yes voters: 2b4d5f5d4a8b46ff9f7d5d04a5ddeb9e, c0868a22248b4ec2a3617bef920d021d; no voters: 0fb2a23d219343758ee0ff767bf4d2d6
I20260710 13:24:37.265944 23502 raft_consensus.cc:2804] T c02632564123409084ce33b85bb377ac P c0868a22248b4ec2a3617bef920d021d [term 0 FOLLOWER]: Leader pre-election won for term 1
I20260710 13:24:37.266544 23502 raft_consensus.cc:493] T c02632564123409084ce33b85bb377ac P c0868a22248b4ec2a3617bef920d021d [term 0 FOLLOWER]: Starting leader election (no leader contacted us within the election timeout)
I20260710 13:24:37.266942 23502 raft_consensus.cc:3060] T c02632564123409084ce33b85bb377ac P c0868a22248b4ec2a3617bef920d021d [term 0 FOLLOWER]: Advancing to term 1
I20260710 13:24:37.267624 23499 tablet_bootstrap.cc:654] T 54937737bf0749238cc534625965c9c9 P 0fb2a23d219343758ee0ff767bf4d2d6: Neither blocks nor log segments found. Creating new log.
I20260710 13:24:37.261168 23498 consensus_queue.cc:260] T 6d009d403cbc4948bdae967a9eb4b1d3 P c0868a22248b4ec2a3617bef920d021d [NON_LEADER]: Queue going to NON_LEADER mode. State: All replicated index: 0, Majority replicated index: 0, Committed index: 0, Last appended: 0.0, Last appended by leader: 0, Current term: 0, Majority size: -1, State: 0, Mode: NON_LEADER, active raft config: opid_index: -1 OBSOLETE_local: false peers { permanent_uuid: "0fb2a23d219343758ee0ff767bf4d2d6" member_type: VOTER last_known_addr { host: "127.21.173.129" port: 43369 } } peers { permanent_uuid: "c0868a22248b4ec2a3617bef920d021d" member_type: VOTER last_known_addr { host: "127.21.173.130" port: 36879 } } peers { permanent_uuid: "2b4d5f5d4a8b46ff9f7d5d04a5ddeb9e" member_type: VOTER last_known_addr { host: "127.21.173.131" port: 43371 } }
W20260710 13:24:37.276448 23252 auto_rebalancer.cc:288] Could not retrieve cluster info: Service unavailable: Tablet not running
I20260710 13:24:37.278084 23502 raft_consensus.cc:515] T c02632564123409084ce33b85bb377ac P c0868a22248b4ec2a3617bef920d021d [term 1 FOLLOWER]: Starting leader election with config: opid_index: -1 OBSOLETE_local: false peers { permanent_uuid: "0fb2a23d219343758ee0ff767bf4d2d6" member_type: VOTER last_known_addr { host: "127.21.173.129" port: 43369 } } peers { permanent_uuid: "c0868a22248b4ec2a3617bef920d021d" member_type: VOTER last_known_addr { host: "127.21.173.130" port: 36879 } } peers { permanent_uuid: "2b4d5f5d4a8b46ff9f7d5d04a5ddeb9e" member_type: VOTER last_known_addr { host: "127.21.173.131" port: 43371 } }
I20260710 13:24:37.282398 23305 tablet_service.cc:1917] Received RequestConsensusVote() RPC: tablet_id: "c02632564123409084ce33b85bb377ac" candidate_uuid: "c0868a22248b4ec2a3617bef920d021d" candidate_term: 1 candidate_status { last_received { term: 0 index: 0 } } ignore_live_leader: false dest_uuid: "0fb2a23d219343758ee0ff767bf4d2d6"
I20260710 13:24:37.281934 23562 consensus_queue.cc:1048] T 731df08309f94c20bc1dded9ec1322ce P c0868a22248b4ec2a3617bef920d021d [LEADER]: Connected to new peer: Peer: permanent_uuid: "2b4d5f5d4a8b46ff9f7d5d04a5ddeb9e" member_type: VOTER last_known_addr { host: "127.21.173.131" port: 43371 }, Status: LMP_MISMATCH, Last received: 0.0, Next index: 1, Last known committed idx: 0, Time since last communication: 0.001s
W20260710 13:24:37.284838 23344 leader_election.cc:343] T c02632564123409084ce33b85bb377ac P c0868a22248b4ec2a3617bef920d021d [CANDIDATE]: Term 1 election: Tablet error from VoteRequest() call to peer 0fb2a23d219343758ee0ff767bf4d2d6 (127.21.173.129:43369): Illegal state: must be running to vote when last-logged opid is not known
I20260710 13:24:37.286651 23502 leader_election.cc:290] T c02632564123409084ce33b85bb377ac P c0868a22248b4ec2a3617bef920d021d [CANDIDATE]: Term 1 election: Requested vote from peers 0fb2a23d219343758ee0ff767bf4d2d6 (127.21.173.129:43369), 2b4d5f5d4a8b46ff9f7d5d04a5ddeb9e (127.21.173.131:43371)
I20260710 13:24:37.286695 23532 consensus_queue.cc:1048] T 54937737bf0749238cc534625965c9c9 P 2b4d5f5d4a8b46ff9f7d5d04a5ddeb9e [LEADER]: Connected to new peer: Peer: permanent_uuid: "c0868a22248b4ec2a3617bef920d021d" member_type: VOTER last_known_addr { host: "127.21.173.130" port: 36879 }, Status: LMP_MISMATCH, Last received: 0.0, Next index: 1, Last known committed idx: 0, Time since last communication: 0.001s
I20260710 13:24:37.294579 23451 tablet_service.cc:1917] Received RequestConsensusVote() RPC: tablet_id: "c02632564123409084ce33b85bb377ac" candidate_uuid: "c0868a22248b4ec2a3617bef920d021d" candidate_term: 1 candidate_status { last_received { term: 0 index: 0 } } ignore_live_leader: false dest_uuid: "2b4d5f5d4a8b46ff9f7d5d04a5ddeb9e"
I20260710 13:24:37.295228 23451 raft_consensus.cc:3060] T c02632564123409084ce33b85bb377ac P 2b4d5f5d4a8b46ff9f7d5d04a5ddeb9e [term 0 FOLLOWER]: Advancing to term 1
I20260710 13:24:37.296870 23499 tablet_bootstrap.cc:492] T 54937737bf0749238cc534625965c9c9 P 0fb2a23d219343758ee0ff767bf4d2d6: No bootstrap required, opened a new log
I20260710 13:24:37.297351 23499 ts_tablet_manager.cc:1403] T 54937737bf0749238cc534625965c9c9 P 0fb2a23d219343758ee0ff767bf4d2d6: Time spent bootstrapping tablet: real 0.069s	user 0.012s	sys 0.010s
I20260710 13:24:37.299054 23658 consensus_queue.cc:1048] T 1c86d9b6cc224007bc9612511c6bc72e P 2b4d5f5d4a8b46ff9f7d5d04a5ddeb9e [LEADER]: Connected to new peer: Peer: permanent_uuid: "c0868a22248b4ec2a3617bef920d021d" member_type: VOTER last_known_addr { host: "127.21.173.130" port: 36879 }, Status: LMP_MISMATCH, Last received: 0.0, Next index: 1, Last known committed idx: 0, Time since last communication: 0.001s
I20260710 13:24:37.300809 23500 tablet_bootstrap.cc:492] T 6d009d403cbc4948bdae967a9eb4b1d3 P 2b4d5f5d4a8b46ff9f7d5d04a5ddeb9e: No bootstrap required, opened a new log
I20260710 13:24:37.301258 23500 ts_tablet_manager.cc:1403] T 6d009d403cbc4948bdae967a9eb4b1d3 P 2b4d5f5d4a8b46ff9f7d5d04a5ddeb9e: Time spent bootstrapping tablet: real 0.082s	user 0.018s	sys 0.002s
I20260710 13:24:37.300874 23499 raft_consensus.cc:359] T 54937737bf0749238cc534625965c9c9 P 0fb2a23d219343758ee0ff767bf4d2d6 [term 0 FOLLOWER]: Replica starting. Triggering 0 pending ops. Active config: opid_index: -1 OBSOLETE_local: false peers { permanent_uuid: "0fb2a23d219343758ee0ff767bf4d2d6" member_type: VOTER last_known_addr { host: "127.21.173.129" port: 43369 } } peers { permanent_uuid: "c0868a22248b4ec2a3617bef920d021d" member_type: VOTER last_known_addr { host: "127.21.173.130" port: 36879 } } peers { permanent_uuid: "2b4d5f5d4a8b46ff9f7d5d04a5ddeb9e" member_type: VOTER last_known_addr { host: "127.21.173.131" port: 43371 } }
I20260710 13:24:37.301599 23499 raft_consensus.cc:385] T 54937737bf0749238cc534625965c9c9 P 0fb2a23d219343758ee0ff767bf4d2d6 [term 0 FOLLOWER]: Consensus starting up: Expiring failure detector timer to make a prompt election more likely
I20260710 13:24:37.301878 23499 raft_consensus.cc:740] T 54937737bf0749238cc534625965c9c9 P 0fb2a23d219343758ee0ff767bf4d2d6 [term 0 FOLLOWER]: Becoming Follower/Learner. State: Replica: 0fb2a23d219343758ee0ff767bf4d2d6, State: Initialized, Role: FOLLOWER
I20260710 13:24:37.302929 23499 consensus_queue.cc:260] T 54937737bf0749238cc534625965c9c9 P 0fb2a23d219343758ee0ff767bf4d2d6 [NON_LEADER]: Queue going to NON_LEADER mode. State: All replicated index: 0, Majority replicated index: 0, Committed index: 0, Last appended: 0.0, Last appended by leader: 0, Current term: 0, Majority size: -1, State: 0, Mode: NON_LEADER, active raft config: opid_index: -1 OBSOLETE_local: false peers { permanent_uuid: "0fb2a23d219343758ee0ff767bf4d2d6" member_type: VOTER last_known_addr { host: "127.21.173.129" port: 43369 } } peers { permanent_uuid: "c0868a22248b4ec2a3617bef920d021d" member_type: VOTER last_known_addr { host: "127.21.173.130" port: 36879 } } peers { permanent_uuid: "2b4d5f5d4a8b46ff9f7d5d04a5ddeb9e" member_type: VOTER last_known_addr { host: "127.21.173.131" port: 43371 } }
I20260710 13:24:37.303323 23500 raft_consensus.cc:359] T 6d009d403cbc4948bdae967a9eb4b1d3 P 2b4d5f5d4a8b46ff9f7d5d04a5ddeb9e [term 0 FOLLOWER]: Replica starting. Triggering 0 pending ops. Active config: opid_index: -1 OBSOLETE_local: false peers { permanent_uuid: "0fb2a23d219343758ee0ff767bf4d2d6" member_type: VOTER last_known_addr { host: "127.21.173.129" port: 43369 } } peers { permanent_uuid: "c0868a22248b4ec2a3617bef920d021d" member_type: VOTER last_known_addr { host: "127.21.173.130" port: 36879 } } peers { permanent_uuid: "2b4d5f5d4a8b46ff9f7d5d04a5ddeb9e" member_type: VOTER last_known_addr { host: "127.21.173.131" port: 43371 } }
I20260710 13:24:37.303926 23500 raft_consensus.cc:385] T 6d009d403cbc4948bdae967a9eb4b1d3 P 2b4d5f5d4a8b46ff9f7d5d04a5ddeb9e [term 0 FOLLOWER]: Consensus starting up: Expiring failure detector timer to make a prompt election more likely
I20260710 13:24:37.304171 23500 raft_consensus.cc:740] T 6d009d403cbc4948bdae967a9eb4b1d3 P 2b4d5f5d4a8b46ff9f7d5d04a5ddeb9e [term 0 FOLLOWER]: Becoming Follower/Learner. State: Replica: 2b4d5f5d4a8b46ff9f7d5d04a5ddeb9e, State: Initialized, Role: FOLLOWER
I20260710 13:24:37.305402 23500 consensus_queue.cc:260] T 6d009d403cbc4948bdae967a9eb4b1d3 P 2b4d5f5d4a8b46ff9f7d5d04a5ddeb9e [NON_LEADER]: Queue going to NON_LEADER mode. State: All replicated index: 0, Majority replicated index: 0, Committed index: 0, Last appended: 0.0, Last appended by leader: 0, Current term: 0, Majority size: -1, State: 0, Mode: NON_LEADER, active raft config: opid_index: -1 OBSOLETE_local: false peers { permanent_uuid: "0fb2a23d219343758ee0ff767bf4d2d6" member_type: VOTER last_known_addr { host: "127.21.173.129" port: 43369 } } peers { permanent_uuid: "c0868a22248b4ec2a3617bef920d021d" member_type: VOTER last_known_addr { host: "127.21.173.130" port: 36879 } } peers { permanent_uuid: "2b4d5f5d4a8b46ff9f7d5d04a5ddeb9e" member_type: VOTER last_known_addr { host: "127.21.173.131" port: 43371 } }
I20260710 13:24:37.305938 23499 ts_tablet_manager.cc:1434] T 54937737bf0749238cc534625965c9c9 P 0fb2a23d219343758ee0ff767bf4d2d6: Time spent starting tablet: real 0.008s	user 0.005s	sys 0.004s
I20260710 13:24:37.307116 23499 tablet_bootstrap.cc:492] T 6d009d403cbc4948bdae967a9eb4b1d3 P 0fb2a23d219343758ee0ff767bf4d2d6: Bootstrap starting.
I20260710 13:24:37.307696 23500 ts_tablet_manager.cc:1434] T 6d009d403cbc4948bdae967a9eb4b1d3 P 2b4d5f5d4a8b46ff9f7d5d04a5ddeb9e: Time spent starting tablet: real 0.006s	user 0.000s	sys 0.005s
I20260710 13:24:37.313108 23499 tablet_bootstrap.cc:654] T 6d009d403cbc4948bdae967a9eb4b1d3 P 0fb2a23d219343758ee0ff767bf4d2d6: Neither blocks nor log segments found. Creating new log.
I20260710 13:24:37.316948 23451 raft_consensus.cc:2468] T c02632564123409084ce33b85bb377ac P 2b4d5f5d4a8b46ff9f7d5d04a5ddeb9e [term 1 FOLLOWER]: Leader election vote request: Granting yes vote for candidate c0868a22248b4ec2a3617bef920d021d in term 1.
I20260710 13:24:37.318758 23306 raft_consensus.cc:3060] T 54937737bf0749238cc534625965c9c9 P 0fb2a23d219343758ee0ff767bf4d2d6 [term 0 FOLLOWER]: Advancing to term 1
I20260710 13:24:37.320571 23346 leader_election.cc:304] T c02632564123409084ce33b85bb377ac P c0868a22248b4ec2a3617bef920d021d [CANDIDATE]: Term 1 election: Election decided. Result: candidate won. Election summary: received 3 responses out of 3 voters: 2 yes votes; 1 no votes. yes voters: 2b4d5f5d4a8b46ff9f7d5d04a5ddeb9e, c0868a22248b4ec2a3617bef920d021d; no voters: 0fb2a23d219343758ee0ff767bf4d2d6
I20260710 13:24:37.322708 23514 raft_consensus.cc:493] T f6f5ce81725545348f9ced5a89eabdab P 0fb2a23d219343758ee0ff767bf4d2d6 [term 0 FOLLOWER]: Starting pre-election (no leader contacted us within the election timeout)
I20260710 13:24:37.323077 23562 raft_consensus.cc:2804] T c02632564123409084ce33b85bb377ac P c0868a22248b4ec2a3617bef920d021d [term 1 FOLLOWER]: Leader election won for term 1
I20260710 13:24:37.323248 23514 raft_consensus.cc:515] T f6f5ce81725545348f9ced5a89eabdab P 0fb2a23d219343758ee0ff767bf4d2d6 [term 0 FOLLOWER]: Starting pre-election with config: opid_index: -1 OBSOLETE_local: false peers { permanent_uuid: "0fb2a23d219343758ee0ff767bf4d2d6" member_type: VOTER last_known_addr { host: "127.21.173.129" port: 43369 } } peers { permanent_uuid: "c0868a22248b4ec2a3617bef920d021d" member_type: VOTER last_known_addr { host: "127.21.173.130" port: 36879 } } peers { permanent_uuid: "2b4d5f5d4a8b46ff9f7d5d04a5ddeb9e" member_type: VOTER last_known_addr { host: "127.21.173.131" port: 43371 } }
I20260710 13:24:37.323771 23562 raft_consensus.cc:697] T c02632564123409084ce33b85bb377ac P c0868a22248b4ec2a3617bef920d021d [term 1 LEADER]: Becoming Leader. State: Replica: c0868a22248b4ec2a3617bef920d021d, State: Running, Role: LEADER
I20260710 13:24:37.325217 23498 ts_tablet_manager.cc:1434] T 6d009d403cbc4948bdae967a9eb4b1d3 P c0868a22248b4ec2a3617bef920d021d: Time spent starting tablet: real 0.085s	user 0.008s	sys 0.000s
I20260710 13:24:37.325685 23514 leader_election.cc:290] T f6f5ce81725545348f9ced5a89eabdab P 0fb2a23d219343758ee0ff767bf4d2d6 [CANDIDATE]: Term 1 pre-election: Requested pre-vote from peers c0868a22248b4ec2a3617bef920d021d (127.21.173.130:36879), 2b4d5f5d4a8b46ff9f7d5d04a5ddeb9e (127.21.173.131:43371)
I20260710 13:24:37.326826 23451 tablet_service.cc:1917] Received RequestConsensusVote() RPC: tablet_id: "f6f5ce81725545348f9ced5a89eabdab" candidate_uuid: "0fb2a23d219343758ee0ff767bf4d2d6" candidate_term: 1 candidate_status { last_received { term: 0 index: 0 } } ignore_live_leader: false dest_uuid: "2b4d5f5d4a8b46ff9f7d5d04a5ddeb9e" is_pre_election: true
I20260710 13:24:37.327273 23378 tablet_service.cc:1917] Received RequestConsensusVote() RPC: tablet_id: "f6f5ce81725545348f9ced5a89eabdab" candidate_uuid: "0fb2a23d219343758ee0ff767bf4d2d6" candidate_term: 1 candidate_status { last_received { term: 0 index: 0 } } ignore_live_leader: false dest_uuid: "c0868a22248b4ec2a3617bef920d021d" is_pre_election: true
I20260710 13:24:37.324653 23562 consensus_queue.cc:237] T c02632564123409084ce33b85bb377ac P c0868a22248b4ec2a3617bef920d021d [LEADER]: Queue going to LEADER mode. State: All replicated index: 0, Majority replicated index: 0, Committed index: 0, Last appended: 0.0, Last appended by leader: 0, Current term: 1, Majority size: 2, State: 0, Mode: LEADER, active raft config: opid_index: -1 OBSOLETE_local: false peers { permanent_uuid: "0fb2a23d219343758ee0ff767bf4d2d6" member_type: VOTER last_known_addr { host: "127.21.173.129" port: 43369 } } peers { permanent_uuid: "c0868a22248b4ec2a3617bef920d021d" member_type: VOTER last_known_addr { host: "127.21.173.130" port: 36879 } } peers { permanent_uuid: "2b4d5f5d4a8b46ff9f7d5d04a5ddeb9e" member_type: VOTER last_known_addr { host: "127.21.173.131" port: 43371 } }
I20260710 13:24:37.329523 23272 leader_election.cc:304] T f6f5ce81725545348f9ced5a89eabdab P 0fb2a23d219343758ee0ff767bf4d2d6 [CANDIDATE]: Term 1 pre-election: Election decided. Result: candidate lost. Election summary: received 3 responses out of 3 voters: 1 yes votes; 2 no votes. yes voters: 0fb2a23d219343758ee0ff767bf4d2d6; no voters: 2b4d5f5d4a8b46ff9f7d5d04a5ddeb9e, c0868a22248b4ec2a3617bef920d021d
I20260710 13:24:37.332471 23305 raft_consensus.cc:3060] T f6f5ce81725545348f9ced5a89eabdab P 0fb2a23d219343758ee0ff767bf4d2d6 [term 0 FOLLOWER]: Advancing to term 1
I20260710 13:24:37.334594 23658 consensus_queue.cc:1048] T 54937737bf0749238cc534625965c9c9 P 2b4d5f5d4a8b46ff9f7d5d04a5ddeb9e [LEADER]: Connected to new peer: Peer: permanent_uuid: "0fb2a23d219343758ee0ff767bf4d2d6" member_type: VOTER last_known_addr { host: "127.21.173.129" port: 43369 }, Status: LMP_MISMATCH, Last received: 0.0, Next index: 1, Last known committed idx: 0, Time since last communication: 0.001s
I20260710 13:24:37.341379 23499 tablet_bootstrap.cc:492] T 6d009d403cbc4948bdae967a9eb4b1d3 P 0fb2a23d219343758ee0ff767bf4d2d6: No bootstrap required, opened a new log
I20260710 13:24:37.341868 23499 ts_tablet_manager.cc:1403] T 6d009d403cbc4948bdae967a9eb4b1d3 P 0fb2a23d219343758ee0ff767bf4d2d6: Time spent bootstrapping tablet: real 0.035s	user 0.007s	sys 0.007s
I20260710 13:24:37.345862 23655 consensus_queue.cc:1048] T f1386f0b0cb947c38fb638187ecd4eac P 0fb2a23d219343758ee0ff767bf4d2d6 [LEADER]: Connected to new peer: Peer: permanent_uuid: "2b4d5f5d4a8b46ff9f7d5d04a5ddeb9e" member_type: VOTER last_known_addr { host: "127.21.173.131" port: 43371 }, Status: LMP_MISMATCH, Last received: 0.0, Next index: 1, Last known committed idx: 0, Time since last communication: 0.000s
I20260710 13:24:37.346192 23499 raft_consensus.cc:359] T 6d009d403cbc4948bdae967a9eb4b1d3 P 0fb2a23d219343758ee0ff767bf4d2d6 [term 0 FOLLOWER]: Replica starting. Triggering 0 pending ops. Active config: opid_index: -1 OBSOLETE_local: false peers { permanent_uuid: "0fb2a23d219343758ee0ff767bf4d2d6" member_type: VOTER last_known_addr { host: "127.21.173.129" port: 43369 } } peers { permanent_uuid: "c0868a22248b4ec2a3617bef920d021d" member_type: VOTER last_known_addr { host: "127.21.173.130" port: 36879 } } peers { permanent_uuid: "2b4d5f5d4a8b46ff9f7d5d04a5ddeb9e" member_type: VOTER last_known_addr { host: "127.21.173.131" port: 43371 } }
I20260710 13:24:37.347121 23499 raft_consensus.cc:385] T 6d009d403cbc4948bdae967a9eb4b1d3 P 0fb2a23d219343758ee0ff767bf4d2d6 [term 0 FOLLOWER]: Consensus starting up: Expiring failure detector timer to make a prompt election more likely
I20260710 13:24:37.347478 23499 raft_consensus.cc:740] T 6d009d403cbc4948bdae967a9eb4b1d3 P 0fb2a23d219343758ee0ff767bf4d2d6 [term 0 FOLLOWER]: Becoming Follower/Learner. State: Replica: 0fb2a23d219343758ee0ff767bf4d2d6, State: Initialized, Role: FOLLOWER
I20260710 13:24:37.348242 23499 consensus_queue.cc:260] T 6d009d403cbc4948bdae967a9eb4b1d3 P 0fb2a23d219343758ee0ff767bf4d2d6 [NON_LEADER]: Queue going to NON_LEADER mode. State: All replicated index: 0, Majority replicated index: 0, Committed index: 0, Last appended: 0.0, Last appended by leader: 0, Current term: 0, Majority size: -1, State: 0, Mode: NON_LEADER, active raft config: opid_index: -1 OBSOLETE_local: false peers { permanent_uuid: "0fb2a23d219343758ee0ff767bf4d2d6" member_type: VOTER last_known_addr { host: "127.21.173.129" port: 43369 } } peers { permanent_uuid: "c0868a22248b4ec2a3617bef920d021d" member_type: VOTER last_known_addr { host: "127.21.173.130" port: 36879 } } peers { permanent_uuid: "2b4d5f5d4a8b46ff9f7d5d04a5ddeb9e" member_type: VOTER last_known_addr { host: "127.21.173.131" port: 43371 } }
I20260710 13:24:37.351156 23499 ts_tablet_manager.cc:1434] T 6d009d403cbc4948bdae967a9eb4b1d3 P 0fb2a23d219343758ee0ff767bf4d2d6: Time spent starting tablet: real 0.009s	user 0.006s	sys 0.000s
I20260710 13:24:37.352706 23452 raft_consensus.cc:3060] T 76424adef3a4451db1dda54f9bdd908a P 2b4d5f5d4a8b46ff9f7d5d04a5ddeb9e [term 0 FOLLOWER]: Advancing to term 1
I20260710 13:24:37.358909 23499 tablet_bootstrap.cc:492] T c02632564123409084ce33b85bb377ac P 0fb2a23d219343758ee0ff767bf4d2d6: Bootstrap starting.
I20260710 13:24:37.371335 23499 tablet_bootstrap.cc:654] T c02632564123409084ce33b85bb377ac P 0fb2a23d219343758ee0ff767bf4d2d6: Neither blocks nor log segments found. Creating new log.
I20260710 13:24:37.374437 23201 catalog_manager.cc:5697] T c02632564123409084ce33b85bb377ac P c0868a22248b4ec2a3617bef920d021d reported cstate change: term changed from 0 to 1, leader changed from <none> to c0868a22248b4ec2a3617bef920d021d (127.21.173.130). New cstate: current_term: 1 leader_uuid: "c0868a22248b4ec2a3617bef920d021d" committed_config { opid_index: -1 OBSOLETE_local: false peers { permanent_uuid: "0fb2a23d219343758ee0ff767bf4d2d6" member_type: VOTER last_known_addr { host: "127.21.173.129" port: 43369 } health_report { overall_health: UNKNOWN } } peers { permanent_uuid: "c0868a22248b4ec2a3617bef920d021d" member_type: VOTER last_known_addr { host: "127.21.173.130" port: 36879 } health_report { overall_health: HEALTHY } } peers { permanent_uuid: "2b4d5f5d4a8b46ff9f7d5d04a5ddeb9e" member_type: VOTER last_known_addr { host: "127.21.173.131" port: 43371 } health_report { overall_health: UNKNOWN } } }
I20260710 13:24:37.382575 23514 raft_consensus.cc:2749] T f6f5ce81725545348f9ced5a89eabdab P 0fb2a23d219343758ee0ff767bf4d2d6 [term 1 FOLLOWER]: Leader pre-election lost for term 1. Reason: could not achieve majority
I20260710 13:24:37.391430 23554 consensus_queue.cc:1048] T f1386f0b0cb947c38fb638187ecd4eac P 0fb2a23d219343758ee0ff767bf4d2d6 [LEADER]: Connected to new peer: Peer: permanent_uuid: "c0868a22248b4ec2a3617bef920d021d" member_type: VOTER last_known_addr { host: "127.21.173.130" port: 36879 }, Status: LMP_MISMATCH, Last received: 0.0, Next index: 1, Last known committed idx: 0, Time since last communication: 0.000s
I20260710 13:24:37.407202 23499 tablet_bootstrap.cc:492] T c02632564123409084ce33b85bb377ac P 0fb2a23d219343758ee0ff767bf4d2d6: No bootstrap required, opened a new log
I20260710 13:24:37.407927 23499 ts_tablet_manager.cc:1403] T c02632564123409084ce33b85bb377ac P 0fb2a23d219343758ee0ff767bf4d2d6: Time spent bootstrapping tablet: real 0.049s	user 0.018s	sys 0.003s
I20260710 13:24:37.412580 23499 raft_consensus.cc:359] T c02632564123409084ce33b85bb377ac P 0fb2a23d219343758ee0ff767bf4d2d6 [term 0 FOLLOWER]: Replica starting. Triggering 0 pending ops. Active config: opid_index: -1 OBSOLETE_local: false peers { permanent_uuid: "0fb2a23d219343758ee0ff767bf4d2d6" member_type: VOTER last_known_addr { host: "127.21.173.129" port: 43369 } } peers { permanent_uuid: "c0868a22248b4ec2a3617bef920d021d" member_type: VOTER last_known_addr { host: "127.21.173.130" port: 36879 } } peers { permanent_uuid: "2b4d5f5d4a8b46ff9f7d5d04a5ddeb9e" member_type: VOTER last_known_addr { host: "127.21.173.131" port: 43371 } }
I20260710 13:24:37.413429 23499 raft_consensus.cc:385] T c02632564123409084ce33b85bb377ac P 0fb2a23d219343758ee0ff767bf4d2d6 [term 0 FOLLOWER]: Consensus starting up: Expiring failure detector timer to make a prompt election more likely
