I20260710 13:24:12.342144 22446 leader_election.cc:304] T c79c41a8efbd4da39f793e257c3003e7 P 8898ad83d8f74fe2a36b54a7ecb7e7f6 [CANDIDATE]: Term 1 election: Election decided. Result: candidate won. Election summary: received 2 responses out of 3 voters: 2 yes votes; 0 no votes. yes voters: 8898ad83d8f74fe2a36b54a7ecb7e7f6, 8c81032bccbb40d6aae9dfab9f4eebc3; no voters: 
I20260710 13:24:12.344730 22533 raft_consensus.cc:2804] T c79c41a8efbd4da39f793e257c3003e7 P 8898ad83d8f74fe2a36b54a7ecb7e7f6 [term 1 FOLLOWER]: Leader election won for term 1
I20260710 13:24:12.345240 22533 raft_consensus.cc:697] T c79c41a8efbd4da39f793e257c3003e7 P 8898ad83d8f74fe2a36b54a7ecb7e7f6 [term 1 LEADER]: Becoming Leader. State: Replica: 8898ad83d8f74fe2a36b54a7ecb7e7f6, State: Running, Role: LEADER
I20260710 13:24:12.345376 22548 raft_consensus.cc:515] T 5d3956d5c3d840d98fea7579bcfb1fc7 P b3ff6e8947f7439eba932a5220376c44 [term 1 FOLLOWER]: Starting leader election with config: opid_index: -1 OBSOLETE_local: false peers { permanent_uuid: "b3ff6e8947f7439eba932a5220376c44" member_type: VOTER last_known_addr { host: "127.21.173.129" port: 41993 } } peers { permanent_uuid: "8c81032bccbb40d6aae9dfab9f4eebc3" member_type: VOTER last_known_addr { host: "127.21.173.130" port: 45721 } } peers { permanent_uuid: "8898ad83d8f74fe2a36b54a7ecb7e7f6" member_type: VOTER last_known_addr { host: "127.21.173.131" port: 40649 } }
I20260710 13:24:12.348850 22406 tablet_service.cc:1917] Received RequestConsensusVote() RPC: tablet_id: "5d3956d5c3d840d98fea7579bcfb1fc7" candidate_uuid: "b3ff6e8947f7439eba932a5220376c44" candidate_term: 1 candidate_status { last_received { term: 0 index: 0 } } ignore_live_leader: false dest_uuid: "8c81032bccbb40d6aae9dfab9f4eebc3"
I20260710 13:24:12.349743 22406 raft_consensus.cc:2393] T 5d3956d5c3d840d98fea7579bcfb1fc7 P 8c81032bccbb40d6aae9dfab9f4eebc3 [term 1 FOLLOWER]: Leader election vote request: Denying vote to candidate b3ff6e8947f7439eba932a5220376c44 in current term 1: Already voted for candidate 8c81032bccbb40d6aae9dfab9f4eebc3 in this term.
I20260710 13:24:12.346104 22533 consensus_queue.cc:237] T c79c41a8efbd4da39f793e257c3003e7 P 8898ad83d8f74fe2a36b54a7ecb7e7f6 [LEADER]: Queue going to LEADER mode. State: All replicated index: 0, Majority replicated index: 0, Committed index: 0, Last appended: 0.0, Last appended by leader: 0, Current term: 1, Majority size: 2, State: 0, Mode: LEADER, active raft config: opid_index: -1 OBSOLETE_local: false peers { permanent_uuid: "b3ff6e8947f7439eba932a5220376c44" member_type: VOTER last_known_addr { host: "127.21.173.129" port: 41993 } } peers { permanent_uuid: "8c81032bccbb40d6aae9dfab9f4eebc3" member_type: VOTER last_known_addr { host: "127.21.173.130" port: 45721 } } peers { permanent_uuid: "8898ad83d8f74fe2a36b54a7ecb7e7f6" member_type: VOTER last_known_addr { host: "127.21.173.131" port: 40649 } }
I20260710 13:24:12.343034 22333 raft_consensus.cc:2468] T 16135769a17048d49d781c1b91c40885 P b3ff6e8947f7439eba932a5220376c44 [term 1 FOLLOWER]: Leader election vote request: Granting yes vote for candidate 8c81032bccbb40d6aae9dfab9f4eebc3 in term 1.
I20260710 13:24:12.356046 22332 tablet_service.cc:1917] Received RequestConsensusVote() RPC: tablet_id: "5d3956d5c3d840d98fea7579bcfb1fc7" candidate_uuid: "8c81032bccbb40d6aae9dfab9f4eebc3" candidate_term: 1 candidate_status { last_received { term: 0 index: 0 } } ignore_live_leader: false dest_uuid: "b3ff6e8947f7439eba932a5220376c44"
I20260710 13:24:12.357177 22332 raft_consensus.cc:2393] T 5d3956d5c3d840d98fea7579bcfb1fc7 P b3ff6e8947f7439eba932a5220376c44 [term 1 FOLLOWER]: Leader election vote request: Denying vote to candidate 8c81032bccbb40d6aae9dfab9f4eebc3 in current term 1: Already voted for candidate b3ff6e8947f7439eba932a5220376c44 in this term.
I20260710 13:24:12.358851 22585 leader_election.cc:290] T 5d3956d5c3d840d98fea7579bcfb1fc7 P 8c81032bccbb40d6aae9dfab9f4eebc3 [CANDIDATE]: Term 1 election: Requested vote from peers b3ff6e8947f7439eba932a5220376c44 (127.21.173.129:41993), 8898ad83d8f74fe2a36b54a7ecb7e7f6 (127.21.173.131:40649)
I20260710 13:24:12.360039 22534 raft_consensus.cc:2749] T 9cbc32e39c0c4b5fb567def2e6849ad6 P 8c81032bccbb40d6aae9dfab9f4eebc3 [term 1 FOLLOWER]: Leader pre-election lost for term 1. Reason: could not achieve majority
I20260710 13:24:12.362185 22374 leader_election.cc:304] T 16135769a17048d49d781c1b91c40885 P 8c81032bccbb40d6aae9dfab9f4eebc3 [CANDIDATE]: Term 1 election: Election decided. Result: candidate won. Election summary: received 2 responses out of 3 voters: 2 yes votes; 0 no votes. yes voters: 8c81032bccbb40d6aae9dfab9f4eebc3, b3ff6e8947f7439eba932a5220376c44; no voters: 
I20260710 13:24:12.362910 22480 tablet_service.cc:1917] Received RequestConsensusVote() RPC: tablet_id: "5d3956d5c3d840d98fea7579bcfb1fc7" candidate_uuid: "8c81032bccbb40d6aae9dfab9f4eebc3" candidate_term: 1 candidate_status { last_received { term: 0 index: 0 } } ignore_live_leader: false dest_uuid: "8898ad83d8f74fe2a36b54a7ecb7e7f6"
I20260710 13:24:12.363473 22534 raft_consensus.cc:2804] T 16135769a17048d49d781c1b91c40885 P 8c81032bccbb40d6aae9dfab9f4eebc3 [term 1 FOLLOWER]: Leader election won for term 1
I20260710 13:24:12.363732 22480 raft_consensus.cc:3060] T 5d3956d5c3d840d98fea7579bcfb1fc7 P 8898ad83d8f74fe2a36b54a7ecb7e7f6 [term 0 FOLLOWER]: Advancing to term 1
I20260710 13:24:12.365600 22479 tablet_service.cc:1917] Received RequestConsensusVote() RPC: tablet_id: "5d3956d5c3d840d98fea7579bcfb1fc7" candidate_uuid: "b3ff6e8947f7439eba932a5220376c44" candidate_term: 1 candidate_status { last_received { term: 0 index: 0 } } ignore_live_leader: false dest_uuid: "8898ad83d8f74fe2a36b54a7ecb7e7f6"
I20260710 13:24:12.364655 22548 leader_election.cc:290] T 5d3956d5c3d840d98fea7579bcfb1fc7 P b3ff6e8947f7439eba932a5220376c44 [CANDIDATE]: Term 1 election: Requested vote from peers 8c81032bccbb40d6aae9dfab9f4eebc3 (127.21.173.130:45721), 8898ad83d8f74fe2a36b54a7ecb7e7f6 (127.21.173.131:40649)
I20260710 13:24:12.364871 22534 raft_consensus.cc:697] T 16135769a17048d49d781c1b91c40885 P 8c81032bccbb40d6aae9dfab9f4eebc3 [term 1 LEADER]: Becoming Leader. State: Replica: 8c81032bccbb40d6aae9dfab9f4eebc3, State: Running, Role: LEADER
I20260710 13:24:12.368316 22534 consensus_queue.cc:237] T 16135769a17048d49d781c1b91c40885 P 8c81032bccbb40d6aae9dfab9f4eebc3 [LEADER]: Queue going to LEADER mode. State: All replicated index: 0, Majority replicated index: 0, Committed index: 0, Last appended: 0.0, Last appended by leader: 0, Current term: 1, Majority size: 2, State: 0, Mode: LEADER, active raft config: opid_index: -1 OBSOLETE_local: false peers { permanent_uuid: "b3ff6e8947f7439eba932a5220376c44" member_type: VOTER last_known_addr { host: "127.21.173.129" port: 41993 } } peers { permanent_uuid: "8c81032bccbb40d6aae9dfab9f4eebc3" member_type: VOTER last_known_addr { host: "127.21.173.130" port: 45721 } } peers { permanent_uuid: "8898ad83d8f74fe2a36b54a7ecb7e7f6" member_type: VOTER last_known_addr { host: "127.21.173.131" port: 40649 } }
I20260710 13:24:12.369321 22481 raft_consensus.cc:2468] T 16135769a17048d49d781c1b91c40885 P 8898ad83d8f74fe2a36b54a7ecb7e7f6 [term 1 FOLLOWER]: Leader election vote request: Granting yes vote for candidate 8c81032bccbb40d6aae9dfab9f4eebc3 in term 1.
I20260710 13:24:12.374346 22296 leader_election.cc:304] T 5d3956d5c3d840d98fea7579bcfb1fc7 P b3ff6e8947f7439eba932a5220376c44 [CANDIDATE]: Term 1 election: Election decided. Result: candidate lost. Election summary: received 3 responses out of 3 voters: 1 yes votes; 2 no votes. yes voters: b3ff6e8947f7439eba932a5220376c44; no voters: 8898ad83d8f74fe2a36b54a7ecb7e7f6, 8c81032bccbb40d6aae9dfab9f4eebc3
I20260710 13:24:12.375168 22548 raft_consensus.cc:2749] T 5d3956d5c3d840d98fea7579bcfb1fc7 P b3ff6e8947f7439eba932a5220376c44 [term 1 FOLLOWER]: Leader election lost for term 1. Reason: could not achieve majority
I20260710 13:24:12.377899 22480 raft_consensus.cc:2468] T 5d3956d5c3d840d98fea7579bcfb1fc7 P 8898ad83d8f74fe2a36b54a7ecb7e7f6 [term 1 FOLLOWER]: Leader election vote request: Granting yes vote for candidate 8c81032bccbb40d6aae9dfab9f4eebc3 in term 1.
I20260710 13:24:12.379565 22371 leader_election.cc:304] T 5d3956d5c3d840d98fea7579bcfb1fc7 P 8c81032bccbb40d6aae9dfab9f4eebc3 [CANDIDATE]: Term 1 election: Election decided. Result: candidate won. Election summary: received 3 responses out of 3 voters: 2 yes votes; 1 no votes. yes voters: 8898ad83d8f74fe2a36b54a7ecb7e7f6, 8c81032bccbb40d6aae9dfab9f4eebc3; no voters: b3ff6e8947f7439eba932a5220376c44
I20260710 13:24:12.380524 22586 raft_consensus.cc:2804] T 5d3956d5c3d840d98fea7579bcfb1fc7 P 8c81032bccbb40d6aae9dfab9f4eebc3 [term 1 FOLLOWER]: Leader election won for term 1
I20260710 13:24:12.380995 22586 raft_consensus.cc:697] T 5d3956d5c3d840d98fea7579bcfb1fc7 P 8c81032bccbb40d6aae9dfab9f4eebc3 [term 1 LEADER]: Becoming Leader. State: Replica: 8c81032bccbb40d6aae9dfab9f4eebc3, State: Running, Role: LEADER
I20260710 13:24:12.383292 22586 consensus_queue.cc:237] T 5d3956d5c3d840d98fea7579bcfb1fc7 P 8c81032bccbb40d6aae9dfab9f4eebc3 [LEADER]: Queue going to LEADER mode. State: All replicated index: 0, Majority replicated index: 0, Committed index: 0, Last appended: 0.0, Last appended by leader: 0, Current term: 1, Majority size: 2, State: 0, Mode: LEADER, active raft config: opid_index: -1 OBSOLETE_local: false peers { permanent_uuid: "b3ff6e8947f7439eba932a5220376c44" member_type: VOTER last_known_addr { host: "127.21.173.129" port: 41993 } } peers { permanent_uuid: "8c81032bccbb40d6aae9dfab9f4eebc3" member_type: VOTER last_known_addr { host: "127.21.173.130" port: 45721 } } peers { permanent_uuid: "8898ad83d8f74fe2a36b54a7ecb7e7f6" member_type: VOTER last_known_addr { host: "127.21.173.131" port: 40649 } }
I20260710 13:24:12.393731 22229 catalog_manager.cc:5697] T c79c41a8efbd4da39f793e257c3003e7 P 8898ad83d8f74fe2a36b54a7ecb7e7f6 reported cstate change: term changed from 0 to 1, leader changed from <none> to 8898ad83d8f74fe2a36b54a7ecb7e7f6 (127.21.173.131). New cstate: current_term: 1 leader_uuid: "8898ad83d8f74fe2a36b54a7ecb7e7f6" committed_config { opid_index: -1 OBSOLETE_local: false peers { permanent_uuid: "b3ff6e8947f7439eba932a5220376c44" member_type: VOTER last_known_addr { host: "127.21.173.129" port: 41993 } health_report { overall_health: UNKNOWN } } peers { permanent_uuid: "8c81032bccbb40d6aae9dfab9f4eebc3" member_type: VOTER last_known_addr { host: "127.21.173.130" port: 45721 } health_report { overall_health: UNKNOWN } } peers { permanent_uuid: "8898ad83d8f74fe2a36b54a7ecb7e7f6" member_type: VOTER last_known_addr { host: "127.21.173.131" port: 40649 } health_report { overall_health: HEALTHY } } }
I20260710 13:24:12.400664 22533 consensus_queue.cc:1048] T 8bb3c35f13ea41b9b793fb5d9935bb27 P 8898ad83d8f74fe2a36b54a7ecb7e7f6 [LEADER]: Connected to new peer: Peer: permanent_uuid: "8c81032bccbb40d6aae9dfab9f4eebc3" member_type: VOTER last_known_addr { host: "127.21.173.130" port: 45721 }, Status: LMP_MISMATCH, Last received: 0.0, Next index: 1, Last known committed idx: 0, Time since last communication: 0.000s
I20260710 13:24:12.411669 22533 consensus_queue.cc:1048] T 8bb3c35f13ea41b9b793fb5d9935bb27 P 8898ad83d8f74fe2a36b54a7ecb7e7f6 [LEADER]: Connected to new peer: Peer: permanent_uuid: "b3ff6e8947f7439eba932a5220376c44" member_type: VOTER last_known_addr { host: "127.21.173.129" port: 41993 }, Status: LMP_MISMATCH, Last received: 0.0, Next index: 1, Last known committed idx: 0, Time since last communication: 0.001s
I20260710 13:24:12.411640 22228 catalog_manager.cc:5697] T 16135769a17048d49d781c1b91c40885 P 8c81032bccbb40d6aae9dfab9f4eebc3 reported cstate change: term changed from 0 to 1, leader changed from <none> to 8c81032bccbb40d6aae9dfab9f4eebc3 (127.21.173.130). New cstate: current_term: 1 leader_uuid: "8c81032bccbb40d6aae9dfab9f4eebc3" committed_config { opid_index: -1 OBSOLETE_local: false peers { permanent_uuid: "b3ff6e8947f7439eba932a5220376c44" member_type: VOTER last_known_addr { host: "127.21.173.129" port: 41993 } health_report { overall_health: UNKNOWN } } peers { permanent_uuid: "8c81032bccbb40d6aae9dfab9f4eebc3" member_type: VOTER last_known_addr { host: "127.21.173.130" port: 45721 } health_report { overall_health: HEALTHY } } peers { permanent_uuid: "8898ad83d8f74fe2a36b54a7ecb7e7f6" member_type: VOTER last_known_addr { host: "127.21.173.131" port: 40649 } health_report { overall_health: UNKNOWN } } }
I20260710 13:24:12.451148 22229 catalog_manager.cc:5697] T 5d3956d5c3d840d98fea7579bcfb1fc7 P 8c81032bccbb40d6aae9dfab9f4eebc3 reported cstate change: term changed from 0 to 1, leader changed from <none> to 8c81032bccbb40d6aae9dfab9f4eebc3 (127.21.173.130). New cstate: current_term: 1 leader_uuid: "8c81032bccbb40d6aae9dfab9f4eebc3" committed_config { opid_index: -1 OBSOLETE_local: false peers { permanent_uuid: "b3ff6e8947f7439eba932a5220376c44" member_type: VOTER last_known_addr { host: "127.21.173.129" port: 41993 } health_report { overall_health: UNKNOWN } } peers { permanent_uuid: "8c81032bccbb40d6aae9dfab9f4eebc3" member_type: VOTER last_known_addr { host: "127.21.173.130" port: 45721 } health_report { overall_health: HEALTHY } } peers { permanent_uuid: "8898ad83d8f74fe2a36b54a7ecb7e7f6" member_type: VOTER last_known_addr { host: "127.21.173.131" port: 40649 } health_report { overall_health: UNKNOWN } } }
I20260710 13:24:12.543004 22548 consensus_queue.cc:1048] T 9cbc32e39c0c4b5fb567def2e6849ad6 P b3ff6e8947f7439eba932a5220376c44 [LEADER]: Connected to new peer: Peer: permanent_uuid: "8c81032bccbb40d6aae9dfab9f4eebc3" member_type: VOTER last_known_addr { host: "127.21.173.130" port: 45721 }, Status: LMP_MISMATCH, Last received: 0.0, Next index: 1, Last known committed idx: 0, Time since last communication: 0.000s
I20260710 13:24:12.554100 22548 consensus_queue.cc:1048] T 9cbc32e39c0c4b5fb567def2e6849ad6 P b3ff6e8947f7439eba932a5220376c44 [LEADER]: Connected to new peer: Peer: permanent_uuid: "8898ad83d8f74fe2a36b54a7ecb7e7f6" member_type: VOTER last_known_addr { host: "127.21.173.131" port: 40649 }, Status: LMP_MISMATCH, Last received: 0.0, Next index: 1, Last known committed idx: 0, Time since last communication: 0.000s
I20260710 13:24:12.636396 22548 consensus_queue.cc:1048] T b6a54ab4fc7d4f6583024405af5b711d P b3ff6e8947f7439eba932a5220376c44 [LEADER]: Connected to new peer: Peer: permanent_uuid: "8c81032bccbb40d6aae9dfab9f4eebc3" member_type: VOTER last_known_addr { host: "127.21.173.130" port: 45721 }, Status: LMP_MISMATCH, Last received: 0.0, Next index: 1, Last known committed idx: 0, Time since last communication: 0.000s
I20260710 13:24:12.649034 22548 consensus_queue.cc:1048] T b6a54ab4fc7d4f6583024405af5b711d P b3ff6e8947f7439eba932a5220376c44 [LEADER]: Connected to new peer: Peer: permanent_uuid: "8898ad83d8f74fe2a36b54a7ecb7e7f6" member_type: VOTER last_known_addr { host: "127.21.173.131" port: 40649 }, Status: LMP_MISMATCH, Last received: 0.0, Next index: 1, Last known committed idx: 0, Time since last communication: 0.000s
I20260710 13:24:12.674865 22548 consensus_queue.cc:1048] T 0762c66e952642e98f9fa3b59595ea10 P b3ff6e8947f7439eba932a5220376c44 [LEADER]: Connected to new peer: Peer: permanent_uuid: "8898ad83d8f74fe2a36b54a7ecb7e7f6" member_type: VOTER last_known_addr { host: "127.21.173.131" port: 40649 }, Status: LMP_MISMATCH, Last received: 0.0, Next index: 1, Last known committed idx: 0, Time since last communication: 0.000s
I20260710 13:24:12.687430 22548 consensus_queue.cc:1048] T 0762c66e952642e98f9fa3b59595ea10 P b3ff6e8947f7439eba932a5220376c44 [LEADER]: Connected to new peer: Peer: permanent_uuid: "8c81032bccbb40d6aae9dfab9f4eebc3" member_type: VOTER last_known_addr { host: "127.21.173.130" port: 45721 }, Status: LMP_MISMATCH, Last received: 0.0, Next index: 1, Last known committed idx: 0, Time since last communication: 0.000s
I20260710 13:24:12.740556 22480 tablet_service.cc:2072] Received LeaderStepDown RPC: tablet_id: "8bb3c35f13ea41b9b793fb5d9935bb27"
dest_uuid: "8898ad83d8f74fe2a36b54a7ecb7e7f6"
mode: GRACEFUL
new_leader_uuid: "b3ff6e8947f7439eba932a5220376c44"
 from {username='slave'} at 127.0.0.1:47826
I20260710 13:24:12.741231 22480 raft_consensus.cc:606] T 8bb3c35f13ea41b9b793fb5d9935bb27 P 8898ad83d8f74fe2a36b54a7ecb7e7f6 [term 1 LEADER]: Received request to transfer leadership to TS b3ff6e8947f7439eba932a5220376c44
I20260710 13:24:12.759846 22407 tablet_service.cc:2072] Received LeaderStepDown RPC: tablet_id: "5d3956d5c3d840d98fea7579bcfb1fc7"
dest_uuid: "8c81032bccbb40d6aae9dfab9f4eebc3"
mode: GRACEFUL
new_leader_uuid: "b3ff6e8947f7439eba932a5220376c44"
 from {username='slave'} at 127.0.0.1:37770
I20260710 13:24:12.760574 22407 raft_consensus.cc:606] T 5d3956d5c3d840d98fea7579bcfb1fc7 P 8c81032bccbb40d6aae9dfab9f4eebc3 [term 1 LEADER]: Received request to transfer leadership to TS b3ff6e8947f7439eba932a5220376c44
I20260710 13:24:12.778604 22332 tablet_service.cc:2072] Received LeaderStepDown RPC: tablet_id: "c24b08ff21a849eaac9b866c5b27e596"
dest_uuid: "b3ff6e8947f7439eba932a5220376c44"
mode: GRACEFUL
new_leader_uuid: "8c81032bccbb40d6aae9dfab9f4eebc3"
 from {username='slave'} at 127.0.0.1:45470
I20260710 13:24:12.779196 22332 raft_consensus.cc:606] T c24b08ff21a849eaac9b866c5b27e596 P b3ff6e8947f7439eba932a5220376c44 [term 1 LEADER]: Received request to transfer leadership to TS 8c81032bccbb40d6aae9dfab9f4eebc3
I20260710 13:24:12.786202 22332 tablet_service.cc:2072] Received LeaderStepDown RPC: tablet_id: "b6a54ab4fc7d4f6583024405af5b711d"
dest_uuid: "b3ff6e8947f7439eba932a5220376c44"
mode: GRACEFUL
new_leader_uuid: "8c81032bccbb40d6aae9dfab9f4eebc3"
 from {username='slave'} at 127.0.0.1:45470
I20260710 13:24:12.786813 22332 raft_consensus.cc:606] T b6a54ab4fc7d4f6583024405af5b711d P b3ff6e8947f7439eba932a5220376c44 [term 1 LEADER]: Received request to transfer leadership to TS 8c81032bccbb40d6aae9dfab9f4eebc3
I20260710 13:24:12.792371 22332 tablet_service.cc:2072] Received LeaderStepDown RPC: tablet_id: "0762c66e952642e98f9fa3b59595ea10"
dest_uuid: "b3ff6e8947f7439eba932a5220376c44"
mode: GRACEFUL
new_leader_uuid: "8c81032bccbb40d6aae9dfab9f4eebc3"
 from {username='slave'} at 127.0.0.1:45470
I20260710 13:24:12.793118 22332 raft_consensus.cc:606] T 0762c66e952642e98f9fa3b59595ea10 P b3ff6e8947f7439eba932a5220376c44 [term 1 LEADER]: Received request to transfer leadership to TS 8c81032bccbb40d6aae9dfab9f4eebc3
I20260710 13:24:12.799654 22480 tablet_service.cc:2072] Received LeaderStepDown RPC: tablet_id: "c79c41a8efbd4da39f793e257c3003e7"
dest_uuid: "8898ad83d8f74fe2a36b54a7ecb7e7f6"
mode: GRACEFUL
new_leader_uuid: "8c81032bccbb40d6aae9dfab9f4eebc3"
 from {username='slave'} at 127.0.0.1:47826
I20260710 13:24:12.800284 22480 raft_consensus.cc:606] T c79c41a8efbd4da39f793e257c3003e7 P 8898ad83d8f74fe2a36b54a7ecb7e7f6 [term 1 LEADER]: Received request to transfer leadership to TS 8c81032bccbb40d6aae9dfab9f4eebc3
I20260710 13:24:12.805799 22407 tablet_service.cc:2072] Received LeaderStepDown RPC: tablet_id: "16135769a17048d49d781c1b91c40885"
dest_uuid: "8c81032bccbb40d6aae9dfab9f4eebc3"
mode: GRACEFUL
new_leader_uuid: "8898ad83d8f74fe2a36b54a7ecb7e7f6"
 from {username='slave'} at 127.0.0.1:37770
I20260710 13:24:12.806485 22407 raft_consensus.cc:606] T 16135769a17048d49d781c1b91c40885 P 8c81032bccbb40d6aae9dfab9f4eebc3 [term 1 LEADER]: Received request to transfer leadership to TS 8898ad83d8f74fe2a36b54a7ecb7e7f6
I20260710 13:24:12.808373 22533 consensus_queue.cc:1048] T c79c41a8efbd4da39f793e257c3003e7 P 8898ad83d8f74fe2a36b54a7ecb7e7f6 [LEADER]: Connected to new peer: Peer: permanent_uuid: "b3ff6e8947f7439eba932a5220376c44" member_type: VOTER last_known_addr { host: "127.21.173.129" port: 41993 }, Status: LMP_MISMATCH, Last received: 0.0, Next index: 1, Last known committed idx: 0, Time since last communication: 0.000s
I20260710 13:24:12.810940 22533 consensus_queue.cc:1048] T c79c41a8efbd4da39f793e257c3003e7 P 8898ad83d8f74fe2a36b54a7ecb7e7f6 [LEADER]: Connected to new peer: Peer: permanent_uuid: "8c81032bccbb40d6aae9dfab9f4eebc3" member_type: VOTER last_known_addr { host: "127.21.173.130" port: 45721 }, Status: LMP_MISMATCH, Last received: 0.0, Next index: 1, Last known committed idx: 0, Time since last communication: 0.000s
I20260710 13:24:12.821147 22533 raft_consensus.cc:993] T c79c41a8efbd4da39f793e257c3003e7 P 8898ad83d8f74fe2a36b54a7ecb7e7f6: : Instructing follower 8c81032bccbb40d6aae9dfab9f4eebc3 to start an election
I20260710 13:24:12.822618 22533 raft_consensus.cc:1081] T c79c41a8efbd4da39f793e257c3003e7 P 8898ad83d8f74fe2a36b54a7ecb7e7f6 [term 1 LEADER]: Signalling peer 8c81032bccbb40d6aae9dfab9f4eebc3 to start an election
I20260710 13:24:12.838526 22407 tablet_service.cc:2044] Received Run Leader Election RPC: tablet_id: "c79c41a8efbd4da39f793e257c3003e7"
dest_uuid: "8c81032bccbb40d6aae9dfab9f4eebc3"
 from {username='slave'} at 127.0.0.1:37760
I20260710 13:24:12.840749 22529 raft_consensus.cc:993] T c24b08ff21a849eaac9b866c5b27e596 P b3ff6e8947f7439eba932a5220376c44: : Instructing follower 8c81032bccbb40d6aae9dfab9f4eebc3 to start an election
I20260710 13:24:12.841243 22529 raft_consensus.cc:1081] T c24b08ff21a849eaac9b866c5b27e596 P b3ff6e8947f7439eba932a5220376c44 [term 1 LEADER]: Signalling peer 8c81032bccbb40d6aae9dfab9f4eebc3 to start an election
I20260710 13:24:12.841308 22407 raft_consensus.cc:493] T c79c41a8efbd4da39f793e257c3003e7 P 8c81032bccbb40d6aae9dfab9f4eebc3 [term 1 FOLLOWER]: Starting forced leader election (received explicit request)
I20260710 13:24:12.841796 22407 raft_consensus.cc:3060] T c79c41a8efbd4da39f793e257c3003e7 P 8c81032bccbb40d6aae9dfab9f4eebc3 [term 1 FOLLOWER]: Advancing to term 2
I20260710 13:24:12.847388 22534 consensus_queue.cc:1048] T 5d3956d5c3d840d98fea7579bcfb1fc7 P 8c81032bccbb40d6aae9dfab9f4eebc3 [LEADER]: Connected to new peer: Peer: permanent_uuid: "8898ad83d8f74fe2a36b54a7ecb7e7f6" member_type: VOTER last_known_addr { host: "127.21.173.131" port: 40649 }, Status: LMP_MISMATCH, Last received: 0.0, Next index: 1, Last known committed idx: 0, Time since last communication: 0.001s
I20260710 13:24:12.849984 22586 consensus_queue.cc:1048] T 5d3956d5c3d840d98fea7579bcfb1fc7 P 8c81032bccbb40d6aae9dfab9f4eebc3 [LEADER]: Connected to new peer: Peer: permanent_uuid: "b3ff6e8947f7439eba932a5220376c44" member_type: VOTER last_known_addr { host: "127.21.173.129" port: 41993 }, Status: LMP_MISMATCH, Last received: 0.0, Next index: 1, Last known committed idx: 0, Time since last communication: 0.000s
I20260710 13:24:12.851445 22586 consensus_queue.cc:1048] T 16135769a17048d49d781c1b91c40885 P 8c81032bccbb40d6aae9dfab9f4eebc3 [LEADER]: Connected to new peer: Peer: permanent_uuid: "b3ff6e8947f7439eba932a5220376c44" member_type: VOTER last_known_addr { host: "127.21.173.129" port: 41993 }, Status: LMP_MISMATCH, Last received: 0.0, Next index: 1, Last known committed idx: 0, Time since last communication: 0.001s
I20260710 13:24:12.852607 22407 raft_consensus.cc:515] T c79c41a8efbd4da39f793e257c3003e7 P 8c81032bccbb40d6aae9dfab9f4eebc3 [term 2 FOLLOWER]: Starting forced leader election with config: opid_index: -1 OBSOLETE_local: false peers { permanent_uuid: "b3ff6e8947f7439eba932a5220376c44" member_type: VOTER last_known_addr { host: "127.21.173.129" port: 41993 } } peers { permanent_uuid: "8c81032bccbb40d6aae9dfab9f4eebc3" member_type: VOTER last_known_addr { host: "127.21.173.130" port: 45721 } } peers { permanent_uuid: "8898ad83d8f74fe2a36b54a7ecb7e7f6" member_type: VOTER last_known_addr { host: "127.21.173.131" port: 40649 } }
I20260710 13:24:12.854255 22406 tablet_service.cc:2044] Received Run Leader Election RPC: tablet_id: "c24b08ff21a849eaac9b866c5b27e596"
dest_uuid: "8c81032bccbb40d6aae9dfab9f4eebc3"
 from {username='slave'} at 127.0.0.1:37758
I20260710 13:24:12.854920 22406 raft_consensus.cc:493] T c24b08ff21a849eaac9b866c5b27e596 P 8c81032bccbb40d6aae9dfab9f4eebc3 [term 1 FOLLOWER]: Starting forced leader election (received explicit request)
I20260710 13:24:12.855325 22406 raft_consensus.cc:3060] T c24b08ff21a849eaac9b866c5b27e596 P 8c81032bccbb40d6aae9dfab9f4eebc3 [term 1 FOLLOWER]: Advancing to term 2
I20260710 13:24:12.859273 22407 leader_election.cc:290] T c79c41a8efbd4da39f793e257c3003e7 P 8c81032bccbb40d6aae9dfab9f4eebc3 [CANDIDATE]: Term 2 election: Requested vote from peers b3ff6e8947f7439eba932a5220376c44 (127.21.173.129:41993), 8898ad83d8f74fe2a36b54a7ecb7e7f6 (127.21.173.131:40649)
I20260710 13:24:12.860391 22482 tablet_service.cc:1917] Received RequestConsensusVote() RPC: tablet_id: "c79c41a8efbd4da39f793e257c3003e7" candidate_uuid: "8c81032bccbb40d6aae9dfab9f4eebc3" candidate_term: 2 candidate_status { last_received { term: 1 index: 1 } } ignore_live_leader: true dest_uuid: "8898ad83d8f74fe2a36b54a7ecb7e7f6"
I20260710 13:24:12.860867 22482 raft_consensus.cc:3055] T c79c41a8efbd4da39f793e257c3003e7 P 8898ad83d8f74fe2a36b54a7ecb7e7f6 [term 1 LEADER]: Stepping down as leader of term 1
I20260710 13:24:12.861207 22482 raft_consensus.cc:740] T c79c41a8efbd4da39f793e257c3003e7 P 8898ad83d8f74fe2a36b54a7ecb7e7f6 [term 1 LEADER]: Becoming Follower/Learner. State: Replica: 8898ad83d8f74fe2a36b54a7ecb7e7f6, State: Running, Role: LEADER
I20260710 13:24:12.862072 22482 consensus_queue.cc:260] T c79c41a8efbd4da39f793e257c3003e7 P 8898ad83d8f74fe2a36b54a7ecb7e7f6 [NON_LEADER]: Queue going to NON_LEADER mode. State: All replicated index: 0, Majority replicated index: 1, Committed index: 1, Last appended: 1.1, Last appended by leader: 1, Current term: 1, Majority size: -1, State: 0, Mode: NON_LEADER, active raft config: opid_index: -1 OBSOLETE_local: false peers { permanent_uuid: "b3ff6e8947f7439eba932a5220376c44" member_type: VOTER last_known_addr { host: "127.21.173.129" port: 41993 } } peers { permanent_uuid: "8c81032bccbb40d6aae9dfab9f4eebc3" member_type: VOTER last_known_addr { host: "127.21.173.130" port: 45721 } } peers { permanent_uuid: "8898ad83d8f74fe2a36b54a7ecb7e7f6" member_type: VOTER last_known_addr { host: "127.21.173.131" port: 40649 } }
I20260710 13:24:12.863657 22482 raft_consensus.cc:3060] T c79c41a8efbd4da39f793e257c3003e7 P 8898ad83d8f74fe2a36b54a7ecb7e7f6 [term 1 FOLLOWER]: Advancing to term 2
I20260710 13:24:12.871582 22331 tablet_service.cc:1917] Received RequestConsensusVote() RPC: tablet_id: "c79c41a8efbd4da39f793e257c3003e7" candidate_uuid: "8c81032bccbb40d6aae9dfab9f4eebc3" candidate_term: 2 candidate_status { last_received { term: 1 index: 1 } } ignore_live_leader: true dest_uuid: "b3ff6e8947f7439eba932a5220376c44"
I20260710 13:24:12.871742 22406 raft_consensus.cc:515] T c24b08ff21a849eaac9b866c5b27e596 P 8c81032bccbb40d6aae9dfab9f4eebc3 [term 2 FOLLOWER]: Starting forced leader election with config: opid_index: -1 OBSOLETE_local: false peers { permanent_uuid: "b3ff6e8947f7439eba932a5220376c44" member_type: VOTER last_known_addr { host: "127.21.173.129" port: 41993 } } peers { permanent_uuid: "8c81032bccbb40d6aae9dfab9f4eebc3" member_type: VOTER last_known_addr { host: "127.21.173.130" port: 45721 } } peers { permanent_uuid: "8898ad83d8f74fe2a36b54a7ecb7e7f6" member_type: VOTER last_known_addr { host: "127.21.173.131" port: 40649 } }
I20260710 13:24:12.872413 22331 raft_consensus.cc:3060] T c79c41a8efbd4da39f793e257c3003e7 P b3ff6e8947f7439eba932a5220376c44 [term 1 FOLLOWER]: Advancing to term 2
I20260710 13:24:12.874694 22406 leader_election.cc:290] T c24b08ff21a849eaac9b866c5b27e596 P 8c81032bccbb40d6aae9dfab9f4eebc3 [CANDIDATE]: Term 2 election: Requested vote from peers b3ff6e8947f7439eba932a5220376c44 (127.21.173.129:41993), 8898ad83d8f74fe2a36b54a7ecb7e7f6 (127.21.173.131:40649)
I20260710 13:24:12.877624 22479 tablet_service.cc:1917] Received RequestConsensusVote() RPC: tablet_id: "c24b08ff21a849eaac9b866c5b27e596" candidate_uuid: "8c81032bccbb40d6aae9dfab9f4eebc3" candidate_term: 2 candidate_status { last_received { term: 1 index: 1 } } ignore_live_leader: true dest_uuid: "8898ad83d8f74fe2a36b54a7ecb7e7f6"
I20260710 13:24:12.878224 22479 raft_consensus.cc:3060] T c24b08ff21a849eaac9b866c5b27e596 P 8898ad83d8f74fe2a36b54a7ecb7e7f6 [term 1 FOLLOWER]: Advancing to term 2
I20260710 13:24:12.885114 22479 raft_consensus.cc:2468] T c24b08ff21a849eaac9b866c5b27e596 P 8898ad83d8f74fe2a36b54a7ecb7e7f6 [term 2 FOLLOWER]: Leader election vote request: Granting yes vote for candidate 8c81032bccbb40d6aae9dfab9f4eebc3 in term 2.
I20260710 13:24:12.885198 22482 raft_consensus.cc:2468] T c79c41a8efbd4da39f793e257c3003e7 P 8898ad83d8f74fe2a36b54a7ecb7e7f6 [term 2 FOLLOWER]: Leader election vote request: Granting yes vote for candidate 8c81032bccbb40d6aae9dfab9f4eebc3 in term 2.
I20260710 13:24:12.886643 22371 leader_election.cc:304] T c24b08ff21a849eaac9b866c5b27e596 P 8c81032bccbb40d6aae9dfab9f4eebc3 [CANDIDATE]: Term 2 election: Election decided. Result: candidate won. Election summary: received 2 responses out of 3 voters: 2 yes votes; 0 no votes. yes voters: 8898ad83d8f74fe2a36b54a7ecb7e7f6, 8c81032bccbb40d6aae9dfab9f4eebc3; no voters: 
I20260710 13:24:12.887653 22586 raft_consensus.cc:2804] T c24b08ff21a849eaac9b866c5b27e596 P 8c81032bccbb40d6aae9dfab9f4eebc3 [term 2 FOLLOWER]: Leader election won for term 2
I20260710 13:24:12.887928 22371 leader_election.cc:304] T c79c41a8efbd4da39f793e257c3003e7 P 8c81032bccbb40d6aae9dfab9f4eebc3 [CANDIDATE]: Term 2 election: Election decided. Result: candidate won. Election summary: received 2 responses out of 3 voters: 2 yes votes; 0 no votes. yes voters: 8898ad83d8f74fe2a36b54a7ecb7e7f6, 8c81032bccbb40d6aae9dfab9f4eebc3; no voters: 
I20260710 13:24:12.888234 22586 raft_consensus.cc:697] T c24b08ff21a849eaac9b866c5b27e596 P 8c81032bccbb40d6aae9dfab9f4eebc3 [term 2 LEADER]: Becoming Leader. State: Replica: 8c81032bccbb40d6aae9dfab9f4eebc3, State: Running, Role: LEADER
I20260710 13:24:12.889977 22331 raft_consensus.cc:2468] T c79c41a8efbd4da39f793e257c3003e7 P b3ff6e8947f7439eba932a5220376c44 [term 2 FOLLOWER]: Leader election vote request: Granting yes vote for candidate 8c81032bccbb40d6aae9dfab9f4eebc3 in term 2.
I20260710 13:24:12.888924 22534 raft_consensus.cc:2804] T c79c41a8efbd4da39f793e257c3003e7 P 8c81032bccbb40d6aae9dfab9f4eebc3 [term 2 FOLLOWER]: Leader election won for term 2
I20260710 13:24:12.890865 22534 raft_consensus.cc:697] T c79c41a8efbd4da39f793e257c3003e7 P 8c81032bccbb40d6aae9dfab9f4eebc3 [term 2 LEADER]: Becoming Leader. State: Replica: 8c81032bccbb40d6aae9dfab9f4eebc3, State: Running, Role: LEADER
I20260710 13:24:12.891773 22534 consensus_queue.cc:237] T c79c41a8efbd4da39f793e257c3003e7 P 8c81032bccbb40d6aae9dfab9f4eebc3 [LEADER]: Queue going to LEADER mode. State: All replicated index: 0, Majority replicated index: 1, Committed index: 1, Last appended: 1.1, Last appended by leader: 1, Current term: 2, Majority size: 2, State: 0, Mode: LEADER, active raft config: opid_index: -1 OBSOLETE_local: false peers { permanent_uuid: "b3ff6e8947f7439eba932a5220376c44" member_type: VOTER last_known_addr { host: "127.21.173.129" port: 41993 } } peers { permanent_uuid: "8c81032bccbb40d6aae9dfab9f4eebc3" member_type: VOTER last_known_addr { host: "127.21.173.130" port: 45721 } } peers { permanent_uuid: "8898ad83d8f74fe2a36b54a7ecb7e7f6" member_type: VOTER last_known_addr { host: "127.21.173.131" port: 40649 } }
I20260710 13:24:12.893574 22331 tablet_service.cc:1917] Received RequestConsensusVote() RPC: tablet_id: "c24b08ff21a849eaac9b866c5b27e596" candidate_uuid: "8c81032bccbb40d6aae9dfab9f4eebc3" candidate_term: 2 candidate_status { last_received { term: 1 index: 1 } } ignore_live_leader: true dest_uuid: "b3ff6e8947f7439eba932a5220376c44"
I20260710 13:24:12.894165 22331 raft_consensus.cc:3055] T c24b08ff21a849eaac9b866c5b27e596 P b3ff6e8947f7439eba932a5220376c44 [term 1 LEADER]: Stepping down as leader of term 1
I20260710 13:24:12.894487 22331 raft_consensus.cc:740] T c24b08ff21a849eaac9b866c5b27e596 P b3ff6e8947f7439eba932a5220376c44 [term 1 LEADER]: Becoming Follower/Learner. State: Replica: b3ff6e8947f7439eba932a5220376c44, State: Running, Role: LEADER
I20260710 13:24:12.889868 22586 consensus_queue.cc:237] T c24b08ff21a849eaac9b866c5b27e596 P 8c81032bccbb40d6aae9dfab9f4eebc3 [LEADER]: Queue going to LEADER mode. State: All replicated index: 0, Majority replicated index: 1, Committed index: 1, Last appended: 1.1, Last appended by leader: 1, Current term: 2, Majority size: 2, State: 0, Mode: LEADER, active raft config: opid_index: -1 OBSOLETE_local: false peers { permanent_uuid: "b3ff6e8947f7439eba932a5220376c44" member_type: VOTER last_known_addr { host: "127.21.173.129" port: 41993 } } peers { permanent_uuid: "8c81032bccbb40d6aae9dfab9f4eebc3" member_type: VOTER last_known_addr { host: "127.21.173.130" port: 45721 } } peers { permanent_uuid: "8898ad83d8f74fe2a36b54a7ecb7e7f6" member_type: VOTER last_known_addr { host: "127.21.173.131" port: 40649 } }
I20260710 13:24:12.899875 22550 raft_consensus.cc:993] T 8bb3c35f13ea41b9b793fb5d9935bb27 P 8898ad83d8f74fe2a36b54a7ecb7e7f6: : Instructing follower b3ff6e8947f7439eba932a5220376c44 to start an election
I20260710 13:24:12.900355 22550 raft_consensus.cc:1081] T 8bb3c35f13ea41b9b793fb5d9935bb27 P 8898ad83d8f74fe2a36b54a7ecb7e7f6 [term 1 LEADER]: Signalling peer b3ff6e8947f7439eba932a5220376c44 to start an election
I20260710 13:24:12.902947 22330 tablet_service.cc:2044] Received Run Leader Election RPC: tablet_id: "8bb3c35f13ea41b9b793fb5d9935bb27"
dest_uuid: "b3ff6e8947f7439eba932a5220376c44"
 from {username='slave'} at 127.0.0.1:45464
I20260710 13:24:12.903487 22330 raft_consensus.cc:493] T 8bb3c35f13ea41b9b793fb5d9935bb27 P b3ff6e8947f7439eba932a5220376c44 [term 1 FOLLOWER]: Starting forced leader election (received explicit request)
I20260710 13:24:12.903877 22330 raft_consensus.cc:3060] T 8bb3c35f13ea41b9b793fb5d9935bb27 P b3ff6e8947f7439eba932a5220376c44 [term 1 FOLLOWER]: Advancing to term 2
I20260710 13:24:12.907528 22227 catalog_manager.cc:5697] T c24b08ff21a849eaac9b866c5b27e596 P 8c81032bccbb40d6aae9dfab9f4eebc3 reported cstate change: term changed from 1 to 2, leader changed from b3ff6e8947f7439eba932a5220376c44 (127.21.173.129) to 8c81032bccbb40d6aae9dfab9f4eebc3 (127.21.173.130). New cstate: current_term: 2 leader_uuid: "8c81032bccbb40d6aae9dfab9f4eebc3" committed_config { opid_index: -1 OBSOLETE_local: false peers { permanent_uuid: "b3ff6e8947f7439eba932a5220376c44" member_type: VOTER last_known_addr { host: "127.21.173.129" port: 41993 } health_report { overall_health: UNKNOWN } } peers { permanent_uuid: "8c81032bccbb40d6aae9dfab9f4eebc3" member_type: VOTER last_known_addr { host: "127.21.173.130" port: 45721 } health_report { overall_health: HEALTHY } } peers { permanent_uuid: "8898ad83d8f74fe2a36b54a7ecb7e7f6" member_type: VOTER last_known_addr { host: "127.21.173.131" port: 40649 } health_report { overall_health: UNKNOWN } } }
I20260710 13:24:12.895221 22331 consensus_queue.cc:260] T c24b08ff21a849eaac9b866c5b27e596 P b3ff6e8947f7439eba932a5220376c44 [NON_LEADER]: Queue going to NON_LEADER mode. State: All replicated index: 0, Majority replicated index: 1, Committed index: 1, Last appended: 1.1, Last appended by leader: 1, Current term: 1, Majority size: -1, State: 0, Mode: NON_LEADER, active raft config: opid_index: -1 OBSOLETE_local: false peers { permanent_uuid: "b3ff6e8947f7439eba932a5220376c44" member_type: VOTER last_known_addr { host: "127.21.173.129" port: 41993 } } peers { permanent_uuid: "8c81032bccbb40d6aae9dfab9f4eebc3" member_type: VOTER last_known_addr { host: "127.21.173.130" port: 45721 } } peers { permanent_uuid: "8898ad83d8f74fe2a36b54a7ecb7e7f6" member_type: VOTER last_known_addr { host: "127.21.173.131" port: 40649 } }
I20260710 13:24:12.911085 22331 raft_consensus.cc:3060] T c24b08ff21a849eaac9b866c5b27e596 P b3ff6e8947f7439eba932a5220376c44 [term 1 FOLLOWER]: Advancing to term 2
I20260710 13:24:12.919330 22588 consensus_queue.cc:1048] T 16135769a17048d49d781c1b91c40885 P 8c81032bccbb40d6aae9dfab9f4eebc3 [LEADER]: Connected to new peer: Peer: permanent_uuid: "8898ad83d8f74fe2a36b54a7ecb7e7f6" member_type: VOTER last_known_addr { host: "127.21.173.131" port: 40649 }, Status: LMP_MISMATCH, Last received: 0.0, Next index: 1, Last known committed idx: 0, Time since last communication: 0.001s
I20260710 13:24:12.911689 22330 raft_consensus.cc:515] T 8bb3c35f13ea41b9b793fb5d9935bb27 P b3ff6e8947f7439eba932a5220376c44 [term 2 FOLLOWER]: Starting forced leader election with config: opid_index: -1 OBSOLETE_local: false peers { permanent_uuid: "b3ff6e8947f7439eba932a5220376c44" member_type: VOTER last_known_addr { host: "127.21.173.129" port: 41993 } } peers { permanent_uuid: "8898ad83d8f74fe2a36b54a7ecb7e7f6" member_type: VOTER last_known_addr { host: "127.21.173.131" port: 40649 } } peers { permanent_uuid: "8c81032bccbb40d6aae9dfab9f4eebc3" member_type: VOTER last_known_addr { host: "127.21.173.130" port: 45721 } }
I20260710 13:24:12.922638 22330 leader_election.cc:290] T 8bb3c35f13ea41b9b793fb5d9935bb27 P b3ff6e8947f7439eba932a5220376c44 [CANDIDATE]: Term 2 election: Requested vote from peers 8898ad83d8f74fe2a36b54a7ecb7e7f6 (127.21.173.131:40649), 8c81032bccbb40d6aae9dfab9f4eebc3 (127.21.173.130:45721)
I20260710 13:24:12.925817 22406 tablet_service.cc:1917] Received RequestConsensusVote() RPC: tablet_id: "8bb3c35f13ea41b9b793fb5d9935bb27" candidate_uuid: "b3ff6e8947f7439eba932a5220376c44" candidate_term: 2 candidate_status { last_received { term: 1 index: 1 } } ignore_live_leader: true dest_uuid: "8c81032bccbb40d6aae9dfab9f4eebc3"
I20260710 13:24:12.926594 22406 raft_consensus.cc:3060] T 8bb3c35f13ea41b9b793fb5d9935bb27 P 8c81032bccbb40d6aae9dfab9f4eebc3 [term 1 FOLLOWER]: Advancing to term 2
I20260710 13:24:12.927119 22331 raft_consensus.cc:2468] T c24b08ff21a849eaac9b866c5b27e596 P b3ff6e8947f7439eba932a5220376c44 [term 2 FOLLOWER]: Leader election vote request: Granting yes vote for candidate 8c81032bccbb40d6aae9dfab9f4eebc3 in term 2.
I20260710 13:24:12.929725 22479 tablet_service.cc:1917] Received RequestConsensusVote() RPC: tablet_id: "8bb3c35f13ea41b9b793fb5d9935bb27" candidate_uuid: "b3ff6e8947f7439eba932a5220376c44" candidate_term: 2 candidate_status { last_received { term: 1 index: 1 } } ignore_live_leader: true dest_uuid: "8898ad83d8f74fe2a36b54a7ecb7e7f6"
I20260710 13:24:12.930286 22479 raft_consensus.cc:3055] T 8bb3c35f13ea41b9b793fb5d9935bb27 P 8898ad83d8f74fe2a36b54a7ecb7e7f6 [term 1 LEADER]: Stepping down as leader of term 1
I20260710 13:24:12.930580 22479 raft_consensus.cc:740] T 8bb3c35f13ea41b9b793fb5d9935bb27 P 8898ad83d8f74fe2a36b54a7ecb7e7f6 [term 1 LEADER]: Becoming Follower/Learner. State: Replica: 8898ad83d8f74fe2a36b54a7ecb7e7f6, State: Running, Role: LEADER
I20260710 13:24:12.934751 22586 raft_consensus.cc:993] T 5d3956d5c3d840d98fea7579bcfb1fc7 P 8c81032bccbb40d6aae9dfab9f4eebc3: : Instructing follower b3ff6e8947f7439eba932a5220376c44 to start an election
I20260710 13:24:12.934705 22406 raft_consensus.cc:2468] T 8bb3c35f13ea41b9b793fb5d9935bb27 P 8c81032bccbb40d6aae9dfab9f4eebc3 [term 2 FOLLOWER]: Leader election vote request: Granting yes vote for candidate b3ff6e8947f7439eba932a5220376c44 in term 2.
I20260710 13:24:12.935525 22586 raft_consensus.cc:1081] T 5d3956d5c3d840d98fea7579bcfb1fc7 P 8c81032bccbb40d6aae9dfab9f4eebc3 [term 1 LEADER]: Signalling peer b3ff6e8947f7439eba932a5220376c44 to start an election
I20260710 13:24:12.936384 22297 leader_election.cc:304] T 8bb3c35f13ea41b9b793fb5d9935bb27 P b3ff6e8947f7439eba932a5220376c44 [CANDIDATE]: Term 2 election: Election decided. Result: candidate won. Election summary: received 2 responses out of 3 voters: 2 yes votes; 0 no votes. yes voters: 8c81032bccbb40d6aae9dfab9f4eebc3, b3ff6e8947f7439eba932a5220376c44; no voters: 
I20260710 13:24:12.937338 22548 raft_consensus.cc:2804] T 8bb3c35f13ea41b9b793fb5d9935bb27 P b3ff6e8947f7439eba932a5220376c44 [term 2 FOLLOWER]: Leader election won for term 2
I20260710 13:24:12.937208 22332 tablet_service.cc:2044] Received Run Leader Election RPC: tablet_id: "5d3956d5c3d840d98fea7579bcfb1fc7"
dest_uuid: "b3ff6e8947f7439eba932a5220376c44"
 from {username='slave'} at 127.0.0.1:45450
I20260710 13:24:12.937990 22548 raft_consensus.cc:697] T 8bb3c35f13ea41b9b793fb5d9935bb27 P b3ff6e8947f7439eba932a5220376c44 [term 2 LEADER]: Becoming Leader. State: Replica: b3ff6e8947f7439eba932a5220376c44, State: Running, Role: LEADER
I20260710 13:24:12.939232 22332 raft_consensus.cc:493] T 5d3956d5c3d840d98fea7579bcfb1fc7 P b3ff6e8947f7439eba932a5220376c44 [term 1 FOLLOWER]: Starting forced leader election (received explicit request)
I20260710 13:24:12.938910 22548 consensus_queue.cc:237] T 8bb3c35f13ea41b9b793fb5d9935bb27 P b3ff6e8947f7439eba932a5220376c44 [LEADER]: Queue going to LEADER mode. State: All replicated index: 0, Majority replicated index: 1, Committed index: 1, Last appended: 1.1, Last appended by leader: 1, Current term: 2, Majority size: 2, State: 0, Mode: LEADER, active raft config: opid_index: -1 OBSOLETE_local: false peers { permanent_uuid: "b3ff6e8947f7439eba932a5220376c44" member_type: VOTER last_known_addr { host: "127.21.173.129" port: 41993 } } peers { permanent_uuid: "8898ad83d8f74fe2a36b54a7ecb7e7f6" member_type: VOTER last_known_addr { host: "127.21.173.131" port: 40649 } } peers { permanent_uuid: "8c81032bccbb40d6aae9dfab9f4eebc3" member_type: VOTER last_known_addr { host: "127.21.173.130" port: 45721 } }
I20260710 13:24:12.939657 22332 raft_consensus.cc:3060] T 5d3956d5c3d840d98fea7579bcfb1fc7 P b3ff6e8947f7439eba932a5220376c44 [term 1 FOLLOWER]: Advancing to term 2
I20260710 13:24:12.931274 22479 consensus_queue.cc:260] T 8bb3c35f13ea41b9b793fb5d9935bb27 P 8898ad83d8f74fe2a36b54a7ecb7e7f6 [NON_LEADER]: Queue going to NON_LEADER mode. State: All replicated index: 0, Majority replicated index: 1, Committed index: 1, Last appended: 1.1, Last appended by leader: 1, Current term: 1, Majority size: -1, State: 0, Mode: NON_LEADER, active raft config: opid_index: -1 OBSOLETE_local: false peers { permanent_uuid: "b3ff6e8947f7439eba932a5220376c44" member_type: VOTER last_known_addr { host: "127.21.173.129" port: 41993 } } peers { permanent_uuid: "8898ad83d8f74fe2a36b54a7ecb7e7f6" member_type: VOTER last_known_addr { host: "127.21.173.131" port: 40649 } } peers { permanent_uuid: "8c81032bccbb40d6aae9dfab9f4eebc3" member_type: VOTER last_known_addr { host: "127.21.173.130" port: 45721 } }
I20260710 13:24:12.943648 22479 raft_consensus.cc:3060] T 8bb3c35f13ea41b9b793fb5d9935bb27 P 8898ad83d8f74fe2a36b54a7ecb7e7f6 [term 1 FOLLOWER]: Advancing to term 2
I20260710 13:24:12.953081 22479 raft_consensus.cc:2468] T 8bb3c35f13ea41b9b793fb5d9935bb27 P 8898ad83d8f74fe2a36b54a7ecb7e7f6 [term 2 FOLLOWER]: Leader election vote request: Granting yes vote for candidate b3ff6e8947f7439eba932a5220376c44 in term 2.
I20260710 13:24:12.958983 22332 raft_consensus.cc:515] T 5d3956d5c3d840d98fea7579bcfb1fc7 P b3ff6e8947f7439eba932a5220376c44 [term 2 FOLLOWER]: Starting forced leader election with config: opid_index: -1 OBSOLETE_local: false peers { permanent_uuid: "b3ff6e8947f7439eba932a5220376c44" member_type: VOTER last_known_addr { host: "127.21.173.129" port: 41993 } } peers { permanent_uuid: "8c81032bccbb40d6aae9dfab9f4eebc3" member_type: VOTER last_known_addr { host: "127.21.173.130" port: 45721 } } peers { permanent_uuid: "8898ad83d8f74fe2a36b54a7ecb7e7f6" member_type: VOTER last_known_addr { host: "127.21.173.131" port: 40649 } }
I20260710 13:24:12.961500 22230 catalog_manager.cc:5697] T c79c41a8efbd4da39f793e257c3003e7 P 8c81032bccbb40d6aae9dfab9f4eebc3 reported cstate change: term changed from 1 to 2, leader changed from 8898ad83d8f74fe2a36b54a7ecb7e7f6 (127.21.173.131) to 8c81032bccbb40d6aae9dfab9f4eebc3 (127.21.173.130). New cstate: current_term: 2 leader_uuid: "8c81032bccbb40d6aae9dfab9f4eebc3" committed_config { opid_index: -1 OBSOLETE_local: false peers { permanent_uuid: "b3ff6e8947f7439eba932a5220376c44" member_type: VOTER last_known_addr { host: "127.21.173.129" port: 41993 } health_report { overall_health: UNKNOWN } } peers { permanent_uuid: "8c81032bccbb40d6aae9dfab9f4eebc3" member_type: VOTER last_known_addr { host: "127.21.173.130" port: 45721 } health_report { overall_health: HEALTHY } } peers { permanent_uuid: "8898ad83d8f74fe2a36b54a7ecb7e7f6" member_type: VOTER last_known_addr { host: "127.21.173.131" port: 40649 } health_report { overall_health: UNKNOWN } } }
I20260710 13:24:12.969470 22586 raft_consensus.cc:993] T 16135769a17048d49d781c1b91c40885 P 8c81032bccbb40d6aae9dfab9f4eebc3: : Instructing follower 8898ad83d8f74fe2a36b54a7ecb7e7f6 to start an election
I20260710 13:24:12.969995 22586 raft_consensus.cc:1081] T 16135769a17048d49d781c1b91c40885 P 8c81032bccbb40d6aae9dfab9f4eebc3 [term 1 LEADER]: Signalling peer 8898ad83d8f74fe2a36b54a7ecb7e7f6 to start an election
I20260710 13:24:12.971938 22482 tablet_service.cc:2044] Received Run Leader Election RPC: tablet_id: "16135769a17048d49d781c1b91c40885"
dest_uuid: "8898ad83d8f74fe2a36b54a7ecb7e7f6"
 from {username='slave'} at 127.0.0.1:47810
I20260710 13:24:12.972596 22482 raft_consensus.cc:493] T 16135769a17048d49d781c1b91c40885 P 8898ad83d8f74fe2a36b54a7ecb7e7f6 [term 1 FOLLOWER]: Starting forced leader election (received explicit request)
I20260710 13:24:12.973044 22482 raft_consensus.cc:3060] T 16135769a17048d49d781c1b91c40885 P 8898ad83d8f74fe2a36b54a7ecb7e7f6 [term 1 FOLLOWER]: Advancing to term 2
I20260710 13:24:12.974284 22332 leader_election.cc:290] T 5d3956d5c3d840d98fea7579bcfb1fc7 P b3ff6e8947f7439eba932a5220376c44 [CANDIDATE]: Term 2 election: Requested vote from peers 8c81032bccbb40d6aae9dfab9f4eebc3 (127.21.173.130:45721), 8898ad83d8f74fe2a36b54a7ecb7e7f6 (127.21.173.131:40649)
I20260710 13:24:12.975081 22479 tablet_service.cc:1917] Received RequestConsensusVote() RPC: tablet_id: "5d3956d5c3d840d98fea7579bcfb1fc7" candidate_uuid: "b3ff6e8947f7439eba932a5220376c44" candidate_term: 2 candidate_status { last_received { term: 1 index: 1 } } ignore_live_leader: true dest_uuid: "8898ad83d8f74fe2a36b54a7ecb7e7f6"
I20260710 13:24:12.975669 22479 raft_consensus.cc:3060] T 5d3956d5c3d840d98fea7579bcfb1fc7 P 8898ad83d8f74fe2a36b54a7ecb7e7f6 [term 1 FOLLOWER]: Advancing to term 2
I20260710 13:24:12.977537 22406 tablet_service.cc:1917] Received RequestConsensusVote() RPC: tablet_id: "5d3956d5c3d840d98fea7579bcfb1fc7" candidate_uuid: "b3ff6e8947f7439eba932a5220376c44" candidate_term: 2 candidate_status { last_received { term: 1 index: 1 } } ignore_live_leader: true dest_uuid: "8c81032bccbb40d6aae9dfab9f4eebc3"
I20260710 13:24:12.978112 22406 raft_consensus.cc:3055] T 5d3956d5c3d840d98fea7579bcfb1fc7 P 8c81032bccbb40d6aae9dfab9f4eebc3 [term 1 LEADER]: Stepping down as leader of term 1
I20260710 13:24:12.978431 22406 raft_consensus.cc:740] T 5d3956d5c3d840d98fea7579bcfb1fc7 P 8c81032bccbb40d6aae9dfab9f4eebc3 [term 1 LEADER]: Becoming Follower/Learner. State: Replica: 8c81032bccbb40d6aae9dfab9f4eebc3, State: Running, Role: LEADER
I20260710 13:24:12.979240 22406 consensus_queue.cc:260] T 5d3956d5c3d840d98fea7579bcfb1fc7 P 8c81032bccbb40d6aae9dfab9f4eebc3 [NON_LEADER]: Queue going to NON_LEADER mode. State: All replicated index: 0, Majority replicated index: 1, Committed index: 1, Last appended: 1.1, Last appended by leader: 1, Current term: 1, Majority size: -1, State: 0, Mode: NON_LEADER, active raft config: opid_index: -1 OBSOLETE_local: false peers { permanent_uuid: "b3ff6e8947f7439eba932a5220376c44" member_type: VOTER last_known_addr { host: "127.21.173.129" port: 41993 } } peers { permanent_uuid: "8c81032bccbb40d6aae9dfab9f4eebc3" member_type: VOTER last_known_addr { host: "127.21.173.130" port: 45721 } } peers { permanent_uuid: "8898ad83d8f74fe2a36b54a7ecb7e7f6" member_type: VOTER last_known_addr { host: "127.21.173.131" port: 40649 } }
I20260710 13:24:12.980666 22406 raft_consensus.cc:3060] T 5d3956d5c3d840d98fea7579bcfb1fc7 P 8c81032bccbb40d6aae9dfab9f4eebc3 [term 1 FOLLOWER]: Advancing to term 2
I20260710 13:24:12.980891 22482 raft_consensus.cc:515] T 16135769a17048d49d781c1b91c40885 P 8898ad83d8f74fe2a36b54a7ecb7e7f6 [term 2 FOLLOWER]: Starting forced leader election with config: opid_index: -1 OBSOLETE_local: false peers { permanent_uuid: "b3ff6e8947f7439eba932a5220376c44" member_type: VOTER last_known_addr { host: "127.21.173.129" port: 41993 } } peers { permanent_uuid: "8c81032bccbb40d6aae9dfab9f4eebc3" member_type: VOTER last_known_addr { host: "127.21.173.130" port: 45721 } } peers { permanent_uuid: "8898ad83d8f74fe2a36b54a7ecb7e7f6" member_type: VOTER last_known_addr { host: "127.21.173.131" port: 40649 } }
I20260710 13:24:12.982908 22479 raft_consensus.cc:2468] T 5d3956d5c3d840d98fea7579bcfb1fc7 P 8898ad83d8f74fe2a36b54a7ecb7e7f6 [term 2 FOLLOWER]: Leader election vote request: Granting yes vote for candidate b3ff6e8947f7439eba932a5220376c44 in term 2.
I20260710 13:24:12.983749 22482 leader_election.cc:290] T 16135769a17048d49d781c1b91c40885 P 8898ad83d8f74fe2a36b54a7ecb7e7f6 [CANDIDATE]: Term 2 election: Requested vote from peers b3ff6e8947f7439eba932a5220376c44 (127.21.173.129:41993), 8c81032bccbb40d6aae9dfab9f4eebc3 (127.21.173.130:45721)
I20260710 13:24:12.984288 22296 leader_election.cc:304] T 5d3956d5c3d840d98fea7579bcfb1fc7 P b3ff6e8947f7439eba932a5220376c44 [CANDIDATE]: Term 2 election: Election decided. Result: candidate won. Election summary: received 2 responses out of 3 voters: 2 yes votes; 0 no votes. yes voters: 8898ad83d8f74fe2a36b54a7ecb7e7f6, b3ff6e8947f7439eba932a5220376c44; no voters: 
I20260710 13:24:12.985229 22529 raft_consensus.cc:2804] T 5d3956d5c3d840d98fea7579bcfb1fc7 P b3ff6e8947f7439eba932a5220376c44 [term 2 FOLLOWER]: Leader election won for term 2
