I20260710 13:24:32.775509 23207 tablet_service.cc:1511] Processing CreateTablet for tablet 6679a977802f4756b4d35e29a49e4911 (DEFAULT_TABLE table=test-workload [id=8073858e2d3d450fbfcefc1143c3cda6]), partition=RANGE (key) PARTITION 1073741820 <= VALUES < 1163220305
I20260710 13:24:32.776731 23207 data_dirs.cc:400] Could only allocate 1 dirs of requested 3 for tablet 6679a977802f4756b4d35e29a49e4911. 1 dirs total, 0 dirs full, 0 dirs failed
I20260710 13:24:32.776638 23059 tablet_service.cc:1511] Processing CreateTablet for tablet 43c4b7999e524e6a945caa679550dafd (DEFAULT_TABLE table=test-workload [id=8073858e2d3d450fbfcefc1143c3cda6]), partition=RANGE (key) PARTITION 1163220305 <= VALUES < 1252698790
I20260710 13:24:32.776991 23132 tablet_service.cc:1511] Processing CreateTablet for tablet 43c4b7999e524e6a945caa679550dafd (DEFAULT_TABLE table=test-workload [id=8073858e2d3d450fbfcefc1143c3cda6]), partition=RANGE (key) PARTITION 1163220305 <= VALUES < 1252698790
I20260710 13:24:32.777891 23059 data_dirs.cc:400] Could only allocate 1 dirs of requested 3 for tablet 43c4b7999e524e6a945caa679550dafd. 1 dirs total, 0 dirs full, 0 dirs failed
I20260710 13:24:32.778214 23132 data_dirs.cc:400] Could only allocate 1 dirs of requested 3 for tablet 43c4b7999e524e6a945caa679550dafd. 1 dirs total, 0 dirs full, 0 dirs failed
I20260710 13:24:32.783605 23208 tablet_service.cc:1511] Processing CreateTablet for tablet 43c4b7999e524e6a945caa679550dafd (DEFAULT_TABLE table=test-workload [id=8073858e2d3d450fbfcefc1143c3cda6]), partition=RANGE (key) PARTITION 1163220305 <= VALUES < 1252698790
I20260710 13:24:32.784590 23172 heartbeater.cc:499] Master 127.21.105.190:39559 was elected leader, sending a full tablet report...
I20260710 13:24:32.784878 23208 data_dirs.cc:400] Could only allocate 1 dirs of requested 3 for tablet 43c4b7999e524e6a945caa679550dafd. 1 dirs total, 0 dirs full, 0 dirs failed
I20260710 13:24:32.789830 23262 tablet_bootstrap.cc:492] T 11ca511465d84a2ea5c0b6c79a3cb6ef P ca971dec12ac4b0b8f1daa0bf80a08d5: No bootstrap required, opened a new log
I20260710 13:24:32.792409 23263 ts_tablet_manager.cc:1434] T 11ca511465d84a2ea5c0b6c79a3cb6ef P 64768b58fc8148f68e877fae7f9444c8: Time spent starting tablet: real 0.092s	user 0.014s	sys 0.023s
I20260710 13:24:32.794152 23261 ts_tablet_manager.cc:1434] T da41247356c04176a524761aa69b009a P 7765fa4c10874a048cf720340ba60c30: Time spent starting tablet: real 0.098s	user 0.010s	sys 0.004s
I20260710 13:24:32.801060 23131 tablet_service.cc:1511] Processing CreateTablet for tablet 9ecacf856d224919894d49abfe1a5552 (DEFAULT_TABLE table=test-workload [id=8073858e2d3d450fbfcefc1143c3cda6]), partition=RANGE (key) PARTITION 1252698790 <= VALUES < 1342177275
I20260710 13:24:32.796747 23262 ts_tablet_manager.cc:1403] T 11ca511465d84a2ea5c0b6c79a3cb6ef P ca971dec12ac4b0b8f1daa0bf80a08d5: Time spent bootstrapping tablet: real 0.188s	user 0.024s	sys 0.018s
I20260710 13:24:32.805552 23057 tablet_service.cc:1511] Processing CreateTablet for tablet 9ecacf856d224919894d49abfe1a5552 (DEFAULT_TABLE table=test-workload [id=8073858e2d3d450fbfcefc1143c3cda6]), partition=RANGE (key) PARTITION 1252698790 <= VALUES < 1342177275
I20260710 13:24:32.810792 23057 data_dirs.cc:400] Could only allocate 1 dirs of requested 3 for tablet 9ecacf856d224919894d49abfe1a5552. 1 dirs total, 0 dirs full, 0 dirs failed
I20260710 13:24:32.809289 23261 tablet_bootstrap.cc:492] T 27d584c9e25d4d0598c9db8ba7422f12 P 7765fa4c10874a048cf720340ba60c30: Bootstrap starting.
I20260710 13:24:32.820681 23262 raft_consensus.cc:359] T 11ca511465d84a2ea5c0b6c79a3cb6ef P ca971dec12ac4b0b8f1daa0bf80a08d5 [term 0 FOLLOWER]: Replica starting. Triggering 0 pending ops. Active config: opid_index: -1 OBSOLETE_local: false peers { permanent_uuid: "ca971dec12ac4b0b8f1daa0bf80a08d5" member_type: VOTER last_known_addr { host: "127.21.105.129" port: 42405 } } peers { permanent_uuid: "64768b58fc8148f68e877fae7f9444c8" member_type: VOTER last_known_addr { host: "127.21.105.130" port: 32883 } } peers { permanent_uuid: "7765fa4c10874a048cf720340ba60c30" member_type: VOTER last_known_addr { host: "127.21.105.131" port: 35259 } }
I20260710 13:24:32.821383 23262 raft_consensus.cc:385] T 11ca511465d84a2ea5c0b6c79a3cb6ef P ca971dec12ac4b0b8f1daa0bf80a08d5 [term 0 FOLLOWER]: Consensus starting up: Expiring failure detector timer to make a prompt election more likely
I20260710 13:24:32.824213 23261 tablet_bootstrap.cc:654] T 27d584c9e25d4d0598c9db8ba7422f12 P 7765fa4c10874a048cf720340ba60c30: Neither blocks nor log segments found. Creating new log.
I20260710 13:24:32.826632 23131 data_dirs.cc:400] Could only allocate 1 dirs of requested 3 for tablet 9ecacf856d224919894d49abfe1a5552. 1 dirs total, 0 dirs full, 0 dirs failed
I20260710 13:24:32.827190 23268 raft_consensus.cc:493] T da41247356c04176a524761aa69b009a P 7765fa4c10874a048cf720340ba60c30 [term 0 FOLLOWER]: Starting pre-election (no leader contacted us within the election timeout)
I20260710 13:24:32.842250 23263 tablet_bootstrap.cc:492] T da41247356c04176a524761aa69b009a P 64768b58fc8148f68e877fae7f9444c8: Bootstrap starting.
I20260710 13:24:32.842103 23268 raft_consensus.cc:515] T da41247356c04176a524761aa69b009a P 7765fa4c10874a048cf720340ba60c30 [term 0 FOLLOWER]: Starting pre-election with config: opid_index: -1 OBSOLETE_local: false peers { permanent_uuid: "7765fa4c10874a048cf720340ba60c30" member_type: VOTER last_known_addr { host: "127.21.105.131" port: 35259 } } peers { permanent_uuid: "64768b58fc8148f68e877fae7f9444c8" member_type: VOTER last_known_addr { host: "127.21.105.130" port: 32883 } } peers { permanent_uuid: "ca971dec12ac4b0b8f1daa0bf80a08d5" member_type: VOTER last_known_addr { host: "127.21.105.129" port: 42405 } }
I20260710 13:24:32.821668 23262 raft_consensus.cc:740] T 11ca511465d84a2ea5c0b6c79a3cb6ef P ca971dec12ac4b0b8f1daa0bf80a08d5 [term 0 FOLLOWER]: Becoming Follower/Learner. State: Replica: ca971dec12ac4b0b8f1daa0bf80a08d5, State: Initialized, Role: FOLLOWER
I20260710 13:24:32.844014 23262 consensus_queue.cc:260] T 11ca511465d84a2ea5c0b6c79a3cb6ef P ca971dec12ac4b0b8f1daa0bf80a08d5 [NON_LEADER]: Queue going to NON_LEADER mode. State: All replicated index: 0, Majority replicated index: 0, Committed index: 0, Last appended: 0.0, Last appended by leader: 0, Current term: 0, Majority size: -1, State: 0, Mode: NON_LEADER, active raft config: opid_index: -1 OBSOLETE_local: false peers { permanent_uuid: "ca971dec12ac4b0b8f1daa0bf80a08d5" member_type: VOTER last_known_addr { host: "127.21.105.129" port: 42405 } } peers { permanent_uuid: "64768b58fc8148f68e877fae7f9444c8" member_type: VOTER last_known_addr { host: "127.21.105.130" port: 32883 } } peers { permanent_uuid: "7765fa4c10874a048cf720340ba60c30" member_type: VOTER last_known_addr { host: "127.21.105.131" port: 35259 } }
I20260710 13:24:32.844693 23268 leader_election.cc:290] T da41247356c04176a524761aa69b009a P 7765fa4c10874a048cf720340ba60c30 [CANDIDATE]: Term 1 pre-election: Requested pre-vote from peers 64768b58fc8148f68e877fae7f9444c8 (127.21.105.130:32883), ca971dec12ac4b0b8f1daa0bf80a08d5 (127.21.105.129:42405)
I20260710 13:24:32.831828 23206 tablet_service.cc:1511] Processing CreateTablet for tablet 9ecacf856d224919894d49abfe1a5552 (DEFAULT_TABLE table=test-workload [id=8073858e2d3d450fbfcefc1143c3cda6]), partition=RANGE (key) PARTITION 1252698790 <= VALUES < 1342177275
I20260710 13:24:32.833863 23130 tablet_service.cc:1511] Processing CreateTablet for tablet 52544c55376144edbed1e326171f4d21 (DEFAULT_TABLE table=test-workload [id=8073858e2d3d450fbfcefc1143c3cda6]), partition=RANGE (key) PARTITION 1342177275 <= VALUES < 1431655760
I20260710 13:24:32.835975 23059 tablet_service.cc:1511] Processing CreateTablet for tablet 52544c55376144edbed1e326171f4d21 (DEFAULT_TABLE table=test-workload [id=8073858e2d3d450fbfcefc1143c3cda6]), partition=RANGE (key) PARTITION 1342177275 <= VALUES < 1431655760
I20260710 13:24:32.854669 23206 data_dirs.cc:400] Could only allocate 1 dirs of requested 3 for tablet 9ecacf856d224919894d49abfe1a5552. 1 dirs total, 0 dirs full, 0 dirs failed
I20260710 13:24:32.854835 23059 data_dirs.cc:400] Could only allocate 1 dirs of requested 3 for tablet 52544c55376144edbed1e326171f4d21. 1 dirs total, 0 dirs full, 0 dirs failed
I20260710 13:24:32.873485 23130 data_dirs.cc:400] Could only allocate 1 dirs of requested 3 for tablet 52544c55376144edbed1e326171f4d21. 1 dirs total, 0 dirs full, 0 dirs failed
I20260710 13:24:32.891534 23072 tablet_service.cc:1917] Received RequestConsensusVote() RPC: tablet_id: "da41247356c04176a524761aa69b009a" candidate_uuid: "7765fa4c10874a048cf720340ba60c30" candidate_term: 1 candidate_status { last_received { term: 0 index: 0 } } ignore_live_leader: false dest_uuid: "ca971dec12ac4b0b8f1daa0bf80a08d5" is_pre_election: true
W20260710 13:24:32.896938 23185 leader_election.cc:343] T da41247356c04176a524761aa69b009a P 7765fa4c10874a048cf720340ba60c30 [CANDIDATE]: Term 1 pre-election: Tablet error from VoteRequest() call to peer ca971dec12ac4b0b8f1daa0bf80a08d5 (127.21.105.129:42405): Illegal state: must be running to vote when last-logged opid is not known
I20260710 13:24:32.899128 23062 tablet_service.cc:1511] Processing CreateTablet for tablet f2c9dafd5a1e47f1bd5d0d281e469905 (DEFAULT_TABLE table=test-workload [id=8073858e2d3d450fbfcefc1143c3cda6]), partition=RANGE (key) PARTITION 1431655760 <= VALUES < 1521134245
I20260710 13:24:32.900446 23062 data_dirs.cc:400] Could only allocate 1 dirs of requested 3 for tablet f2c9dafd5a1e47f1bd5d0d281e469905. 1 dirs total, 0 dirs full, 0 dirs failed
I20260710 13:24:32.912163 23267 raft_consensus.cc:493] T 11ca511465d84a2ea5c0b6c79a3cb6ef P 64768b58fc8148f68e877fae7f9444c8 [term 0 FOLLOWER]: Starting pre-election (no leader contacted us within the election timeout)
I20260710 13:24:32.912659 23267 raft_consensus.cc:515] T 11ca511465d84a2ea5c0b6c79a3cb6ef P 64768b58fc8148f68e877fae7f9444c8 [term 0 FOLLOWER]: Starting pre-election with config: opid_index: -1 OBSOLETE_local: false peers { permanent_uuid: "ca971dec12ac4b0b8f1daa0bf80a08d5" member_type: VOTER last_known_addr { host: "127.21.105.129" port: 42405 } } peers { permanent_uuid: "64768b58fc8148f68e877fae7f9444c8" member_type: VOTER last_known_addr { host: "127.21.105.130" port: 32883 } } peers { permanent_uuid: "7765fa4c10874a048cf720340ba60c30" member_type: VOTER last_known_addr { host: "127.21.105.131" port: 35259 } }
I20260710 13:24:32.913211 23133 tablet_service.cc:1511] Processing CreateTablet for tablet f2c9dafd5a1e47f1bd5d0d281e469905 (DEFAULT_TABLE table=test-workload [id=8073858e2d3d450fbfcefc1143c3cda6]), partition=RANGE (key) PARTITION 1431655760 <= VALUES < 1521134245
I20260710 13:24:32.914734 23133 data_dirs.cc:400] Could only allocate 1 dirs of requested 3 for tablet f2c9dafd5a1e47f1bd5d0d281e469905. 1 dirs total, 0 dirs full, 0 dirs failed
I20260710 13:24:32.925422 23267 leader_election.cc:290] T 11ca511465d84a2ea5c0b6c79a3cb6ef P 64768b58fc8148f68e877fae7f9444c8 [CANDIDATE]: Term 1 pre-election: Requested pre-vote from peers ca971dec12ac4b0b8f1daa0bf80a08d5 (127.21.105.129:42405), 7765fa4c10874a048cf720340ba60c30 (127.21.105.131:35259)
I20260710 13:24:32.935199 23097 heartbeater.cc:499] Master 127.21.105.190:39559 was elected leader, sending a full tablet report...
I20260710 13:24:32.936447 23058 tablet_service.cc:1511] Processing CreateTablet for tablet daf9bda80bc14496a0c9ece549e3c195 (DEFAULT_TABLE table=test-workload [id=8073858e2d3d450fbfcefc1143c3cda6]), partition=RANGE (key) PARTITION 1521134245 <= VALUES < 1610612730
I20260710 13:24:32.937666 23058 data_dirs.cc:400] Could only allocate 1 dirs of requested 3 for tablet daf9bda80bc14496a0c9ece549e3c195. 1 dirs total, 0 dirs full, 0 dirs failed
I20260710 13:24:32.944244 23263 tablet_bootstrap.cc:654] T da41247356c04176a524761aa69b009a P 64768b58fc8148f68e877fae7f9444c8: Neither blocks nor log segments found. Creating new log.
I20260710 13:24:32.946596 23261 tablet_bootstrap.cc:492] T 27d584c9e25d4d0598c9db8ba7422f12 P 7765fa4c10874a048cf720340ba60c30: No bootstrap required, opened a new log
I20260710 13:24:32.947116 23261 ts_tablet_manager.cc:1403] T 27d584c9e25d4d0598c9db8ba7422f12 P 7765fa4c10874a048cf720340ba60c30: Time spent bootstrapping tablet: real 0.139s	user 0.012s	sys 0.000s
I20260710 13:24:32.952811 23262 ts_tablet_manager.cc:1434] T 11ca511465d84a2ea5c0b6c79a3cb6ef P ca971dec12ac4b0b8f1daa0bf80a08d5: Time spent starting tablet: real 0.146s	user 0.038s	sys 0.025s
I20260710 13:24:32.954509 23057 tablet_service.cc:1511] Processing CreateTablet for tablet d3b400f7db044b3e9d4685af7169ebea (DEFAULT_TABLE table=test-workload [id=8073858e2d3d450fbfcefc1143c3cda6]), partition=RANGE (key) PARTITION 1610612730 <= VALUES < 1700091215
I20260710 13:24:32.955477 23262 tablet_bootstrap.cc:492] T da41247356c04176a524761aa69b009a P ca971dec12ac4b0b8f1daa0bf80a08d5: Bootstrap starting.
I20260710 13:24:32.955791 23057 data_dirs.cc:400] Could only allocate 1 dirs of requested 3 for tablet d3b400f7db044b3e9d4685af7169ebea. 1 dirs total, 0 dirs full, 0 dirs failed
I20260710 13:24:32.962222 23262 tablet_bootstrap.cc:654] T da41247356c04176a524761aa69b009a P ca971dec12ac4b0b8f1daa0bf80a08d5: Neither blocks nor log segments found. Creating new log.
I20260710 13:24:32.963825 23059 tablet_service.cc:1511] Processing CreateTablet for tablet 79cdd949ff2c4744ac226fbb5589ad76 (DEFAULT_TABLE table=test-workload [id=8073858e2d3d450fbfcefc1143c3cda6]), partition=RANGE (key) PARTITION 1700091215 <= VALUES < 1789569700
I20260710 13:24:32.967343 23058 tablet_service.cc:1511] Processing CreateTablet for tablet 768c07edf97d4311b8a396111a9162ad (DEFAULT_TABLE table=test-workload [id=8073858e2d3d450fbfcefc1143c3cda6]), partition=RANGE (key) PARTITION 1789569700 <= VALUES < 1879048185
I20260710 13:24:32.967772 23263 tablet_bootstrap.cc:492] T da41247356c04176a524761aa69b009a P 64768b58fc8148f68e877fae7f9444c8: No bootstrap required, opened a new log
I20260710 13:24:32.968250 23263 ts_tablet_manager.cc:1403] T da41247356c04176a524761aa69b009a P 64768b58fc8148f68e877fae7f9444c8: Time spent bootstrapping tablet: real 0.126s	user 0.010s	sys 0.008s
I20260710 13:24:32.968446 23059 data_dirs.cc:400] Could only allocate 1 dirs of requested 3 for tablet 79cdd949ff2c4744ac226fbb5589ad76. 1 dirs total, 0 dirs full, 0 dirs failed
I20260710 13:24:32.968225 23132 tablet_service.cc:1511] Processing CreateTablet for tablet daf9bda80bc14496a0c9ece549e3c195 (DEFAULT_TABLE table=test-workload [id=8073858e2d3d450fbfcefc1143c3cda6]), partition=RANGE (key) PARTITION 1521134245 <= VALUES < 1610612730
I20260710 13:24:32.968621 23209 tablet_service.cc:1511] Processing CreateTablet for tablet 52544c55376144edbed1e326171f4d21 (DEFAULT_TABLE table=test-workload [id=8073858e2d3d450fbfcefc1143c3cda6]), partition=RANGE (key) PARTITION 1342177275 <= VALUES < 1431655760
I20260710 13:24:32.969604 23132 data_dirs.cc:400] Could only allocate 1 dirs of requested 3 for tablet daf9bda80bc14496a0c9ece549e3c195. 1 dirs total, 0 dirs full, 0 dirs failed
I20260710 13:24:32.970077 23209 data_dirs.cc:400] Could only allocate 1 dirs of requested 3 for tablet 52544c55376144edbed1e326171f4d21. 1 dirs total, 0 dirs full, 0 dirs failed
I20260710 13:24:32.970770 23137 tablet_service.cc:1511] Processing CreateTablet for tablet d3b400f7db044b3e9d4685af7169ebea (DEFAULT_TABLE table=test-workload [id=8073858e2d3d450fbfcefc1143c3cda6]), partition=RANGE (key) PARTITION 1610612730 <= VALUES < 1700091215
I20260710 13:24:32.971521 23211 tablet_service.cc:1511] Processing CreateTablet for tablet f2c9dafd5a1e47f1bd5d0d281e469905 (DEFAULT_TABLE table=test-workload [id=8073858e2d3d450fbfcefc1143c3cda6]), partition=RANGE (key) PARTITION 1431655760 <= VALUES < 1521134245
I20260710 13:24:32.972472 23205 tablet_service.cc:1511] Processing CreateTablet for tablet d3b400f7db044b3e9d4685af7169ebea (DEFAULT_TABLE table=test-workload [id=8073858e2d3d450fbfcefc1143c3cda6]), partition=RANGE (key) PARTITION 1610612730 <= VALUES < 1700091215
I20260710 13:24:32.973029 23210 tablet_service.cc:1511] Processing CreateTablet for tablet daf9bda80bc14496a0c9ece549e3c195 (DEFAULT_TABLE table=test-workload [id=8073858e2d3d450fbfcefc1143c3cda6]), partition=RANGE (key) PARTITION 1521134245 <= VALUES < 1610612730
I20260710 13:24:32.991207 23211 data_dirs.cc:400] Could only allocate 1 dirs of requested 3 for tablet f2c9dafd5a1e47f1bd5d0d281e469905. 1 dirs total, 0 dirs full, 0 dirs failed
I20260710 13:24:32.986084 23207 tablet_service.cc:1511] Processing CreateTablet for tablet 768c07edf97d4311b8a396111a9162ad (DEFAULT_TABLE table=test-workload [id=8073858e2d3d450fbfcefc1143c3cda6]), partition=RANGE (key) PARTITION 1789569700 <= VALUES < 1879048185
I20260710 13:24:32.974350 23263 raft_consensus.cc:359] T da41247356c04176a524761aa69b009a P 64768b58fc8148f68e877fae7f9444c8 [term 0 FOLLOWER]: Replica starting. Triggering 0 pending ops. Active config: opid_index: -1 OBSOLETE_local: false peers { permanent_uuid: "7765fa4c10874a048cf720340ba60c30" member_type: VOTER last_known_addr { host: "127.21.105.131" port: 35259 } } peers { permanent_uuid: "64768b58fc8148f68e877fae7f9444c8" member_type: VOTER last_known_addr { host: "127.21.105.130" port: 32883 } } peers { permanent_uuid: "ca971dec12ac4b0b8f1daa0bf80a08d5" member_type: VOTER last_known_addr { host: "127.21.105.129" port: 42405 } }
I20260710 13:24:32.995746 23263 raft_consensus.cc:385] T da41247356c04176a524761aa69b009a P 64768b58fc8148f68e877fae7f9444c8 [term 0 FOLLOWER]: Consensus starting up: Expiring failure detector timer to make a prompt election more likely
I20260710 13:24:32.996133 23207 data_dirs.cc:400] Could only allocate 1 dirs of requested 3 for tablet 768c07edf97d4311b8a396111a9162ad. 1 dirs total, 0 dirs full, 0 dirs failed
I20260710 13:24:32.996088 23263 raft_consensus.cc:740] T da41247356c04176a524761aa69b009a P 64768b58fc8148f68e877fae7f9444c8 [term 0 FOLLOWER]: Becoming Follower/Learner. State: Replica: 64768b58fc8148f68e877fae7f9444c8, State: Initialized, Role: FOLLOWER
I20260710 13:24:32.974531 23204 tablet_service.cc:1511] Processing CreateTablet for tablet 79cdd949ff2c4744ac226fbb5589ad76 (DEFAULT_TABLE table=test-workload [id=8073858e2d3d450fbfcefc1143c3cda6]), partition=RANGE (key) PARTITION 1700091215 <= VALUES < 1789569700
I20260710 13:24:32.978088 23058 data_dirs.cc:400] Could only allocate 1 dirs of requested 3 for tablet 768c07edf97d4311b8a396111a9162ad. 1 dirs total, 0 dirs full, 0 dirs failed
I20260710 13:24:32.978328 23147 tablet_service.cc:1917] Received RequestConsensusVote() RPC: tablet_id: "da41247356c04176a524761aa69b009a" candidate_uuid: "7765fa4c10874a048cf720340ba60c30" candidate_term: 1 candidate_status { last_received { term: 0 index: 0 } } ignore_live_leader: false dest_uuid: "64768b58fc8148f68e877fae7f9444c8" is_pre_election: true
I20260710 13:24:32.981128 23135 tablet_service.cc:1511] Processing CreateTablet for tablet 768c07edf97d4311b8a396111a9162ad (DEFAULT_TABLE table=test-workload [id=8073858e2d3d450fbfcefc1143c3cda6]), partition=RANGE (key) PARTITION 1789569700 <= VALUES < 1879048185
I20260710 13:24:32.997470 23204 data_dirs.cc:400] Could only allocate 1 dirs of requested 3 for tablet 79cdd949ff2c4744ac226fbb5589ad76. 1 dirs total, 0 dirs full, 0 dirs failed
W20260710 13:24:32.998591 23018 auto_rebalancer.cc:288] Could not retrieve cluster info: Service unavailable: Tablet not running
I20260710 13:24:32.998533 23136 tablet_service.cc:1511] Processing CreateTablet for tablet 5d260a23111b46139bf80c704e7c3fcd (DEFAULT_TABLE table=test-workload [id=8073858e2d3d450fbfcefc1143c3cda6]), partition=RANGE (key) PARTITION 1879048185 <= VALUES < 1968526670
I20260710 13:24:33.000670 23262 tablet_bootstrap.cc:492] T da41247356c04176a524761aa69b009a P ca971dec12ac4b0b8f1daa0bf80a08d5: No bootstrap required, opened a new log
I20260710 13:24:33.001137 23262 ts_tablet_manager.cc:1403] T da41247356c04176a524761aa69b009a P ca971dec12ac4b0b8f1daa0bf80a08d5: Time spent bootstrapping tablet: real 0.046s	user 0.009s	sys 0.001s
I20260710 13:24:32.984066 23130 tablet_service.cc:1511] Processing CreateTablet for tablet 79cdd949ff2c4744ac226fbb5589ad76 (DEFAULT_TABLE table=test-workload [id=8073858e2d3d450fbfcefc1143c3cda6]), partition=RANGE (key) PARTITION 1700091215 <= VALUES < 1789569700
I20260710 13:24:32.986397 23060 tablet_service.cc:1511] Processing CreateTablet for tablet 5d260a23111b46139bf80c704e7c3fcd (DEFAULT_TABLE table=test-workload [id=8073858e2d3d450fbfcefc1143c3cda6]), partition=RANGE (key) PARTITION 1879048185 <= VALUES < 1968526670
I20260710 13:24:33.002184 23060 data_dirs.cc:400] Could only allocate 1 dirs of requested 3 for tablet 5d260a23111b46139bf80c704e7c3fcd. 1 dirs total, 0 dirs full, 0 dirs failed
I20260710 13:24:33.002941 23263 consensus_queue.cc:260] T da41247356c04176a524761aa69b009a P 64768b58fc8148f68e877fae7f9444c8 [NON_LEADER]: Queue going to NON_LEADER mode. State: All replicated index: 0, Majority replicated index: 0, Committed index: 0, Last appended: 0.0, Last appended by leader: 0, Current term: 0, Majority size: -1, State: 0, Mode: NON_LEADER, active raft config: opid_index: -1 OBSOLETE_local: false peers { permanent_uuid: "7765fa4c10874a048cf720340ba60c30" member_type: VOTER last_known_addr { host: "127.21.105.131" port: 35259 } } peers { permanent_uuid: "64768b58fc8148f68e877fae7f9444c8" member_type: VOTER last_known_addr { host: "127.21.105.130" port: 32883 } } peers { permanent_uuid: "ca971dec12ac4b0b8f1daa0bf80a08d5" member_type: VOTER last_known_addr { host: "127.21.105.129" port: 42405 } }
I20260710 13:24:33.005663 23261 raft_consensus.cc:359] T 27d584c9e25d4d0598c9db8ba7422f12 P 7765fa4c10874a048cf720340ba60c30 [term 0 FOLLOWER]: Replica starting. Triggering 0 pending ops. Active config: opid_index: -1 OBSOLETE_local: false peers { permanent_uuid: "ca971dec12ac4b0b8f1daa0bf80a08d5" member_type: VOTER last_known_addr { host: "127.21.105.129" port: 42405 } } peers { permanent_uuid: "64768b58fc8148f68e877fae7f9444c8" member_type: VOTER last_known_addr { host: "127.21.105.130" port: 32883 } } peers { permanent_uuid: "7765fa4c10874a048cf720340ba60c30" member_type: VOTER last_known_addr { host: "127.21.105.131" port: 35259 } }
I20260710 13:24:33.005970 23147 raft_consensus.cc:2468] T da41247356c04176a524761aa69b009a P 64768b58fc8148f68e877fae7f9444c8 [term 0 FOLLOWER]: Leader pre-election vote request: Granting yes vote for candidate 7765fa4c10874a048cf720340ba60c30 in term 0.
I20260710 13:24:33.006419 23261 raft_consensus.cc:385] T 27d584c9e25d4d0598c9db8ba7422f12 P 7765fa4c10874a048cf720340ba60c30 [term 0 FOLLOWER]: Consensus starting up: Expiring failure detector timer to make a prompt election more likely
I20260710 13:24:33.006752 23261 raft_consensus.cc:740] T 27d584c9e25d4d0598c9db8ba7422f12 P 7765fa4c10874a048cf720340ba60c30 [term 0 FOLLOWER]: Becoming Follower/Learner. State: Replica: 7765fa4c10874a048cf720340ba60c30, State: Initialized, Role: FOLLOWER
I20260710 13:24:33.002316 23210 data_dirs.cc:400] Could only allocate 1 dirs of requested 3 for tablet daf9bda80bc14496a0c9ece549e3c195. 1 dirs total, 0 dirs full, 0 dirs failed
I20260710 13:24:33.007532 23261 consensus_queue.cc:260] T 27d584c9e25d4d0598c9db8ba7422f12 P 7765fa4c10874a048cf720340ba60c30 [NON_LEADER]: Queue going to NON_LEADER mode. State: All replicated index: 0, Majority replicated index: 0, Committed index: 0, Last appended: 0.0, Last appended by leader: 0, Current term: 0, Majority size: -1, State: 0, Mode: NON_LEADER, active raft config: opid_index: -1 OBSOLETE_local: false peers { permanent_uuid: "ca971dec12ac4b0b8f1daa0bf80a08d5" member_type: VOTER last_known_addr { host: "127.21.105.129" port: 42405 } } peers { permanent_uuid: "64768b58fc8148f68e877fae7f9444c8" member_type: VOTER last_known_addr { host: "127.21.105.130" port: 32883 } } peers { permanent_uuid: "7765fa4c10874a048cf720340ba60c30" member_type: VOTER last_known_addr { host: "127.21.105.131" port: 35259 } }
I20260710 13:24:32.995419 23203 tablet_service.cc:1511] Processing CreateTablet for tablet 5d260a23111b46139bf80c704e7c3fcd (DEFAULT_TABLE table=test-workload [id=8073858e2d3d450fbfcefc1143c3cda6]), partition=RANGE (key) PARTITION 1879048185 <= VALUES < 1968526670
I20260710 13:24:33.009826 23261 ts_tablet_manager.cc:1434] T 27d584c9e25d4d0598c9db8ba7422f12 P 7765fa4c10874a048cf720340ba60c30: Time spent starting tablet: real 0.032s	user 0.002s	sys 0.004s
I20260710 13:24:33.010635 23205 data_dirs.cc:400] Could only allocate 1 dirs of requested 3 for tablet d3b400f7db044b3e9d4685af7169ebea. 1 dirs total, 0 dirs full, 0 dirs failed
I20260710 13:24:33.010704 23261 tablet_bootstrap.cc:492] T 11ca511465d84a2ea5c0b6c79a3cb6ef P 7765fa4c10874a048cf720340ba60c30: Bootstrap starting.
I20260710 13:24:32.975363 23269 raft_consensus.cc:493] T 11ca511465d84a2ea5c0b6c79a3cb6ef P ca971dec12ac4b0b8f1daa0bf80a08d5 [term 0 FOLLOWER]: Starting pre-election (no leader contacted us within the election timeout)
I20260710 13:24:33.012620 23203 data_dirs.cc:400] Could only allocate 1 dirs of requested 3 for tablet 5d260a23111b46139bf80c704e7c3fcd. 1 dirs total, 0 dirs full, 0 dirs failed
I20260710 13:24:33.016255 23184 leader_election.cc:304] T da41247356c04176a524761aa69b009a P 7765fa4c10874a048cf720340ba60c30 [CANDIDATE]: Term 1 pre-election: Election decided. Result: candidate won. Election summary: received 3 responses out of 3 voters: 2 yes votes; 1 no votes. yes voters: 64768b58fc8148f68e877fae7f9444c8, 7765fa4c10874a048cf720340ba60c30; no voters: ca971dec12ac4b0b8f1daa0bf80a08d5
I20260710 13:24:33.017135 23221 tablet_service.cc:1917] Received RequestConsensusVote() RPC: tablet_id: "11ca511465d84a2ea5c0b6c79a3cb6ef" candidate_uuid: "64768b58fc8148f68e877fae7f9444c8" candidate_term: 1 candidate_status { last_received { term: 0 index: 0 } } ignore_live_leader: false dest_uuid: "7765fa4c10874a048cf720340ba60c30" is_pre_election: true
I20260710 13:24:33.018718 23268 raft_consensus.cc:2804] T da41247356c04176a524761aa69b009a P 7765fa4c10874a048cf720340ba60c30 [term 0 FOLLOWER]: Leader pre-election won for term 1
I20260710 13:24:33.019097 23268 raft_consensus.cc:493] T da41247356c04176a524761aa69b009a P 7765fa4c10874a048cf720340ba60c30 [term 0 FOLLOWER]: Starting leader election (no leader contacted us within the election timeout)
I20260710 13:24:33.018882 23262 raft_consensus.cc:359] T da41247356c04176a524761aa69b009a P ca971dec12ac4b0b8f1daa0bf80a08d5 [term 0 FOLLOWER]: Replica starting. Triggering 0 pending ops. Active config: opid_index: -1 OBSOLETE_local: false peers { permanent_uuid: "7765fa4c10874a048cf720340ba60c30" member_type: VOTER last_known_addr { host: "127.21.105.131" port: 35259 } } peers { permanent_uuid: "64768b58fc8148f68e877fae7f9444c8" member_type: VOTER last_known_addr { host: "127.21.105.130" port: 32883 } } peers { permanent_uuid: "ca971dec12ac4b0b8f1daa0bf80a08d5" member_type: VOTER last_known_addr { host: "127.21.105.129" port: 42405 } }
I20260710 13:24:33.019461 23268 raft_consensus.cc:3060] T da41247356c04176a524761aa69b009a P 7765fa4c10874a048cf720340ba60c30 [term 0 FOLLOWER]: Advancing to term 1
I20260710 13:24:33.019634 23262 raft_consensus.cc:385] T da41247356c04176a524761aa69b009a P ca971dec12ac4b0b8f1daa0bf80a08d5 [term 0 FOLLOWER]: Consensus starting up: Expiring failure detector timer to make a prompt election more likely
I20260710 13:24:33.023502 23059 tablet_service.cc:1511] Processing CreateTablet for tablet 5ade62a345fb4f5989f94f0a4960ebdf (DEFAULT_TABLE table=test-workload [id=8073858e2d3d450fbfcefc1143c3cda6]), partition=RANGE (key) PARTITION 1968526670 <= VALUES < 2058005155
I20260710 13:24:33.023639 23061 tablet_service.cc:1511] Processing CreateTablet for tablet 28a6f104d9c949bd825a7685dfff5faf (DEFAULT_TABLE table=test-workload [id=8073858e2d3d450fbfcefc1143c3cda6]), partition=RANGE (key) PARTITION 2058005155 <= VALUES
I20260710 13:24:33.024983 23061 data_dirs.cc:400] Could only allocate 1 dirs of requested 3 for tablet 28a6f104d9c949bd825a7685dfff5faf. 1 dirs total, 0 dirs full, 0 dirs failed
I20260710 13:24:33.025193 23129 tablet_service.cc:1511] Processing CreateTablet for tablet 5ade62a345fb4f5989f94f0a4960ebdf (DEFAULT_TABLE table=test-workload [id=8073858e2d3d450fbfcefc1143c3cda6]), partition=RANGE (key) PARTITION 1968526670 <= VALUES < 2058005155
I20260710 13:24:33.032328 23268 raft_consensus.cc:515] T da41247356c04176a524761aa69b009a P 7765fa4c10874a048cf720340ba60c30 [term 1 FOLLOWER]: Starting leader election with config: opid_index: -1 OBSOLETE_local: false peers { permanent_uuid: "7765fa4c10874a048cf720340ba60c30" member_type: VOTER last_known_addr { host: "127.21.105.131" port: 35259 } } peers { permanent_uuid: "64768b58fc8148f68e877fae7f9444c8" member_type: VOTER last_known_addr { host: "127.21.105.130" port: 32883 } } peers { permanent_uuid: "ca971dec12ac4b0b8f1daa0bf80a08d5" member_type: VOTER last_known_addr { host: "127.21.105.129" port: 42405 } }
I20260710 13:24:33.021417 23269 raft_consensus.cc:515] T 11ca511465d84a2ea5c0b6c79a3cb6ef P ca971dec12ac4b0b8f1daa0bf80a08d5 [term 0 FOLLOWER]: Starting pre-election with config: opid_index: -1 OBSOLETE_local: false peers { permanent_uuid: "ca971dec12ac4b0b8f1daa0bf80a08d5" member_type: VOTER last_known_addr { host: "127.21.105.129" port: 42405 } } peers { permanent_uuid: "64768b58fc8148f68e877fae7f9444c8" member_type: VOTER last_known_addr { host: "127.21.105.130" port: 32883 } } peers { permanent_uuid: "7765fa4c10874a048cf720340ba60c30" member_type: VOTER last_known_addr { host: "127.21.105.131" port: 35259 } }
I20260710 13:24:33.034937 23072 tablet_service.cc:1917] Received RequestConsensusVote() RPC: tablet_id: "da41247356c04176a524761aa69b009a" candidate_uuid: "7765fa4c10874a048cf720340ba60c30" candidate_term: 1 candidate_status { last_received { term: 0 index: 0 } } ignore_live_leader: false dest_uuid: "ca971dec12ac4b0b8f1daa0bf80a08d5"
I20260710 13:24:33.049095 23202 tablet_service.cc:1511] Processing CreateTablet for tablet 28a6f104d9c949bd825a7685dfff5faf (DEFAULT_TABLE table=test-workload [id=8073858e2d3d450fbfcefc1143c3cda6]), partition=RANGE (key) PARTITION 2058005155 <= VALUES
I20260710 13:24:33.052186 23202 data_dirs.cc:400] Could only allocate 1 dirs of requested 3 for tablet 28a6f104d9c949bd825a7685dfff5faf. 1 dirs total, 0 dirs full, 0 dirs failed
I20260710 13:24:33.055150 23208 tablet_service.cc:1511] Processing CreateTablet for tablet 5ade62a345fb4f5989f94f0a4960ebdf (DEFAULT_TABLE table=test-workload [id=8073858e2d3d450fbfcefc1143c3cda6]), partition=RANGE (key) PARTITION 1968526670 <= VALUES < 2058005155
I20260710 13:24:33.056761 23208 data_dirs.cc:400] Could only allocate 1 dirs of requested 3 for tablet 5ade62a345fb4f5989f94f0a4960ebdf. 1 dirs total, 0 dirs full, 0 dirs failed
I20260710 13:24:33.057849 23263 ts_tablet_manager.cc:1434] T da41247356c04176a524761aa69b009a P 64768b58fc8148f68e877fae7f9444c8: Time spent starting tablet: real 0.089s	user 0.007s	sys 0.000s
I20260710 13:24:33.034201 23059 data_dirs.cc:400] Could only allocate 1 dirs of requested 3 for tablet 5ade62a345fb4f5989f94f0a4960ebdf. 1 dirs total, 0 dirs full, 0 dirs failed
W20260710 13:24:33.059727 23111 leader_election.cc:343] T 11ca511465d84a2ea5c0b6c79a3cb6ef P 64768b58fc8148f68e877fae7f9444c8 [CANDIDATE]: Term 1 pre-election: Tablet error from VoteRequest() call to peer 7765fa4c10874a048cf720340ba60c30 (127.21.105.131:35259): Illegal state: must be running to vote when last-logged opid is not known
I20260710 13:24:33.059844 23128 tablet_service.cc:1511] Processing CreateTablet for tablet 28a6f104d9c949bd825a7685dfff5faf (DEFAULT_TABLE table=test-workload [id=8073858e2d3d450fbfcefc1143c3cda6]), partition=RANGE (key) PARTITION 2058005155 <= VALUES
I20260710 13:24:33.062278 23071 tablet_service.cc:1917] Received RequestConsensusVote() RPC: tablet_id: "11ca511465d84a2ea5c0b6c79a3cb6ef" candidate_uuid: "64768b58fc8148f68e877fae7f9444c8" candidate_term: 1 candidate_status { last_received { term: 0 index: 0 } } ignore_live_leader: false dest_uuid: "ca971dec12ac4b0b8f1daa0bf80a08d5" is_pre_election: true
I20260710 13:24:33.062937 23071 raft_consensus.cc:2468] T 11ca511465d84a2ea5c0b6c79a3cb6ef P ca971dec12ac4b0b8f1daa0bf80a08d5 [term 0 FOLLOWER]: Leader pre-election vote request: Granting yes vote for candidate 64768b58fc8148f68e877fae7f9444c8 in term 0.
I20260710 13:24:33.064213 23111 leader_election.cc:304] T 11ca511465d84a2ea5c0b6c79a3cb6ef P 64768b58fc8148f68e877fae7f9444c8 [CANDIDATE]: Term 1 pre-election: Election decided. Result: candidate won. Election summary: received 3 responses out of 3 voters: 2 yes votes; 1 no votes. yes voters: 64768b58fc8148f68e877fae7f9444c8, ca971dec12ac4b0b8f1daa0bf80a08d5; no voters: 7765fa4c10874a048cf720340ba60c30
I20260710 13:24:33.065079 23267 raft_consensus.cc:2804] T 11ca511465d84a2ea5c0b6c79a3cb6ef P 64768b58fc8148f68e877fae7f9444c8 [term 0 FOLLOWER]: Leader pre-election won for term 1
I20260710 13:24:33.065436 23267 raft_consensus.cc:493] T 11ca511465d84a2ea5c0b6c79a3cb6ef P 64768b58fc8148f68e877fae7f9444c8 [term 0 FOLLOWER]: Starting leader election (no leader contacted us within the election timeout)
I20260710 13:24:33.065747 23267 raft_consensus.cc:3060] T 11ca511465d84a2ea5c0b6c79a3cb6ef P 64768b58fc8148f68e877fae7f9444c8 [term 0 FOLLOWER]: Advancing to term 1
I20260710 13:24:33.049913 23269 leader_election.cc:290] T 11ca511465d84a2ea5c0b6c79a3cb6ef P ca971dec12ac4b0b8f1daa0bf80a08d5 [CANDIDATE]: Term 1 pre-election: Requested pre-vote from peers 64768b58fc8148f68e877fae7f9444c8 (127.21.105.130:32883), 7765fa4c10874a048cf720340ba60c30 (127.21.105.131:35259)
I20260710 13:24:33.019979 23262 raft_consensus.cc:740] T da41247356c04176a524761aa69b009a P ca971dec12ac4b0b8f1daa0bf80a08d5 [term 0 FOLLOWER]: Becoming Follower/Learner. State: Replica: ca971dec12ac4b0b8f1daa0bf80a08d5, State: Initialized, Role: FOLLOWER
I20260710 13:24:33.066736 23262 consensus_queue.cc:260] T da41247356c04176a524761aa69b009a P ca971dec12ac4b0b8f1daa0bf80a08d5 [NON_LEADER]: Queue going to NON_LEADER mode. State: All replicated index: 0, Majority replicated index: 0, Committed index: 0, Last appended: 0.0, Last appended by leader: 0, Current term: 0, Majority size: -1, State: 0, Mode: NON_LEADER, active raft config: opid_index: -1 OBSOLETE_local: false peers { permanent_uuid: "7765fa4c10874a048cf720340ba60c30" member_type: VOTER last_known_addr { host: "127.21.105.131" port: 35259 } } peers { permanent_uuid: "64768b58fc8148f68e877fae7f9444c8" member_type: VOTER last_known_addr { host: "127.21.105.130" port: 32883 } } peers { permanent_uuid: "ca971dec12ac4b0b8f1daa0bf80a08d5" member_type: VOTER last_known_addr { host: "127.21.105.129" port: 42405 } }
I20260710 13:24:33.067605 23072 raft_consensus.cc:3060] T da41247356c04176a524761aa69b009a P ca971dec12ac4b0b8f1daa0bf80a08d5 [term 0 FOLLOWER]: Advancing to term 1
I20260710 13:24:33.069509 23262 ts_tablet_manager.cc:1434] T da41247356c04176a524761aa69b009a P ca971dec12ac4b0b8f1daa0bf80a08d5: Time spent starting tablet: real 0.068s	user 0.007s	sys 0.002s
I20260710 13:24:33.074790 23262 tablet_bootstrap.cc:492] T 27d584c9e25d4d0598c9db8ba7422f12 P ca971dec12ac4b0b8f1daa0bf80a08d5: Bootstrap starting.
I20260710 13:24:33.080295 23147 tablet_service.cc:1917] Received RequestConsensusVote() RPC: tablet_id: "da41247356c04176a524761aa69b009a" candidate_uuid: "7765fa4c10874a048cf720340ba60c30" candidate_term: 1 candidate_status { last_received { term: 0 index: 0 } } ignore_live_leader: false dest_uuid: "64768b58fc8148f68e877fae7f9444c8"
I20260710 13:24:33.080722 23262 tablet_bootstrap.cc:654] T 27d584c9e25d4d0598c9db8ba7422f12 P ca971dec12ac4b0b8f1daa0bf80a08d5: Neither blocks nor log segments found. Creating new log.
I20260710 13:24:33.081055 23147 raft_consensus.cc:3060] T da41247356c04176a524761aa69b009a P 64768b58fc8148f68e877fae7f9444c8 [term 0 FOLLOWER]: Advancing to term 1
I20260710 13:24:33.070659 23261 tablet_bootstrap.cc:654] T 11ca511465d84a2ea5c0b6c79a3cb6ef P 7765fa4c10874a048cf720340ba60c30: Neither blocks nor log segments found. Creating new log.
I20260710 13:24:33.096567 23267 raft_consensus.cc:515] T 11ca511465d84a2ea5c0b6c79a3cb6ef P 64768b58fc8148f68e877fae7f9444c8 [term 1 FOLLOWER]: Starting leader election with config: opid_index: -1 OBSOLETE_local: false peers { permanent_uuid: "ca971dec12ac4b0b8f1daa0bf80a08d5" member_type: VOTER last_known_addr { host: "127.21.105.129" port: 42405 } } peers { permanent_uuid: "64768b58fc8148f68e877fae7f9444c8" member_type: VOTER last_known_addr { host: "127.21.105.130" port: 32883 } } peers { permanent_uuid: "7765fa4c10874a048cf720340ba60c30" member_type: VOTER last_known_addr { host: "127.21.105.131" port: 35259 } }
I20260710 13:24:33.033764 23268 leader_election.cc:290] T da41247356c04176a524761aa69b009a P 7765fa4c10874a048cf720340ba60c30 [CANDIDATE]: Term 1 election: Requested vote from peers 64768b58fc8148f68e877fae7f9444c8 (127.21.105.130:32883), ca971dec12ac4b0b8f1daa0bf80a08d5 (127.21.105.129:42405)
I20260710 13:24:33.099572 23072 raft_consensus.cc:2468] T da41247356c04176a524761aa69b009a P ca971dec12ac4b0b8f1daa0bf80a08d5 [term 1 FOLLOWER]: Leader election vote request: Granting yes vote for candidate 7765fa4c10874a048cf720340ba60c30 in term 1.
I20260710 13:24:33.114745 23268 raft_consensus.cc:493] T 27d584c9e25d4d0598c9db8ba7422f12 P 7765fa4c10874a048cf720340ba60c30 [term 0 FOLLOWER]: Starting pre-election (no leader contacted us within the election timeout)
I20260710 13:24:33.115247 23268 raft_consensus.cc:515] T 27d584c9e25d4d0598c9db8ba7422f12 P 7765fa4c10874a048cf720340ba60c30 [term 0 FOLLOWER]: Starting pre-election with config: opid_index: -1 OBSOLETE_local: false peers { permanent_uuid: "ca971dec12ac4b0b8f1daa0bf80a08d5" member_type: VOTER last_known_addr { host: "127.21.105.129" port: 42405 } } peers { permanent_uuid: "64768b58fc8148f68e877fae7f9444c8" member_type: VOTER last_known_addr { host: "127.21.105.130" port: 32883 } } peers { permanent_uuid: "7765fa4c10874a048cf720340ba60c30" member_type: VOTER last_known_addr { host: "127.21.105.131" port: 35259 } }
I20260710 13:24:33.119696 23146 tablet_service.cc:1917] Received RequestConsensusVote() RPC: tablet_id: "27d584c9e25d4d0598c9db8ba7422f12" candidate_uuid: "7765fa4c10874a048cf720340ba60c30" candidate_term: 1 candidate_status { last_received { term: 0 index: 0 } } ignore_live_leader: false dest_uuid: "64768b58fc8148f68e877fae7f9444c8" is_pre_election: true
I20260710 13:24:33.121213 23071 tablet_service.cc:1917] Received RequestConsensusVote() RPC: tablet_id: "27d584c9e25d4d0598c9db8ba7422f12" candidate_uuid: "7765fa4c10874a048cf720340ba60c30" candidate_term: 1 candidate_status { last_received { term: 0 index: 0 } } ignore_live_leader: false dest_uuid: "ca971dec12ac4b0b8f1daa0bf80a08d5" is_pre_election: true
W20260710 13:24:33.122659 23185 leader_election.cc:343] T 27d584c9e25d4d0598c9db8ba7422f12 P 7765fa4c10874a048cf720340ba60c30 [CANDIDATE]: Term 1 pre-election: Tablet error from VoteRequest() call to peer ca971dec12ac4b0b8f1daa0bf80a08d5 (127.21.105.129:42405): Illegal state: must be running to vote when last-logged opid is not known
W20260710 13:24:33.123641 23184 leader_election.cc:343] T 27d584c9e25d4d0598c9db8ba7422f12 P 7765fa4c10874a048cf720340ba60c30 [CANDIDATE]: Term 1 pre-election: Tablet error from VoteRequest() call to peer 64768b58fc8148f68e877fae7f9444c8 (127.21.105.130:32883): Illegal state: must be running to vote when last-logged opid is not known
I20260710 13:24:33.123939 23137 data_dirs.cc:400] Could only allocate 1 dirs of requested 3 for tablet d3b400f7db044b3e9d4685af7169ebea. 1 dirs total, 0 dirs full, 0 dirs failed
I20260710 13:24:33.124091 23184 leader_election.cc:304] T 27d584c9e25d4d0598c9db8ba7422f12 P 7765fa4c10874a048cf720340ba60c30 [CANDIDATE]: Term 1 pre-election: Election decided. Result: candidate lost. Election summary: received 3 responses out of 3 voters: 1 yes votes; 2 no votes. yes voters: 7765fa4c10874a048cf720340ba60c30; no voters: 64768b58fc8148f68e877fae7f9444c8, ca971dec12ac4b0b8f1daa0bf80a08d5
I20260710 13:24:33.124586 23130 data_dirs.cc:400] Could only allocate 1 dirs of requested 3 for tablet 79cdd949ff2c4744ac226fbb5589ad76. 1 dirs total, 0 dirs full, 0 dirs failed
I20260710 13:24:33.126142 23136 data_dirs.cc:400] Could only allocate 1 dirs of requested 3 for tablet 5d260a23111b46139bf80c704e7c3fcd. 1 dirs total, 0 dirs full, 0 dirs failed
I20260710 13:24:33.123647 23263 tablet_bootstrap.cc:492] T 7a873e55a42b42c192c4c7313bb21f04 P 64768b58fc8148f68e877fae7f9444c8: Bootstrap starting.
I20260710 13:24:33.130187 23128 data_dirs.cc:400] Could only allocate 1 dirs of requested 3 for tablet 28a6f104d9c949bd825a7685dfff5faf. 1 dirs total, 0 dirs full, 0 dirs failed
I20260710 13:24:33.134061 23129 data_dirs.cc:400] Could only allocate 1 dirs of requested 3 for tablet 5ade62a345fb4f5989f94f0a4960ebdf. 1 dirs total, 0 dirs full, 0 dirs failed
I20260710 13:24:33.137058 23263 tablet_bootstrap.cc:654] T 7a873e55a42b42c192c4c7313bb21f04 P 64768b58fc8148f68e877fae7f9444c8: Neither blocks nor log segments found. Creating new log.
I20260710 13:24:33.138057 23135 data_dirs.cc:400] Could only allocate 1 dirs of requested 3 for tablet 768c07edf97d4311b8a396111a9162ad. 1 dirs total, 0 dirs full, 0 dirs failed
I20260710 13:24:33.146554 23147 raft_consensus.cc:2468] T da41247356c04176a524761aa69b009a P 64768b58fc8148f68e877fae7f9444c8 [term 1 FOLLOWER]: Leader election vote request: Granting yes vote for candidate 7765fa4c10874a048cf720340ba60c30 in term 1.
I20260710 13:24:33.147686 23071 tablet_service.cc:1917] Received RequestConsensusVote() RPC: tablet_id: "11ca511465d84a2ea5c0b6c79a3cb6ef" candidate_uuid: "64768b58fc8148f68e877fae7f9444c8" candidate_term: 1 candidate_status { last_received { term: 0 index: 0 } } ignore_live_leader: false dest_uuid: "ca971dec12ac4b0b8f1daa0bf80a08d5"
I20260710 13:24:33.148185 23267 leader_election.cc:290] T 11ca511465d84a2ea5c0b6c79a3cb6ef P 64768b58fc8148f68e877fae7f9444c8 [CANDIDATE]: Term 1 election: Requested vote from peers ca971dec12ac4b0b8f1daa0bf80a08d5 (127.21.105.129:42405), 7765fa4c10874a048cf720340ba60c30 (127.21.105.131:35259)
I20260710 13:24:33.148233 23071 raft_consensus.cc:3060] T 11ca511465d84a2ea5c0b6c79a3cb6ef P ca971dec12ac4b0b8f1daa0bf80a08d5 [term 0 FOLLOWER]: Advancing to term 1
I20260710 13:24:33.117190 23268 leader_election.cc:290] T 27d584c9e25d4d0598c9db8ba7422f12 P 7765fa4c10874a048cf720340ba60c30 [CANDIDATE]: Term 1 pre-election: Requested pre-vote from peers ca971dec12ac4b0b8f1daa0bf80a08d5 (127.21.105.129:42405), 64768b58fc8148f68e877fae7f9444c8 (127.21.105.130:32883)
I20260710 13:24:33.157007 23268 raft_consensus.cc:2749] T 27d584c9e25d4d0598c9db8ba7422f12 P 7765fa4c10874a048cf720340ba60c30 [term 0 FOLLOWER]: Leader pre-election lost for term 1. Reason: could not achieve majority
I20260710 13:24:33.161425 23185 leader_election.cc:304] T da41247356c04176a524761aa69b009a P 7765fa4c10874a048cf720340ba60c30 [CANDIDATE]: Term 1 election: Election decided. Result: candidate won. Election summary: received 2 responses out of 3 voters: 2 yes votes; 0 no votes. yes voters: 7765fa4c10874a048cf720340ba60c30, ca971dec12ac4b0b8f1daa0bf80a08d5; no voters: 
I20260710 13:24:33.163942 23268 raft_consensus.cc:2804] T da41247356c04176a524761aa69b009a P 7765fa4c10874a048cf720340ba60c30 [term 1 FOLLOWER]: Leader election won for term 1
I20260710 13:24:33.158485 23071 raft_consensus.cc:2468] T 11ca511465d84a2ea5c0b6c79a3cb6ef P ca971dec12ac4b0b8f1daa0bf80a08d5 [term 1 FOLLOWER]: Leader election vote request: Granting yes vote for candidate 64768b58fc8148f68e877fae7f9444c8 in term 1.
I20260710 13:24:33.164448 23268 raft_consensus.cc:697] T da41247356c04176a524761aa69b009a P 7765fa4c10874a048cf720340ba60c30 [term 1 LEADER]: Becoming Leader. State: Replica: 7765fa4c10874a048cf720340ba60c30, State: Running, Role: LEADER
I20260710 13:24:33.175792 23111 leader_election.cc:304] T 11ca511465d84a2ea5c0b6c79a3cb6ef P 64768b58fc8148f68e877fae7f9444c8 [CANDIDATE]: Term 1 election: Election decided. Result: candidate won. Election summary: received 2 responses out of 3 voters: 2 yes votes; 0 no votes. yes voters: 64768b58fc8148f68e877fae7f9444c8, ca971dec12ac4b0b8f1daa0bf80a08d5; no voters: 
I20260710 13:24:33.178267 23267 raft_consensus.cc:2804] T 11ca511465d84a2ea5c0b6c79a3cb6ef P 64768b58fc8148f68e877fae7f9444c8 [term 1 FOLLOWER]: Leader election won for term 1
I20260710 13:24:33.179955 23221 tablet_service.cc:1917] Received RequestConsensusVote() RPC: tablet_id: "11ca511465d84a2ea5c0b6c79a3cb6ef" candidate_uuid: "ca971dec12ac4b0b8f1daa0bf80a08d5" candidate_term: 1 candidate_status { last_received { term: 0 index: 0 } } ignore_live_leader: false dest_uuid: "7765fa4c10874a048cf720340ba60c30" is_pre_election: true
W20260710 13:24:33.184055 23036 leader_election.cc:343] T 11ca511465d84a2ea5c0b6c79a3cb6ef P ca971dec12ac4b0b8f1daa0bf80a08d5 [CANDIDATE]: Term 1 pre-election: Tablet error from VoteRequest() call to peer 7765fa4c10874a048cf720340ba60c30 (127.21.105.131:35259): Illegal state: must be running to vote when last-logged opid is not known
I20260710 13:24:33.185696 23262 tablet_bootstrap.cc:492] T 27d584c9e25d4d0598c9db8ba7422f12 P ca971dec12ac4b0b8f1daa0bf80a08d5: No bootstrap required, opened a new log
I20260710 13:24:33.185869 23261 tablet_bootstrap.cc:492] T 11ca511465d84a2ea5c0b6c79a3cb6ef P 7765fa4c10874a048cf720340ba60c30: No bootstrap required, opened a new log
I20260710 13:24:33.186506 23261 ts_tablet_manager.cc:1403] T 11ca511465d84a2ea5c0b6c79a3cb6ef P 7765fa4c10874a048cf720340ba60c30: Time spent bootstrapping tablet: real 0.176s	user 0.011s	sys 0.003s
I20260710 13:24:33.186568 23262 ts_tablet_manager.cc:1403] T 27d584c9e25d4d0598c9db8ba7422f12 P ca971dec12ac4b0b8f1daa0bf80a08d5: Time spent bootstrapping tablet: real 0.115s	user 0.020s	sys 0.013s
I20260710 13:24:33.189604 23261 raft_consensus.cc:359] T 11ca511465d84a2ea5c0b6c79a3cb6ef P 7765fa4c10874a048cf720340ba60c30 [term 0 FOLLOWER]: Replica starting. Triggering 0 pending ops. Active config: opid_index: -1 OBSOLETE_local: false peers { permanent_uuid: "ca971dec12ac4b0b8f1daa0bf80a08d5" member_type: VOTER last_known_addr { host: "127.21.105.129" port: 42405 } } peers { permanent_uuid: "64768b58fc8148f68e877fae7f9444c8" member_type: VOTER last_known_addr { host: "127.21.105.130" port: 32883 } } peers { permanent_uuid: "7765fa4c10874a048cf720340ba60c30" member_type: VOTER last_known_addr { host: "127.21.105.131" port: 35259 } }
I20260710 13:24:33.190452 23261 raft_consensus.cc:385] T 11ca511465d84a2ea5c0b6c79a3cb6ef P 7765fa4c10874a048cf720340ba60c30 [term 0 FOLLOWER]: Consensus starting up: Expiring failure detector timer to make a prompt election more likely
I20260710 13:24:33.190752 23261 raft_consensus.cc:740] T 11ca511465d84a2ea5c0b6c79a3cb6ef P 7765fa4c10874a048cf720340ba60c30 [term 0 FOLLOWER]: Becoming Follower/Learner. State: Replica: 7765fa4c10874a048cf720340ba60c30, State: Initialized, Role: FOLLOWER
I20260710 13:24:33.191200 23262 raft_consensus.cc:359] T 27d584c9e25d4d0598c9db8ba7422f12 P ca971dec12ac4b0b8f1daa0bf80a08d5 [term 0 FOLLOWER]: Replica starting. Triggering 0 pending ops. Active config: opid_index: -1 OBSOLETE_local: false peers { permanent_uuid: "ca971dec12ac4b0b8f1daa0bf80a08d5" member_type: VOTER last_known_addr { host: "127.21.105.129" port: 42405 } } peers { permanent_uuid: "64768b58fc8148f68e877fae7f9444c8" member_type: VOTER last_known_addr { host: "127.21.105.130" port: 32883 } } peers { permanent_uuid: "7765fa4c10874a048cf720340ba60c30" member_type: VOTER last_known_addr { host: "127.21.105.131" port: 35259 } }
I20260710 13:24:33.194947 23262 raft_consensus.cc:385] T 27d584c9e25d4d0598c9db8ba7422f12 P ca971dec12ac4b0b8f1daa0bf80a08d5 [term 0 FOLLOWER]: Consensus starting up: Expiring failure detector timer to make a prompt election more likely
I20260710 13:24:33.195431 23262 raft_consensus.cc:740] T 27d584c9e25d4d0598c9db8ba7422f12 P ca971dec12ac4b0b8f1daa0bf80a08d5 [term 0 FOLLOWER]: Becoming Follower/Learner. State: Replica: ca971dec12ac4b0b8f1daa0bf80a08d5, State: Initialized, Role: FOLLOWER
I20260710 13:24:33.195634 23147 tablet_service.cc:1917] Received RequestConsensusVote() RPC: tablet_id: "11ca511465d84a2ea5c0b6c79a3cb6ef" candidate_uuid: "ca971dec12ac4b0b8f1daa0bf80a08d5" candidate_term: 1 candidate_status { last_received { term: 0 index: 0 } } ignore_live_leader: false dest_uuid: "64768b58fc8148f68e877fae7f9444c8" is_pre_election: true
I20260710 13:24:33.196520 23262 consensus_queue.cc:260] T 27d584c9e25d4d0598c9db8ba7422f12 P ca971dec12ac4b0b8f1daa0bf80a08d5 [NON_LEADER]: Queue going to NON_LEADER mode. State: All replicated index: 0, Majority replicated index: 0, Committed index: 0, Last appended: 0.0, Last appended by leader: 0, Current term: 0, Majority size: -1, State: 0, Mode: NON_LEADER, active raft config: opid_index: -1 OBSOLETE_local: false peers { permanent_uuid: "ca971dec12ac4b0b8f1daa0bf80a08d5" member_type: VOTER last_known_addr { host: "127.21.105.129" port: 42405 } } peers { permanent_uuid: "64768b58fc8148f68e877fae7f9444c8" member_type: VOTER last_known_addr { host: "127.21.105.130" port: 32883 } } peers { permanent_uuid: "7765fa4c10874a048cf720340ba60c30" member_type: VOTER last_known_addr { host: "127.21.105.131" port: 35259 } }
I20260710 13:24:33.199411 23262 ts_tablet_manager.cc:1434] T 27d584c9e25d4d0598c9db8ba7422f12 P ca971dec12ac4b0b8f1daa0bf80a08d5: Time spent starting tablet: real 0.012s	user 0.007s	sys 0.000s
I20260710 13:24:33.200718 23262 tablet_bootstrap.cc:492] T 7a873e55a42b42c192c4c7313bb21f04 P ca971dec12ac4b0b8f1daa0bf80a08d5: Bootstrap starting.
I20260710 13:24:33.208896 23262 tablet_bootstrap.cc:654] T 7a873e55a42b42c192c4c7313bb21f04 P ca971dec12ac4b0b8f1daa0bf80a08d5: Neither blocks nor log segments found. Creating new log.
