[==========] Running 8 tests from 2 test suites.
[----------] Global test environment set-up.
[----------] 6 tests from LeaderRebalancerTest
[ RUN      ] LeaderRebalancerTest.FunctionalTestForDivided
WARNING: Logging before InitGoogleLogging() is written to STDERR
I20260710 13:24:05.490948 27279 internal_mini_cluster.cc:156] Creating distributed mini masters. Addrs: 127.26.163.254:43919
I20260710 13:24:05.492555 27279 env_posix.cc:2285] Not raising this process' open files per process limit of 1048576; it is already as high as it can go
I20260710 13:24:05.493660 27279 file_cache.cc:504] Constructed file cache file cache with capacity 419430
W20260710 13:24:05.514201 27285 instance_detector.cc:116] could not retrieve AWS instance metadata: Network error: curl error: HTTP response code said error: The requested URL returned error: 404
W20260710 13:24:05.514256 27286 instance_detector.cc:116] could not retrieve Azure instance metadata: Network error: curl error: HTTP response code said error: The requested URL returned error: 404
I20260710 13:24:05.516602 27279 server_base.cc:1061] running on GCE node
W20260710 13:24:05.515082 27288 instance_detector.cc:116] could not retrieve OpenStack instance metadata: Network error: curl error: HTTP response code said error: The requested URL returned error: 404
I20260710 13:24:06.791011 27279 hybrid_clock.cc:584] initializing the hybrid clock with 'system_unsync' time source
W20260710 13:24:06.791313 27279 system_unsync_time.cc:38] NTP support is disabled. Clock error bounds will not be accurate. This configuration is not suitable for distributed clusters.
I20260710 13:24:06.791566 27279 hybrid_clock.cc:648] HybridClock initialized: now 1783689846791540 us; error 0 us; skew 500 ppm
I20260710 13:24:06.792513 27279 server_base.cc:861] Flag tcmalloc_max_total_thread_cache_bytes is not working since tcmalloc is not enabled.
I20260710 13:24:06.800513 27279 webserver.cc:533] Webserver started at http://127.26.163.254:37395/ using document root <none> and password file <none>
I20260710 13:24:06.801566 27279 fs_manager.cc:362] Metadata directory not provided
I20260710 13:24:06.801820 27279 fs_manager.cc:368] Using write-ahead log directory (fs_wal_dir) as metadata directory
I20260710 13:24:06.802345 27279 server_base.cc:909] This appears to be a new deployment of Kudu; creating new FS layout
I20260710 13:24:06.809453 27279 fs_manager.cc:1068] Generated new instance metadata in path /tmp/dist-test-taskpcIcks/test-tmp/auto_leader_rebalancer-test.0.LeaderRebalancerTest.FunctionalTestForDivided.1783689845306905-27279-0/minicluster-data/master-0-root/instance:
uuid: "fd7702a059f345eab88ce5b4622ec877"
format_stamp: "Formatted at 2026-07-10 13:24:06 on dist-test-slave-mxjd"
I20260710 13:24:06.819048 27279 fs_manager.cc:696] Time spent creating directory manager: real 0.009s	user 0.008s	sys 0.000s
I20260710 13:24:06.825455 27294 log_block_manager.cc:4127] Time spent loading block containers with low live blocks: real 0.000s	user 0.000s	sys 0.000s
I20260710 13:24:06.826781 27279 fs_manager.cc:730] Time spent opening block manager: real 0.004s	user 0.004s	sys 0.000s
I20260710 13:24:06.827194 27279 fs_manager.cc:647] Opened local filesystem: /tmp/dist-test-taskpcIcks/test-tmp/auto_leader_rebalancer-test.0.LeaderRebalancerTest.FunctionalTestForDivided.1783689845306905-27279-0/minicluster-data/master-0-root
uuid: "fd7702a059f345eab88ce5b4622ec877"
format_stamp: "Formatted at 2026-07-10 13:24:06 on dist-test-slave-mxjd"
I20260710 13:24:06.827625 27279 fs_report.cc:389] FS layout report
--------------------
wal directory: /tmp/dist-test-taskpcIcks/test-tmp/auto_leader_rebalancer-test.0.LeaderRebalancerTest.FunctionalTestForDivided.1783689845306905-27279-0/minicluster-data/master-0-root
metadata directory: /tmp/dist-test-taskpcIcks/test-tmp/auto_leader_rebalancer-test.0.LeaderRebalancerTest.FunctionalTestForDivided.1783689845306905-27279-0/minicluster-data/master-0-root
1 data directories: /tmp/dist-test-taskpcIcks/test-tmp/auto_leader_rebalancer-test.0.LeaderRebalancerTest.FunctionalTestForDivided.1783689845306905-27279-0/minicluster-data/master-0-root/data
Total live blocks: 0
Total live bytes: 0
Total live bytes (after alignment): 0
Total number of LBM containers: 0 (0 full)
Did not check for missing blocks
Did not check for orphaned blocks
Total full LBM containers with extra space: 0 (0 repaired)
Total full LBM container extra space in bytes: 0 (0 repaired)
Total incomplete LBM containers: 0 (0 repaired)
Total LBM partial records: 0 (0 repaired)
Total corrupted LBM metadata records in RocksDB: 0 (0 repaired)
I20260710 13:24:06.886656 27279 rpc_server.cc:225] running with OpenSSL 1.1.1  11 Sep 2018
I20260710 13:24:06.888480 27279 env_posix.cc:2285] Not raising this process' running threads per effective uid limit of 18446744073709551615; it is already as high as it can go
I20260710 13:24:06.889063 27279 kserver.cc:163] Server-wide thread pool size limit: 3276
I20260710 13:24:06.975203 27279 rpc_server.cc:307] RPC server started. Bound to: 127.26.163.254:43919
I20260710 13:24:06.975348 27345 acceptor_pool.cc:272] collecting diagnostics on the listening RPC socket 127.26.163.254:43919 every 8 connection(s)
I20260710 13:24:06.984481 27346 data_dirs.cc:400] Could only allocate 1 dirs of requested 3 for tablet 00000000000000000000000000000000. 1 dirs total, 0 dirs full, 0 dirs failed
I20260710 13:24:07.008036 27346 tablet_bootstrap.cc:492] T 00000000000000000000000000000000 P fd7702a059f345eab88ce5b4622ec877: Bootstrap starting.
I20260710 13:24:07.015136 27346 tablet_bootstrap.cc:654] T 00000000000000000000000000000000 P fd7702a059f345eab88ce5b4622ec877: Neither blocks nor log segments found. Creating new log.
I20260710 13:24:07.017477 27346 log.cc:826] T 00000000000000000000000000000000 P fd7702a059f345eab88ce5b4622ec877: Log is configured to *not* fsync() on all Append() calls
I20260710 13:24:07.023005 27346 tablet_bootstrap.cc:492] T 00000000000000000000000000000000 P fd7702a059f345eab88ce5b4622ec877: No bootstrap required, opened a new log
I20260710 13:24:07.046525 27346 raft_consensus.cc:359] T 00000000000000000000000000000000 P fd7702a059f345eab88ce5b4622ec877 [term 0 FOLLOWER]: Replica starting. Triggering 0 pending ops. Active config: opid_index: -1 OBSOLETE_local: true peers { permanent_uuid: "fd7702a059f345eab88ce5b4622ec877" member_type: VOTER }
I20260710 13:24:07.047199 27346 raft_consensus.cc:385] T 00000000000000000000000000000000 P fd7702a059f345eab88ce5b4622ec877 [term 0 FOLLOWER]: Consensus starting up: Expiring failure detector timer to make a prompt election more likely
I20260710 13:24:07.047554 27346 raft_consensus.cc:740] T 00000000000000000000000000000000 P fd7702a059f345eab88ce5b4622ec877 [term 0 FOLLOWER]: Becoming Follower/Learner. State: Replica: fd7702a059f345eab88ce5b4622ec877, State: Initialized, Role: FOLLOWER
I20260710 13:24:07.048593 27346 consensus_queue.cc:260] T 00000000000000000000000000000000 P fd7702a059f345eab88ce5b4622ec877 [NON_LEADER]: Queue going to NON_LEADER mode. State: All replicated index: 0, Majority replicated index: 0, Committed index: 0, Last appended: 0.0, Last appended by leader: 0, Current term: 0, Majority size: -1, State: 0, Mode: NON_LEADER, active raft config: opid_index: -1 OBSOLETE_local: true peers { permanent_uuid: "fd7702a059f345eab88ce5b4622ec877" member_type: VOTER }
I20260710 13:24:07.049206 27346 raft_consensus.cc:399] T 00000000000000000000000000000000 P fd7702a059f345eab88ce5b4622ec877 [term 0 FOLLOWER]: Only one voter in the Raft config. Triggering election immediately
I20260710 13:24:07.049523 27346 raft_consensus.cc:493] T 00000000000000000000000000000000 P fd7702a059f345eab88ce5b4622ec877 [term 0 FOLLOWER]: Starting leader election (initial election of a single-replica configuration)
I20260710 13:24:07.049926 27346 raft_consensus.cc:3060] T 00000000000000000000000000000000 P fd7702a059f345eab88ce5b4622ec877 [term 0 FOLLOWER]: Advancing to term 1
I20260710 13:24:07.054757 27346 raft_consensus.cc:515] T 00000000000000000000000000000000 P fd7702a059f345eab88ce5b4622ec877 [term 1 FOLLOWER]: Starting leader election with config: opid_index: -1 OBSOLETE_local: true peers { permanent_uuid: "fd7702a059f345eab88ce5b4622ec877" member_type: VOTER }
I20260710 13:24:07.055608 27346 leader_election.cc:304] T 00000000000000000000000000000000 P fd7702a059f345eab88ce5b4622ec877 [CANDIDATE]: Term 1 election: Election decided. Result: candidate won. Election summary: received 1 responses out of 1 voters: 1 yes votes; 0 no votes. yes voters: fd7702a059f345eab88ce5b4622ec877; no voters: 
I20260710 13:24:07.057801 27346 leader_election.cc:290] T 00000000000000000000000000000000 P fd7702a059f345eab88ce5b4622ec877 [CANDIDATE]: Term 1 election: Requested vote from peers 
I20260710 13:24:07.058207 27349 raft_consensus.cc:2804] T 00000000000000000000000000000000 P fd7702a059f345eab88ce5b4622ec877 [term 1 FOLLOWER]: Leader election won for term 1
I20260710 13:24:07.061455 27349 raft_consensus.cc:697] T 00000000000000000000000000000000 P fd7702a059f345eab88ce5b4622ec877 [term 1 LEADER]: Becoming Leader. State: Replica: fd7702a059f345eab88ce5b4622ec877, State: Running, Role: LEADER
I20260710 13:24:07.062479 27349 consensus_queue.cc:237] T 00000000000000000000000000000000 P fd7702a059f345eab88ce5b4622ec877 [LEADER]: Queue going to LEADER mode. State: All replicated index: 0, Majority replicated index: 0, Committed index: 0, Last appended: 0.0, Last appended by leader: 0, Current term: 1, Majority size: 1, State: 0, Mode: LEADER, active raft config: opid_index: -1 OBSOLETE_local: true peers { permanent_uuid: "fd7702a059f345eab88ce5b4622ec877" member_type: VOTER }
I20260710 13:24:07.063722 27346 sys_catalog.cc:565] T 00000000000000000000000000000000 P fd7702a059f345eab88ce5b4622ec877 [sys.catalog]: configured and running, proceeding with master startup.
I20260710 13:24:07.077064 27351 sys_catalog.cc:455] T 00000000000000000000000000000000 P fd7702a059f345eab88ce5b4622ec877 [sys.catalog]: SysCatalogTable state changed. Reason: New leader fd7702a059f345eab88ce5b4622ec877. Latest consensus state: current_term: 1 leader_uuid: "fd7702a059f345eab88ce5b4622ec877" committed_config { opid_index: -1 OBSOLETE_local: true peers { permanent_uuid: "fd7702a059f345eab88ce5b4622ec877" member_type: VOTER } }
I20260710 13:24:07.077955 27351 sys_catalog.cc:458] T 00000000000000000000000000000000 P fd7702a059f345eab88ce5b4622ec877 [sys.catalog]: This master's current role is: LEADER
I20260710 13:24:07.077931 27350 sys_catalog.cc:455] T 00000000000000000000000000000000 P fd7702a059f345eab88ce5b4622ec877 [sys.catalog]: SysCatalogTable state changed. Reason: RaftConsensus started. Latest consensus state: current_term: 1 leader_uuid: "fd7702a059f345eab88ce5b4622ec877" committed_config { opid_index: -1 OBSOLETE_local: true peers { permanent_uuid: "fd7702a059f345eab88ce5b4622ec877" member_type: VOTER } }
I20260710 13:24:07.078809 27350 sys_catalog.cc:458] T 00000000000000000000000000000000 P fd7702a059f345eab88ce5b4622ec877 [sys.catalog]: This master's current role is: LEADER
I20260710 13:24:07.080981 27359 catalog_manager.cc:1511] Loading table and tablet metadata into memory...
I20260710 13:24:07.093981 27359 catalog_manager.cc:1520] Initializing Kudu cluster ID...
I20260710 13:24:07.096616 27279 internal_mini_cluster.cc:184] Waiting to initialize catalog manager on master 0
I20260710 13:24:07.114044 27359 catalog_manager.cc:1383] Generated new cluster ID: ccea7d7aba16476d9e5eba3094e28df3
I20260710 13:24:07.114367 27359 catalog_manager.cc:1531] Initializing Kudu internal certificate authority...
I20260710 13:24:07.130733 27359 catalog_manager.cc:1406] Generated new certificate authority record
I20260710 13:24:07.132669 27359 catalog_manager.cc:1540] Loading token signing keys...
I20260710 13:24:07.147957 27359 catalog_manager.cc:6070] T 00000000000000000000000000000000 P fd7702a059f345eab88ce5b4622ec877: Generated new TSK 0
I20260710 13:24:07.149374 27359 catalog_manager.cc:1550] Initializing in-progress tserver states...
I20260710 13:24:07.163846 27279 file_cache.cc:504] Constructed file cache file cache with capacity 419430
W20260710 13:24:07.175208 27368 instance_detector.cc:116] could not retrieve AWS instance metadata: Network error: curl error: HTTP response code said error: The requested URL returned error: 404
W20260710 13:24:07.176301 27369 instance_detector.cc:116] could not retrieve Azure instance metadata: Network error: curl error: HTTP response code said error: The requested URL returned error: 404
I20260710 13:24:07.182102 27279 server_base.cc:1061] running on GCE node
W20260710 13:24:07.182323 27371 instance_detector.cc:116] could not retrieve OpenStack instance metadata: Network error: curl error: HTTP response code said error: The requested URL returned error: 404
I20260710 13:24:07.183362 27279 hybrid_clock.cc:584] initializing the hybrid clock with 'system_unsync' time source
W20260710 13:24:07.183636 27279 system_unsync_time.cc:38] NTP support is disabled. Clock error bounds will not be accurate. This configuration is not suitable for distributed clusters.
I20260710 13:24:07.183836 27279 hybrid_clock.cc:648] HybridClock initialized: now 1783689847183814 us; error 0 us; skew 500 ppm
I20260710 13:24:07.184473 27279 server_base.cc:861] Flag tcmalloc_max_total_thread_cache_bytes is not working since tcmalloc is not enabled.
I20260710 13:24:07.189672 27279 webserver.cc:533] Webserver started at http://127.26.163.193:46435/ using document root <none> and password file <none>
I20260710 13:24:07.190234 27279 fs_manager.cc:362] Metadata directory not provided
I20260710 13:24:07.190467 27279 fs_manager.cc:368] Using write-ahead log directory (fs_wal_dir) as metadata directory
I20260710 13:24:07.190753 27279 server_base.cc:909] This appears to be a new deployment of Kudu; creating new FS layout
I20260710 13:24:07.192085 27279 fs_manager.cc:1068] Generated new instance metadata in path /tmp/dist-test-taskpcIcks/test-tmp/auto_leader_rebalancer-test.0.LeaderRebalancerTest.FunctionalTestForDivided.1783689845306905-27279-0/minicluster-data/ts-0-root/instance:
uuid: "e5ef47792e854830a27ec59bdcc89d9a"
format_stamp: "Formatted at 2026-07-10 13:24:07 on dist-test-slave-mxjd"
I20260710 13:24:07.198607 27279 fs_manager.cc:696] Time spent creating directory manager: real 0.006s	user 0.003s	sys 0.005s
I20260710 13:24:07.204335 27376 log_block_manager.cc:4127] Time spent loading block containers with low live blocks: real 0.000s	user 0.000s	sys 0.000s
I20260710 13:24:07.205463 27279 fs_manager.cc:730] Time spent opening block manager: real 0.004s	user 0.003s	sys 0.001s
I20260710 13:24:07.205826 27279 fs_manager.cc:647] Opened local filesystem: /tmp/dist-test-taskpcIcks/test-tmp/auto_leader_rebalancer-test.0.LeaderRebalancerTest.FunctionalTestForDivided.1783689845306905-27279-0/minicluster-data/ts-0-root
uuid: "e5ef47792e854830a27ec59bdcc89d9a"
format_stamp: "Formatted at 2026-07-10 13:24:07 on dist-test-slave-mxjd"
I20260710 13:24:07.206146 27279 fs_report.cc:389] FS layout report
--------------------
wal directory: /tmp/dist-test-taskpcIcks/test-tmp/auto_leader_rebalancer-test.0.LeaderRebalancerTest.FunctionalTestForDivided.1783689845306905-27279-0/minicluster-data/ts-0-root
metadata directory: /tmp/dist-test-taskpcIcks/test-tmp/auto_leader_rebalancer-test.0.LeaderRebalancerTest.FunctionalTestForDivided.1783689845306905-27279-0/minicluster-data/ts-0-root
1 data directories: /tmp/dist-test-taskpcIcks/test-tmp/auto_leader_rebalancer-test.0.LeaderRebalancerTest.FunctionalTestForDivided.1783689845306905-27279-0/minicluster-data/ts-0-root/data
Total live blocks: 0
Total live bytes: 0
Total live bytes (after alignment): 0
Total number of LBM containers: 0 (0 full)
Did not check for missing blocks
Did not check for orphaned blocks
Total full LBM containers with extra space: 0 (0 repaired)
Total full LBM container extra space in bytes: 0 (0 repaired)
Total incomplete LBM containers: 0 (0 repaired)
Total LBM partial records: 0 (0 repaired)
Total corrupted LBM metadata records in RocksDB: 0 (0 repaired)
I20260710 13:24:07.237311 27279 rpc_server.cc:225] running with OpenSSL 1.1.1  11 Sep 2018
I20260710 13:24:07.239686 27279 kserver.cc:163] Server-wide thread pool size limit: 3276
I20260710 13:24:07.243378 27279 txn_system_client.cc:432] TxnSystemClient initialization is disabled...
I20260710 13:24:07.248936 27279 ts_tablet_manager.cc:585] Loaded tablet metadata (0 total tablets, 0 live tablets)
I20260710 13:24:07.249179 27279 ts_tablet_manager.cc:531] Time spent load tablet metadata: real 0.000s	user 0.000s	sys 0.000s
I20260710 13:24:07.249586 27279 ts_tablet_manager.cc:616] Registered 0 tablets
I20260710 13:24:07.249751 27279 ts_tablet_manager.cc:595] Time spent register tablets: real 0.000s	user 0.000s	sys 0.000s
I20260710 13:24:07.359017 27279 rpc_server.cc:307] RPC server started. Bound to: 127.26.163.193:39089
I20260710 13:24:07.359079 27438 acceptor_pool.cc:272] collecting diagnostics on the listening RPC socket 127.26.163.193:39089 every 8 connection(s)
I20260710 13:24:07.367478 27279 file_cache.cc:504] Constructed file cache file cache with capacity 419430
W20260710 13:24:07.378824 27443 instance_detector.cc:116] could not retrieve AWS instance metadata: Network error: curl error: HTTP response code said error: The requested URL returned error: 404
W20260710 13:24:07.380331 27444 instance_detector.cc:116] could not retrieve Azure instance metadata: Network error: curl error: HTTP response code said error: The requested URL returned error: 404
W20260710 13:24:07.387072 27446 instance_detector.cc:116] could not retrieve OpenStack instance metadata: Network error: curl error: HTTP response code said error: The requested URL returned error: 404
I20260710 13:24:07.388656 27279 server_base.cc:1061] running on GCE node
I20260710 13:24:07.389744 27279 hybrid_clock.cc:584] initializing the hybrid clock with 'system_unsync' time source
W20260710 13:24:07.390004 27279 system_unsync_time.cc:38] NTP support is disabled. Clock error bounds will not be accurate. This configuration is not suitable for distributed clusters.
I20260710 13:24:07.390215 27279 hybrid_clock.cc:648] HybridClock initialized: now 1783689847390192 us; error 0 us; skew 500 ppm
I20260710 13:24:07.390842 27279 server_base.cc:861] Flag tcmalloc_max_total_thread_cache_bytes is not working since tcmalloc is not enabled.
I20260710 13:24:07.399204 27439 heartbeater.cc:344] Connected to a master server at 127.26.163.254:43919
I20260710 13:24:07.400004 27439 heartbeater.cc:461] Registering TS with master...
I20260710 13:24:07.401253 27279 webserver.cc:533] Webserver started at http://127.26.163.194:39013/ using document root <none> and password file <none>
I20260710 13:24:07.401625 27439 heartbeater.cc:507] Master 127.26.163.254:43919 requested a full tablet report, sending...
I20260710 13:24:07.402081 27279 fs_manager.cc:362] Metadata directory not provided
I20260710 13:24:07.402361 27279 fs_manager.cc:368] Using write-ahead log directory (fs_wal_dir) as metadata directory
I20260710 13:24:07.402733 27279 server_base.cc:909] This appears to be a new deployment of Kudu; creating new FS layout
I20260710 13:24:07.404428 27279 fs_manager.cc:1068] Generated new instance metadata in path /tmp/dist-test-taskpcIcks/test-tmp/auto_leader_rebalancer-test.0.LeaderRebalancerTest.FunctionalTestForDivided.1783689845306905-27279-0/minicluster-data/ts-1-root/instance:
uuid: "f375adfbea2f478990172bfe13d533fe"
format_stamp: "Formatted at 2026-07-10 13:24:07 on dist-test-slave-mxjd"
I20260710 13:24:07.405941 27311 ts_manager.cc:194] Registered new tserver with Master: e5ef47792e854830a27ec59bdcc89d9a (127.26.163.193:39089)
I20260710 13:24:07.409391 27311 master_service.cc:502] Signed X509 certificate for tserver {username='slave'} at 127.0.0.1:33738
I20260710 13:24:07.412005 27279 fs_manager.cc:696] Time spent creating directory manager: real 0.007s	user 0.005s	sys 0.001s
I20260710 13:24:07.418329 27451 log_block_manager.cc:4127] Time spent loading block containers with low live blocks: real 0.000s	user 0.000s	sys 0.000s
I20260710 13:24:07.419970 27279 fs_manager.cc:730] Time spent opening block manager: real 0.005s	user 0.003s	sys 0.002s
I20260710 13:24:07.420275 27279 fs_manager.cc:647] Opened local filesystem: /tmp/dist-test-taskpcIcks/test-tmp/auto_leader_rebalancer-test.0.LeaderRebalancerTest.FunctionalTestForDivided.1783689845306905-27279-0/minicluster-data/ts-1-root
uuid: "f375adfbea2f478990172bfe13d533fe"
format_stamp: "Formatted at 2026-07-10 13:24:07 on dist-test-slave-mxjd"
I20260710 13:24:07.420560 27279 fs_report.cc:389] FS layout report
--------------------
wal directory: /tmp/dist-test-taskpcIcks/test-tmp/auto_leader_rebalancer-test.0.LeaderRebalancerTest.FunctionalTestForDivided.1783689845306905-27279-0/minicluster-data/ts-1-root
metadata directory: /tmp/dist-test-taskpcIcks/test-tmp/auto_leader_rebalancer-test.0.LeaderRebalancerTest.FunctionalTestForDivided.1783689845306905-27279-0/minicluster-data/ts-1-root
1 data directories: /tmp/dist-test-taskpcIcks/test-tmp/auto_leader_rebalancer-test.0.LeaderRebalancerTest.FunctionalTestForDivided.1783689845306905-27279-0/minicluster-data/ts-1-root/data
Total live blocks: 0
Total live bytes: 0
Total live bytes (after alignment): 0
Total number of LBM containers: 0 (0 full)
Did not check for missing blocks
Did not check for orphaned blocks
Total full LBM containers with extra space: 0 (0 repaired)
Total full LBM container extra space in bytes: 0 (0 repaired)
Total incomplete LBM containers: 0 (0 repaired)
Total LBM partial records: 0 (0 repaired)
Total corrupted LBM metadata records in RocksDB: 0 (0 repaired)
I20260710 13:24:07.443922 27279 rpc_server.cc:225] running with OpenSSL 1.1.1  11 Sep 2018
I20260710 13:24:07.445354 27279 kserver.cc:163] Server-wide thread pool size limit: 3276
I20260710 13:24:07.448122 27279 txn_system_client.cc:432] TxnSystemClient initialization is disabled...
I20260710 13:24:07.451520 27279 ts_tablet_manager.cc:585] Loaded tablet metadata (0 total tablets, 0 live tablets)
I20260710 13:24:07.451704 27279 ts_tablet_manager.cc:531] Time spent load tablet metadata: real 0.000s	user 0.000s	sys 0.000s
I20260710 13:24:07.452029 27279 ts_tablet_manager.cc:616] Registered 0 tablets
I20260710 13:24:07.452219 27279 ts_tablet_manager.cc:595] Time spent register tablets: real 0.000s	user 0.000s	sys 0.000s
I20260710 13:24:07.571859 27279 rpc_server.cc:307] RPC server started. Bound to: 127.26.163.194:36241
I20260710 13:24:07.572160 27513 acceptor_pool.cc:272] collecting diagnostics on the listening RPC socket 127.26.163.194:36241 every 8 connection(s)
I20260710 13:24:07.580421 27279 file_cache.cc:504] Constructed file cache file cache with capacity 419430
W20260710 13:24:07.588156 27517 instance_detector.cc:116] could not retrieve AWS instance metadata: Network error: curl error: HTTP response code said error: The requested URL returned error: 404
W20260710 13:24:07.591075 27518 instance_detector.cc:116] could not retrieve Azure instance metadata: Network error: curl error: HTTP response code said error: The requested URL returned error: 404
I20260710 13:24:07.600903 27514 heartbeater.cc:344] Connected to a master server at 127.26.163.254:43919
I20260710 13:24:07.601384 27514 heartbeater.cc:461] Registering TS with master...
I20260710 13:24:07.602421 27514 heartbeater.cc:507] Master 127.26.163.254:43919 requested a full tablet report, sending...
I20260710 13:24:07.604914 27311 ts_manager.cc:194] Registered new tserver with Master: f375adfbea2f478990172bfe13d533fe (127.26.163.194:36241)
I20260710 13:24:07.606292 27279 server_base.cc:1061] running on GCE node
I20260710 13:24:07.606951 27311 master_service.cc:502] Signed X509 certificate for tserver {username='slave'} at 127.0.0.1:33740
W20260710 13:24:07.608413 27520 instance_detector.cc:116] could not retrieve OpenStack instance metadata: Network error: curl error: HTTP response code said error: The requested URL returned error: 404
I20260710 13:24:07.609472 27279 hybrid_clock.cc:584] initializing the hybrid clock with 'system_unsync' time source
W20260710 13:24:07.609753 27279 system_unsync_time.cc:38] NTP support is disabled. Clock error bounds will not be accurate. This configuration is not suitable for distributed clusters.
I20260710 13:24:07.609959 27279 hybrid_clock.cc:648] HybridClock initialized: now 1783689847609937 us; error 0 us; skew 500 ppm
I20260710 13:24:07.610596 27279 server_base.cc:861] Flag tcmalloc_max_total_thread_cache_bytes is not working since tcmalloc is not enabled.
I20260710 13:24:07.613788 27279 webserver.cc:533] Webserver started at http://127.26.163.195:37031/ using document root <none> and password file <none>
I20260710 13:24:07.614315 27279 fs_manager.cc:362] Metadata directory not provided
I20260710 13:24:07.614552 27279 fs_manager.cc:368] Using write-ahead log directory (fs_wal_dir) as metadata directory
I20260710 13:24:07.614850 27279 server_base.cc:909] This appears to be a new deployment of Kudu; creating new FS layout
I20260710 13:24:07.615968 27279 fs_manager.cc:1068] Generated new instance metadata in path /tmp/dist-test-taskpcIcks/test-tmp/auto_leader_rebalancer-test.0.LeaderRebalancerTest.FunctionalTestForDivided.1783689845306905-27279-0/minicluster-data/ts-2-root/instance:
uuid: "fca23b12762740678f853cb359774d30"
format_stamp: "Formatted at 2026-07-10 13:24:07 on dist-test-slave-mxjd"
I20260710 13:24:07.621464 27279 fs_manager.cc:696] Time spent creating directory manager: real 0.005s	user 0.007s	sys 0.000s
I20260710 13:24:07.625949 27525 log_block_manager.cc:4127] Time spent loading block containers with low live blocks: real 0.000s	user 0.000s	sys 0.000s
I20260710 13:24:07.626835 27279 fs_manager.cc:730] Time spent opening block manager: real 0.003s	user 0.004s	sys 0.000s
I20260710 13:24:07.627218 27279 fs_manager.cc:647] Opened local filesystem: /tmp/dist-test-taskpcIcks/test-tmp/auto_leader_rebalancer-test.0.LeaderRebalancerTest.FunctionalTestForDivided.1783689845306905-27279-0/minicluster-data/ts-2-root
uuid: "fca23b12762740678f853cb359774d30"
format_stamp: "Formatted at 2026-07-10 13:24:07 on dist-test-slave-mxjd"
I20260710 13:24:07.627614 27279 fs_report.cc:389] FS layout report
--------------------
wal directory: /tmp/dist-test-taskpcIcks/test-tmp/auto_leader_rebalancer-test.0.LeaderRebalancerTest.FunctionalTestForDivided.1783689845306905-27279-0/minicluster-data/ts-2-root
metadata directory: /tmp/dist-test-taskpcIcks/test-tmp/auto_leader_rebalancer-test.0.LeaderRebalancerTest.FunctionalTestForDivided.1783689845306905-27279-0/minicluster-data/ts-2-root
1 data directories: /tmp/dist-test-taskpcIcks/test-tmp/auto_leader_rebalancer-test.0.LeaderRebalancerTest.FunctionalTestForDivided.1783689845306905-27279-0/minicluster-data/ts-2-root/data
Total live blocks: 0
Total live bytes: 0
Total live bytes (after alignment): 0
Total number of LBM containers: 0 (0 full)
Did not check for missing blocks
Did not check for orphaned blocks
Total full LBM containers with extra space: 0 (0 repaired)
Total full LBM container extra space in bytes: 0 (0 repaired)
Total incomplete LBM containers: 0 (0 repaired)
Total LBM partial records: 0 (0 repaired)
Total corrupted LBM metadata records in RocksDB: 0 (0 repaired)
I20260710 13:24:07.663507 27279 rpc_server.cc:225] running with OpenSSL 1.1.1  11 Sep 2018
I20260710 13:24:07.664944 27279 kserver.cc:163] Server-wide thread pool size limit: 3276
I20260710 13:24:07.666502 27279 txn_system_client.cc:432] TxnSystemClient initialization is disabled...
I20260710 13:24:07.669241 27279 ts_tablet_manager.cc:585] Loaded tablet metadata (0 total tablets, 0 live tablets)
I20260710 13:24:07.669490 27279 ts_tablet_manager.cc:531] Time spent load tablet metadata: real 0.000s	user 0.000s	sys 0.000s
I20260710 13:24:07.669749 27279 ts_tablet_manager.cc:616] Registered 0 tablets
I20260710 13:24:07.669960 27279 ts_tablet_manager.cc:595] Time spent register tablets: real 0.000s	user 0.000s	sys 0.000s
I20260710 13:24:07.773545 27279 rpc_server.cc:307] RPC server started. Bound to: 127.26.163.195:40087
I20260710 13:24:07.773628 27587 acceptor_pool.cc:272] collecting diagnostics on the listening RPC socket 127.26.163.195:40087 every 8 connection(s)
I20260710 13:24:07.793576 27588 heartbeater.cc:344] Connected to a master server at 127.26.163.254:43919
I20260710 13:24:07.794000 27588 heartbeater.cc:461] Registering TS with master...
I20260710 13:24:07.794801 27588 heartbeater.cc:507] Master 127.26.163.254:43919 requested a full tablet report, sending...
I20260710 13:24:07.796952 27311 ts_manager.cc:194] Registered new tserver with Master: fca23b12762740678f853cb359774d30 (127.26.163.195:40087)
I20260710 13:24:07.797413 27279 internal_mini_cluster.cc:371] 3 TS(s) registered with all masters after 0.018592358s
I20260710 13:24:07.798692 27311 master_service.cc:502] Signed X509 certificate for tserver {username='slave'} at 127.0.0.1:33750
I20260710 13:24:07.851156 27311 catalog_manager.cc:2283] Servicing CreateTable request from {username='slave'} at 127.0.0.1:33758:
name: "test-workload"
schema {
  columns {
    name: "key"
    type: INT32
    is_key: true
    is_nullable: false
    encoding: AUTO_ENCODING
    compression: DEFAULT_COMPRESSION
    cfile_block_size: 0
    immutable: false
  }
  columns {
    name: "int_val"
    type: INT32
    is_key: false
    is_nullable: false
    encoding: AUTO_ENCODING
    compression: DEFAULT_COMPRESSION
    cfile_block_size: 0
    immutable: false
  }
  columns {
    name: "string_val"
    type: STRING
    is_key: false
    is_nullable: true
    encoding: AUTO_ENCODING
    compression: DEFAULT_COMPRESSION
    cfile_block_size: 0
    immutable: false
  }
}
num_replicas: 3
split_rows_range_bounds {
  rows: "\004\001\000\216\3438\016\004\001\000\034\307q\034\004\001\000\252\252\252*\004\001\0008\216\3438\004\001\000\306q\034G\004\001\000TUUU\004\001\000\3428\216c\004\001\000p\034\307q""\004\001\000\216\3438\016\004\001\000\034\307q\034\004\001\000\252\252\252*\004\001\0008\216\3438\004\001\000\306q\034G\004\001\000TUUU\004\001\000\3428\216c\004\001\000p\034\307q"
  indirect_data: """"
}
partition_schema {
  range_schema {
    columns {
      name: "key"
    }
  }
}
W20260710 13:24:07.854823 27311 catalog_manager.cc:7077] The number of live tablet servers is not enough to re-replicate a tablet replica of the newly created table test-workload in case of a server failure: 4 tablet servers would be needed, 3 are available. Consider bringing up more tablet servers.
I20260710 13:24:07.985208 27553 tablet_service.cc:1511] Processing CreateTablet for tablet 2b19adec15414091ae73a73ecdd60298 (DEFAULT_TABLE table=test-workload [id=8b937dac156e46d1ad3135d437134056]), partition=RANGE (key) PARTITION VALUES < 238609294
I20260710 13:24:07.985695 27552 tablet_service.cc:1511] Processing CreateTablet for tablet 86c61b2594934f85bb13595879861c33 (DEFAULT_TABLE table=test-workload [id=8b937dac156e46d1ad3135d437134056]), partition=RANGE (key) PARTITION 238609294 <= VALUES < 477218588
I20260710 13:24:07.986405 27404 tablet_service.cc:1511] Processing CreateTablet for tablet 2b19adec15414091ae73a73ecdd60298 (DEFAULT_TABLE table=test-workload [id=8b937dac156e46d1ad3135d437134056]), partition=RANGE (key) PARTITION VALUES < 238609294
I20260710 13:24:07.987977 27552 data_dirs.cc:400] Could only allocate 1 dirs of requested 3 for tablet 86c61b2594934f85bb13595879861c33. 1 dirs total, 0 dirs full, 0 dirs failed
I20260710 13:24:07.987967 27404 data_dirs.cc:400] Could only allocate 1 dirs of requested 3 for tablet 2b19adec15414091ae73a73ecdd60298. 1 dirs total, 0 dirs full, 0 dirs failed
I20260710 13:24:07.989607 27400 tablet_service.cc:1511] Processing CreateTablet for tablet 354e50b489b54b9d8813aaeff203a205 (DEFAULT_TABLE table=test-workload [id=8b937dac156e46d1ad3135d437134056]), partition=RANGE (key) PARTITION 954437176 <= VALUES < 1193046470
I20260710 13:24:07.991175 27400 data_dirs.cc:400] Could only allocate 1 dirs of requested 3 for tablet 354e50b489b54b9d8813aaeff203a205. 1 dirs total, 0 dirs full, 0 dirs failed
I20260710 13:24:07.991490 27396 tablet_service.cc:1511] Processing CreateTablet for tablet 0705199ff10c4509b51a6984f21e3dbe (DEFAULT_TABLE table=test-workload [id=8b937dac156e46d1ad3135d437134056]), partition=RANGE (key) PARTITION 1908874352 <= VALUES
I20260710 13:24:07.992723 27548 tablet_service.cc:1511] Processing CreateTablet for tablet f119370db1414336adf0a1ad64572042 (DEFAULT_TABLE table=test-workload [id=8b937dac156e46d1ad3135d437134056]), partition=RANGE (key) PARTITION 1193046470 <= VALUES < 1431655764
I20260710 13:24:07.993716 27402 tablet_service.cc:1511] Processing CreateTablet for tablet bbbe89ae61f74c1c999a263bb074dd36 (DEFAULT_TABLE table=test-workload [id=8b937dac156e46d1ad3135d437134056]), partition=RANGE (key) PARTITION 477218588 <= VALUES < 715827882
I20260710 13:24:07.994264 27548 data_dirs.cc:400] Could only allocate 1 dirs of requested 3 for tablet f119370db1414336adf0a1ad64572042. 1 dirs total, 0 dirs full, 0 dirs failed
I20260710 13:24:07.994095 27399 tablet_service.cc:1511] Processing CreateTablet for tablet f119370db1414336adf0a1ad64572042 (DEFAULT_TABLE table=test-workload [id=8b937dac156e46d1ad3135d437134056]), partition=RANGE (key) PARTITION 1193046470 <= VALUES < 1431655764
I20260710 13:24:07.995153 27396 data_dirs.cc:400] Could only allocate 1 dirs of requested 3 for tablet 0705199ff10c4509b51a6984f21e3dbe. 1 dirs total, 0 dirs full, 0 dirs failed
I20260710 13:24:07.996454 27398 tablet_service.cc:1511] Processing CreateTablet for tablet c3e44ad9c0124c199081f1c5e5c2a85f (DEFAULT_TABLE table=test-workload [id=8b937dac156e46d1ad3135d437134056]), partition=RANGE (key) PARTITION 1431655764 <= VALUES < 1670265058
I20260710 13:24:07.997848 27398 data_dirs.cc:400] Could only allocate 1 dirs of requested 3 for tablet c3e44ad9c0124c199081f1c5e5c2a85f. 1 dirs total, 0 dirs full, 0 dirs failed
I20260710 13:24:08.000234 27397 tablet_service.cc:1511] Processing CreateTablet for tablet 4c0d3787a9024d36b1b8cc0cca7955f8 (DEFAULT_TABLE table=test-workload [id=8b937dac156e46d1ad3135d437134056]), partition=RANGE (key) PARTITION 1670265058 <= VALUES < 1908874352
I20260710 13:24:08.001214 27402 data_dirs.cc:400] Could only allocate 1 dirs of requested 3 for tablet bbbe89ae61f74c1c999a263bb074dd36. 1 dirs total, 0 dirs full, 0 dirs failed
I20260710 13:24:08.002681 27551 tablet_service.cc:1511] Processing CreateTablet for tablet bbbe89ae61f74c1c999a263bb074dd36 (DEFAULT_TABLE table=test-workload [id=8b937dac156e46d1ad3135d437134056]), partition=RANGE (key) PARTITION 477218588 <= VALUES < 715827882
I20260710 13:24:08.004114 27551 data_dirs.cc:400] Could only allocate 1 dirs of requested 3 for tablet bbbe89ae61f74c1c999a263bb074dd36. 1 dirs total, 0 dirs full, 0 dirs failed
I20260710 13:24:08.003873 27546 tablet_service.cc:1511] Processing CreateTablet for tablet 4c0d3787a9024d36b1b8cc0cca7955f8 (DEFAULT_TABLE table=test-workload [id=8b937dac156e46d1ad3135d437134056]), partition=RANGE (key) PARTITION 1670265058 <= VALUES < 1908874352
I20260710 13:24:08.005630 27546 data_dirs.cc:400] Could only allocate 1 dirs of requested 3 for tablet 4c0d3787a9024d36b1b8cc0cca7955f8. 1 dirs total, 0 dirs full, 0 dirs failed
I20260710 13:24:08.006592 27550 tablet_service.cc:1511] Processing CreateTablet for tablet fecb472d471245cf9106f4108dc2ce97 (DEFAULT_TABLE table=test-workload [id=8b937dac156e46d1ad3135d437134056]), partition=RANGE (key) PARTITION 715827882 <= VALUES < 954437176
I20260710 13:24:08.010568 27549 tablet_service.cc:1511] Processing CreateTablet for tablet 354e50b489b54b9d8813aaeff203a205 (DEFAULT_TABLE table=test-workload [id=8b937dac156e46d1ad3135d437134056]), partition=RANGE (key) PARTITION 954437176 <= VALUES < 1193046470
I20260710 13:24:08.013957 27547 tablet_service.cc:1511] Processing CreateTablet for tablet c3e44ad9c0124c199081f1c5e5c2a85f (DEFAULT_TABLE table=test-workload [id=8b937dac156e46d1ad3135d437134056]), partition=RANGE (key) PARTITION 1431655764 <= VALUES < 1670265058
I20260710 13:24:08.008455 27550 data_dirs.cc:400] Could only allocate 1 dirs of requested 3 for tablet fecb472d471245cf9106f4108dc2ce97. 1 dirs total, 0 dirs full, 0 dirs failed
I20260710 13:24:08.017063 27545 tablet_service.cc:1511] Processing CreateTablet for tablet 0705199ff10c4509b51a6984f21e3dbe (DEFAULT_TABLE table=test-workload [id=8b937dac156e46d1ad3135d437134056]), partition=RANGE (key) PARTITION 1908874352 <= VALUES
I20260710 13:24:08.024115 27545 data_dirs.cc:400] Could only allocate 1 dirs of requested 3 for tablet 0705199ff10c4509b51a6984f21e3dbe. 1 dirs total, 0 dirs full, 0 dirs failed
I20260710 13:24:07.988014 27403 tablet_service.cc:1511] Processing CreateTablet for tablet 86c61b2594934f85bb13595879861c33 (DEFAULT_TABLE table=test-workload [id=8b937dac156e46d1ad3135d437134056]), partition=RANGE (key) PARTITION 238609294 <= VALUES < 477218588
I20260710 13:24:08.027537 27403 data_dirs.cc:400] Could only allocate 1 dirs of requested 3 for tablet 86c61b2594934f85bb13595879861c33. 1 dirs total, 0 dirs full, 0 dirs failed
I20260710 13:24:08.017328 27401 tablet_service.cc:1511] Processing CreateTablet for tablet fecb472d471245cf9106f4108dc2ce97 (DEFAULT_TABLE table=test-workload [id=8b937dac156e46d1ad3135d437134056]), partition=RANGE (key) PARTITION 715827882 <= VALUES < 954437176
I20260710 13:24:08.033720 27399 data_dirs.cc:400] Could only allocate 1 dirs of requested 3 for tablet f119370db1414336adf0a1ad64572042. 1 dirs total, 0 dirs full, 0 dirs failed
I20260710 13:24:08.035943 27474 tablet_service.cc:1511] Processing CreateTablet for tablet f119370db1414336adf0a1ad64572042 (DEFAULT_TABLE table=test-workload [id=8b937dac156e46d1ad3135d437134056]), partition=RANGE (key) PARTITION 1193046470 <= VALUES < 1431655764
I20260710 13:24:08.037123 27606 tablet_bootstrap.cc:492] T 86c61b2594934f85bb13595879861c33 P fca23b12762740678f853cb359774d30: Bootstrap starting.
I20260710 13:24:08.037416 27474 data_dirs.cc:400] Could only allocate 1 dirs of requested 3 for tablet f119370db1414336adf0a1ad64572042. 1 dirs total, 0 dirs full, 0 dirs failed
I20260710 13:24:08.041440 27547 data_dirs.cc:400] Could only allocate 1 dirs of requested 3 for tablet c3e44ad9c0124c199081f1c5e5c2a85f. 1 dirs total, 0 dirs full, 0 dirs failed
I20260710 13:24:08.046839 27472 tablet_service.cc:1511] Processing CreateTablet for tablet 4c0d3787a9024d36b1b8cc0cca7955f8 (DEFAULT_TABLE table=test-workload [id=8b937dac156e46d1ad3135d437134056]), partition=RANGE (key) PARTITION 1670265058 <= VALUES < 1908874352
I20260710 13:24:08.048275 27472 data_dirs.cc:400] Could only allocate 1 dirs of requested 3 for tablet 4c0d3787a9024d36b1b8cc0cca7955f8. 1 dirs total, 0 dirs full, 0 dirs failed
I20260710 13:24:08.053387 27397 data_dirs.cc:400] Could only allocate 1 dirs of requested 3 for tablet 4c0d3787a9024d36b1b8cc0cca7955f8. 1 dirs total, 0 dirs full, 0 dirs failed
I20260710 13:24:08.077677 27475 tablet_service.cc:1511] Processing CreateTablet for tablet 354e50b489b54b9d8813aaeff203a205 (DEFAULT_TABLE table=test-workload [id=8b937dac156e46d1ad3135d437134056]), partition=RANGE (key) PARTITION 954437176 <= VALUES < 1193046470
I20260710 13:24:08.100885 27471 tablet_service.cc:1511] Processing CreateTablet for tablet 0705199ff10c4509b51a6984f21e3dbe (DEFAULT_TABLE table=test-workload [id=8b937dac156e46d1ad3135d437134056]), partition=RANGE (key) PARTITION 1908874352 <= VALUES
I20260710 13:24:08.086588 27549 data_dirs.cc:400] Could only allocate 1 dirs of requested 3 for tablet 354e50b489b54b9d8813aaeff203a205. 1 dirs total, 0 dirs full, 0 dirs failed
I20260710 13:24:08.107515 27401 data_dirs.cc:400] Could only allocate 1 dirs of requested 3 for tablet fecb472d471245cf9106f4108dc2ce97. 1 dirs total, 0 dirs full, 0 dirs failed
I20260710 13:24:08.110626 27477 tablet_service.cc:1511] Processing CreateTablet for tablet bbbe89ae61f74c1c999a263bb074dd36 (DEFAULT_TABLE table=test-workload [id=8b937dac156e46d1ad3135d437134056]), partition=RANGE (key) PARTITION 477218588 <= VALUES < 715827882
I20260710 13:24:08.102291 27479 tablet_service.cc:1511] Processing CreateTablet for tablet 2b19adec15414091ae73a73ecdd60298 (DEFAULT_TABLE table=test-workload [id=8b937dac156e46d1ad3135d437134056]), partition=RANGE (key) PARTITION VALUES < 238609294
I20260710 13:24:08.113914 27475 data_dirs.cc:400] Could only allocate 1 dirs of requested 3 for tablet 354e50b489b54b9d8813aaeff203a205. 1 dirs total, 0 dirs full, 0 dirs failed
I20260710 13:24:08.113057 27553 data_dirs.cc:400] Could only allocate 1 dirs of requested 3 for tablet 2b19adec15414091ae73a73ecdd60298. 1 dirs total, 0 dirs full, 0 dirs failed
I20260710 13:24:08.102800 27478 tablet_service.cc:1511] Processing CreateTablet for tablet 86c61b2594934f85bb13595879861c33 (DEFAULT_TABLE table=test-workload [id=8b937dac156e46d1ad3135d437134056]), partition=RANGE (key) PARTITION 238609294 <= VALUES < 477218588
I20260710 13:24:08.113936 27476 tablet_service.cc:1511] Processing CreateTablet for tablet fecb472d471245cf9106f4108dc2ce97 (DEFAULT_TABLE table=test-workload [id=8b937dac156e46d1ad3135d437134056]), partition=RANGE (key) PARTITION 715827882 <= VALUES < 954437176
I20260710 13:24:08.115497 27473 tablet_service.cc:1511] Processing CreateTablet for tablet c3e44ad9c0124c199081f1c5e5c2a85f (DEFAULT_TABLE table=test-workload [id=8b937dac156e46d1ad3135d437134056]), partition=RANGE (key) PARTITION 1431655764 <= VALUES < 1670265058
W20260710 13:24:08.120627 27358 auto_rebalancer.cc:288] Could not retrieve cluster info: Service unavailable: Tablet not running
I20260710 13:24:08.126256 27477 data_dirs.cc:400] Could only allocate 1 dirs of requested 3 for tablet bbbe89ae61f74c1c999a263bb074dd36. 1 dirs total, 0 dirs full, 0 dirs failed
I20260710 13:24:08.134580 27479 data_dirs.cc:400] Could only allocate 1 dirs of requested 3 for tablet 2b19adec15414091ae73a73ecdd60298. 1 dirs total, 0 dirs full, 0 dirs failed
I20260710 13:24:08.139953 27471 data_dirs.cc:400] Could only allocate 1 dirs of requested 3 for tablet 0705199ff10c4509b51a6984f21e3dbe. 1 dirs total, 0 dirs full, 0 dirs failed
I20260710 13:24:08.162578 27473 data_dirs.cc:400] Could only allocate 1 dirs of requested 3 for tablet c3e44ad9c0124c199081f1c5e5c2a85f. 1 dirs total, 0 dirs full, 0 dirs failed
I20260710 13:24:08.168977 27478 data_dirs.cc:400] Could only allocate 1 dirs of requested 3 for tablet 86c61b2594934f85bb13595879861c33. 1 dirs total, 0 dirs full, 0 dirs failed
I20260710 13:24:08.173538 27476 data_dirs.cc:400] Could only allocate 1 dirs of requested 3 for tablet fecb472d471245cf9106f4108dc2ce97. 1 dirs total, 0 dirs full, 0 dirs failed
I20260710 13:24:08.242753 27607 tablet_bootstrap.cc:492] T 0705199ff10c4509b51a6984f21e3dbe P e5ef47792e854830a27ec59bdcc89d9a: Bootstrap starting.
I20260710 13:24:08.282613 27607 tablet_bootstrap.cc:654] T 0705199ff10c4509b51a6984f21e3dbe P e5ef47792e854830a27ec59bdcc89d9a: Neither blocks nor log segments found. Creating new log.
I20260710 13:24:08.317524 27606 tablet_bootstrap.cc:654] T 86c61b2594934f85bb13595879861c33 P fca23b12762740678f853cb359774d30: Neither blocks nor log segments found. Creating new log.
I20260710 13:24:08.329273 27608 tablet_bootstrap.cc:492] T 4c0d3787a9024d36b1b8cc0cca7955f8 P f375adfbea2f478990172bfe13d533fe: Bootstrap starting.
I20260710 13:24:08.365190 27607 tablet_bootstrap.cc:492] T 0705199ff10c4509b51a6984f21e3dbe P e5ef47792e854830a27ec59bdcc89d9a: No bootstrap required, opened a new log
I20260710 13:24:08.366142 27607 ts_tablet_manager.cc:1403] T 0705199ff10c4509b51a6984f21e3dbe P e5ef47792e854830a27ec59bdcc89d9a: Time spent bootstrapping tablet: real 0.163s	user 0.032s	sys 0.009s
I20260710 13:24:08.366461 27606 tablet_bootstrap.cc:492] T 86c61b2594934f85bb13595879861c33 P fca23b12762740678f853cb359774d30: No bootstrap required, opened a new log
I20260710 13:24:08.367274 27606 ts_tablet_manager.cc:1403] T 86c61b2594934f85bb13595879861c33 P fca23b12762740678f853cb359774d30: Time spent bootstrapping tablet: real 0.331s	user 0.029s	sys 0.023s
I20260710 13:24:08.372651 27608 tablet_bootstrap.cc:654] T 4c0d3787a9024d36b1b8cc0cca7955f8 P f375adfbea2f478990172bfe13d533fe: Neither blocks nor log segments found. Creating new log.
I20260710 13:24:08.374938 27606 raft_consensus.cc:359] T 86c61b2594934f85bb13595879861c33 P fca23b12762740678f853cb359774d30 [term 0 FOLLOWER]: Replica starting. Triggering 0 pending ops. Active config: opid_index: -1 OBSOLETE_local: false peers { permanent_uuid: "e5ef47792e854830a27ec59bdcc89d9a" member_type: VOTER last_known_addr { host: "127.26.163.193" port: 39089 } } peers { permanent_uuid: "f375adfbea2f478990172bfe13d533fe" member_type: VOTER last_known_addr { host: "127.26.163.194" port: 36241 } } peers { permanent_uuid: "fca23b12762740678f853cb359774d30" member_type: VOTER last_known_addr { host: "127.26.163.195" port: 40087 } }
I20260710 13:24:08.376719 27607 raft_consensus.cc:359] T 0705199ff10c4509b51a6984f21e3dbe P e5ef47792e854830a27ec59bdcc89d9a [term 0 FOLLOWER]: Replica starting. Triggering 0 pending ops. Active config: opid_index: -1 OBSOLETE_local: false peers { permanent_uuid: "e5ef47792e854830a27ec59bdcc89d9a" member_type: VOTER last_known_addr { host: "127.26.163.193" port: 39089 } } peers { permanent_uuid: "f375adfbea2f478990172bfe13d533fe" member_type: VOTER last_known_addr { host: "127.26.163.194" port: 36241 } } peers { permanent_uuid: "fca23b12762740678f853cb359774d30" member_type: VOTER last_known_addr { host: "127.26.163.195" port: 40087 } }
I20260710 13:24:08.377475 27606 raft_consensus.cc:385] T 86c61b2594934f85bb13595879861c33 P fca23b12762740678f853cb359774d30 [term 0 FOLLOWER]: Consensus starting up: Expiring failure detector timer to make a prompt election more likely
I20260710 13:24:08.377460 27607 raft_consensus.cc:385] T 0705199ff10c4509b51a6984f21e3dbe P e5ef47792e854830a27ec59bdcc89d9a [term 0 FOLLOWER]: Consensus starting up: Expiring failure detector timer to make a prompt election more likely
I20260710 13:24:08.378156 27608 tablet_bootstrap.cc:492] T 4c0d3787a9024d36b1b8cc0cca7955f8 P f375adfbea2f478990172bfe13d533fe: No bootstrap required, opened a new log
I20260710 13:24:08.378161 27606 raft_consensus.cc:740] T 86c61b2594934f85bb13595879861c33 P fca23b12762740678f853cb359774d30 [term 0 FOLLOWER]: Becoming Follower/Learner. State: Replica: fca23b12762740678f853cb359774d30, State: Initialized, Role: FOLLOWER
I20260710 13:24:08.378165 27607 raft_consensus.cc:740] T 0705199ff10c4509b51a6984f21e3dbe P e5ef47792e854830a27ec59bdcc89d9a [term 0 FOLLOWER]: Becoming Follower/Learner. State: Replica: e5ef47792e854830a27ec59bdcc89d9a, State: Initialized, Role: FOLLOWER
I20260710 13:24:08.379043 27608 ts_tablet_manager.cc:1403] T 4c0d3787a9024d36b1b8cc0cca7955f8 P f375adfbea2f478990172bfe13d533fe: Time spent bootstrapping tablet: real 0.058s	user 0.013s	sys 0.002s
I20260710 13:24:08.379750 27607 consensus_queue.cc:260] T 0705199ff10c4509b51a6984f21e3dbe P e5ef47792e854830a27ec59bdcc89d9a [NON_LEADER]: Queue going to NON_LEADER mode. State: All replicated index: 0, Majority replicated index: 0, Committed index: 0, Last appended: 0.0, Last appended by leader: 0, Current term: 0, Majority size: -1, State: 0, Mode: NON_LEADER, active raft config: opid_index: -1 OBSOLETE_local: false peers { permanent_uuid: "e5ef47792e854830a27ec59bdcc89d9a" member_type: VOTER last_known_addr { host: "127.26.163.193" port: 39089 } } peers { permanent_uuid: "f375adfbea2f478990172bfe13d533fe" member_type: VOTER last_known_addr { host: "127.26.163.194" port: 36241 } } peers { permanent_uuid: "fca23b12762740678f853cb359774d30" member_type: VOTER last_known_addr { host: "127.26.163.195" port: 40087 } }
I20260710 13:24:08.379838 27606 consensus_queue.cc:260] T 86c61b2594934f85bb13595879861c33 P fca23b12762740678f853cb359774d30 [NON_LEADER]: Queue going to NON_LEADER mode. State: All replicated index: 0, Majority replicated index: 0, Committed index: 0, Last appended: 0.0, Last appended by leader: 0, Current term: 0, Majority size: -1, State: 0, Mode: NON_LEADER, active raft config: opid_index: -1 OBSOLETE_local: false peers { permanent_uuid: "e5ef47792e854830a27ec59bdcc89d9a" member_type: VOTER last_known_addr { host: "127.26.163.193" port: 39089 } } peers { permanent_uuid: "f375adfbea2f478990172bfe13d533fe" member_type: VOTER last_known_addr { host: "127.26.163.194" port: 36241 } } peers { permanent_uuid: "fca23b12762740678f853cb359774d30" member_type: VOTER last_known_addr { host: "127.26.163.195" port: 40087 } }
I20260710 13:24:08.382974 27608 raft_consensus.cc:359] T 4c0d3787a9024d36b1b8cc0cca7955f8 P f375adfbea2f478990172bfe13d533fe [term 0 FOLLOWER]: Replica starting. Triggering 0 pending ops. Active config: opid_index: -1 OBSOLETE_local: false peers { permanent_uuid: "e5ef47792e854830a27ec59bdcc89d9a" member_type: VOTER last_known_addr { host: "127.26.163.193" port: 39089 } } peers { permanent_uuid: "f375adfbea2f478990172bfe13d533fe" member_type: VOTER last_known_addr { host: "127.26.163.194" port: 36241 } } peers { permanent_uuid: "fca23b12762740678f853cb359774d30" member_type: VOTER last_known_addr { host: "127.26.163.195" port: 40087 } }
I20260710 13:24:08.383776 27608 raft_consensus.cc:385] T 4c0d3787a9024d36b1b8cc0cca7955f8 P f375adfbea2f478990172bfe13d533fe [term 0 FOLLOWER]: Consensus starting up: Expiring failure detector timer to make a prompt election more likely
I20260710 13:24:08.384117 27608 raft_consensus.cc:740] T 4c0d3787a9024d36b1b8cc0cca7955f8 P f375adfbea2f478990172bfe13d533fe [term 0 FOLLOWER]: Becoming Follower/Learner. State: Replica: f375adfbea2f478990172bfe13d533fe, State: Initialized, Role: FOLLOWER
