I20260710 13:24:30.216068 23548 ts_tablet_manager.cc:1434] T 692417da69914b0eafa2024589fac7b0 P 377368f2a00147ae9aa86d95636ee325: Time spent starting tablet: real 0.008s	user 0.004s	sys 0.002s
I20260710 13:24:30.215845 23547 consensus_queue.cc:260] T e6992e36bcdf4bceb66e194af8f3457e P 6304e40c87ea4f6191c9ec61161c3294 [NON_LEADER]: Queue going to NON_LEADER mode. State: All replicated index: 0, Majority replicated index: 0, Committed index: 0, Last appended: 0.0, Last appended by leader: 0, Current term: 0, Majority size: -1, State: 0, Mode: NON_LEADER, active raft config: opid_index: -1 OBSOLETE_local: false peers { permanent_uuid: "377368f2a00147ae9aa86d95636ee325" member_type: VOTER last_known_addr { host: "127.21.185.193" port: 39209 } } peers { permanent_uuid: "f1c473e2589d49678940511520f7e8d5" member_type: VOTER last_known_addr { host: "127.21.185.194" port: 34587 } } peers { permanent_uuid: "6304e40c87ea4f6191c9ec61161c3294" member_type: VOTER last_known_addr { host: "127.21.185.195" port: 34553 } }
I20260710 13:24:30.217378 23548 tablet_bootstrap.cc:492] T 81e641f1c749415c819d592624e7a593 P 377368f2a00147ae9aa86d95636ee325: Bootstrap starting.
I20260710 13:24:30.218629 23547 ts_tablet_manager.cc:1434] T e6992e36bcdf4bceb66e194af8f3457e P 6304e40c87ea4f6191c9ec61161c3294: Time spent starting tablet: real 0.009s	user 0.004s	sys 0.003s
I20260710 13:24:30.219704 23547 tablet_bootstrap.cc:492] T 6cb338c86d6c4cf5ab057d9db1cc8d5b P 6304e40c87ea4f6191c9ec61161c3294: Bootstrap starting.
I20260710 13:24:30.220459 23546 raft_consensus.cc:359] T 6cb338c86d6c4cf5ab057d9db1cc8d5b P f1c473e2589d49678940511520f7e8d5 [term 0 FOLLOWER]: Replica starting. Triggering 0 pending ops. Active config: opid_index: -1 OBSOLETE_local: false peers { permanent_uuid: "377368f2a00147ae9aa86d95636ee325" member_type: VOTER last_known_addr { host: "127.21.185.193" port: 39209 } } peers { permanent_uuid: "f1c473e2589d49678940511520f7e8d5" member_type: VOTER last_known_addr { host: "127.21.185.194" port: 34587 } } peers { permanent_uuid: "6304e40c87ea4f6191c9ec61161c3294" member_type: VOTER last_known_addr { host: "127.21.185.195" port: 34553 } }
I20260710 13:24:30.221300 23546 raft_consensus.cc:385] T 6cb338c86d6c4cf5ab057d9db1cc8d5b P f1c473e2589d49678940511520f7e8d5 [term 0 FOLLOWER]: Consensus starting up: Expiring failure detector timer to make a prompt election more likely
W20260710 13:24:30.222896 23398 leader_election.cc:343] T 18a73f468f8c4b08a442daeefee3c7c9 P f1c473e2589d49678940511520f7e8d5 [CANDIDATE]: Term 1 pre-election: Tablet error from VoteRequest() call to peer 6304e40c87ea4f6191c9ec61161c3294 (127.21.185.195:34553): Illegal state: must be running to vote when last-logged opid is not known
I20260710 13:24:30.224867 23548 tablet_bootstrap.cc:654] T 81e641f1c749415c819d592624e7a593 P 377368f2a00147ae9aa86d95636ee325: Neither blocks nor log segments found. Creating new log.
I20260710 13:24:30.223824 23554 raft_consensus.cc:515] T d242e66bf931467a909240bcd091edc1 P 6304e40c87ea4f6191c9ec61161c3294 [term 1 FOLLOWER]: Starting leader election with config: opid_index: -1 OBSOLETE_local: false peers { permanent_uuid: "377368f2a00147ae9aa86d95636ee325" member_type: VOTER last_known_addr { host: "127.21.185.193" port: 39209 } } peers { permanent_uuid: "f1c473e2589d49678940511520f7e8d5" member_type: VOTER last_known_addr { host: "127.21.185.194" port: 34587 } } peers { permanent_uuid: "6304e40c87ea4f6191c9ec61161c3294" member_type: VOTER last_known_addr { host: "127.21.185.195" port: 34553 } }
I20260710 13:24:30.221637 23546 raft_consensus.cc:740] T 6cb338c86d6c4cf5ab057d9db1cc8d5b P f1c473e2589d49678940511520f7e8d5 [term 0 FOLLOWER]: Becoming Follower/Learner. State: Replica: f1c473e2589d49678940511520f7e8d5, State: Initialized, Role: FOLLOWER
I20260710 13:24:30.228355 23546 consensus_queue.cc:260] T 6cb338c86d6c4cf5ab057d9db1cc8d5b P f1c473e2589d49678940511520f7e8d5 [NON_LEADER]: Queue going to NON_LEADER mode. State: All replicated index: 0, Majority replicated index: 0, Committed index: 0, Last appended: 0.0, Last appended by leader: 0, Current term: 0, Majority size: -1, State: 0, Mode: NON_LEADER, active raft config: opid_index: -1 OBSOLETE_local: false peers { permanent_uuid: "377368f2a00147ae9aa86d95636ee325" member_type: VOTER last_known_addr { host: "127.21.185.193" port: 39209 } } peers { permanent_uuid: "f1c473e2589d49678940511520f7e8d5" member_type: VOTER last_known_addr { host: "127.21.185.194" port: 34587 } } peers { permanent_uuid: "6304e40c87ea4f6191c9ec61161c3294" member_type: VOTER last_known_addr { host: "127.21.185.195" port: 34553 } }
I20260710 13:24:30.229261 23357 tablet_service.cc:1917] Received RequestConsensusVote() RPC: tablet_id: "d242e66bf931467a909240bcd091edc1" candidate_uuid: "6304e40c87ea4f6191c9ec61161c3294" candidate_term: 1 candidate_status { last_received { term: 0 index: 0 } } ignore_live_leader: false dest_uuid: "377368f2a00147ae9aa86d95636ee325"
I20260710 13:24:30.229921 23357 raft_consensus.cc:3060] T d242e66bf931467a909240bcd091edc1 P 377368f2a00147ae9aa86d95636ee325 [term 0 FOLLOWER]: Advancing to term 1
I20260710 13:24:30.230189 23554 leader_election.cc:290] T d242e66bf931467a909240bcd091edc1 P 6304e40c87ea4f6191c9ec61161c3294 [CANDIDATE]: Term 1 election: Requested vote from peers 377368f2a00147ae9aa86d95636ee325 (127.21.185.193:39209), f1c473e2589d49678940511520f7e8d5 (127.21.185.194:34587)
I20260710 13:24:30.235298 23506 tablet_service.cc:1917] Received RequestConsensusVote() RPC: tablet_id: "18a73f468f8c4b08a442daeefee3c7c9" candidate_uuid: "f1c473e2589d49678940511520f7e8d5" candidate_term: 1 candidate_status { last_received { term: 0 index: 0 } } ignore_live_leader: false dest_uuid: "6304e40c87ea4f6191c9ec61161c3294"
I20260710 13:24:30.235415 23433 tablet_service.cc:1917] Received RequestConsensusVote() RPC: tablet_id: "d242e66bf931467a909240bcd091edc1" candidate_uuid: "6304e40c87ea4f6191c9ec61161c3294" candidate_term: 1 candidate_status { last_received { term: 0 index: 0 } } ignore_live_leader: false dest_uuid: "f1c473e2589d49678940511520f7e8d5"
I20260710 13:24:30.235934 23358 raft_consensus.cc:2468] T 18a73f468f8c4b08a442daeefee3c7c9 P 377368f2a00147ae9aa86d95636ee325 [term 1 FOLLOWER]: Leader election vote request: Granting yes vote for candidate f1c473e2589d49678940511520f7e8d5 in term 1.
I20260710 13:24:30.235051 23553 leader_election.cc:290] T 18a73f468f8c4b08a442daeefee3c7c9 P f1c473e2589d49678940511520f7e8d5 [CANDIDATE]: Term 1 election: Requested vote from peers 377368f2a00147ae9aa86d95636ee325 (127.21.185.193:39209), 6304e40c87ea4f6191c9ec61161c3294 (127.21.185.195:34553)
W20260710 13:24:30.237951 23470 leader_election.cc:343] T d242e66bf931467a909240bcd091edc1 P 6304e40c87ea4f6191c9ec61161c3294 [CANDIDATE]: Term 1 election: Tablet error from VoteRequest() call to peer f1c473e2589d49678940511520f7e8d5 (127.21.185.194:34587): Illegal state: must be running to vote when last-logged opid is not known
W20260710 13:24:30.237097 23398 leader_election.cc:343] T 18a73f468f8c4b08a442daeefee3c7c9 P f1c473e2589d49678940511520f7e8d5 [CANDIDATE]: Term 1 election: Tablet error from VoteRequest() call to peer 6304e40c87ea4f6191c9ec61161c3294 (127.21.185.195:34553): Illegal state: must be running to vote when last-logged opid is not known
I20260710 13:24:30.242501 23398 leader_election.cc:304] T 18a73f468f8c4b08a442daeefee3c7c9 P f1c473e2589d49678940511520f7e8d5 [CANDIDATE]: Term 1 election: Election decided. Result: candidate won. Election summary: received 3 responses out of 3 voters: 2 yes votes; 1 no votes. yes voters: 377368f2a00147ae9aa86d95636ee325, f1c473e2589d49678940511520f7e8d5; no voters: 6304e40c87ea4f6191c9ec61161c3294
I20260710 13:24:30.245160 23553 raft_consensus.cc:2804] T 18a73f468f8c4b08a442daeefee3c7c9 P f1c473e2589d49678940511520f7e8d5 [term 1 FOLLOWER]: Leader election won for term 1
I20260710 13:24:30.245844 23553 raft_consensus.cc:697] T 18a73f468f8c4b08a442daeefee3c7c9 P f1c473e2589d49678940511520f7e8d5 [term 1 LEADER]: Becoming Leader. State: Replica: f1c473e2589d49678940511520f7e8d5, State: Running, Role: LEADER
I20260710 13:24:30.246964 23553 consensus_queue.cc:237] T 18a73f468f8c4b08a442daeefee3c7c9 P f1c473e2589d49678940511520f7e8d5 [LEADER]: Queue going to LEADER mode. State: All replicated index: 0, Majority replicated index: 0, Committed index: 0, Last appended: 0.0, Last appended by leader: 0, Current term: 1, Majority size: 2, State: 0, Mode: LEADER, active raft config: opid_index: -1 OBSOLETE_local: false peers { permanent_uuid: "377368f2a00147ae9aa86d95636ee325" member_type: VOTER last_known_addr { host: "127.21.185.193" port: 39209 } } peers { permanent_uuid: "f1c473e2589d49678940511520f7e8d5" member_type: VOTER last_known_addr { host: "127.21.185.194" port: 34587 } } peers { permanent_uuid: "6304e40c87ea4f6191c9ec61161c3294" member_type: VOTER last_known_addr { host: "127.21.185.195" port: 34553 } }
I20260710 13:24:30.274799 23548 tablet_bootstrap.cc:492] T 81e641f1c749415c819d592624e7a593 P 377368f2a00147ae9aa86d95636ee325: No bootstrap required, opened a new log
I20260710 13:24:30.275346 23548 ts_tablet_manager.cc:1403] T 81e641f1c749415c819d592624e7a593 P 377368f2a00147ae9aa86d95636ee325: Time spent bootstrapping tablet: real 0.058s	user 0.034s	sys 0.020s
I20260710 13:24:30.264212 23580 raft_consensus.cc:515] T 692417da69914b0eafa2024589fac7b0 P f1c473e2589d49678940511520f7e8d5 [term 1 FOLLOWER]: Starting leader election with config: opid_index: -1 OBSOLETE_local: false peers { permanent_uuid: "377368f2a00147ae9aa86d95636ee325" member_type: VOTER last_known_addr { host: "127.21.185.193" port: 39209 } } peers { permanent_uuid: "f1c473e2589d49678940511520f7e8d5" member_type: VOTER last_known_addr { host: "127.21.185.194" port: 34587 } } peers { permanent_uuid: "6304e40c87ea4f6191c9ec61161c3294" member_type: VOTER last_known_addr { host: "127.21.185.195" port: 34553 } }
I20260710 13:24:30.276994 23546 ts_tablet_manager.cc:1434] T 6cb338c86d6c4cf5ab057d9db1cc8d5b P f1c473e2589d49678940511520f7e8d5: Time spent starting tablet: real 0.063s	user 0.022s	sys 0.026s
I20260710 13:24:30.278123 23546 tablet_bootstrap.cc:492] T c2ba0e703588476b8af4bff83f928d70 P f1c473e2589d49678940511520f7e8d5: Bootstrap starting.
I20260710 13:24:30.277982 23357 raft_consensus.cc:2468] T d242e66bf931467a909240bcd091edc1 P 377368f2a00147ae9aa86d95636ee325 [term 1 FOLLOWER]: Leader election vote request: Granting yes vote for candidate 6304e40c87ea4f6191c9ec61161c3294 in term 1.
I20260710 13:24:30.279282 23580 leader_election.cc:290] T 692417da69914b0eafa2024589fac7b0 P f1c473e2589d49678940511520f7e8d5 [CANDIDATE]: Term 1 election: Requested vote from peers 377368f2a00147ae9aa86d95636ee325 (127.21.185.193:39209), 6304e40c87ea4f6191c9ec61161c3294 (127.21.185.195:34553)
I20260710 13:24:30.280167 23472 leader_election.cc:304] T d242e66bf931467a909240bcd091edc1 P 6304e40c87ea4f6191c9ec61161c3294 [CANDIDATE]: Term 1 election: Election decided. Result: candidate won. Election summary: received 3 responses out of 3 voters: 2 yes votes; 1 no votes. yes voters: 377368f2a00147ae9aa86d95636ee325, 6304e40c87ea4f6191c9ec61161c3294; no voters: f1c473e2589d49678940511520f7e8d5
I20260710 13:24:30.280267 23548 raft_consensus.cc:359] T 81e641f1c749415c819d592624e7a593 P 377368f2a00147ae9aa86d95636ee325 [term 0 FOLLOWER]: Replica starting. Triggering 0 pending ops. Active config: opid_index: -1 OBSOLETE_local: false peers { permanent_uuid: "377368f2a00147ae9aa86d95636ee325" member_type: VOTER last_known_addr { host: "127.21.185.193" port: 39209 } } peers { permanent_uuid: "f1c473e2589d49678940511520f7e8d5" member_type: VOTER last_known_addr { host: "127.21.185.194" port: 34587 } } peers { permanent_uuid: "6304e40c87ea4f6191c9ec61161c3294" member_type: VOTER last_known_addr { host: "127.21.185.195" port: 34553 } }
I20260710 13:24:30.281193 23548 raft_consensus.cc:385] T 81e641f1c749415c819d592624e7a593 P 377368f2a00147ae9aa86d95636ee325 [term 0 FOLLOWER]: Consensus starting up: Expiring failure detector timer to make a prompt election more likely
I20260710 13:24:30.281497 23548 raft_consensus.cc:740] T 81e641f1c749415c819d592624e7a593 P 377368f2a00147ae9aa86d95636ee325 [term 0 FOLLOWER]: Becoming Follower/Learner. State: Replica: 377368f2a00147ae9aa86d95636ee325, State: Initialized, Role: FOLLOWER
I20260710 13:24:30.281674 23506 tablet_service.cc:1917] Received RequestConsensusVote() RPC: tablet_id: "692417da69914b0eafa2024589fac7b0" candidate_uuid: "f1c473e2589d49678940511520f7e8d5" candidate_term: 1 candidate_status { last_received { term: 0 index: 0 } } ignore_live_leader: false dest_uuid: "6304e40c87ea4f6191c9ec61161c3294"
I20260710 13:24:30.282389 23506 raft_consensus.cc:3060] T 692417da69914b0eafa2024589fac7b0 P 6304e40c87ea4f6191c9ec61161c3294 [term 0 FOLLOWER]: Advancing to term 1
I20260710 13:24:30.284099 23547 tablet_bootstrap.cc:654] T 6cb338c86d6c4cf5ab057d9db1cc8d5b P 6304e40c87ea4f6191c9ec61161c3294: Neither blocks nor log segments found. Creating new log.
I20260710 13:24:30.285202 23546 tablet_bootstrap.cc:654] T c2ba0e703588476b8af4bff83f928d70 P f1c473e2589d49678940511520f7e8d5: Neither blocks nor log segments found. Creating new log.
I20260710 13:24:30.285982 23554 raft_consensus.cc:2804] T d242e66bf931467a909240bcd091edc1 P 6304e40c87ea4f6191c9ec61161c3294 [term 1 FOLLOWER]: Leader election won for term 1
I20260710 13:24:30.286542 23554 raft_consensus.cc:697] T d242e66bf931467a909240bcd091edc1 P 6304e40c87ea4f6191c9ec61161c3294 [term 1 LEADER]: Becoming Leader. State: Replica: 6304e40c87ea4f6191c9ec61161c3294, State: Running, Role: LEADER
I20260710 13:24:30.287439 23554 consensus_queue.cc:237] T d242e66bf931467a909240bcd091edc1 P 6304e40c87ea4f6191c9ec61161c3294 [LEADER]: Queue going to LEADER mode. State: All replicated index: 0, Majority replicated index: 0, Committed index: 0, Last appended: 0.0, Last appended by leader: 0, Current term: 1, Majority size: 2, State: 0, Mode: LEADER, active raft config: opid_index: -1 OBSOLETE_local: false peers { permanent_uuid: "377368f2a00147ae9aa86d95636ee325" member_type: VOTER last_known_addr { host: "127.21.185.193" port: 39209 } } peers { permanent_uuid: "f1c473e2589d49678940511520f7e8d5" member_type: VOTER last_known_addr { host: "127.21.185.194" port: 34587 } } peers { permanent_uuid: "6304e40c87ea4f6191c9ec61161c3294" member_type: VOTER last_known_addr { host: "127.21.185.195" port: 34553 } }
I20260710 13:24:30.289062 23255 catalog_manager.cc:5697] T 18a73f468f8c4b08a442daeefee3c7c9 P f1c473e2589d49678940511520f7e8d5 reported cstate change: term changed from 0 to 1, leader changed from <none> to f1c473e2589d49678940511520f7e8d5 (127.21.185.194). New cstate: current_term: 1 leader_uuid: "f1c473e2589d49678940511520f7e8d5" committed_config { opid_index: -1 OBSOLETE_local: false peers { permanent_uuid: "377368f2a00147ae9aa86d95636ee325" member_type: VOTER last_known_addr { host: "127.21.185.193" port: 39209 } health_report { overall_health: UNKNOWN } } peers { permanent_uuid: "f1c473e2589d49678940511520f7e8d5" member_type: VOTER last_known_addr { host: "127.21.185.194" port: 34587 } health_report { overall_health: HEALTHY } } peers { permanent_uuid: "6304e40c87ea4f6191c9ec61161c3294" member_type: VOTER last_known_addr { host: "127.21.185.195" port: 34553 } health_report { overall_health: UNKNOWN } } }
I20260710 13:24:30.292934 23357 tablet_service.cc:1917] Received RequestConsensusVote() RPC: tablet_id: "692417da69914b0eafa2024589fac7b0" candidate_uuid: "f1c473e2589d49678940511520f7e8d5" candidate_term: 1 candidate_status { last_received { term: 0 index: 0 } } ignore_live_leader: false dest_uuid: "377368f2a00147ae9aa86d95636ee325"
I20260710 13:24:30.295042 23548 consensus_queue.cc:260] T 81e641f1c749415c819d592624e7a593 P 377368f2a00147ae9aa86d95636ee325 [NON_LEADER]: Queue going to NON_LEADER mode. State: All replicated index: 0, Majority replicated index: 0, Committed index: 0, Last appended: 0.0, Last appended by leader: 0, Current term: 0, Majority size: -1, State: 0, Mode: NON_LEADER, active raft config: opid_index: -1 OBSOLETE_local: false peers { permanent_uuid: "377368f2a00147ae9aa86d95636ee325" member_type: VOTER last_known_addr { host: "127.21.185.193" port: 39209 } } peers { permanent_uuid: "f1c473e2589d49678940511520f7e8d5" member_type: VOTER last_known_addr { host: "127.21.185.194" port: 34587 } } peers { permanent_uuid: "6304e40c87ea4f6191c9ec61161c3294" member_type: VOTER last_known_addr { host: "127.21.185.195" port: 34553 } }
I20260710 13:24:30.299422 23546 tablet_bootstrap.cc:492] T c2ba0e703588476b8af4bff83f928d70 P f1c473e2589d49678940511520f7e8d5: No bootstrap required, opened a new log
I20260710 13:24:30.299412 23357 raft_consensus.cc:3060] T 692417da69914b0eafa2024589fac7b0 P 377368f2a00147ae9aa86d95636ee325 [term 0 FOLLOWER]: Advancing to term 1
I20260710 13:24:30.300055 23546 ts_tablet_manager.cc:1403] T c2ba0e703588476b8af4bff83f928d70 P f1c473e2589d49678940511520f7e8d5: Time spent bootstrapping tablet: real 0.022s	user 0.012s	sys 0.006s
I20260710 13:24:30.301277 23548 ts_tablet_manager.cc:1434] T 81e641f1c749415c819d592624e7a593 P 377368f2a00147ae9aa86d95636ee325: Time spent starting tablet: real 0.026s	user 0.009s	sys 0.000s
I20260710 13:24:30.302323 23548 tablet_bootstrap.cc:492] T 6cb338c86d6c4cf5ab057d9db1cc8d5b P 377368f2a00147ae9aa86d95636ee325: Bootstrap starting.
I20260710 13:24:30.303071 23546 raft_consensus.cc:359] T c2ba0e703588476b8af4bff83f928d70 P f1c473e2589d49678940511520f7e8d5 [term 0 FOLLOWER]: Replica starting. Triggering 0 pending ops. Active config: opid_index: -1 OBSOLETE_local: false peers { permanent_uuid: "377368f2a00147ae9aa86d95636ee325" member_type: VOTER last_known_addr { host: "127.21.185.193" port: 39209 } } peers { permanent_uuid: "f1c473e2589d49678940511520f7e8d5" member_type: VOTER last_known_addr { host: "127.21.185.194" port: 34587 } } peers { permanent_uuid: "6304e40c87ea4f6191c9ec61161c3294" member_type: VOTER last_known_addr { host: "127.21.185.195" port: 34553 } }
I20260710 13:24:30.303812 23546 raft_consensus.cc:385] T c2ba0e703588476b8af4bff83f928d70 P f1c473e2589d49678940511520f7e8d5 [term 0 FOLLOWER]: Consensus starting up: Expiring failure detector timer to make a prompt election more likely
I20260710 13:24:30.304106 23546 raft_consensus.cc:740] T c2ba0e703588476b8af4bff83f928d70 P f1c473e2589d49678940511520f7e8d5 [term 0 FOLLOWER]: Becoming Follower/Learner. State: Replica: f1c473e2589d49678940511520f7e8d5, State: Initialized, Role: FOLLOWER
I20260710 13:24:30.304891 23546 consensus_queue.cc:260] T c2ba0e703588476b8af4bff83f928d70 P f1c473e2589d49678940511520f7e8d5 [NON_LEADER]: Queue going to NON_LEADER mode. State: All replicated index: 0, Majority replicated index: 0, Committed index: 0, Last appended: 0.0, Last appended by leader: 0, Current term: 0, Majority size: -1, State: 0, Mode: NON_LEADER, active raft config: opid_index: -1 OBSOLETE_local: false peers { permanent_uuid: "377368f2a00147ae9aa86d95636ee325" member_type: VOTER last_known_addr { host: "127.21.185.193" port: 39209 } } peers { permanent_uuid: "f1c473e2589d49678940511520f7e8d5" member_type: VOTER last_known_addr { host: "127.21.185.194" port: 34587 } } peers { permanent_uuid: "6304e40c87ea4f6191c9ec61161c3294" member_type: VOTER last_known_addr { host: "127.21.185.195" port: 34553 } }
I20260710 13:24:30.307271 23546 ts_tablet_manager.cc:1434] T c2ba0e703588476b8af4bff83f928d70 P f1c473e2589d49678940511520f7e8d5: Time spent starting tablet: real 0.007s	user 0.006s	sys 0.000s
I20260710 13:24:30.308375 23546 tablet_bootstrap.cc:492] T 81e641f1c749415c819d592624e7a593 P f1c473e2589d49678940511520f7e8d5: Bootstrap starting.
I20260710 13:24:30.308365 23357 raft_consensus.cc:2468] T 692417da69914b0eafa2024589fac7b0 P 377368f2a00147ae9aa86d95636ee325 [term 1 FOLLOWER]: Leader election vote request: Granting yes vote for candidate f1c473e2589d49678940511520f7e8d5 in term 1.
I20260710 13:24:30.309221 23548 tablet_bootstrap.cc:654] T 6cb338c86d6c4cf5ab057d9db1cc8d5b P 377368f2a00147ae9aa86d95636ee325: Neither blocks nor log segments found. Creating new log.
I20260710 13:24:30.298688 23506 raft_consensus.cc:2468] T 692417da69914b0eafa2024589fac7b0 P 6304e40c87ea4f6191c9ec61161c3294 [term 1 FOLLOWER]: Leader election vote request: Granting yes vote for candidate f1c473e2589d49678940511520f7e8d5 in term 1.
I20260710 13:24:30.309957 23398 leader_election.cc:304] T 692417da69914b0eafa2024589fac7b0 P f1c473e2589d49678940511520f7e8d5 [CANDIDATE]: Term 1 election: Election decided. Result: candidate won. Election summary: received 2 responses out of 3 voters: 2 yes votes; 0 no votes. yes voters: 377368f2a00147ae9aa86d95636ee325, f1c473e2589d49678940511520f7e8d5; no voters: 
I20260710 13:24:30.311759 23553 raft_consensus.cc:2804] T 692417da69914b0eafa2024589fac7b0 P f1c473e2589d49678940511520f7e8d5 [term 1 FOLLOWER]: Leader election won for term 1
I20260710 13:24:30.312587 23553 raft_consensus.cc:697] T 692417da69914b0eafa2024589fac7b0 P f1c473e2589d49678940511520f7e8d5 [term 1 LEADER]: Becoming Leader. State: Replica: f1c473e2589d49678940511520f7e8d5, State: Running, Role: LEADER
I20260710 13:24:30.313515 23553 consensus_queue.cc:237] T 692417da69914b0eafa2024589fac7b0 P f1c473e2589d49678940511520f7e8d5 [LEADER]: Queue going to LEADER mode. State: All replicated index: 0, Majority replicated index: 0, Committed index: 0, Last appended: 0.0, Last appended by leader: 0, Current term: 1, Majority size: 2, State: 0, Mode: LEADER, active raft config: opid_index: -1 OBSOLETE_local: false peers { permanent_uuid: "377368f2a00147ae9aa86d95636ee325" member_type: VOTER last_known_addr { host: "127.21.185.193" port: 39209 } } peers { permanent_uuid: "f1c473e2589d49678940511520f7e8d5" member_type: VOTER last_known_addr { host: "127.21.185.194" port: 34587 } } peers { permanent_uuid: "6304e40c87ea4f6191c9ec61161c3294" member_type: VOTER last_known_addr { host: "127.21.185.195" port: 34553 } }
I20260710 13:24:30.315663 23546 tablet_bootstrap.cc:654] T 81e641f1c749415c819d592624e7a593 P f1c473e2589d49678940511520f7e8d5: Neither blocks nor log segments found. Creating new log.
I20260710 13:24:30.322741 23548 tablet_bootstrap.cc:492] T 6cb338c86d6c4cf5ab057d9db1cc8d5b P 377368f2a00147ae9aa86d95636ee325: No bootstrap required, opened a new log
I20260710 13:24:30.323334 23548 ts_tablet_manager.cc:1403] T 6cb338c86d6c4cf5ab057d9db1cc8d5b P 377368f2a00147ae9aa86d95636ee325: Time spent bootstrapping tablet: real 0.021s	user 0.005s	sys 0.007s
I20260710 13:24:30.324323 23554 raft_consensus.cc:493] T e6992e36bcdf4bceb66e194af8f3457e P 6304e40c87ea4f6191c9ec61161c3294 [term 0 FOLLOWER]: Starting pre-election (no leader contacted us within the election timeout)
I20260710 13:24:30.324926 23554 raft_consensus.cc:515] T e6992e36bcdf4bceb66e194af8f3457e P 6304e40c87ea4f6191c9ec61161c3294 [term 0 FOLLOWER]: Starting pre-election with config: opid_index: -1 OBSOLETE_local: false peers { permanent_uuid: "377368f2a00147ae9aa86d95636ee325" member_type: VOTER last_known_addr { host: "127.21.185.193" port: 39209 } } peers { permanent_uuid: "f1c473e2589d49678940511520f7e8d5" member_type: VOTER last_known_addr { host: "127.21.185.194" port: 34587 } } peers { permanent_uuid: "6304e40c87ea4f6191c9ec61161c3294" member_type: VOTER last_known_addr { host: "127.21.185.195" port: 34553 } }
I20260710 13:24:30.328919 23433 tablet_service.cc:1917] Received RequestConsensusVote() RPC: tablet_id: "e6992e36bcdf4bceb66e194af8f3457e" candidate_uuid: "6304e40c87ea4f6191c9ec61161c3294" candidate_term: 1 candidate_status { last_received { term: 0 index: 0 } } ignore_live_leader: false dest_uuid: "f1c473e2589d49678940511520f7e8d5" is_pre_election: true
I20260710 13:24:30.329632 23433 raft_consensus.cc:2468] T e6992e36bcdf4bceb66e194af8f3457e P f1c473e2589d49678940511520f7e8d5 [term 0 FOLLOWER]: Leader pre-election vote request: Granting yes vote for candidate 6304e40c87ea4f6191c9ec61161c3294 in term 0.
I20260710 13:24:30.331051 23546 tablet_bootstrap.cc:492] T 81e641f1c749415c819d592624e7a593 P f1c473e2589d49678940511520f7e8d5: No bootstrap required, opened a new log
I20260710 13:24:30.331544 23546 ts_tablet_manager.cc:1403] T 81e641f1c749415c819d592624e7a593 P f1c473e2589d49678940511520f7e8d5: Time spent bootstrapping tablet: real 0.023s	user 0.013s	sys 0.001s
I20260710 13:24:30.331851 23470 leader_election.cc:304] T e6992e36bcdf4bceb66e194af8f3457e P 6304e40c87ea4f6191c9ec61161c3294 [CANDIDATE]: Term 1 pre-election: Election decided. Result: candidate won. Election summary: received 2 responses out of 3 voters: 2 yes votes; 0 no votes. yes voters: 6304e40c87ea4f6191c9ec61161c3294, f1c473e2589d49678940511520f7e8d5; no voters: 
I20260710 13:24:30.332933 23569 raft_consensus.cc:2804] T e6992e36bcdf4bceb66e194af8f3457e P 6304e40c87ea4f6191c9ec61161c3294 [term 0 FOLLOWER]: Leader pre-election won for term 1
I20260710 13:24:30.333076 23357 tablet_service.cc:1917] Received RequestConsensusVote() RPC: tablet_id: "e6992e36bcdf4bceb66e194af8f3457e" candidate_uuid: "6304e40c87ea4f6191c9ec61161c3294" candidate_term: 1 candidate_status { last_received { term: 0 index: 0 } } ignore_live_leader: false dest_uuid: "377368f2a00147ae9aa86d95636ee325" is_pre_election: true
I20260710 13:24:30.333617 23569 raft_consensus.cc:493] T e6992e36bcdf4bceb66e194af8f3457e P 6304e40c87ea4f6191c9ec61161c3294 [term 0 FOLLOWER]: Starting leader election (no leader contacted us within the election timeout)
I20260710 13:24:30.334209 23569 raft_consensus.cc:3060] T e6992e36bcdf4bceb66e194af8f3457e P 6304e40c87ea4f6191c9ec61161c3294 [term 0 FOLLOWER]: Advancing to term 1
I20260710 13:24:30.333546 23554 leader_election.cc:290] T e6992e36bcdf4bceb66e194af8f3457e P 6304e40c87ea4f6191c9ec61161c3294 [CANDIDATE]: Term 1 pre-election: Requested pre-vote from peers 377368f2a00147ae9aa86d95636ee325 (127.21.185.193:39209), f1c473e2589d49678940511520f7e8d5 (127.21.185.194:34587)
I20260710 13:24:30.334268 23357 raft_consensus.cc:2468] T e6992e36bcdf4bceb66e194af8f3457e P 377368f2a00147ae9aa86d95636ee325 [term 0 FOLLOWER]: Leader pre-election vote request: Granting yes vote for candidate 6304e40c87ea4f6191c9ec61161c3294 in term 0.
I20260710 13:24:30.334695 23546 raft_consensus.cc:359] T 81e641f1c749415c819d592624e7a593 P f1c473e2589d49678940511520f7e8d5 [term 0 FOLLOWER]: Replica starting. Triggering 0 pending ops. Active config: opid_index: -1 OBSOLETE_local: false peers { permanent_uuid: "377368f2a00147ae9aa86d95636ee325" member_type: VOTER last_known_addr { host: "127.21.185.193" port: 39209 } } peers { permanent_uuid: "f1c473e2589d49678940511520f7e8d5" member_type: VOTER last_known_addr { host: "127.21.185.194" port: 34587 } } peers { permanent_uuid: "6304e40c87ea4f6191c9ec61161c3294" member_type: VOTER last_known_addr { host: "127.21.185.195" port: 34553 } }
I20260710 13:24:30.335449 23546 raft_consensus.cc:385] T 81e641f1c749415c819d592624e7a593 P f1c473e2589d49678940511520f7e8d5 [term 0 FOLLOWER]: Consensus starting up: Expiring failure detector timer to make a prompt election more likely
I20260710 13:24:30.335747 23546 raft_consensus.cc:740] T 81e641f1c749415c819d592624e7a593 P f1c473e2589d49678940511520f7e8d5 [term 0 FOLLOWER]: Becoming Follower/Learner. State: Replica: f1c473e2589d49678940511520f7e8d5, State: Initialized, Role: FOLLOWER
I20260710 13:24:30.336465 23546 consensus_queue.cc:260] T 81e641f1c749415c819d592624e7a593 P f1c473e2589d49678940511520f7e8d5 [NON_LEADER]: Queue going to NON_LEADER mode. State: All replicated index: 0, Majority replicated index: 0, Committed index: 0, Last appended: 0.0, Last appended by leader: 0, Current term: 0, Majority size: -1, State: 0, Mode: NON_LEADER, active raft config: opid_index: -1 OBSOLETE_local: false peers { permanent_uuid: "377368f2a00147ae9aa86d95636ee325" member_type: VOTER last_known_addr { host: "127.21.185.193" port: 39209 } } peers { permanent_uuid: "f1c473e2589d49678940511520f7e8d5" member_type: VOTER last_known_addr { host: "127.21.185.194" port: 34587 } } peers { permanent_uuid: "6304e40c87ea4f6191c9ec61161c3294" member_type: VOTER last_known_addr { host: "127.21.185.195" port: 34553 } }
I20260710 13:24:30.338400 23548 raft_consensus.cc:359] T 6cb338c86d6c4cf5ab057d9db1cc8d5b P 377368f2a00147ae9aa86d95636ee325 [term 0 FOLLOWER]: Replica starting. Triggering 0 pending ops. Active config: opid_index: -1 OBSOLETE_local: false peers { permanent_uuid: "377368f2a00147ae9aa86d95636ee325" member_type: VOTER last_known_addr { host: "127.21.185.193" port: 39209 } } peers { permanent_uuid: "f1c473e2589d49678940511520f7e8d5" member_type: VOTER last_known_addr { host: "127.21.185.194" port: 34587 } } peers { permanent_uuid: "6304e40c87ea4f6191c9ec61161c3294" member_type: VOTER last_known_addr { host: "127.21.185.195" port: 34553 } }
I20260710 13:24:30.339191 23548 raft_consensus.cc:385] T 6cb338c86d6c4cf5ab057d9db1cc8d5b P 377368f2a00147ae9aa86d95636ee325 [term 0 FOLLOWER]: Consensus starting up: Expiring failure detector timer to make a prompt election more likely
I20260710 13:24:30.339463 23548 raft_consensus.cc:740] T 6cb338c86d6c4cf5ab057d9db1cc8d5b P 377368f2a00147ae9aa86d95636ee325 [term 0 FOLLOWER]: Becoming Follower/Learner. State: Replica: 377368f2a00147ae9aa86d95636ee325, State: Initialized, Role: FOLLOWER
I20260710 13:24:30.340142 23548 consensus_queue.cc:260] T 6cb338c86d6c4cf5ab057d9db1cc8d5b P 377368f2a00147ae9aa86d95636ee325 [NON_LEADER]: Queue going to NON_LEADER mode. State: All replicated index: 0, Majority replicated index: 0, Committed index: 0, Last appended: 0.0, Last appended by leader: 0, Current term: 0, Majority size: -1, State: 0, Mode: NON_LEADER, active raft config: opid_index: -1 OBSOLETE_local: false peers { permanent_uuid: "377368f2a00147ae9aa86d95636ee325" member_type: VOTER last_known_addr { host: "127.21.185.193" port: 39209 } } peers { permanent_uuid: "f1c473e2589d49678940511520f7e8d5" member_type: VOTER last_known_addr { host: "127.21.185.194" port: 34587 } } peers { permanent_uuid: "6304e40c87ea4f6191c9ec61161c3294" member_type: VOTER last_known_addr { host: "127.21.185.195" port: 34553 } }
I20260710 13:24:30.342162 23548 ts_tablet_manager.cc:1434] T 6cb338c86d6c4cf5ab057d9db1cc8d5b P 377368f2a00147ae9aa86d95636ee325: Time spent starting tablet: real 0.018s	user 0.008s	sys 0.000s
I20260710 13:24:30.343564 23546 ts_tablet_manager.cc:1434] T 81e641f1c749415c819d592624e7a593 P f1c473e2589d49678940511520f7e8d5: Time spent starting tablet: real 0.012s	user 0.008s	sys 0.000s
I20260710 13:24:30.344174 23548 tablet_bootstrap.cc:492] T 33c5a91177b14fa08d60755a6097b3fa P 377368f2a00147ae9aa86d95636ee325: Bootstrap starting.
I20260710 13:24:30.344511 23546 tablet_bootstrap.cc:492] T e2c7d8c67cf9450abd2a7758de0a677f P f1c473e2589d49678940511520f7e8d5: Bootstrap starting.
I20260710 13:24:30.345046 23553 raft_consensus.cc:493] T 6cb338c86d6c4cf5ab057d9db1cc8d5b P f1c473e2589d49678940511520f7e8d5 [term 0 FOLLOWER]: Starting pre-election (no leader contacted us within the election timeout)
I20260710 13:24:30.345497 23553 raft_consensus.cc:515] T 6cb338c86d6c4cf5ab057d9db1cc8d5b P f1c473e2589d49678940511520f7e8d5 [term 0 FOLLOWER]: Starting pre-election with config: opid_index: -1 OBSOLETE_local: false peers { permanent_uuid: "377368f2a00147ae9aa86d95636ee325" member_type: VOTER last_known_addr { host: "127.21.185.193" port: 39209 } } peers { permanent_uuid: "f1c473e2589d49678940511520f7e8d5" member_type: VOTER last_known_addr { host: "127.21.185.194" port: 34587 } } peers { permanent_uuid: "6304e40c87ea4f6191c9ec61161c3294" member_type: VOTER last_known_addr { host: "127.21.185.195" port: 34553 } }
I20260710 13:24:30.348047 23569 raft_consensus.cc:515] T e6992e36bcdf4bceb66e194af8f3457e P 6304e40c87ea4f6191c9ec61161c3294 [term 1 FOLLOWER]: Starting leader election with config: opid_index: -1 OBSOLETE_local: false peers { permanent_uuid: "377368f2a00147ae9aa86d95636ee325" member_type: VOTER last_known_addr { host: "127.21.185.193" port: 39209 } } peers { permanent_uuid: "f1c473e2589d49678940511520f7e8d5" member_type: VOTER last_known_addr { host: "127.21.185.194" port: 34587 } } peers { permanent_uuid: "6304e40c87ea4f6191c9ec61161c3294" member_type: VOTER last_known_addr { host: "127.21.185.195" port: 34553 } }
I20260710 13:24:30.348608 23357 tablet_service.cc:1917] Received RequestConsensusVote() RPC: tablet_id: "6cb338c86d6c4cf5ab057d9db1cc8d5b" candidate_uuid: "f1c473e2589d49678940511520f7e8d5" candidate_term: 1 candidate_status { last_received { term: 0 index: 0 } } ignore_live_leader: false dest_uuid: "377368f2a00147ae9aa86d95636ee325" is_pre_election: true
I20260710 13:24:30.349292 23357 raft_consensus.cc:2468] T 6cb338c86d6c4cf5ab057d9db1cc8d5b P 377368f2a00147ae9aa86d95636ee325 [term 0 FOLLOWER]: Leader pre-election vote request: Granting yes vote for candidate f1c473e2589d49678940511520f7e8d5 in term 0.
I20260710 13:24:30.350835 23398 leader_election.cc:304] T 6cb338c86d6c4cf5ab057d9db1cc8d5b P f1c473e2589d49678940511520f7e8d5 [CANDIDATE]: Term 1 pre-election: Election decided. Result: candidate won. Election summary: received 2 responses out of 3 voters: 2 yes votes; 0 no votes. yes voters: 377368f2a00147ae9aa86d95636ee325, f1c473e2589d49678940511520f7e8d5; no voters: 
I20260710 13:24:30.351605 23546 tablet_bootstrap.cc:654] T e2c7d8c67cf9450abd2a7758de0a677f P f1c473e2589d49678940511520f7e8d5: Neither blocks nor log segments found. Creating new log.
I20260710 13:24:30.351699 23580 raft_consensus.cc:2804] T 6cb338c86d6c4cf5ab057d9db1cc8d5b P f1c473e2589d49678940511520f7e8d5 [term 0 FOLLOWER]: Leader pre-election won for term 1
I20260710 13:24:30.352063 23580 raft_consensus.cc:493] T 6cb338c86d6c4cf5ab057d9db1cc8d5b P f1c473e2589d49678940511520f7e8d5 [term 0 FOLLOWER]: Starting leader election (no leader contacted us within the election timeout)
I20260710 13:24:30.352399 23580 raft_consensus.cc:3060] T 6cb338c86d6c4cf5ab057d9db1cc8d5b P f1c473e2589d49678940511520f7e8d5 [term 0 FOLLOWER]: Advancing to term 1
I20260710 13:24:30.358311 23254 catalog_manager.cc:5697] T d242e66bf931467a909240bcd091edc1 P 6304e40c87ea4f6191c9ec61161c3294 reported cstate change: term changed from 0 to 1, leader changed from <none> to 6304e40c87ea4f6191c9ec61161c3294 (127.21.185.195). New cstate: current_term: 1 leader_uuid: "6304e40c87ea4f6191c9ec61161c3294" committed_config { opid_index: -1 OBSOLETE_local: false peers { permanent_uuid: "377368f2a00147ae9aa86d95636ee325" member_type: VOTER last_known_addr { host: "127.21.185.193" port: 39209 } health_report { overall_health: UNKNOWN } } peers { permanent_uuid: "f1c473e2589d49678940511520f7e8d5" member_type: VOTER last_known_addr { host: "127.21.185.194" port: 34587 } health_report { overall_health: UNKNOWN } } peers { permanent_uuid: "6304e40c87ea4f6191c9ec61161c3294" member_type: VOTER last_known_addr { host: "127.21.185.195" port: 34553 } health_report { overall_health: HEALTHY } } }
I20260710 13:24:30.360374 23553 leader_election.cc:290] T 6cb338c86d6c4cf5ab057d9db1cc8d5b P f1c473e2589d49678940511520f7e8d5 [CANDIDATE]: Term 1 pre-election: Requested pre-vote from peers 377368f2a00147ae9aa86d95636ee325 (127.21.185.193:39209), 6304e40c87ea4f6191c9ec61161c3294 (127.21.185.195:34553)
I20260710 13:24:30.360481 23506 tablet_service.cc:1917] Received RequestConsensusVote() RPC: tablet_id: "6cb338c86d6c4cf5ab057d9db1cc8d5b" candidate_uuid: "f1c473e2589d49678940511520f7e8d5" candidate_term: 1 candidate_status { last_received { term: 0 index: 0 } } ignore_live_leader: false dest_uuid: "6304e40c87ea4f6191c9ec61161c3294" is_pre_election: true
W20260710 13:24:30.362305 23398 leader_election.cc:343] T 6cb338c86d6c4cf5ab057d9db1cc8d5b P f1c473e2589d49678940511520f7e8d5 [CANDIDATE]: Term 1 pre-election: Tablet error from VoteRequest() call to peer 6304e40c87ea4f6191c9ec61161c3294 (127.21.185.195:34553): Illegal state: must be running to vote when last-logged opid is not known
I20260710 13:24:30.371342 23552 raft_consensus.cc:493] T 4b513edd3d0543ed9197d01093e79c91 P 377368f2a00147ae9aa86d95636ee325 [term 0 FOLLOWER]: Starting pre-election (no leader contacted us within the election timeout)
I20260710 13:24:30.372125 23552 raft_consensus.cc:515] T 4b513edd3d0543ed9197d01093e79c91 P 377368f2a00147ae9aa86d95636ee325 [term 0 FOLLOWER]: Starting pre-election with config: opid_index: -1 OBSOLETE_local: false peers { permanent_uuid: "377368f2a00147ae9aa86d95636ee325" member_type: VOTER last_known_addr { host: "127.21.185.193" port: 39209 } } peers { permanent_uuid: "f1c473e2589d49678940511520f7e8d5" member_type: VOTER last_known_addr { host: "127.21.185.194" port: 34587 } } peers { permanent_uuid: "6304e40c87ea4f6191c9ec61161c3294" member_type: VOTER last_known_addr { host: "127.21.185.195" port: 34553 } }
I20260710 13:24:30.376686 23552 leader_election.cc:290] T 4b513edd3d0543ed9197d01093e79c91 P 377368f2a00147ae9aa86d95636ee325 [CANDIDATE]: Term 1 pre-election: Requested pre-vote from peers f1c473e2589d49678940511520f7e8d5 (127.21.185.194:34587), 6304e40c87ea4f6191c9ec61161c3294 (127.21.185.195:34553)
I20260710 13:24:30.378250 23554 raft_consensus.cc:493] T e2c7d8c67cf9450abd2a7758de0a677f P 6304e40c87ea4f6191c9ec61161c3294 [term 0 FOLLOWER]: Starting pre-election (no leader contacted us within the election timeout)
I20260710 13:24:30.378823 23554 raft_consensus.cc:515] T e2c7d8c67cf9450abd2a7758de0a677f P 6304e40c87ea4f6191c9ec61161c3294 [term 0 FOLLOWER]: Starting pre-election with config: opid_index: -1 OBSOLETE_local: false peers { permanent_uuid: "377368f2a00147ae9aa86d95636ee325" member_type: VOTER last_known_addr { host: "127.21.185.193" port: 39209 } } peers { permanent_uuid: "f1c473e2589d49678940511520f7e8d5" member_type: VOTER last_known_addr { host: "127.21.185.194" port: 34587 } } peers { permanent_uuid: "6304e40c87ea4f6191c9ec61161c3294" member_type: VOTER last_known_addr { host: "127.21.185.195" port: 34553 } }
I20260710 13:24:30.381949 23554 leader_election.cc:290] T e2c7d8c67cf9450abd2a7758de0a677f P 6304e40c87ea4f6191c9ec61161c3294 [CANDIDATE]: Term 1 pre-election: Requested pre-vote from peers 377368f2a00147ae9aa86d95636ee325 (127.21.185.193:39209), f1c473e2589d49678940511520f7e8d5 (127.21.185.194:34587)
I20260710 13:24:30.382385 23357 tablet_service.cc:1917] Received RequestConsensusVote() RPC: tablet_id: "e2c7d8c67cf9450abd2a7758de0a677f" candidate_uuid: "6304e40c87ea4f6191c9ec61161c3294" candidate_term: 1 candidate_status { last_received { term: 0 index: 0 } } ignore_live_leader: false dest_uuid: "377368f2a00147ae9aa86d95636ee325" is_pre_election: true
I20260710 13:24:30.382833 23433 tablet_service.cc:1917] Received RequestConsensusVote() RPC: tablet_id: "e2c7d8c67cf9450abd2a7758de0a677f" candidate_uuid: "6304e40c87ea4f6191c9ec61161c3294" candidate_term: 1 candidate_status { last_received { term: 0 index: 0 } } ignore_live_leader: false dest_uuid: "f1c473e2589d49678940511520f7e8d5" is_pre_election: true
W20260710 13:24:30.383911 23472 leader_election.cc:343] T e2c7d8c67cf9450abd2a7758de0a677f P 6304e40c87ea4f6191c9ec61161c3294 [CANDIDATE]: Term 1 pre-election: Tablet error from VoteRequest() call to peer 377368f2a00147ae9aa86d95636ee325 (127.21.185.193:39209): Illegal state: must be running to vote when last-logged opid is not known
W20260710 13:24:30.385012 23470 leader_election.cc:343] T e2c7d8c67cf9450abd2a7758de0a677f P 6304e40c87ea4f6191c9ec61161c3294 [CANDIDATE]: Term 1 pre-election: Tablet error from VoteRequest() call to peer f1c473e2589d49678940511520f7e8d5 (127.21.185.194:34587): Illegal state: must be running to vote when last-logged opid is not known
I20260710 13:24:30.385645 23470 leader_election.cc:304] T e2c7d8c67cf9450abd2a7758de0a677f P 6304e40c87ea4f6191c9ec61161c3294 [CANDIDATE]: Term 1 pre-election: Election decided. Result: candidate lost. Election summary: received 3 responses out of 3 voters: 1 yes votes; 2 no votes. yes voters: 6304e40c87ea4f6191c9ec61161c3294; no voters: 377368f2a00147ae9aa86d95636ee325, f1c473e2589d49678940511520f7e8d5
I20260710 13:24:30.387420 23554 raft_consensus.cc:2749] T e2c7d8c67cf9450abd2a7758de0a677f P 6304e40c87ea4f6191c9ec61161c3294 [term 0 FOLLOWER]: Leader pre-election lost for term 1. Reason: could not achieve majority
I20260710 13:24:30.394397 23580 raft_consensus.cc:515] T 6cb338c86d6c4cf5ab057d9db1cc8d5b P f1c473e2589d49678940511520f7e8d5 [term 1 FOLLOWER]: Starting leader election with config: opid_index: -1 OBSOLETE_local: false peers { permanent_uuid: "377368f2a00147ae9aa86d95636ee325" member_type: VOTER last_known_addr { host: "127.21.185.193" port: 39209 } } peers { permanent_uuid: "f1c473e2589d49678940511520f7e8d5" member_type: VOTER last_known_addr { host: "127.21.185.194" port: 34587 } } peers { permanent_uuid: "6304e40c87ea4f6191c9ec61161c3294" member_type: VOTER last_known_addr { host: "127.21.185.195" port: 34553 } }
I20260710 13:24:30.401376 23357 tablet_service.cc:1917] Received RequestConsensusVote() RPC: tablet_id: "6cb338c86d6c4cf5ab057d9db1cc8d5b" candidate_uuid: "f1c473e2589d49678940511520f7e8d5" candidate_term: 1 candidate_status { last_received { term: 0 index: 0 } } ignore_live_leader: false dest_uuid: "377368f2a00147ae9aa86d95636ee325"
I20260710 13:24:30.401885 23553 raft_consensus.cc:493] T 33c5a91177b14fa08d60755a6097b3fa P f1c473e2589d49678940511520f7e8d5 [term 0 FOLLOWER]: Starting pre-election (no leader contacted us within the election timeout)
I20260710 13:24:30.402225 23357 raft_consensus.cc:3060] T 6cb338c86d6c4cf5ab057d9db1cc8d5b P 377368f2a00147ae9aa86d95636ee325 [term 0 FOLLOWER]: Advancing to term 1
I20260710 13:24:30.402982 23553 raft_consensus.cc:515] T 33c5a91177b14fa08d60755a6097b3fa P f1c473e2589d49678940511520f7e8d5 [term 0 FOLLOWER]: Starting pre-election with config: opid_index: -1 OBSOLETE_local: false peers { permanent_uuid: "f1c473e2589d49678940511520f7e8d5" member_type: VOTER last_known_addr { host: "127.21.185.194" port: 34587 } } peers { permanent_uuid: "6304e40c87ea4f6191c9ec61161c3294" member_type: VOTER last_known_addr { host: "127.21.185.195" port: 34553 } } peers { permanent_uuid: "377368f2a00147ae9aa86d95636ee325" member_type: VOTER last_known_addr { host: "127.21.185.193" port: 39209 } }
I20260710 13:24:30.406813 23506 tablet_service.cc:1917] Received RequestConsensusVote() RPC: tablet_id: "33c5a91177b14fa08d60755a6097b3fa" candidate_uuid: "f1c473e2589d49678940511520f7e8d5" candidate_term: 1 candidate_status { last_received { term: 0 index: 0 } } ignore_live_leader: false dest_uuid: "6304e40c87ea4f6191c9ec61161c3294" is_pre_election: true
I20260710 13:24:30.407403 23256 catalog_manager.cc:5697] T 692417da69914b0eafa2024589fac7b0 P f1c473e2589d49678940511520f7e8d5 reported cstate change: term changed from 0 to 1, leader changed from <none> to f1c473e2589d49678940511520f7e8d5 (127.21.185.194). New cstate: current_term: 1 leader_uuid: "f1c473e2589d49678940511520f7e8d5" committed_config { opid_index: -1 OBSOLETE_local: false peers { permanent_uuid: "377368f2a00147ae9aa86d95636ee325" member_type: VOTER last_known_addr { host: "127.21.185.193" port: 39209 } health_report { overall_health: UNKNOWN } } peers { permanent_uuid: "f1c473e2589d49678940511520f7e8d5" member_type: VOTER last_known_addr { host: "127.21.185.194" port: 34587 } health_report { overall_health: HEALTHY } } peers { permanent_uuid: "6304e40c87ea4f6191c9ec61161c3294" member_type: VOTER last_known_addr { host: "127.21.185.195" port: 34553 } health_report { overall_health: UNKNOWN } } }
W20260710 13:24:30.408401 23398 leader_election.cc:343] T 33c5a91177b14fa08d60755a6097b3fa P f1c473e2589d49678940511520f7e8d5 [CANDIDATE]: Term 1 pre-election: Tablet error from VoteRequest() call to peer 6304e40c87ea4f6191c9ec61161c3294 (127.21.185.195:34553): Illegal state: must be running to vote when last-logged opid is not known
I20260710 13:24:30.408985 23358 tablet_service.cc:1917] Received RequestConsensusVote() RPC: tablet_id: "33c5a91177b14fa08d60755a6097b3fa" candidate_uuid: "f1c473e2589d49678940511520f7e8d5" candidate_term: 1 candidate_status { last_received { term: 0 index: 0 } } ignore_live_leader: false dest_uuid: "377368f2a00147ae9aa86d95636ee325" is_pre_election: true
I20260710 13:24:30.409013 23553 leader_election.cc:290] T 33c5a91177b14fa08d60755a6097b3fa P f1c473e2589d49678940511520f7e8d5 [CANDIDATE]: Term 1 pre-election: Requested pre-vote from peers 6304e40c87ea4f6191c9ec61161c3294 (127.21.185.195:34553), 377368f2a00147ae9aa86d95636ee325 (127.21.185.193:39209)
W20260710 13:24:30.410841 23398 leader_election.cc:343] T 33c5a91177b14fa08d60755a6097b3fa P f1c473e2589d49678940511520f7e8d5 [CANDIDATE]: Term 1 pre-election: Tablet error from VoteRequest() call to peer 377368f2a00147ae9aa86d95636ee325 (127.21.185.193:39209): Illegal state: must be running to vote when last-logged opid is not known
I20260710 13:24:30.411463 23398 leader_election.cc:304] T 33c5a91177b14fa08d60755a6097b3fa P f1c473e2589d49678940511520f7e8d5 [CANDIDATE]: Term 1 pre-election: Election decided. Result: candidate lost. Election summary: received 3 responses out of 3 voters: 1 yes votes; 2 no votes. yes voters: f1c473e2589d49678940511520f7e8d5; no voters: 377368f2a00147ae9aa86d95636ee325, 6304e40c87ea4f6191c9ec61161c3294
I20260710 13:24:30.411953 23358 tablet_service.cc:1917] Received RequestConsensusVote() RPC: tablet_id: "e6992e36bcdf4bceb66e194af8f3457e" candidate_uuid: "6304e40c87ea4f6191c9ec61161c3294" candidate_term: 1 candidate_status { last_received { term: 0 index: 0 } } ignore_live_leader: false dest_uuid: "377368f2a00147ae9aa86d95636ee325"
I20260710 13:24:30.412564 23358 raft_consensus.cc:3060] T e6992e36bcdf4bceb66e194af8f3457e P 377368f2a00147ae9aa86d95636ee325 [term 0 FOLLOWER]: Advancing to term 1
I20260710 13:24:30.413085 23553 raft_consensus.cc:2749] T 33c5a91177b14fa08d60755a6097b3fa P f1c473e2589d49678940511520f7e8d5 [term 0 FOLLOWER]: Leader pre-election lost for term 1. Reason: could not achieve majority
I20260710 13:24:30.413847 23357 raft_consensus.cc:2468] T 6cb338c86d6c4cf5ab057d9db1cc8d5b P 377368f2a00147ae9aa86d95636ee325 [term 1 FOLLOWER]: Leader election vote request: Granting yes vote for candidate f1c473e2589d49678940511520f7e8d5 in term 1.
I20260710 13:24:30.415118 23398 leader_election.cc:304] T 6cb338c86d6c4cf5ab057d9db1cc8d5b P f1c473e2589d49678940511520f7e8d5 [CANDIDATE]: Term 1 election: Election decided. Result: candidate won. Election summary: received 2 responses out of 3 voters: 2 yes votes; 0 no votes. yes voters: 377368f2a00147ae9aa86d95636ee325, f1c473e2589d49678940511520f7e8d5; no voters: 
I20260710 13:24:30.418072 23553 raft_consensus.cc:2804] T 6cb338c86d6c4cf5ab057d9db1cc8d5b P f1c473e2589d49678940511520f7e8d5 [term 1 FOLLOWER]: Leader election won for term 1
I20260710 13:24:30.418932 23553 raft_consensus.cc:697] T 6cb338c86d6c4cf5ab057d9db1cc8d5b P f1c473e2589d49678940511520f7e8d5 [term 1 LEADER]: Becoming Leader. State: Replica: f1c473e2589d49678940511520f7e8d5, State: Running, Role: LEADER
I20260710 13:24:30.418964 23506 tablet_service.cc:1917] Received RequestConsensusVote() RPC: tablet_id: "6cb338c86d6c4cf5ab057d9db1cc8d5b" candidate_uuid: "f1c473e2589d49678940511520f7e8d5" candidate_term: 1 candidate_status { last_received { term: 0 index: 0 } } ignore_live_leader: false dest_uuid: "6304e40c87ea4f6191c9ec61161c3294"
W20260710 13:24:30.420698 23398 leader_election.cc:343] T 6cb338c86d6c4cf5ab057d9db1cc8d5b P f1c473e2589d49678940511520f7e8d5 [CANDIDATE]: Term 1 election: Tablet error from VoteRequest() call to peer 6304e40c87ea4f6191c9ec61161c3294 (127.21.185.195:34553): Illegal state: must be running to vote when last-logged opid is not known
I20260710 13:24:30.420369 23553 consensus_queue.cc:237] T 6cb338c86d6c4cf5ab057d9db1cc8d5b P f1c473e2589d49678940511520f7e8d5 [LEADER]: Queue going to LEADER mode. State: All replicated index: 0, Majority replicated index: 0, Committed index: 0, Last appended: 0.0, Last appended by leader: 0, Current term: 1, Majority size: 2, State: 0, Mode: LEADER, active raft config: opid_index: -1 OBSOLETE_local: false peers { permanent_uuid: "377368f2a00147ae9aa86d95636ee325" member_type: VOTER last_known_addr { host: "127.21.185.193" port: 39209 } } peers { permanent_uuid: "f1c473e2589d49678940511520f7e8d5" member_type: VOTER last_known_addr { host: "127.21.185.194" port: 34587 } } peers { permanent_uuid: "6304e40c87ea4f6191c9ec61161c3294" member_type: VOTER last_known_addr { host: "127.21.185.195" port: 34553 } }
I20260710 13:24:30.431766 23547 tablet_bootstrap.cc:492] T 6cb338c86d6c4cf5ab057d9db1cc8d5b P 6304e40c87ea4f6191c9ec61161c3294: No bootstrap required, opened a new log
I20260710 13:24:30.432322 23547 ts_tablet_manager.cc:1403] T 6cb338c86d6c4cf5ab057d9db1cc8d5b P 6304e40c87ea4f6191c9ec61161c3294: Time spent bootstrapping tablet: real 0.213s	user 0.038s	sys 0.044s
I20260710 13:24:30.435235 23580 leader_election.cc:290] T 6cb338c86d6c4cf5ab057d9db1cc8d5b P f1c473e2589d49678940511520f7e8d5 [CANDIDATE]: Term 1 election: Requested vote from peers 377368f2a00147ae9aa86d95636ee325 (127.21.185.193:39209), 6304e40c87ea4f6191c9ec61161c3294 (127.21.185.195:34553)
I20260710 13:24:30.426779 23433 tablet_service.cc:1917] Received RequestConsensusVote() RPC: tablet_id: "e6992e36bcdf4bceb66e194af8f3457e" candidate_uuid: "6304e40c87ea4f6191c9ec61161c3294" candidate_term: 1 candidate_status { last_received { term: 0 index: 0 } } ignore_live_leader: false dest_uuid: "f1c473e2589d49678940511520f7e8d5"
I20260710 13:24:30.441741 23546 tablet_bootstrap.cc:492] T e2c7d8c67cf9450abd2a7758de0a677f P f1c473e2589d49678940511520f7e8d5: No bootstrap required, opened a new log
I20260710 13:24:30.441859 23433 raft_consensus.cc:3060] T e6992e36bcdf4bceb66e194af8f3457e P f1c473e2589d49678940511520f7e8d5 [term 0 FOLLOWER]: Advancing to term 1
