I20260710 13:24:08.311825 22188 consensus_queue.cc:237] T 5546ec541b6c43528ed00ce4301ce2dc P 4c495580d8ef44ddb1f4179367486c21 [LEADER]: Queue going to LEADER mode. State: All replicated index: 0, Majority replicated index: 0, Committed index: 0, Last appended: 0.0, Last appended by leader: 0, Current term: 2, Majority size: 2, State: 0, Mode: LEADER, active raft config: opid_index: -1 OBSOLETE_local: false peers { permanent_uuid: "02f7eaa61a9547f186f97bebe9d3ec7a" member_type: VOTER last_known_addr { host: "127.21.80.129" port: 46579 } } peers { permanent_uuid: "4fa9f40575b84a53a977ce2dc37173b0" member_type: VOTER last_known_addr { host: "127.21.80.130" port: 43647 } } peers { permanent_uuid: "4c495580d8ef44ddb1f4179367486c21" member_type: VOTER last_known_addr { host: "127.21.80.131" port: 43385 } }
I20260710 13:24:08.318389 21858 catalog_manager.cc:5697] T 5546ec541b6c43528ed00ce4301ce2dc P 4c495580d8ef44ddb1f4179367486c21 reported cstate change: term changed from 0 to 2, leader changed from <none> to 4c495580d8ef44ddb1f4179367486c21 (127.21.80.131). New cstate: current_term: 2 leader_uuid: "4c495580d8ef44ddb1f4179367486c21" committed_config { opid_index: -1 OBSOLETE_local: false peers { permanent_uuid: "02f7eaa61a9547f186f97bebe9d3ec7a" member_type: VOTER last_known_addr { host: "127.21.80.129" port: 46579 } health_report { overall_health: UNKNOWN } } peers { permanent_uuid: "4fa9f40575b84a53a977ce2dc37173b0" member_type: VOTER last_known_addr { host: "127.21.80.130" port: 43647 } health_report { overall_health: UNKNOWN } } peers { permanent_uuid: "4c495580d8ef44ddb1f4179367486c21" member_type: VOTER last_known_addr { host: "127.21.80.131" port: 43385 } health_report { overall_health: HEALTHY } } }
I20260710 13:24:08.712419 22036 tablet_service.cc:2072] Received LeaderStepDown RPC: tablet_id: "e9fada2c7ccb4aad9e81f11363def324"
dest_uuid: "4fa9f40575b84a53a977ce2dc37173b0"
mode: GRACEFUL
new_leader_uuid: "02f7eaa61a9547f186f97bebe9d3ec7a"
 from {username='slave'} at 127.0.0.1:38472
I20260710 13:24:08.713205 22036 raft_consensus.cc:606] T e9fada2c7ccb4aad9e81f11363def324 P 4fa9f40575b84a53a977ce2dc37173b0 [term 1 LEADER]: Received request to transfer leadership to TS 02f7eaa61a9547f186f97bebe9d3ec7a
I20260710 13:24:08.726014 22107 tablet_service.cc:2072] Received LeaderStepDown RPC: tablet_id: "d649bc2aa2e2437e9c355c7385d83727"
dest_uuid: "4c495580d8ef44ddb1f4179367486c21"
mode: GRACEFUL
new_leader_uuid: "02f7eaa61a9547f186f97bebe9d3ec7a"
 from {username='slave'} at 127.0.0.1:47884
I20260710 13:24:08.726672 22107 raft_consensus.cc:606] T d649bc2aa2e2437e9c355c7385d83727 P 4c495580d8ef44ddb1f4179367486c21 [term 1 LEADER]: Received request to transfer leadership to TS 02f7eaa61a9547f186f97bebe9d3ec7a
I20260710 13:24:08.732043 22107 tablet_service.cc:2072] Received LeaderStepDown RPC: tablet_id: "3ca366f48b8048578ede6fe147b0e2e8"
dest_uuid: "4c495580d8ef44ddb1f4179367486c21"
mode: GRACEFUL
new_leader_uuid: "02f7eaa61a9547f186f97bebe9d3ec7a"
 from {username='slave'} at 127.0.0.1:47884
I20260710 13:24:08.732540 22107 raft_consensus.cc:606] T 3ca366f48b8048578ede6fe147b0e2e8 P 4c495580d8ef44ddb1f4179367486c21 [term 1 LEADER]: Received request to transfer leadership to TS 02f7eaa61a9547f186f97bebe9d3ec7a
I20260710 13:24:08.771080 22238 raft_consensus.cc:993] T 3ca366f48b8048578ede6fe147b0e2e8 P 4c495580d8ef44ddb1f4179367486c21: : Instructing follower 02f7eaa61a9547f186f97bebe9d3ec7a to start an election
I20260710 13:24:08.771586 22238 raft_consensus.cc:1081] T 3ca366f48b8048578ede6fe147b0e2e8 P 4c495580d8ef44ddb1f4179367486c21 [term 1 LEADER]: Signalling peer 02f7eaa61a9547f186f97bebe9d3ec7a to start an election
I20260710 13:24:08.773461 21960 tablet_service.cc:2044] Received Run Leader Election RPC: tablet_id: "3ca366f48b8048578ede6fe147b0e2e8"
dest_uuid: "02f7eaa61a9547f186f97bebe9d3ec7a"
 from {username='slave'} at 127.0.0.1:45790
I20260710 13:24:08.774015 21960 raft_consensus.cc:493] T 3ca366f48b8048578ede6fe147b0e2e8 P 02f7eaa61a9547f186f97bebe9d3ec7a [term 1 FOLLOWER]: Starting forced leader election (received explicit request)
I20260710 13:24:08.774320 21960 raft_consensus.cc:3060] T 3ca366f48b8048578ede6fe147b0e2e8 P 02f7eaa61a9547f186f97bebe9d3ec7a [term 1 FOLLOWER]: Advancing to term 2
I20260710 13:24:08.778754 21960 raft_consensus.cc:515] T 3ca366f48b8048578ede6fe147b0e2e8 P 02f7eaa61a9547f186f97bebe9d3ec7a [term 2 FOLLOWER]: Starting forced leader election with config: opid_index: -1 OBSOLETE_local: false peers { permanent_uuid: "02f7eaa61a9547f186f97bebe9d3ec7a" member_type: VOTER last_known_addr { host: "127.21.80.129" port: 46579 } } peers { permanent_uuid: "4fa9f40575b84a53a977ce2dc37173b0" member_type: VOTER last_known_addr { host: "127.21.80.130" port: 43647 } } peers { permanent_uuid: "4c495580d8ef44ddb1f4179367486c21" member_type: VOTER last_known_addr { host: "127.21.80.131" port: 43385 } }
I20260710 13:24:08.780203 21960 leader_election.cc:290] T 3ca366f48b8048578ede6fe147b0e2e8 P 02f7eaa61a9547f186f97bebe9d3ec7a [CANDIDATE]: Term 2 election: Requested vote from peers 4fa9f40575b84a53a977ce2dc37173b0 (127.21.80.130:43647), 4c495580d8ef44ddb1f4179367486c21 (127.21.80.131:43385)
I20260710 13:24:08.781041 22036 tablet_service.cc:1917] Received RequestConsensusVote() RPC: tablet_id: "3ca366f48b8048578ede6fe147b0e2e8" candidate_uuid: "02f7eaa61a9547f186f97bebe9d3ec7a" candidate_term: 2 candidate_status { last_received { term: 1 index: 1 } } ignore_live_leader: true dest_uuid: "4fa9f40575b84a53a977ce2dc37173b0"
I20260710 13:24:08.781325 22107 tablet_service.cc:1917] Received RequestConsensusVote() RPC: tablet_id: "3ca366f48b8048578ede6fe147b0e2e8" candidate_uuid: "02f7eaa61a9547f186f97bebe9d3ec7a" candidate_term: 2 candidate_status { last_received { term: 1 index: 1 } } ignore_live_leader: true dest_uuid: "4c495580d8ef44ddb1f4179367486c21"
I20260710 13:24:08.781508 22036 raft_consensus.cc:3060] T 3ca366f48b8048578ede6fe147b0e2e8 P 4fa9f40575b84a53a977ce2dc37173b0 [term 1 FOLLOWER]: Advancing to term 2
I20260710 13:24:08.781864 22107 raft_consensus.cc:3055] T 3ca366f48b8048578ede6fe147b0e2e8 P 4c495580d8ef44ddb1f4179367486c21 [term 1 LEADER]: Stepping down as leader of term 1
I20260710 13:24:08.782145 22107 raft_consensus.cc:740] T 3ca366f48b8048578ede6fe147b0e2e8 P 4c495580d8ef44ddb1f4179367486c21 [term 1 LEADER]: Becoming Follower/Learner. State: Replica: 4c495580d8ef44ddb1f4179367486c21, State: Running, Role: LEADER
I20260710 13:24:08.782745 22107 consensus_queue.cc:260] T 3ca366f48b8048578ede6fe147b0e2e8 P 4c495580d8ef44ddb1f4179367486c21 [NON_LEADER]: Queue going to NON_LEADER mode. State: All replicated index: 0, Majority replicated index: 1, Committed index: 1, Last appended: 1.1, Last appended by leader: 1, Current term: 1, Majority size: -1, State: 0, Mode: NON_LEADER, active raft config: opid_index: -1 OBSOLETE_local: false peers { permanent_uuid: "02f7eaa61a9547f186f97bebe9d3ec7a" member_type: VOTER last_known_addr { host: "127.21.80.129" port: 46579 } } peers { permanent_uuid: "4fa9f40575b84a53a977ce2dc37173b0" member_type: VOTER last_known_addr { host: "127.21.80.130" port: 43647 } } peers { permanent_uuid: "4c495580d8ef44ddb1f4179367486c21" member_type: VOTER last_known_addr { host: "127.21.80.131" port: 43385 } }
I20260710 13:24:08.783617 22107 raft_consensus.cc:3060] T 3ca366f48b8048578ede6fe147b0e2e8 P 4c495580d8ef44ddb1f4179367486c21 [term 1 FOLLOWER]: Advancing to term 2
I20260710 13:24:08.785861 22036 raft_consensus.cc:2468] T 3ca366f48b8048578ede6fe147b0e2e8 P 4fa9f40575b84a53a977ce2dc37173b0 [term 2 FOLLOWER]: Leader election vote request: Granting yes vote for candidate 02f7eaa61a9547f186f97bebe9d3ec7a in term 2.
I20260710 13:24:08.786767 21927 leader_election.cc:304] T 3ca366f48b8048578ede6fe147b0e2e8 P 02f7eaa61a9547f186f97bebe9d3ec7a [CANDIDATE]: Term 2 election: Election decided. Result: candidate won. Election summary: received 2 responses out of 3 voters: 2 yes votes; 0 no votes. yes voters: 02f7eaa61a9547f186f97bebe9d3ec7a, 4fa9f40575b84a53a977ce2dc37173b0; no voters: 
I20260710 13:24:08.787490 22192 raft_consensus.cc:2804] T 3ca366f48b8048578ede6fe147b0e2e8 P 02f7eaa61a9547f186f97bebe9d3ec7a [term 2 FOLLOWER]: Leader election won for term 2
I20260710 13:24:08.788249 22107 raft_consensus.cc:2468] T 3ca366f48b8048578ede6fe147b0e2e8 P 4c495580d8ef44ddb1f4179367486c21 [term 2 FOLLOWER]: Leader election vote request: Granting yes vote for candidate 02f7eaa61a9547f186f97bebe9d3ec7a in term 2.
I20260710 13:24:08.788462 22192 raft_consensus.cc:697] T 3ca366f48b8048578ede6fe147b0e2e8 P 02f7eaa61a9547f186f97bebe9d3ec7a [term 2 LEADER]: Becoming Leader. State: Replica: 02f7eaa61a9547f186f97bebe9d3ec7a, State: Running, Role: LEADER
I20260710 13:24:08.789326 22192 consensus_queue.cc:237] T 3ca366f48b8048578ede6fe147b0e2e8 P 02f7eaa61a9547f186f97bebe9d3ec7a [LEADER]: Queue going to LEADER mode. State: All replicated index: 0, Majority replicated index: 1, Committed index: 1, Last appended: 1.1, Last appended by leader: 1, Current term: 2, Majority size: 2, State: 0, Mode: LEADER, active raft config: opid_index: -1 OBSOLETE_local: false peers { permanent_uuid: "02f7eaa61a9547f186f97bebe9d3ec7a" member_type: VOTER last_known_addr { host: "127.21.80.129" port: 46579 } } peers { permanent_uuid: "4fa9f40575b84a53a977ce2dc37173b0" member_type: VOTER last_known_addr { host: "127.21.80.130" port: 43647 } } peers { permanent_uuid: "4c495580d8ef44ddb1f4179367486c21" member_type: VOTER last_known_addr { host: "127.21.80.131" port: 43385 } }
I20260710 13:24:08.795128 21858 catalog_manager.cc:5697] T 3ca366f48b8048578ede6fe147b0e2e8 P 02f7eaa61a9547f186f97bebe9d3ec7a reported cstate change: term changed from 1 to 2, leader changed from 4c495580d8ef44ddb1f4179367486c21 (127.21.80.131) to 02f7eaa61a9547f186f97bebe9d3ec7a (127.21.80.129). New cstate: current_term: 2 leader_uuid: "02f7eaa61a9547f186f97bebe9d3ec7a" committed_config { opid_index: -1 OBSOLETE_local: false peers { permanent_uuid: "02f7eaa61a9547f186f97bebe9d3ec7a" member_type: VOTER last_known_addr { host: "127.21.80.129" port: 46579 } health_report { overall_health: HEALTHY } } peers { permanent_uuid: "4fa9f40575b84a53a977ce2dc37173b0" member_type: VOTER last_known_addr { host: "127.21.80.130" port: 43647 } health_report { overall_health: UNKNOWN } } peers { permanent_uuid: "4c495580d8ef44ddb1f4179367486c21" member_type: VOTER last_known_addr { host: "127.21.80.131" port: 43385 } health_report { overall_health: UNKNOWN } } }
I20260710 13:24:08.828467 22193 raft_consensus.cc:993] T e9fada2c7ccb4aad9e81f11363def324 P 4fa9f40575b84a53a977ce2dc37173b0: : Instructing follower 02f7eaa61a9547f186f97bebe9d3ec7a to start an election
I20260710 13:24:08.828971 22249 raft_consensus.cc:1081] T e9fada2c7ccb4aad9e81f11363def324 P 4fa9f40575b84a53a977ce2dc37173b0 [term 1 LEADER]: Signalling peer 02f7eaa61a9547f186f97bebe9d3ec7a to start an election
I20260710 13:24:08.830536 21960 tablet_service.cc:2044] Received Run Leader Election RPC: tablet_id: "e9fada2c7ccb4aad9e81f11363def324"
dest_uuid: "02f7eaa61a9547f186f97bebe9d3ec7a"
 from {username='slave'} at 127.0.0.1:45792
I20260710 13:24:08.831049 21960 raft_consensus.cc:493] T e9fada2c7ccb4aad9e81f11363def324 P 02f7eaa61a9547f186f97bebe9d3ec7a [term 1 FOLLOWER]: Starting forced leader election (received explicit request)
I20260710 13:24:08.831404 21960 raft_consensus.cc:3060] T e9fada2c7ccb4aad9e81f11363def324 P 02f7eaa61a9547f186f97bebe9d3ec7a [term 1 FOLLOWER]: Advancing to term 2
I20260710 13:24:08.836287 21960 raft_consensus.cc:515] T e9fada2c7ccb4aad9e81f11363def324 P 02f7eaa61a9547f186f97bebe9d3ec7a [term 2 FOLLOWER]: Starting forced leader election with config: opid_index: -1 OBSOLETE_local: false peers { permanent_uuid: "02f7eaa61a9547f186f97bebe9d3ec7a" member_type: VOTER last_known_addr { host: "127.21.80.129" port: 46579 } } peers { permanent_uuid: "4fa9f40575b84a53a977ce2dc37173b0" member_type: VOTER last_known_addr { host: "127.21.80.130" port: 43647 } } peers { permanent_uuid: "4c495580d8ef44ddb1f4179367486c21" member_type: VOTER last_known_addr { host: "127.21.80.131" port: 43385 } }
I20260710 13:24:08.837904 21960 leader_election.cc:290] T e9fada2c7ccb4aad9e81f11363def324 P 02f7eaa61a9547f186f97bebe9d3ec7a [CANDIDATE]: Term 2 election: Requested vote from peers 4fa9f40575b84a53a977ce2dc37173b0 (127.21.80.130:43647), 4c495580d8ef44ddb1f4179367486c21 (127.21.80.131:43385)
I20260710 13:24:08.838781 22036 tablet_service.cc:1917] Received RequestConsensusVote() RPC: tablet_id: "e9fada2c7ccb4aad9e81f11363def324" candidate_uuid: "02f7eaa61a9547f186f97bebe9d3ec7a" candidate_term: 2 candidate_status { last_received { term: 1 index: 1 } } ignore_live_leader: true dest_uuid: "4fa9f40575b84a53a977ce2dc37173b0"
I20260710 13:24:08.839097 22107 tablet_service.cc:1917] Received RequestConsensusVote() RPC: tablet_id: "e9fada2c7ccb4aad9e81f11363def324" candidate_uuid: "02f7eaa61a9547f186f97bebe9d3ec7a" candidate_term: 2 candidate_status { last_received { term: 1 index: 1 } } ignore_live_leader: true dest_uuid: "4c495580d8ef44ddb1f4179367486c21"
I20260710 13:24:08.839354 22036 raft_consensus.cc:3055] T e9fada2c7ccb4aad9e81f11363def324 P 4fa9f40575b84a53a977ce2dc37173b0 [term 1 LEADER]: Stepping down as leader of term 1
I20260710 13:24:08.839602 22107 raft_consensus.cc:3060] T e9fada2c7ccb4aad9e81f11363def324 P 4c495580d8ef44ddb1f4179367486c21 [term 1 FOLLOWER]: Advancing to term 2
I20260710 13:24:08.839699 22036 raft_consensus.cc:740] T e9fada2c7ccb4aad9e81f11363def324 P 4fa9f40575b84a53a977ce2dc37173b0 [term 1 LEADER]: Becoming Follower/Learner. State: Replica: 4fa9f40575b84a53a977ce2dc37173b0, State: Running, Role: LEADER
I20260710 13:24:08.840590 22036 consensus_queue.cc:260] T e9fada2c7ccb4aad9e81f11363def324 P 4fa9f40575b84a53a977ce2dc37173b0 [NON_LEADER]: Queue going to NON_LEADER mode. State: All replicated index: 0, Majority replicated index: 1, Committed index: 1, Last appended: 1.1, Last appended by leader: 1, Current term: 1, Majority size: -1, State: 0, Mode: NON_LEADER, active raft config: opid_index: -1 OBSOLETE_local: false peers { permanent_uuid: "02f7eaa61a9547f186f97bebe9d3ec7a" member_type: VOTER last_known_addr { host: "127.21.80.129" port: 46579 } } peers { permanent_uuid: "4fa9f40575b84a53a977ce2dc37173b0" member_type: VOTER last_known_addr { host: "127.21.80.130" port: 43647 } } peers { permanent_uuid: "4c495580d8ef44ddb1f4179367486c21" member_type: VOTER last_known_addr { host: "127.21.80.131" port: 43385 } }
I20260710 13:24:08.841786 22036 raft_consensus.cc:3060] T e9fada2c7ccb4aad9e81f11363def324 P 4fa9f40575b84a53a977ce2dc37173b0 [term 1 FOLLOWER]: Advancing to term 2
I20260710 13:24:08.845937 22107 raft_consensus.cc:2468] T e9fada2c7ccb4aad9e81f11363def324 P 4c495580d8ef44ddb1f4179367486c21 [term 2 FOLLOWER]: Leader election vote request: Granting yes vote for candidate 02f7eaa61a9547f186f97bebe9d3ec7a in term 2.
I20260710 13:24:08.847086 21927 leader_election.cc:304] T e9fada2c7ccb4aad9e81f11363def324 P 02f7eaa61a9547f186f97bebe9d3ec7a [CANDIDATE]: Term 2 election: Election decided. Result: candidate won. Election summary: received 2 responses out of 3 voters: 2 yes votes; 0 no votes. yes voters: 02f7eaa61a9547f186f97bebe9d3ec7a, 4c495580d8ef44ddb1f4179367486c21; no voters: 
I20260710 13:24:08.847872 22192 raft_consensus.cc:2804] T e9fada2c7ccb4aad9e81f11363def324 P 02f7eaa61a9547f186f97bebe9d3ec7a [term 2 FOLLOWER]: Leader election won for term 2
I20260710 13:24:08.847916 22036 raft_consensus.cc:2468] T e9fada2c7ccb4aad9e81f11363def324 P 4fa9f40575b84a53a977ce2dc37173b0 [term 2 FOLLOWER]: Leader election vote request: Granting yes vote for candidate 02f7eaa61a9547f186f97bebe9d3ec7a in term 2.
I20260710 13:24:08.848563 22192 raft_consensus.cc:697] T e9fada2c7ccb4aad9e81f11363def324 P 02f7eaa61a9547f186f97bebe9d3ec7a [term 2 LEADER]: Becoming Leader. State: Replica: 02f7eaa61a9547f186f97bebe9d3ec7a, State: Running, Role: LEADER
I20260710 13:24:08.849524 22192 consensus_queue.cc:237] T e9fada2c7ccb4aad9e81f11363def324 P 02f7eaa61a9547f186f97bebe9d3ec7a [LEADER]: Queue going to LEADER mode. State: All replicated index: 0, Majority replicated index: 1, Committed index: 1, Last appended: 1.1, Last appended by leader: 1, Current term: 2, Majority size: 2, State: 0, Mode: LEADER, active raft config: opid_index: -1 OBSOLETE_local: false peers { permanent_uuid: "02f7eaa61a9547f186f97bebe9d3ec7a" member_type: VOTER last_known_addr { host: "127.21.80.129" port: 46579 } } peers { permanent_uuid: "4fa9f40575b84a53a977ce2dc37173b0" member_type: VOTER last_known_addr { host: "127.21.80.130" port: 43647 } } peers { permanent_uuid: "4c495580d8ef44ddb1f4179367486c21" member_type: VOTER last_known_addr { host: "127.21.80.131" port: 43385 } }
I20260710 13:24:08.856243 21858 catalog_manager.cc:5697] T e9fada2c7ccb4aad9e81f11363def324 P 02f7eaa61a9547f186f97bebe9d3ec7a reported cstate change: term changed from 1 to 2, leader changed from 4fa9f40575b84a53a977ce2dc37173b0 (127.21.80.130) to 02f7eaa61a9547f186f97bebe9d3ec7a (127.21.80.129). New cstate: current_term: 2 leader_uuid: "02f7eaa61a9547f186f97bebe9d3ec7a" committed_config { opid_index: -1 OBSOLETE_local: false peers { permanent_uuid: "02f7eaa61a9547f186f97bebe9d3ec7a" member_type: VOTER last_known_addr { host: "127.21.80.129" port: 46579 } health_report { overall_health: HEALTHY } } peers { permanent_uuid: "4fa9f40575b84a53a977ce2dc37173b0" member_type: VOTER last_known_addr { host: "127.21.80.130" port: 43647 } health_report { overall_health: UNKNOWN } } peers { permanent_uuid: "4c495580d8ef44ddb1f4179367486c21" member_type: VOTER last_known_addr { host: "127.21.80.131" port: 43385 } health_report { overall_health: UNKNOWN } } }
I20260710 13:24:08.870644 22036 raft_consensus.cc:1275] T 5546ec541b6c43528ed00ce4301ce2dc P 4fa9f40575b84a53a977ce2dc37173b0 [term 2 FOLLOWER]: Refusing update from remote peer 4c495580d8ef44ddb1f4179367486c21: Log matching property violated. Preceding OpId in replica: term: 0 index: 0. Preceding OpId from leader: term: 2 index: 1. (index mismatch)
I20260710 13:24:08.872282 22238 consensus_queue.cc:1048] T 5546ec541b6c43528ed00ce4301ce2dc P 4c495580d8ef44ddb1f4179367486c21 [LEADER]: Connected to new peer: Peer: permanent_uuid: "4fa9f40575b84a53a977ce2dc37173b0" member_type: VOTER last_known_addr { host: "127.21.80.130" port: 43647 }, Status: LMP_MISMATCH, Last received: 0.0, Next index: 1, Last known committed idx: 0, Time since last communication: 0.000s
I20260710 13:24:08.885015 21960 raft_consensus.cc:1275] T 5546ec541b6c43528ed00ce4301ce2dc P 02f7eaa61a9547f186f97bebe9d3ec7a [term 2 FOLLOWER]: Refusing update from remote peer 4c495580d8ef44ddb1f4179367486c21: Log matching property violated. Preceding OpId in replica: term: 0 index: 0. Preceding OpId from leader: term: 2 index: 1. (index mismatch)
I20260710 13:24:08.887688 22238 consensus_queue.cc:1048] T 5546ec541b6c43528ed00ce4301ce2dc P 4c495580d8ef44ddb1f4179367486c21 [LEADER]: Connected to new peer: Peer: permanent_uuid: "02f7eaa61a9547f186f97bebe9d3ec7a" member_type: VOTER last_known_addr { host: "127.21.80.129" port: 46579 }, Status: LMP_MISMATCH, Last received: 0.0, Next index: 1, Last known committed idx: 0, Time since last communication: 0.000s
I20260710 13:24:09.104097 22253 raft_consensus.cc:993] T d649bc2aa2e2437e9c355c7385d83727 P 4c495580d8ef44ddb1f4179367486c21: : Instructing follower 02f7eaa61a9547f186f97bebe9d3ec7a to start an election
I20260710 13:24:09.104516 22238 raft_consensus.cc:1081] T d649bc2aa2e2437e9c355c7385d83727 P 4c495580d8ef44ddb1f4179367486c21 [term 1 LEADER]: Signalling peer 02f7eaa61a9547f186f97bebe9d3ec7a to start an election
I20260710 13:24:09.106246 21960 tablet_service.cc:2044] Received Run Leader Election RPC: tablet_id: "d649bc2aa2e2437e9c355c7385d83727"
dest_uuid: "02f7eaa61a9547f186f97bebe9d3ec7a"
 from {username='slave'} at 127.0.0.1:45790
I20260710 13:24:09.106899 21960 raft_consensus.cc:493] T d649bc2aa2e2437e9c355c7385d83727 P 02f7eaa61a9547f186f97bebe9d3ec7a [term 1 FOLLOWER]: Starting forced leader election (received explicit request)
I20260710 13:24:09.107197 21960 raft_consensus.cc:3060] T d649bc2aa2e2437e9c355c7385d83727 P 02f7eaa61a9547f186f97bebe9d3ec7a [term 1 FOLLOWER]: Advancing to term 2
I20260710 13:24:09.112351 21960 raft_consensus.cc:515] T d649bc2aa2e2437e9c355c7385d83727 P 02f7eaa61a9547f186f97bebe9d3ec7a [term 2 FOLLOWER]: Starting forced leader election with config: opid_index: -1 OBSOLETE_local: false peers { permanent_uuid: "02f7eaa61a9547f186f97bebe9d3ec7a" member_type: VOTER last_known_addr { host: "127.21.80.129" port: 46579 } } peers { permanent_uuid: "4fa9f40575b84a53a977ce2dc37173b0" member_type: VOTER last_known_addr { host: "127.21.80.130" port: 43647 } } peers { permanent_uuid: "4c495580d8ef44ddb1f4179367486c21" member_type: VOTER last_known_addr { host: "127.21.80.131" port: 43385 } }
I20260710 13:24:09.114281 21960 leader_election.cc:290] T d649bc2aa2e2437e9c355c7385d83727 P 02f7eaa61a9547f186f97bebe9d3ec7a [CANDIDATE]: Term 2 election: Requested vote from peers 4fa9f40575b84a53a977ce2dc37173b0 (127.21.80.130:43647), 4c495580d8ef44ddb1f4179367486c21 (127.21.80.131:43385)
I20260710 13:24:09.114928 22036 tablet_service.cc:1917] Received RequestConsensusVote() RPC: tablet_id: "d649bc2aa2e2437e9c355c7385d83727" candidate_uuid: "02f7eaa61a9547f186f97bebe9d3ec7a" candidate_term: 2 candidate_status { last_received { term: 1 index: 1 } } ignore_live_leader: true dest_uuid: "4fa9f40575b84a53a977ce2dc37173b0"
I20260710 13:24:09.115556 22036 raft_consensus.cc:3060] T d649bc2aa2e2437e9c355c7385d83727 P 4fa9f40575b84a53a977ce2dc37173b0 [term 1 FOLLOWER]: Advancing to term 2
I20260710 13:24:09.115181 22107 tablet_service.cc:1917] Received RequestConsensusVote() RPC: tablet_id: "d649bc2aa2e2437e9c355c7385d83727" candidate_uuid: "02f7eaa61a9547f186f97bebe9d3ec7a" candidate_term: 2 candidate_status { last_received { term: 1 index: 1 } } ignore_live_leader: true dest_uuid: "4c495580d8ef44ddb1f4179367486c21"
I20260710 13:24:09.116024 22107 raft_consensus.cc:3055] T d649bc2aa2e2437e9c355c7385d83727 P 4c495580d8ef44ddb1f4179367486c21 [term 1 LEADER]: Stepping down as leader of term 1
I20260710 13:24:09.116314 22107 raft_consensus.cc:740] T d649bc2aa2e2437e9c355c7385d83727 P 4c495580d8ef44ddb1f4179367486c21 [term 1 LEADER]: Becoming Follower/Learner. State: Replica: 4c495580d8ef44ddb1f4179367486c21, State: Running, Role: LEADER
I20260710 13:24:09.117044 22107 consensus_queue.cc:260] T d649bc2aa2e2437e9c355c7385d83727 P 4c495580d8ef44ddb1f4179367486c21 [NON_LEADER]: Queue going to NON_LEADER mode. State: All replicated index: 0, Majority replicated index: 1, Committed index: 1, Last appended: 1.1, Last appended by leader: 1, Current term: 1, Majority size: -1, State: 0, Mode: NON_LEADER, active raft config: opid_index: -1 OBSOLETE_local: false peers { permanent_uuid: "02f7eaa61a9547f186f97bebe9d3ec7a" member_type: VOTER last_known_addr { host: "127.21.80.129" port: 46579 } } peers { permanent_uuid: "4fa9f40575b84a53a977ce2dc37173b0" member_type: VOTER last_known_addr { host: "127.21.80.130" port: 43647 } } peers { permanent_uuid: "4c495580d8ef44ddb1f4179367486c21" member_type: VOTER last_known_addr { host: "127.21.80.131" port: 43385 } }
I20260710 13:24:09.117909 22107 raft_consensus.cc:3060] T d649bc2aa2e2437e9c355c7385d83727 P 4c495580d8ef44ddb1f4179367486c21 [term 1 FOLLOWER]: Advancing to term 2
I20260710 13:24:09.120359 22036 raft_consensus.cc:2468] T d649bc2aa2e2437e9c355c7385d83727 P 4fa9f40575b84a53a977ce2dc37173b0 [term 2 FOLLOWER]: Leader election vote request: Granting yes vote for candidate 02f7eaa61a9547f186f97bebe9d3ec7a in term 2.
I20260710 13:24:09.121297 21927 leader_election.cc:304] T d649bc2aa2e2437e9c355c7385d83727 P 02f7eaa61a9547f186f97bebe9d3ec7a [CANDIDATE]: Term 2 election: Election decided. Result: candidate won. Election summary: received 2 responses out of 3 voters: 2 yes votes; 0 no votes. yes voters: 02f7eaa61a9547f186f97bebe9d3ec7a, 4fa9f40575b84a53a977ce2dc37173b0; no voters: 
I20260710 13:24:09.121971 22192 raft_consensus.cc:2804] T d649bc2aa2e2437e9c355c7385d83727 P 02f7eaa61a9547f186f97bebe9d3ec7a [term 2 FOLLOWER]: Leader election won for term 2
I20260710 13:24:09.122248 22107 raft_consensus.cc:2468] T d649bc2aa2e2437e9c355c7385d83727 P 4c495580d8ef44ddb1f4179367486c21 [term 2 FOLLOWER]: Leader election vote request: Granting yes vote for candidate 02f7eaa61a9547f186f97bebe9d3ec7a in term 2.
I20260710 13:24:09.122366 22192 raft_consensus.cc:697] T d649bc2aa2e2437e9c355c7385d83727 P 02f7eaa61a9547f186f97bebe9d3ec7a [term 2 LEADER]: Becoming Leader. State: Replica: 02f7eaa61a9547f186f97bebe9d3ec7a, State: Running, Role: LEADER
I20260710 13:24:09.123241 22192 consensus_queue.cc:237] T d649bc2aa2e2437e9c355c7385d83727 P 02f7eaa61a9547f186f97bebe9d3ec7a [LEADER]: Queue going to LEADER mode. State: All replicated index: 0, Majority replicated index: 1, Committed index: 1, Last appended: 1.1, Last appended by leader: 1, Current term: 2, Majority size: 2, State: 0, Mode: LEADER, active raft config: opid_index: -1 OBSOLETE_local: false peers { permanent_uuid: "02f7eaa61a9547f186f97bebe9d3ec7a" member_type: VOTER last_known_addr { host: "127.21.80.129" port: 46579 } } peers { permanent_uuid: "4fa9f40575b84a53a977ce2dc37173b0" member_type: VOTER last_known_addr { host: "127.21.80.130" port: 43647 } } peers { permanent_uuid: "4c495580d8ef44ddb1f4179367486c21" member_type: VOTER last_known_addr { host: "127.21.80.131" port: 43385 } }
I20260710 13:24:09.130653 21858 catalog_manager.cc:5697] T d649bc2aa2e2437e9c355c7385d83727 P 02f7eaa61a9547f186f97bebe9d3ec7a reported cstate change: term changed from 1 to 2, leader changed from 4c495580d8ef44ddb1f4179367486c21 (127.21.80.131) to 02f7eaa61a9547f186f97bebe9d3ec7a (127.21.80.129). New cstate: current_term: 2 leader_uuid: "02f7eaa61a9547f186f97bebe9d3ec7a" committed_config { opid_index: -1 OBSOLETE_local: false peers { permanent_uuid: "02f7eaa61a9547f186f97bebe9d3ec7a" member_type: VOTER last_known_addr { host: "127.21.80.129" port: 46579 } health_report { overall_health: HEALTHY } } peers { permanent_uuid: "4fa9f40575b84a53a977ce2dc37173b0" member_type: VOTER last_known_addr { host: "127.21.80.130" port: 43647 } health_report { overall_health: UNKNOWN } } peers { permanent_uuid: "4c495580d8ef44ddb1f4179367486c21" member_type: VOTER last_known_addr { host: "127.21.80.131" port: 43385 } health_report { overall_health: UNKNOWN } } }
I20260710 13:24:09.341840 22107 raft_consensus.cc:1275] T e9fada2c7ccb4aad9e81f11363def324 P 4c495580d8ef44ddb1f4179367486c21 [term 2 FOLLOWER]: Refusing update from remote peer 02f7eaa61a9547f186f97bebe9d3ec7a: Log matching property violated. Preceding OpId in replica: term: 1 index: 1. Preceding OpId from leader: term: 2 index: 2. (index mismatch)
I20260710 13:24:09.343169 22192 consensus_queue.cc:1048] T e9fada2c7ccb4aad9e81f11363def324 P 02f7eaa61a9547f186f97bebe9d3ec7a [LEADER]: Connected to new peer: Peer: permanent_uuid: "4c495580d8ef44ddb1f4179367486c21" member_type: VOTER last_known_addr { host: "127.21.80.131" port: 43385 }, Status: LMP_MISMATCH, Last received: 0.0, Next index: 2, Last known committed idx: 1, Time since last communication: 0.000s
I20260710 13:24:09.347257 22106 raft_consensus.cc:1275] T 3ca366f48b8048578ede6fe147b0e2e8 P 4c495580d8ef44ddb1f4179367486c21 [term 2 FOLLOWER]: Refusing update from remote peer 02f7eaa61a9547f186f97bebe9d3ec7a: Log matching property violated. Preceding OpId in replica: term: 1 index: 1. Preceding OpId from leader: term: 2 index: 2. (index mismatch)
I20260710 13:24:09.348946 22192 consensus_queue.cc:1048] T 3ca366f48b8048578ede6fe147b0e2e8 P 02f7eaa61a9547f186f97bebe9d3ec7a [LEADER]: Connected to new peer: Peer: permanent_uuid: "4c495580d8ef44ddb1f4179367486c21" member_type: VOTER last_known_addr { host: "127.21.80.131" port: 43385 }, Status: LMP_MISMATCH, Last received: 0.0, Next index: 2, Last known committed idx: 1, Time since last communication: 0.000s
I20260710 13:24:09.355145 22036 raft_consensus.cc:1275] T e9fada2c7ccb4aad9e81f11363def324 P 4fa9f40575b84a53a977ce2dc37173b0 [term 2 FOLLOWER]: Refusing update from remote peer 02f7eaa61a9547f186f97bebe9d3ec7a: Log matching property violated. Preceding OpId in replica: term: 1 index: 1. Preceding OpId from leader: term: 2 index: 2. (index mismatch)
I20260710 13:24:09.356448 22192 consensus_queue.cc:1048] T e9fada2c7ccb4aad9e81f11363def324 P 02f7eaa61a9547f186f97bebe9d3ec7a [LEADER]: Connected to new peer: Peer: permanent_uuid: "4fa9f40575b84a53a977ce2dc37173b0" member_type: VOTER last_known_addr { host: "127.21.80.130" port: 43647 }, Status: LMP_MISMATCH, Last received: 0.0, Next index: 2, Last known committed idx: 1, Time since last communication: 0.000s
I20260710 13:24:09.367063 22035 raft_consensus.cc:1275] T 3ca366f48b8048578ede6fe147b0e2e8 P 4fa9f40575b84a53a977ce2dc37173b0 [term 2 FOLLOWER]: Refusing update from remote peer 02f7eaa61a9547f186f97bebe9d3ec7a: Log matching property violated. Preceding OpId in replica: term: 1 index: 1. Preceding OpId from leader: term: 2 index: 2. (index mismatch)
I20260710 13:24:09.368618 22262 consensus_queue.cc:1048] T 3ca366f48b8048578ede6fe147b0e2e8 P 02f7eaa61a9547f186f97bebe9d3ec7a [LEADER]: Connected to new peer: Peer: permanent_uuid: "4fa9f40575b84a53a977ce2dc37173b0" member_type: VOTER last_known_addr { host: "127.21.80.130" port: 43647 }, Status: LMP_MISMATCH, Last received: 0.0, Next index: 2, Last known committed idx: 1, Time since last communication: 0.000s
I20260710 13:24:09.569541 22035 raft_consensus.cc:1275] T d649bc2aa2e2437e9c355c7385d83727 P 4fa9f40575b84a53a977ce2dc37173b0 [term 2 FOLLOWER]: Refusing update from remote peer 02f7eaa61a9547f186f97bebe9d3ec7a: Log matching property violated. Preceding OpId in replica: term: 1 index: 1. Preceding OpId from leader: term: 2 index: 2. (index mismatch)
I20260710 13:24:09.570883 22247 consensus_queue.cc:1048] T d649bc2aa2e2437e9c355c7385d83727 P 02f7eaa61a9547f186f97bebe9d3ec7a [LEADER]: Connected to new peer: Peer: permanent_uuid: "4fa9f40575b84a53a977ce2dc37173b0" member_type: VOTER last_known_addr { host: "127.21.80.130" port: 43647 }, Status: LMP_MISMATCH, Last received: 0.0, Next index: 2, Last known committed idx: 1, Time since last communication: 0.000s
I20260710 13:24:09.582115 22107 raft_consensus.cc:1275] T d649bc2aa2e2437e9c355c7385d83727 P 4c495580d8ef44ddb1f4179367486c21 [term 2 FOLLOWER]: Refusing update from remote peer 02f7eaa61a9547f186f97bebe9d3ec7a: Log matching property violated. Preceding OpId in replica: term: 1 index: 1. Preceding OpId from leader: term: 2 index: 2. (index mismatch)
I20260710 13:24:09.583439 22192 consensus_queue.cc:1048] T d649bc2aa2e2437e9c355c7385d83727 P 02f7eaa61a9547f186f97bebe9d3ec7a [LEADER]: Connected to new peer: Peer: permanent_uuid: "4c495580d8ef44ddb1f4179367486c21" member_type: VOTER last_known_addr { host: "127.21.80.131" port: 43385 }, Status: LMP_MISMATCH, Last received: 0.0, Next index: 2, Last known committed idx: 1, Time since last communication: 0.000s
I20260710 13:24:11.776381 21826 auto_leader_rebalancer-test.cc:316] The leader distribution is 
I20260710 13:24:11.777217 21826 auto_leader_rebalancer.cc:141] leader rebalance for table test-workload
I20260710 13:24:11.793641 21960 tablet_service.cc:2072] Received LeaderStepDown RPC: tablet_id: "3ca366f48b8048578ede6fe147b0e2e8"
dest_uuid: "02f7eaa61a9547f186f97bebe9d3ec7a"
mode: GRACEFUL
new_leader_uuid: "4c495580d8ef44ddb1f4179367486c21"
 from {username='slave'} at 127.0.0.1:45808
I20260710 13:24:11.794174 21960 raft_consensus.cc:606] T 3ca366f48b8048578ede6fe147b0e2e8 P 02f7eaa61a9547f186f97bebe9d3ec7a [term 2 LEADER]: Received request to transfer leadership to TS 4c495580d8ef44ddb1f4179367486c21
I20260710 13:24:11.804219 22035 tablet_service.cc:2072] Received LeaderStepDown RPC: tablet_id: "5a6fc0688c0f417f89901c7e643df259"
dest_uuid: "4fa9f40575b84a53a977ce2dc37173b0"
mode: GRACEFUL
new_leader_uuid: "4c495580d8ef44ddb1f4179367486c21"
 from {username='slave'} at 127.0.0.1:38474
I20260710 13:24:11.804628 22035 raft_consensus.cc:606] T 5a6fc0688c0f417f89901c7e643df259 P 4fa9f40575b84a53a977ce2dc37173b0 [term 1 LEADER]: Received request to transfer leadership to TS 4c495580d8ef44ddb1f4179367486c21
I20260710 13:24:11.805932 21826 auto_leader_rebalancer.cc:479] table: test-workload, leader rebalance finish, leader transfer count: 2
I20260710 13:24:11.806404 21826 auto_leader_rebalancer.cc:554] All tables' leader rebalancing finished this round
I20260710 13:24:12.080857 22263 raft_consensus.cc:993] T 3ca366f48b8048578ede6fe147b0e2e8 P 02f7eaa61a9547f186f97bebe9d3ec7a: : Instructing follower 4c495580d8ef44ddb1f4179367486c21 to start an election
I20260710 13:24:12.081321 22272 raft_consensus.cc:1081] T 3ca366f48b8048578ede6fe147b0e2e8 P 02f7eaa61a9547f186f97bebe9d3ec7a [term 2 LEADER]: Signalling peer 4c495580d8ef44ddb1f4179367486c21 to start an election
I20260710 13:24:12.082681 22107 tablet_service.cc:2044] Received Run Leader Election RPC: tablet_id: "3ca366f48b8048578ede6fe147b0e2e8"
dest_uuid: "4c495580d8ef44ddb1f4179367486c21"
 from {username='slave'} at 127.0.0.1:47870
I20260710 13:24:12.083094 22107 raft_consensus.cc:493] T 3ca366f48b8048578ede6fe147b0e2e8 P 4c495580d8ef44ddb1f4179367486c21 [term 2 FOLLOWER]: Starting forced leader election (received explicit request)
I20260710 13:24:12.083317 22107 raft_consensus.cc:3060] T 3ca366f48b8048578ede6fe147b0e2e8 P 4c495580d8ef44ddb1f4179367486c21 [term 2 FOLLOWER]: Advancing to term 3
I20260710 13:24:12.087222 22107 raft_consensus.cc:515] T 3ca366f48b8048578ede6fe147b0e2e8 P 4c495580d8ef44ddb1f4179367486c21 [term 3 FOLLOWER]: Starting forced leader election with config: opid_index: -1 OBSOLETE_local: false peers { permanent_uuid: "02f7eaa61a9547f186f97bebe9d3ec7a" member_type: VOTER last_known_addr { host: "127.21.80.129" port: 46579 } } peers { permanent_uuid: "4fa9f40575b84a53a977ce2dc37173b0" member_type: VOTER last_known_addr { host: "127.21.80.130" port: 43647 } } peers { permanent_uuid: "4c495580d8ef44ddb1f4179367486c21" member_type: VOTER last_known_addr { host: "127.21.80.131" port: 43385 } }
I20260710 13:24:12.088653 22107 leader_election.cc:290] T 3ca366f48b8048578ede6fe147b0e2e8 P 4c495580d8ef44ddb1f4179367486c21 [CANDIDATE]: Term 3 election: Requested vote from peers 02f7eaa61a9547f186f97bebe9d3ec7a (127.21.80.129:46579), 4fa9f40575b84a53a977ce2dc37173b0 (127.21.80.130:43647)
I20260710 13:24:12.089672 21958 tablet_service.cc:1917] Received RequestConsensusVote() RPC: tablet_id: "3ca366f48b8048578ede6fe147b0e2e8" candidate_uuid: "4c495580d8ef44ddb1f4179367486c21" candidate_term: 3 candidate_status { last_received { term: 2 index: 2 } } ignore_live_leader: true dest_uuid: "02f7eaa61a9547f186f97bebe9d3ec7a"
I20260710 13:24:12.089763 22035 tablet_service.cc:1917] Received RequestConsensusVote() RPC: tablet_id: "3ca366f48b8048578ede6fe147b0e2e8" candidate_uuid: "4c495580d8ef44ddb1f4179367486c21" candidate_term: 3 candidate_status { last_received { term: 2 index: 2 } } ignore_live_leader: true dest_uuid: "4fa9f40575b84a53a977ce2dc37173b0"
I20260710 13:24:12.090154 21958 raft_consensus.cc:3055] T 3ca366f48b8048578ede6fe147b0e2e8 P 02f7eaa61a9547f186f97bebe9d3ec7a [term 2 LEADER]: Stepping down as leader of term 2
I20260710 13:24:12.090446 22035 raft_consensus.cc:3060] T 3ca366f48b8048578ede6fe147b0e2e8 P 4fa9f40575b84a53a977ce2dc37173b0 [term 2 FOLLOWER]: Advancing to term 3
I20260710 13:24:12.090487 21958 raft_consensus.cc:740] T 3ca366f48b8048578ede6fe147b0e2e8 P 02f7eaa61a9547f186f97bebe9d3ec7a [term 2 LEADER]: Becoming Follower/Learner. State: Replica: 02f7eaa61a9547f186f97bebe9d3ec7a, State: Running, Role: LEADER
I20260710 13:24:12.091300 21958 consensus_queue.cc:260] T 3ca366f48b8048578ede6fe147b0e2e8 P 02f7eaa61a9547f186f97bebe9d3ec7a [NON_LEADER]: Queue going to NON_LEADER mode. State: All replicated index: 0, Majority replicated index: 2, Committed index: 2, Last appended: 2.2, Last appended by leader: 2, Current term: 2, Majority size: -1, State: 0, Mode: NON_LEADER, active raft config: opid_index: -1 OBSOLETE_local: false peers { permanent_uuid: "02f7eaa61a9547f186f97bebe9d3ec7a" member_type: VOTER last_known_addr { host: "127.21.80.129" port: 46579 } } peers { permanent_uuid: "4fa9f40575b84a53a977ce2dc37173b0" member_type: VOTER last_known_addr { host: "127.21.80.130" port: 43647 } } peers { permanent_uuid: "4c495580d8ef44ddb1f4179367486c21" member_type: VOTER last_known_addr { host: "127.21.80.131" port: 43385 } }
I20260710 13:24:12.092190 21958 raft_consensus.cc:3060] T 3ca366f48b8048578ede6fe147b0e2e8 P 02f7eaa61a9547f186f97bebe9d3ec7a [term 2 FOLLOWER]: Advancing to term 3
I20260710 13:24:12.096791 22035 raft_consensus.cc:2468] T 3ca366f48b8048578ede6fe147b0e2e8 P 4fa9f40575b84a53a977ce2dc37173b0 [term 3 FOLLOWER]: Leader election vote request: Granting yes vote for candidate 4c495580d8ef44ddb1f4179367486c21 in term 3.
I20260710 13:24:12.097803 21958 raft_consensus.cc:2468] T 3ca366f48b8048578ede6fe147b0e2e8 P 02f7eaa61a9547f186f97bebe9d3ec7a [term 3 FOLLOWER]: Leader election vote request: Granting yes vote for candidate 4c495580d8ef44ddb1f4179367486c21 in term 3.
I20260710 13:24:12.098011 22076 leader_election.cc:304] T 3ca366f48b8048578ede6fe147b0e2e8 P 4c495580d8ef44ddb1f4179367486c21 [CANDIDATE]: Term 3 election: Election decided. Result: candidate won. Election summary: received 2 responses out of 3 voters: 2 yes votes; 0 no votes. yes voters: 4c495580d8ef44ddb1f4179367486c21, 4fa9f40575b84a53a977ce2dc37173b0; no voters: 
I20260710 13:24:12.099071 22253 raft_consensus.cc:2804] T 3ca366f48b8048578ede6fe147b0e2e8 P 4c495580d8ef44ddb1f4179367486c21 [term 3 FOLLOWER]: Leader election won for term 3
I20260710 13:24:12.100456 22253 raft_consensus.cc:697] T 3ca366f48b8048578ede6fe147b0e2e8 P 4c495580d8ef44ddb1f4179367486c21 [term 3 LEADER]: Becoming Leader. State: Replica: 4c495580d8ef44ddb1f4179367486c21, State: Running, Role: LEADER
I20260710 13:24:12.101332 22253 consensus_queue.cc:237] T 3ca366f48b8048578ede6fe147b0e2e8 P 4c495580d8ef44ddb1f4179367486c21 [LEADER]: Queue going to LEADER mode. State: All replicated index: 0, Majority replicated index: 2, Committed index: 2, Last appended: 2.2, Last appended by leader: 2, Current term: 3, Majority size: 2, State: 0, Mode: LEADER, active raft config: opid_index: -1 OBSOLETE_local: false peers { permanent_uuid: "02f7eaa61a9547f186f97bebe9d3ec7a" member_type: VOTER last_known_addr { host: "127.21.80.129" port: 46579 } } peers { permanent_uuid: "4fa9f40575b84a53a977ce2dc37173b0" member_type: VOTER last_known_addr { host: "127.21.80.130" port: 43647 } } peers { permanent_uuid: "4c495580d8ef44ddb1f4179367486c21" member_type: VOTER last_known_addr { host: "127.21.80.131" port: 43385 } }
I20260710 13:24:12.102442 22273 raft_consensus.cc:993] T 5a6fc0688c0f417f89901c7e643df259 P 4fa9f40575b84a53a977ce2dc37173b0: : Instructing follower 4c495580d8ef44ddb1f4179367486c21 to start an election
I20260710 13:24:12.102916 22273 raft_consensus.cc:1081] T 5a6fc0688c0f417f89901c7e643df259 P 4fa9f40575b84a53a977ce2dc37173b0 [term 1 LEADER]: Signalling peer 4c495580d8ef44ddb1f4179367486c21 to start an election
I20260710 13:24:12.104614 22107 tablet_service.cc:2044] Received Run Leader Election RPC: tablet_id: "5a6fc0688c0f417f89901c7e643df259"
dest_uuid: "4c495580d8ef44ddb1f4179367486c21"
 from {username='slave'} at 127.0.0.1:47866
I20260710 13:24:12.105149 22107 raft_consensus.cc:493] T 5a6fc0688c0f417f89901c7e643df259 P 4c495580d8ef44ddb1f4179367486c21 [term 1 FOLLOWER]: Starting forced leader election (received explicit request)
I20260710 13:24:12.105557 22107 raft_consensus.cc:3060] T 5a6fc0688c0f417f89901c7e643df259 P 4c495580d8ef44ddb1f4179367486c21 [term 1 FOLLOWER]: Advancing to term 2
I20260710 13:24:12.109355 21858 catalog_manager.cc:5697] T 3ca366f48b8048578ede6fe147b0e2e8 P 4c495580d8ef44ddb1f4179367486c21 reported cstate change: term changed from 2 to 3, leader changed from 02f7eaa61a9547f186f97bebe9d3ec7a (127.21.80.129) to 4c495580d8ef44ddb1f4179367486c21 (127.21.80.131). New cstate: current_term: 3 leader_uuid: "4c495580d8ef44ddb1f4179367486c21" committed_config { opid_index: -1 OBSOLETE_local: false peers { permanent_uuid: "02f7eaa61a9547f186f97bebe9d3ec7a" member_type: VOTER last_known_addr { host: "127.21.80.129" port: 46579 } health_report { overall_health: UNKNOWN } } peers { permanent_uuid: "4fa9f40575b84a53a977ce2dc37173b0" member_type: VOTER last_known_addr { host: "127.21.80.130" port: 43647 } health_report { overall_health: UNKNOWN } } peers { permanent_uuid: "4c495580d8ef44ddb1f4179367486c21" member_type: VOTER last_known_addr { host: "127.21.80.131" port: 43385 } health_report { overall_health: HEALTHY } } }
I20260710 13:24:12.110410 22107 raft_consensus.cc:515] T 5a6fc0688c0f417f89901c7e643df259 P 4c495580d8ef44ddb1f4179367486c21 [term 2 FOLLOWER]: Starting forced leader election with config: opid_index: -1 OBSOLETE_local: false peers { permanent_uuid: "02f7eaa61a9547f186f97bebe9d3ec7a" member_type: VOTER last_known_addr { host: "127.21.80.129" port: 46579 } } peers { permanent_uuid: "4fa9f40575b84a53a977ce2dc37173b0" member_type: VOTER last_known_addr { host: "127.21.80.130" port: 43647 } } peers { permanent_uuid: "4c495580d8ef44ddb1f4179367486c21" member_type: VOTER last_known_addr { host: "127.21.80.131" port: 43385 } }
I20260710 13:24:12.112600 22107 leader_election.cc:290] T 5a6fc0688c0f417f89901c7e643df259 P 4c495580d8ef44ddb1f4179367486c21 [CANDIDATE]: Term 2 election: Requested vote from peers 02f7eaa61a9547f186f97bebe9d3ec7a (127.21.80.129:46579), 4fa9f40575b84a53a977ce2dc37173b0 (127.21.80.130:43647)
I20260710 13:24:12.112563 21958 tablet_service.cc:1917] Received RequestConsensusVote() RPC: tablet_id: "5a6fc0688c0f417f89901c7e643df259" candidate_uuid: "4c495580d8ef44ddb1f4179367486c21" candidate_term: 2 candidate_status { last_received { term: 1 index: 1 } } ignore_live_leader: true dest_uuid: "02f7eaa61a9547f186f97bebe9d3ec7a"
I20260710 13:24:12.112787 22035 tablet_service.cc:1917] Received RequestConsensusVote() RPC: tablet_id: "5a6fc0688c0f417f89901c7e643df259" candidate_uuid: "4c495580d8ef44ddb1f4179367486c21" candidate_term: 2 candidate_status { last_received { term: 1 index: 1 } } ignore_live_leader: true dest_uuid: "4fa9f40575b84a53a977ce2dc37173b0"
I20260710 13:24:12.113353 21958 raft_consensus.cc:3060] T 5a6fc0688c0f417f89901c7e643df259 P 02f7eaa61a9547f186f97bebe9d3ec7a [term 1 FOLLOWER]: Advancing to term 2
I20260710 13:24:12.113456 22035 raft_consensus.cc:3055] T 5a6fc0688c0f417f89901c7e643df259 P 4fa9f40575b84a53a977ce2dc37173b0 [term 1 LEADER]: Stepping down as leader of term 1
I20260710 13:24:12.113863 22035 raft_consensus.cc:740] T 5a6fc0688c0f417f89901c7e643df259 P 4fa9f40575b84a53a977ce2dc37173b0 [term 1 LEADER]: Becoming Follower/Learner. State: Replica: 4fa9f40575b84a53a977ce2dc37173b0, State: Running, Role: LEADER
I20260710 13:24:12.114537 22035 consensus_queue.cc:260] T 5a6fc0688c0f417f89901c7e643df259 P 4fa9f40575b84a53a977ce2dc37173b0 [NON_LEADER]: Queue going to NON_LEADER mode. State: All replicated index: 0, Majority replicated index: 1, Committed index: 1, Last appended: 1.1, Last appended by leader: 1, Current term: 1, Majority size: -1, State: 0, Mode: NON_LEADER, active raft config: opid_index: -1 OBSOLETE_local: false peers { permanent_uuid: "02f7eaa61a9547f186f97bebe9d3ec7a" member_type: VOTER last_known_addr { host: "127.21.80.129" port: 46579 } } peers { permanent_uuid: "4fa9f40575b84a53a977ce2dc37173b0" member_type: VOTER last_known_addr { host: "127.21.80.130" port: 43647 } } peers { permanent_uuid: "4c495580d8ef44ddb1f4179367486c21" member_type: VOTER last_known_addr { host: "127.21.80.131" port: 43385 } }
I20260710 13:24:12.115442 22035 raft_consensus.cc:3060] T 5a6fc0688c0f417f89901c7e643df259 P 4fa9f40575b84a53a977ce2dc37173b0 [term 1 FOLLOWER]: Advancing to term 2
I20260710 13:24:12.119427 21958 raft_consensus.cc:2468] T 5a6fc0688c0f417f89901c7e643df259 P 02f7eaa61a9547f186f97bebe9d3ec7a [term 2 FOLLOWER]: Leader election vote request: Granting yes vote for candidate 4c495580d8ef44ddb1f4179367486c21 in term 2.
I20260710 13:24:12.120301 22074 leader_election.cc:304] T 5a6fc0688c0f417f89901c7e643df259 P 4c495580d8ef44ddb1f4179367486c21 [CANDIDATE]: Term 2 election: Election decided. Result: candidate won. Election summary: received 2 responses out of 3 voters: 2 yes votes; 0 no votes. yes voters: 02f7eaa61a9547f186f97bebe9d3ec7a, 4c495580d8ef44ddb1f4179367486c21; no voters: 
I20260710 13:24:12.121011 22253 raft_consensus.cc:2804] T 5a6fc0688c0f417f89901c7e643df259 P 4c495580d8ef44ddb1f4179367486c21 [term 2 FOLLOWER]: Leader election won for term 2
I20260710 13:24:12.121584 22253 raft_consensus.cc:697] T 5a6fc0688c0f417f89901c7e643df259 P 4c495580d8ef44ddb1f4179367486c21 [term 2 LEADER]: Becoming Leader. State: Replica: 4c495580d8ef44ddb1f4179367486c21, State: Running, Role: LEADER
I20260710 13:24:12.121803 22035 raft_consensus.cc:2468] T 5a6fc0688c0f417f89901c7e643df259 P 4fa9f40575b84a53a977ce2dc37173b0 [term 2 FOLLOWER]: Leader election vote request: Granting yes vote for candidate 4c495580d8ef44ddb1f4179367486c21 in term 2.
I20260710 13:24:12.122349 22253 consensus_queue.cc:237] T 5a6fc0688c0f417f89901c7e643df259 P 4c495580d8ef44ddb1f4179367486c21 [LEADER]: Queue going to LEADER mode. State: All replicated index: 0, Majority replicated index: 1, Committed index: 1, Last appended: 1.1, Last appended by leader: 1, Current term: 2, Majority size: 2, State: 0, Mode: LEADER, active raft config: opid_index: -1 OBSOLETE_local: false peers { permanent_uuid: "02f7eaa61a9547f186f97bebe9d3ec7a" member_type: VOTER last_known_addr { host: "127.21.80.129" port: 46579 } } peers { permanent_uuid: "4fa9f40575b84a53a977ce2dc37173b0" member_type: VOTER last_known_addr { host: "127.21.80.130" port: 43647 } } peers { permanent_uuid: "4c495580d8ef44ddb1f4179367486c21" member_type: VOTER last_known_addr { host: "127.21.80.131" port: 43385 } }
I20260710 13:24:12.129374 21858 catalog_manager.cc:5697] T 5a6fc0688c0f417f89901c7e643df259 P 4c495580d8ef44ddb1f4179367486c21 reported cstate change: term changed from 1 to 2, leader changed from 4fa9f40575b84a53a977ce2dc37173b0 (127.21.80.130) to 4c495580d8ef44ddb1f4179367486c21 (127.21.80.131). New cstate: current_term: 2 leader_uuid: "4c495580d8ef44ddb1f4179367486c21" committed_config { opid_index: -1 OBSOLETE_local: false peers { permanent_uuid: "02f7eaa61a9547f186f97bebe9d3ec7a" member_type: VOTER last_known_addr { host: "127.21.80.129" port: 46579 } health_report { overall_health: UNKNOWN } } peers { permanent_uuid: "4fa9f40575b84a53a977ce2dc37173b0" member_type: VOTER last_known_addr { host: "127.21.80.130" port: 43647 } health_report { overall_health: UNKNOWN } } peers { permanent_uuid: "4c495580d8ef44ddb1f4179367486c21" member_type: VOTER last_known_addr { host: "127.21.80.131" port: 43385 } health_report { overall_health: HEALTHY } } }
I20260710 13:24:12.515906 22035 raft_consensus.cc:1275] T 3ca366f48b8048578ede6fe147b0e2e8 P 4fa9f40575b84a53a977ce2dc37173b0 [term 3 FOLLOWER]: Refusing update from remote peer 4c495580d8ef44ddb1f4179367486c21: Log matching property violated. Preceding OpId in replica: term: 2 index: 2. Preceding OpId from leader: term: 3 index: 3. (index mismatch)
I20260710 13:24:12.517082 22253 consensus_queue.cc:1048] T 3ca366f48b8048578ede6fe147b0e2e8 P 4c495580d8ef44ddb1f4179367486c21 [LEADER]: Connected to new peer: Peer: permanent_uuid: "4fa9f40575b84a53a977ce2dc37173b0" member_type: VOTER last_known_addr { host: "127.21.80.130" port: 43647 }, Status: LMP_MISMATCH, Last received: 0.0, Next index: 3, Last known committed idx: 2, Time since last communication: 0.000s
I20260710 13:24:12.527841 21958 raft_consensus.cc:1275] T 3ca366f48b8048578ede6fe147b0e2e8 P 02f7eaa61a9547f186f97bebe9d3ec7a [term 3 FOLLOWER]: Refusing update from remote peer 4c495580d8ef44ddb1f4179367486c21: Log matching property violated. Preceding OpId in replica: term: 2 index: 2. Preceding OpId from leader: term: 3 index: 3. (index mismatch)
I20260710 13:24:12.529383 22253 consensus_queue.cc:1048] T 3ca366f48b8048578ede6fe147b0e2e8 P 4c495580d8ef44ddb1f4179367486c21 [LEADER]: Connected to new peer: Peer: permanent_uuid: "02f7eaa61a9547f186f97bebe9d3ec7a" member_type: VOTER last_known_addr { host: "127.21.80.129" port: 46579 }, Status: LMP_MISMATCH, Last received: 0.0, Next index: 3, Last known committed idx: 2, Time since last communication: 0.000s
I20260710 13:24:12.603323 22035 raft_consensus.cc:1275] T 5a6fc0688c0f417f89901c7e643df259 P 4fa9f40575b84a53a977ce2dc37173b0 [term 2 FOLLOWER]: Refusing update from remote peer 4c495580d8ef44ddb1f4179367486c21: Log matching property violated. Preceding OpId in replica: term: 1 index: 1. Preceding OpId from leader: term: 2 index: 2. (index mismatch)
I20260710 13:24:12.604699 22253 consensus_queue.cc:1048] T 5a6fc0688c0f417f89901c7e643df259 P 4c495580d8ef44ddb1f4179367486c21 [LEADER]: Connected to new peer: Peer: permanent_uuid: "4fa9f40575b84a53a977ce2dc37173b0" member_type: VOTER last_known_addr { host: "127.21.80.130" port: 43647 }, Status: LMP_MISMATCH, Last received: 0.0, Next index: 2, Last known committed idx: 1, Time since last communication: 0.000s
I20260710 13:24:12.613080 21958 raft_consensus.cc:1275] T 5a6fc0688c0f417f89901c7e643df259 P 02f7eaa61a9547f186f97bebe9d3ec7a [term 2 FOLLOWER]: Refusing update from remote peer 4c495580d8ef44ddb1f4179367486c21: Log matching property violated. Preceding OpId in replica: term: 1 index: 1. Preceding OpId from leader: term: 2 index: 2. (index mismatch)
