I20260710 13:24:27.812812 28642 ts_tablet_manager.cc:1434] T c0fae9e761d54b9b9f7b3e48a69ba721 P d1ca6862b0dd49cc8bf2de63660393f3: Time spent starting tablet: real 0.028s	user 0.007s	sys 0.000s
I20260710 13:24:27.813740 28642 tablet_bootstrap.cc:492] T 94950bf50cc14b18852d4d6013380bdd P d1ca6862b0dd49cc8bf2de63660393f3: Bootstrap starting.
I20260710 13:24:27.827502 28650 raft_consensus.cc:493] T e1bd05359a6b41dbb7a9031677da3390 P d1ca6862b0dd49cc8bf2de63660393f3 [term 0 FOLLOWER]: Starting pre-election (no leader contacted us within the election timeout)
I20260710 13:24:27.828148 28650 raft_consensus.cc:515] T e1bd05359a6b41dbb7a9031677da3390 P d1ca6862b0dd49cc8bf2de63660393f3 [term 0 FOLLOWER]: Starting pre-election with config: opid_index: -1 OBSOLETE_local: false peers { permanent_uuid: "fc4b6f1ef0724640be09f65cdacc43ee" member_type: VOTER last_known_addr { host: "127.26.171.1" port: 43477 } } peers { permanent_uuid: "d1ca6862b0dd49cc8bf2de63660393f3" member_type: VOTER last_known_addr { host: "127.26.171.2" port: 45113 } } peers { permanent_uuid: "75a8b9a5498a4b0ca521d18e99c84da1" member_type: VOTER last_known_addr { host: "127.26.171.3" port: 42937 } }
I20260710 13:24:27.843403 28452 tablet_service.cc:1917] Received RequestConsensusVote() RPC: tablet_id: "4d03a64981f64f1e9b53545c78d36b85" candidate_uuid: "75a8b9a5498a4b0ca521d18e99c84da1" candidate_term: 1 candidate_status { last_received { term: 0 index: 0 } } ignore_live_leader: false dest_uuid: "fc4b6f1ef0724640be09f65cdacc43ee" is_pre_election: true
I20260710 13:24:27.843930 28451 tablet_service.cc:1917] Received RequestConsensusVote() RPC: tablet_id: "1901bdb3bb494a3890daf55eb86dce12" candidate_uuid: "75a8b9a5498a4b0ca521d18e99c84da1" candidate_term: 1 candidate_status { last_received { term: 0 index: 0 } } ignore_live_leader: false dest_uuid: "fc4b6f1ef0724640be09f65cdacc43ee" is_pre_election: true
I20260710 13:24:27.844183 28452 raft_consensus.cc:2468] T 4d03a64981f64f1e9b53545c78d36b85 P fc4b6f1ef0724640be09f65cdacc43ee [term 0 FOLLOWER]: Leader pre-election vote request: Granting yes vote for candidate 75a8b9a5498a4b0ca521d18e99c84da1 in term 0.
I20260710 13:24:27.845286 28642 tablet_bootstrap.cc:654] T 94950bf50cc14b18852d4d6013380bdd P d1ca6862b0dd49cc8bf2de63660393f3: Neither blocks nor log segments found. Creating new log.
I20260710 13:24:27.845779 28643 tablet_bootstrap.cc:492] T 94950bf50cc14b18852d4d6013380bdd P fc4b6f1ef0724640be09f65cdacc43ee: No bootstrap required, opened a new log
I20260710 13:24:27.845656 28564 leader_election.cc:304] T 4d03a64981f64f1e9b53545c78d36b85 P 75a8b9a5498a4b0ca521d18e99c84da1 [CANDIDATE]: Term 1 pre-election: Election decided. Result: candidate won. Election summary: received 2 responses out of 3 voters: 2 yes votes; 0 no votes. yes voters: 75a8b9a5498a4b0ca521d18e99c84da1, fc4b6f1ef0724640be09f65cdacc43ee; no voters: 
I20260710 13:24:27.846378 28643 ts_tablet_manager.cc:1403] T 94950bf50cc14b18852d4d6013380bdd P fc4b6f1ef0724640be09f65cdacc43ee: Time spent bootstrapping tablet: real 0.053s	user 0.026s	sys 0.025s
I20260710 13:24:27.846844 28645 raft_consensus.cc:2804] T 4d03a64981f64f1e9b53545c78d36b85 P 75a8b9a5498a4b0ca521d18e99c84da1 [term 0 FOLLOWER]: Leader pre-election won for term 1
I20260710 13:24:27.847299 28645 raft_consensus.cc:493] T 4d03a64981f64f1e9b53545c78d36b85 P 75a8b9a5498a4b0ca521d18e99c84da1 [term 0 FOLLOWER]: Starting leader election (no leader contacted us within the election timeout)
I20260710 13:24:27.847811 28645 raft_consensus.cc:3060] T 4d03a64981f64f1e9b53545c78d36b85 P 75a8b9a5498a4b0ca521d18e99c84da1 [term 0 FOLLOWER]: Advancing to term 1
I20260710 13:24:27.849431 28643 raft_consensus.cc:359] T 94950bf50cc14b18852d4d6013380bdd P fc4b6f1ef0724640be09f65cdacc43ee [term 0 FOLLOWER]: Replica starting. Triggering 0 pending ops. Active config: opid_index: -1 OBSOLETE_local: false peers { permanent_uuid: "fc4b6f1ef0724640be09f65cdacc43ee" member_type: VOTER last_known_addr { host: "127.26.171.1" port: 43477 } } peers { permanent_uuid: "d1ca6862b0dd49cc8bf2de63660393f3" member_type: VOTER last_known_addr { host: "127.26.171.2" port: 45113 } } peers { permanent_uuid: "75a8b9a5498a4b0ca521d18e99c84da1" member_type: VOTER last_known_addr { host: "127.26.171.3" port: 42937 } }
I20260710 13:24:27.850179 28643 raft_consensus.cc:385] T 94950bf50cc14b18852d4d6013380bdd P fc4b6f1ef0724640be09f65cdacc43ee [term 0 FOLLOWER]: Consensus starting up: Expiring failure detector timer to make a prompt election more likely
I20260710 13:24:27.850481 28643 raft_consensus.cc:740] T 94950bf50cc14b18852d4d6013380bdd P fc4b6f1ef0724640be09f65cdacc43ee [term 0 FOLLOWER]: Becoming Follower/Learner. State: Replica: fc4b6f1ef0724640be09f65cdacc43ee, State: Initialized, Role: FOLLOWER
I20260710 13:24:27.851369 28650 leader_election.cc:290] T e1bd05359a6b41dbb7a9031677da3390 P d1ca6862b0dd49cc8bf2de63660393f3 [CANDIDATE]: Term 1 pre-election: Requested pre-vote from peers fc4b6f1ef0724640be09f65cdacc43ee (127.26.171.1:43477), 75a8b9a5498a4b0ca521d18e99c84da1 (127.26.171.3:42937)
I20260710 13:24:27.851153 28643 consensus_queue.cc:260] T 94950bf50cc14b18852d4d6013380bdd P fc4b6f1ef0724640be09f65cdacc43ee [NON_LEADER]: Queue going to NON_LEADER mode. State: All replicated index: 0, Majority replicated index: 0, Committed index: 0, Last appended: 0.0, Last appended by leader: 0, Current term: 0, Majority size: -1, State: 0, Mode: NON_LEADER, active raft config: opid_index: -1 OBSOLETE_local: false peers { permanent_uuid: "fc4b6f1ef0724640be09f65cdacc43ee" member_type: VOTER last_known_addr { host: "127.26.171.1" port: 43477 } } peers { permanent_uuid: "d1ca6862b0dd49cc8bf2de63660393f3" member_type: VOTER last_known_addr { host: "127.26.171.2" port: 45113 } } peers { permanent_uuid: "75a8b9a5498a4b0ca521d18e99c84da1" member_type: VOTER last_known_addr { host: "127.26.171.3" port: 42937 } }
W20260710 13:24:27.852491 28564 leader_election.cc:343] T 1901bdb3bb494a3890daf55eb86dce12 P 75a8b9a5498a4b0ca521d18e99c84da1 [CANDIDATE]: Term 1 pre-election: Tablet error from VoteRequest() call to peer fc4b6f1ef0724640be09f65cdacc43ee (127.26.171.1:43477): Illegal state: must be running to vote when last-logged opid is not known
I20260710 13:24:27.853561 28643 ts_tablet_manager.cc:1434] T 94950bf50cc14b18852d4d6013380bdd P fc4b6f1ef0724640be09f65cdacc43ee: Time spent starting tablet: real 0.007s	user 0.004s	sys 0.002s
I20260710 13:24:27.854476 28643 tablet_bootstrap.cc:492] T c65f051ce7034ab585dda5644b912987 P fc4b6f1ef0724640be09f65cdacc43ee: Bootstrap starting.
I20260710 13:24:27.857028 28527 tablet_service.cc:1917] Received RequestConsensusVote() RPC: tablet_id: "4d03a64981f64f1e9b53545c78d36b85" candidate_uuid: "75a8b9a5498a4b0ca521d18e99c84da1" candidate_term: 1 candidate_status { last_received { term: 0 index: 0 } } ignore_live_leader: false dest_uuid: "d1ca6862b0dd49cc8bf2de63660393f3" is_pre_election: true
I20260710 13:24:27.858755 28527 tablet_service.cc:1917] Received RequestConsensusVote() RPC: tablet_id: "1901bdb3bb494a3890daf55eb86dce12" candidate_uuid: "75a8b9a5498a4b0ca521d18e99c84da1" candidate_term: 1 candidate_status { last_received { term: 0 index: 0 } } ignore_live_leader: false dest_uuid: "d1ca6862b0dd49cc8bf2de63660393f3" is_pre_election: true
W20260710 13:24:27.859941 28564 leader_election.cc:343] T 4d03a64981f64f1e9b53545c78d36b85 P 75a8b9a5498a4b0ca521d18e99c84da1 [CANDIDATE]: Term 1 pre-election: Tablet error from VoteRequest() call to peer d1ca6862b0dd49cc8bf2de63660393f3 (127.26.171.2:45113): Illegal state: must be running to vote when last-logged opid is not known
I20260710 13:24:27.860603 28641 tablet_bootstrap.cc:492] T b8fe2b3b2e3148668f7f8eff9355303e P 75a8b9a5498a4b0ca521d18e99c84da1: No bootstrap required, opened a new log
I20260710 13:24:27.861071 28641 ts_tablet_manager.cc:1403] T b8fe2b3b2e3148668f7f8eff9355303e P 75a8b9a5498a4b0ca521d18e99c84da1: Time spent bootstrapping tablet: real 0.083s	user 0.011s	sys 0.017s
W20260710 13:24:27.861158 28564 leader_election.cc:343] T 1901bdb3bb494a3890daf55eb86dce12 P 75a8b9a5498a4b0ca521d18e99c84da1 [CANDIDATE]: Term 1 pre-election: Tablet error from VoteRequest() call to peer d1ca6862b0dd49cc8bf2de63660393f3 (127.26.171.2:45113): Illegal state: must be running to vote when last-logged opid is not known
I20260710 13:24:27.861759 28643 tablet_bootstrap.cc:654] T c65f051ce7034ab585dda5644b912987 P fc4b6f1ef0724640be09f65cdacc43ee: Neither blocks nor log segments found. Creating new log.
I20260710 13:24:27.861599 28564 leader_election.cc:304] T 1901bdb3bb494a3890daf55eb86dce12 P 75a8b9a5498a4b0ca521d18e99c84da1 [CANDIDATE]: Term 1 pre-election: Election decided. Result: candidate lost. Election summary: received 3 responses out of 3 voters: 1 yes votes; 2 no votes. yes voters: 75a8b9a5498a4b0ca521d18e99c84da1; no voters: d1ca6862b0dd49cc8bf2de63660393f3, fc4b6f1ef0724640be09f65cdacc43ee
I20260710 13:24:27.861930 28645 raft_consensus.cc:515] T 4d03a64981f64f1e9b53545c78d36b85 P 75a8b9a5498a4b0ca521d18e99c84da1 [term 1 FOLLOWER]: Starting leader election with config: opid_index: -1 OBSOLETE_local: false peers { permanent_uuid: "fc4b6f1ef0724640be09f65cdacc43ee" member_type: VOTER last_known_addr { host: "127.26.171.1" port: 43477 } } peers { permanent_uuid: "d1ca6862b0dd49cc8bf2de63660393f3" member_type: VOTER last_known_addr { host: "127.26.171.2" port: 45113 } } peers { permanent_uuid: "75a8b9a5498a4b0ca521d18e99c84da1" member_type: VOTER last_known_addr { host: "127.26.171.3" port: 42937 } }
I20260710 13:24:27.873005 28641 raft_consensus.cc:359] T b8fe2b3b2e3148668f7f8eff9355303e P 75a8b9a5498a4b0ca521d18e99c84da1 [term 0 FOLLOWER]: Replica starting. Triggering 0 pending ops. Active config: opid_index: -1 OBSOLETE_local: false peers { permanent_uuid: "fc4b6f1ef0724640be09f65cdacc43ee" member_type: VOTER last_known_addr { host: "127.26.171.1" port: 43477 } } peers { permanent_uuid: "d1ca6862b0dd49cc8bf2de63660393f3" member_type: VOTER last_known_addr { host: "127.26.171.2" port: 45113 } } peers { permanent_uuid: "75a8b9a5498a4b0ca521d18e99c84da1" member_type: VOTER last_known_addr { host: "127.26.171.3" port: 42937 } }
I20260710 13:24:27.873965 28641 raft_consensus.cc:385] T b8fe2b3b2e3148668f7f8eff9355303e P 75a8b9a5498a4b0ca521d18e99c84da1 [term 0 FOLLOWER]: Consensus starting up: Expiring failure detector timer to make a prompt election more likely
I20260710 13:24:27.874341 28641 raft_consensus.cc:740] T b8fe2b3b2e3148668f7f8eff9355303e P 75a8b9a5498a4b0ca521d18e99c84da1 [term 0 FOLLOWER]: Becoming Follower/Learner. State: Replica: 75a8b9a5498a4b0ca521d18e99c84da1, State: Initialized, Role: FOLLOWER
I20260710 13:24:27.876129 28641 consensus_queue.cc:260] T b8fe2b3b2e3148668f7f8eff9355303e P 75a8b9a5498a4b0ca521d18e99c84da1 [NON_LEADER]: Queue going to NON_LEADER mode. State: All replicated index: 0, Majority replicated index: 0, Committed index: 0, Last appended: 0.0, Last appended by leader: 0, Current term: 0, Majority size: -1, State: 0, Mode: NON_LEADER, active raft config: opid_index: -1 OBSOLETE_local: false peers { permanent_uuid: "fc4b6f1ef0724640be09f65cdacc43ee" member_type: VOTER last_known_addr { host: "127.26.171.1" port: 43477 } } peers { permanent_uuid: "d1ca6862b0dd49cc8bf2de63660393f3" member_type: VOTER last_known_addr { host: "127.26.171.2" port: 45113 } } peers { permanent_uuid: "75a8b9a5498a4b0ca521d18e99c84da1" member_type: VOTER last_known_addr { host: "127.26.171.3" port: 42937 } }
I20260710 13:24:27.878135 28664 raft_consensus.cc:2749] T 1901bdb3bb494a3890daf55eb86dce12 P 75a8b9a5498a4b0ca521d18e99c84da1 [term 0 FOLLOWER]: Leader pre-election lost for term 1. Reason: could not achieve majority
I20260710 13:24:27.879976 28642 tablet_bootstrap.cc:492] T 94950bf50cc14b18852d4d6013380bdd P d1ca6862b0dd49cc8bf2de63660393f3: No bootstrap required, opened a new log
I20260710 13:24:27.880313 28645 leader_election.cc:290] T 4d03a64981f64f1e9b53545c78d36b85 P 75a8b9a5498a4b0ca521d18e99c84da1 [CANDIDATE]: Term 1 election: Requested vote from peers fc4b6f1ef0724640be09f65cdacc43ee (127.26.171.1:43477), d1ca6862b0dd49cc8bf2de63660393f3 (127.26.171.2:45113)
I20260710 13:24:27.880453 28642 ts_tablet_manager.cc:1403] T 94950bf50cc14b18852d4d6013380bdd P d1ca6862b0dd49cc8bf2de63660393f3: Time spent bootstrapping tablet: real 0.067s	user 0.004s	sys 0.015s
I20260710 13:24:27.882396 28451 tablet_service.cc:1917] Received RequestConsensusVote() RPC: tablet_id: "4d03a64981f64f1e9b53545c78d36b85" candidate_uuid: "75a8b9a5498a4b0ca521d18e99c84da1" candidate_term: 1 candidate_status { last_received { term: 0 index: 0 } } ignore_live_leader: false dest_uuid: "fc4b6f1ef0724640be09f65cdacc43ee"
I20260710 13:24:27.882977 28451 raft_consensus.cc:3060] T 4d03a64981f64f1e9b53545c78d36b85 P fc4b6f1ef0724640be09f65cdacc43ee [term 0 FOLLOWER]: Advancing to term 1
I20260710 13:24:27.883256 28642 raft_consensus.cc:359] T 94950bf50cc14b18852d4d6013380bdd P d1ca6862b0dd49cc8bf2de63660393f3 [term 0 FOLLOWER]: Replica starting. Triggering 0 pending ops. Active config: opid_index: -1 OBSOLETE_local: false peers { permanent_uuid: "fc4b6f1ef0724640be09f65cdacc43ee" member_type: VOTER last_known_addr { host: "127.26.171.1" port: 43477 } } peers { permanent_uuid: "d1ca6862b0dd49cc8bf2de63660393f3" member_type: VOTER last_known_addr { host: "127.26.171.2" port: 45113 } } peers { permanent_uuid: "75a8b9a5498a4b0ca521d18e99c84da1" member_type: VOTER last_known_addr { host: "127.26.171.3" port: 42937 } }
I20260710 13:24:27.883948 28642 raft_consensus.cc:385] T 94950bf50cc14b18852d4d6013380bdd P d1ca6862b0dd49cc8bf2de63660393f3 [term 0 FOLLOWER]: Consensus starting up: Expiring failure detector timer to make a prompt election more likely
I20260710 13:24:27.884238 28642 raft_consensus.cc:740] T 94950bf50cc14b18852d4d6013380bdd P d1ca6862b0dd49cc8bf2de63660393f3 [term 0 FOLLOWER]: Becoming Follower/Learner. State: Replica: d1ca6862b0dd49cc8bf2de63660393f3, State: Initialized, Role: FOLLOWER
I20260710 13:24:27.887764 28527 tablet_service.cc:1917] Received RequestConsensusVote() RPC: tablet_id: "4d03a64981f64f1e9b53545c78d36b85" candidate_uuid: "75a8b9a5498a4b0ca521d18e99c84da1" candidate_term: 1 candidate_status { last_received { term: 0 index: 0 } } ignore_live_leader: false dest_uuid: "d1ca6862b0dd49cc8bf2de63660393f3"
I20260710 13:24:27.887691 28642 consensus_queue.cc:260] T 94950bf50cc14b18852d4d6013380bdd P d1ca6862b0dd49cc8bf2de63660393f3 [NON_LEADER]: Queue going to NON_LEADER mode. State: All replicated index: 0, Majority replicated index: 0, Committed index: 0, Last appended: 0.0, Last appended by leader: 0, Current term: 0, Majority size: -1, State: 0, Mode: NON_LEADER, active raft config: opid_index: -1 OBSOLETE_local: false peers { permanent_uuid: "fc4b6f1ef0724640be09f65cdacc43ee" member_type: VOTER last_known_addr { host: "127.26.171.1" port: 43477 } } peers { permanent_uuid: "d1ca6862b0dd49cc8bf2de63660393f3" member_type: VOTER last_known_addr { host: "127.26.171.2" port: 45113 } } peers { permanent_uuid: "75a8b9a5498a4b0ca521d18e99c84da1" member_type: VOTER last_known_addr { host: "127.26.171.3" port: 42937 } }
W20260710 13:24:27.889355 28564 leader_election.cc:343] T 4d03a64981f64f1e9b53545c78d36b85 P 75a8b9a5498a4b0ca521d18e99c84da1 [CANDIDATE]: Term 1 election: Tablet error from VoteRequest() call to peer d1ca6862b0dd49cc8bf2de63660393f3 (127.26.171.2:45113): Illegal state: must be running to vote when last-logged opid is not known
I20260710 13:24:27.893193 28642 ts_tablet_manager.cc:1434] T 94950bf50cc14b18852d4d6013380bdd P d1ca6862b0dd49cc8bf2de63660393f3: Time spent starting tablet: real 0.012s	user 0.003s	sys 0.003s
I20260710 13:24:27.894167 28642 tablet_bootstrap.cc:492] T 4611291f0372430b900cea96016e26ab P d1ca6862b0dd49cc8bf2de63660393f3: Bootstrap starting.
I20260710 13:24:27.901140 28641 ts_tablet_manager.cc:1434] T b8fe2b3b2e3148668f7f8eff9355303e P 75a8b9a5498a4b0ca521d18e99c84da1: Time spent starting tablet: real 0.040s	user 0.010s	sys 0.018s
I20260710 13:24:27.902761 28641 tablet_bootstrap.cc:492] T 4be379444b794d61a46adf18b89484ff P 75a8b9a5498a4b0ca521d18e99c84da1: Bootstrap starting.
I20260710 13:24:27.907660 28452 tablet_service.cc:1917] Received RequestConsensusVote() RPC: tablet_id: "e1bd05359a6b41dbb7a9031677da3390" candidate_uuid: "d1ca6862b0dd49cc8bf2de63660393f3" candidate_term: 1 candidate_status { last_received { term: 0 index: 0 } } ignore_live_leader: false dest_uuid: "fc4b6f1ef0724640be09f65cdacc43ee" is_pre_election: true
W20260710 13:24:27.909104 28490 leader_election.cc:343] T e1bd05359a6b41dbb7a9031677da3390 P d1ca6862b0dd49cc8bf2de63660393f3 [CANDIDATE]: Term 1 pre-election: Tablet error from VoteRequest() call to peer fc4b6f1ef0724640be09f65cdacc43ee (127.26.171.1:43477): Illegal state: must be running to vote when last-logged opid is not known
I20260710 13:24:27.910907 28451 raft_consensus.cc:2468] T 4d03a64981f64f1e9b53545c78d36b85 P fc4b6f1ef0724640be09f65cdacc43ee [term 1 FOLLOWER]: Leader election vote request: Granting yes vote for candidate 75a8b9a5498a4b0ca521d18e99c84da1 in term 1.
I20260710 13:24:27.911620 28641 tablet_bootstrap.cc:654] T 4be379444b794d61a46adf18b89484ff P 75a8b9a5498a4b0ca521d18e99c84da1: Neither blocks nor log segments found. Creating new log.
I20260710 13:24:27.913066 28564 leader_election.cc:304] T 4d03a64981f64f1e9b53545c78d36b85 P 75a8b9a5498a4b0ca521d18e99c84da1 [CANDIDATE]: Term 1 election: Election decided. Result: candidate won. Election summary: received 3 responses out of 3 voters: 2 yes votes; 1 no votes. yes voters: 75a8b9a5498a4b0ca521d18e99c84da1, fc4b6f1ef0724640be09f65cdacc43ee; no voters: d1ca6862b0dd49cc8bf2de63660393f3
I20260710 13:24:27.914436 28666 raft_consensus.cc:2804] T 4d03a64981f64f1e9b53545c78d36b85 P 75a8b9a5498a4b0ca521d18e99c84da1 [term 1 FOLLOWER]: Leader election won for term 1
I20260710 13:24:27.915125 28666 raft_consensus.cc:697] T 4d03a64981f64f1e9b53545c78d36b85 P 75a8b9a5498a4b0ca521d18e99c84da1 [term 1 LEADER]: Becoming Leader. State: Replica: 75a8b9a5498a4b0ca521d18e99c84da1, State: Running, Role: LEADER
I20260710 13:24:27.915975 28666 consensus_queue.cc:237] T 4d03a64981f64f1e9b53545c78d36b85 P 75a8b9a5498a4b0ca521d18e99c84da1 [LEADER]: Queue going to LEADER mode. State: All replicated index: 0, Majority replicated index: 0, Committed index: 0, Last appended: 0.0, Last appended by leader: 0, Current term: 1, Majority size: 2, State: 0, Mode: LEADER, active raft config: opid_index: -1 OBSOLETE_local: false peers { permanent_uuid: "fc4b6f1ef0724640be09f65cdacc43ee" member_type: VOTER last_known_addr { host: "127.26.171.1" port: 43477 } } peers { permanent_uuid: "d1ca6862b0dd49cc8bf2de63660393f3" member_type: VOTER last_known_addr { host: "127.26.171.2" port: 45113 } } peers { permanent_uuid: "75a8b9a5498a4b0ca521d18e99c84da1" member_type: VOTER last_known_addr { host: "127.26.171.3" port: 42937 } }
I20260710 13:24:27.918977 28643 tablet_bootstrap.cc:492] T c65f051ce7034ab585dda5644b912987 P fc4b6f1ef0724640be09f65cdacc43ee: No bootstrap required, opened a new log
I20260710 13:24:27.919557 28643 ts_tablet_manager.cc:1403] T c65f051ce7034ab585dda5644b912987 P fc4b6f1ef0724640be09f65cdacc43ee: Time spent bootstrapping tablet: real 0.065s	user 0.020s	sys 0.009s
I20260710 13:24:27.920531 28642 tablet_bootstrap.cc:654] T 4611291f0372430b900cea96016e26ab P d1ca6862b0dd49cc8bf2de63660393f3: Neither blocks nor log segments found. Creating new log.
I20260710 13:24:27.922731 28601 tablet_service.cc:1917] Received RequestConsensusVote() RPC: tablet_id: "e1bd05359a6b41dbb7a9031677da3390" candidate_uuid: "d1ca6862b0dd49cc8bf2de63660393f3" candidate_term: 1 candidate_status { last_received { term: 0 index: 0 } } ignore_live_leader: false dest_uuid: "75a8b9a5498a4b0ca521d18e99c84da1" is_pre_election: true
I20260710 13:24:27.922523 28643 raft_consensus.cc:359] T c65f051ce7034ab585dda5644b912987 P fc4b6f1ef0724640be09f65cdacc43ee [term 0 FOLLOWER]: Replica starting. Triggering 0 pending ops. Active config: opid_index: -1 OBSOLETE_local: false peers { permanent_uuid: "fc4b6f1ef0724640be09f65cdacc43ee" member_type: VOTER last_known_addr { host: "127.26.171.1" port: 43477 } } peers { permanent_uuid: "d1ca6862b0dd49cc8bf2de63660393f3" member_type: VOTER last_known_addr { host: "127.26.171.2" port: 45113 } } peers { permanent_uuid: "75a8b9a5498a4b0ca521d18e99c84da1" member_type: VOTER last_known_addr { host: "127.26.171.3" port: 42937 } }
I20260710 13:24:27.923403 28643 raft_consensus.cc:385] T c65f051ce7034ab585dda5644b912987 P fc4b6f1ef0724640be09f65cdacc43ee [term 0 FOLLOWER]: Consensus starting up: Expiring failure detector timer to make a prompt election more likely
I20260710 13:24:27.923393 28601 raft_consensus.cc:2468] T e1bd05359a6b41dbb7a9031677da3390 P 75a8b9a5498a4b0ca521d18e99c84da1 [term 0 FOLLOWER]: Leader pre-election vote request: Granting yes vote for candidate d1ca6862b0dd49cc8bf2de63660393f3 in term 0.
I20260710 13:24:27.923915 28643 raft_consensus.cc:740] T c65f051ce7034ab585dda5644b912987 P fc4b6f1ef0724640be09f65cdacc43ee [term 0 FOLLOWER]: Becoming Follower/Learner. State: Replica: fc4b6f1ef0724640be09f65cdacc43ee, State: Initialized, Role: FOLLOWER
I20260710 13:24:27.924919 28492 leader_election.cc:304] T e1bd05359a6b41dbb7a9031677da3390 P d1ca6862b0dd49cc8bf2de63660393f3 [CANDIDATE]: Term 1 pre-election: Election decided. Result: candidate won. Election summary: received 3 responses out of 3 voters: 2 yes votes; 1 no votes. yes voters: 75a8b9a5498a4b0ca521d18e99c84da1, d1ca6862b0dd49cc8bf2de63660393f3; no voters: fc4b6f1ef0724640be09f65cdacc43ee
I20260710 13:24:27.924791 28643 consensus_queue.cc:260] T c65f051ce7034ab585dda5644b912987 P fc4b6f1ef0724640be09f65cdacc43ee [NON_LEADER]: Queue going to NON_LEADER mode. State: All replicated index: 0, Majority replicated index: 0, Committed index: 0, Last appended: 0.0, Last appended by leader: 0, Current term: 0, Majority size: -1, State: 0, Mode: NON_LEADER, active raft config: opid_index: -1 OBSOLETE_local: false peers { permanent_uuid: "fc4b6f1ef0724640be09f65cdacc43ee" member_type: VOTER last_known_addr { host: "127.26.171.1" port: 43477 } } peers { permanent_uuid: "d1ca6862b0dd49cc8bf2de63660393f3" member_type: VOTER last_known_addr { host: "127.26.171.2" port: 45113 } } peers { permanent_uuid: "75a8b9a5498a4b0ca521d18e99c84da1" member_type: VOTER last_known_addr { host: "127.26.171.3" port: 42937 } }
I20260710 13:24:27.925997 28650 raft_consensus.cc:2804] T e1bd05359a6b41dbb7a9031677da3390 P d1ca6862b0dd49cc8bf2de63660393f3 [term 0 FOLLOWER]: Leader pre-election won for term 1
I20260710 13:24:27.926347 28650 raft_consensus.cc:493] T e1bd05359a6b41dbb7a9031677da3390 P d1ca6862b0dd49cc8bf2de63660393f3 [term 0 FOLLOWER]: Starting leader election (no leader contacted us within the election timeout)
I20260710 13:24:27.926647 28650 raft_consensus.cc:3060] T e1bd05359a6b41dbb7a9031677da3390 P d1ca6862b0dd49cc8bf2de63660393f3 [term 0 FOLLOWER]: Advancing to term 1
I20260710 13:24:27.933928 28643 ts_tablet_manager.cc:1434] T c65f051ce7034ab585dda5644b912987 P fc4b6f1ef0724640be09f65cdacc43ee: Time spent starting tablet: real 0.014s	user 0.005s	sys 0.000s
I20260710 13:24:27.934197 28650 raft_consensus.cc:515] T e1bd05359a6b41dbb7a9031677da3390 P d1ca6862b0dd49cc8bf2de63660393f3 [term 1 FOLLOWER]: Starting leader election with config: opid_index: -1 OBSOLETE_local: false peers { permanent_uuid: "fc4b6f1ef0724640be09f65cdacc43ee" member_type: VOTER last_known_addr { host: "127.26.171.1" port: 43477 } } peers { permanent_uuid: "d1ca6862b0dd49cc8bf2de63660393f3" member_type: VOTER last_known_addr { host: "127.26.171.2" port: 45113 } } peers { permanent_uuid: "75a8b9a5498a4b0ca521d18e99c84da1" member_type: VOTER last_known_addr { host: "127.26.171.3" port: 42937 } }
I20260710 13:24:27.936841 28451 tablet_service.cc:1917] Received RequestConsensusVote() RPC: tablet_id: "e1bd05359a6b41dbb7a9031677da3390" candidate_uuid: "d1ca6862b0dd49cc8bf2de63660393f3" candidate_term: 1 candidate_status { last_received { term: 0 index: 0 } } ignore_live_leader: false dest_uuid: "fc4b6f1ef0724640be09f65cdacc43ee"
W20260710 13:24:27.938185 28490 leader_election.cc:343] T e1bd05359a6b41dbb7a9031677da3390 P d1ca6862b0dd49cc8bf2de63660393f3 [CANDIDATE]: Term 1 election: Tablet error from VoteRequest() call to peer fc4b6f1ef0724640be09f65cdacc43ee (127.26.171.1:43477): Illegal state: must be running to vote when last-logged opid is not known
I20260710 13:24:27.941540 28601 tablet_service.cc:1917] Received RequestConsensusVote() RPC: tablet_id: "e1bd05359a6b41dbb7a9031677da3390" candidate_uuid: "d1ca6862b0dd49cc8bf2de63660393f3" candidate_term: 1 candidate_status { last_received { term: 0 index: 0 } } ignore_live_leader: false dest_uuid: "75a8b9a5498a4b0ca521d18e99c84da1"
I20260710 13:24:27.942085 28601 raft_consensus.cc:3060] T e1bd05359a6b41dbb7a9031677da3390 P 75a8b9a5498a4b0ca521d18e99c84da1 [term 0 FOLLOWER]: Advancing to term 1
I20260710 13:24:27.943229 28643 tablet_bootstrap.cc:492] T 4be379444b794d61a46adf18b89484ff P fc4b6f1ef0724640be09f65cdacc43ee: Bootstrap starting.
I20260710 13:24:27.949539 28601 raft_consensus.cc:2468] T e1bd05359a6b41dbb7a9031677da3390 P 75a8b9a5498a4b0ca521d18e99c84da1 [term 1 FOLLOWER]: Leader election vote request: Granting yes vote for candidate d1ca6862b0dd49cc8bf2de63660393f3 in term 1.
I20260710 13:24:27.952046 28492 leader_election.cc:304] T e1bd05359a6b41dbb7a9031677da3390 P d1ca6862b0dd49cc8bf2de63660393f3 [CANDIDATE]: Term 1 election: Election decided. Result: candidate won. Election summary: received 3 responses out of 3 voters: 2 yes votes; 1 no votes. yes voters: 75a8b9a5498a4b0ca521d18e99c84da1, d1ca6862b0dd49cc8bf2de63660393f3; no voters: fc4b6f1ef0724640be09f65cdacc43ee
I20260710 13:24:27.952636 28650 leader_election.cc:290] T e1bd05359a6b41dbb7a9031677da3390 P d1ca6862b0dd49cc8bf2de63660393f3 [CANDIDATE]: Term 1 election: Requested vote from peers fc4b6f1ef0724640be09f65cdacc43ee (127.26.171.1:43477), 75a8b9a5498a4b0ca521d18e99c84da1 (127.26.171.3:42937)
I20260710 13:24:27.955471 28643 tablet_bootstrap.cc:654] T 4be379444b794d61a46adf18b89484ff P fc4b6f1ef0724640be09f65cdacc43ee: Neither blocks nor log segments found. Creating new log.
I20260710 13:24:27.955915 28650 raft_consensus.cc:2804] T e1bd05359a6b41dbb7a9031677da3390 P d1ca6862b0dd49cc8bf2de63660393f3 [term 1 FOLLOWER]: Leader election won for term 1
I20260710 13:24:27.957260 28650 raft_consensus.cc:697] T e1bd05359a6b41dbb7a9031677da3390 P d1ca6862b0dd49cc8bf2de63660393f3 [term 1 LEADER]: Becoming Leader. State: Replica: d1ca6862b0dd49cc8bf2de63660393f3, State: Running, Role: LEADER
I20260710 13:24:27.958230 28650 consensus_queue.cc:237] T e1bd05359a6b41dbb7a9031677da3390 P d1ca6862b0dd49cc8bf2de63660393f3 [LEADER]: Queue going to LEADER mode. State: All replicated index: 0, Majority replicated index: 0, Committed index: 0, Last appended: 0.0, Last appended by leader: 0, Current term: 1, Majority size: 2, State: 0, Mode: LEADER, active raft config: opid_index: -1 OBSOLETE_local: false peers { permanent_uuid: "fc4b6f1ef0724640be09f65cdacc43ee" member_type: VOTER last_known_addr { host: "127.26.171.1" port: 43477 } } peers { permanent_uuid: "d1ca6862b0dd49cc8bf2de63660393f3" member_type: VOTER last_known_addr { host: "127.26.171.2" port: 45113 } } peers { permanent_uuid: "75a8b9a5498a4b0ca521d18e99c84da1" member_type: VOTER last_known_addr { host: "127.26.171.3" port: 42937 } }
I20260710 13:24:27.959388 28641 tablet_bootstrap.cc:492] T 4be379444b794d61a46adf18b89484ff P 75a8b9a5498a4b0ca521d18e99c84da1: No bootstrap required, opened a new log
I20260710 13:24:27.959849 28641 ts_tablet_manager.cc:1403] T 4be379444b794d61a46adf18b89484ff P 75a8b9a5498a4b0ca521d18e99c84da1: Time spent bootstrapping tablet: real 0.057s	user 0.036s	sys 0.014s
I20260710 13:24:27.962033 28642 tablet_bootstrap.cc:492] T 4611291f0372430b900cea96016e26ab P d1ca6862b0dd49cc8bf2de63660393f3: No bootstrap required, opened a new log
I20260710 13:24:27.962455 28642 ts_tablet_manager.cc:1403] T 4611291f0372430b900cea96016e26ab P d1ca6862b0dd49cc8bf2de63660393f3: Time spent bootstrapping tablet: real 0.068s	user 0.016s	sys 0.020s
I20260710 13:24:27.962884 28641 raft_consensus.cc:359] T 4be379444b794d61a46adf18b89484ff P 75a8b9a5498a4b0ca521d18e99c84da1 [term 0 FOLLOWER]: Replica starting. Triggering 0 pending ops. Active config: opid_index: -1 OBSOLETE_local: false peers { permanent_uuid: "fc4b6f1ef0724640be09f65cdacc43ee" member_type: VOTER last_known_addr { host: "127.26.171.1" port: 43477 } } peers { permanent_uuid: "d1ca6862b0dd49cc8bf2de63660393f3" member_type: VOTER last_known_addr { host: "127.26.171.2" port: 45113 } } peers { permanent_uuid: "75a8b9a5498a4b0ca521d18e99c84da1" member_type: VOTER last_known_addr { host: "127.26.171.3" port: 42937 } }
I20260710 13:24:27.963634 28641 raft_consensus.cc:385] T 4be379444b794d61a46adf18b89484ff P 75a8b9a5498a4b0ca521d18e99c84da1 [term 0 FOLLOWER]: Consensus starting up: Expiring failure detector timer to make a prompt election more likely
I20260710 13:24:27.963904 28641 raft_consensus.cc:740] T 4be379444b794d61a46adf18b89484ff P 75a8b9a5498a4b0ca521d18e99c84da1 [term 0 FOLLOWER]: Becoming Follower/Learner. State: Replica: 75a8b9a5498a4b0ca521d18e99c84da1, State: Initialized, Role: FOLLOWER
I20260710 13:24:27.964725 28641 consensus_queue.cc:260] T 4be379444b794d61a46adf18b89484ff P 75a8b9a5498a4b0ca521d18e99c84da1 [NON_LEADER]: Queue going to NON_LEADER mode. State: All replicated index: 0, Majority replicated index: 0, Committed index: 0, Last appended: 0.0, Last appended by leader: 0, Current term: 0, Majority size: -1, State: 0, Mode: NON_LEADER, active raft config: opid_index: -1 OBSOLETE_local: false peers { permanent_uuid: "fc4b6f1ef0724640be09f65cdacc43ee" member_type: VOTER last_known_addr { host: "127.26.171.1" port: 43477 } } peers { permanent_uuid: "d1ca6862b0dd49cc8bf2de63660393f3" member_type: VOTER last_known_addr { host: "127.26.171.2" port: 45113 } } peers { permanent_uuid: "75a8b9a5498a4b0ca521d18e99c84da1" member_type: VOTER last_known_addr { host: "127.26.171.3" port: 42937 } }
I20260710 13:24:27.965286 28642 raft_consensus.cc:359] T 4611291f0372430b900cea96016e26ab P d1ca6862b0dd49cc8bf2de63660393f3 [term 0 FOLLOWER]: Replica starting. Triggering 0 pending ops. Active config: opid_index: -1 OBSOLETE_local: false peers { permanent_uuid: "fc4b6f1ef0724640be09f65cdacc43ee" member_type: VOTER last_known_addr { host: "127.26.171.1" port: 43477 } } peers { permanent_uuid: "d1ca6862b0dd49cc8bf2de63660393f3" member_type: VOTER last_known_addr { host: "127.26.171.2" port: 45113 } } peers { permanent_uuid: "75a8b9a5498a4b0ca521d18e99c84da1" member_type: VOTER last_known_addr { host: "127.26.171.3" port: 42937 } }
I20260710 13:24:27.964567 28347 catalog_manager.cc:5697] T 4d03a64981f64f1e9b53545c78d36b85 P 75a8b9a5498a4b0ca521d18e99c84da1 reported cstate change: term changed from 0 to 1, leader changed from <none> to 75a8b9a5498a4b0ca521d18e99c84da1 (127.26.171.3). New cstate: current_term: 1 leader_uuid: "75a8b9a5498a4b0ca521d18e99c84da1" committed_config { opid_index: -1 OBSOLETE_local: false peers { permanent_uuid: "fc4b6f1ef0724640be09f65cdacc43ee" member_type: VOTER last_known_addr { host: "127.26.171.1" port: 43477 } health_report { overall_health: UNKNOWN } } peers { permanent_uuid: "d1ca6862b0dd49cc8bf2de63660393f3" member_type: VOTER last_known_addr { host: "127.26.171.2" port: 45113 } health_report { overall_health: UNKNOWN } } peers { permanent_uuid: "75a8b9a5498a4b0ca521d18e99c84da1" member_type: VOTER last_known_addr { host: "127.26.171.3" port: 42937 } health_report { overall_health: HEALTHY } } }
I20260710 13:24:27.965951 28642 raft_consensus.cc:385] T 4611291f0372430b900cea96016e26ab P d1ca6862b0dd49cc8bf2de63660393f3 [term 0 FOLLOWER]: Consensus starting up: Expiring failure detector timer to make a prompt election more likely
I20260710 13:24:27.966290 28642 raft_consensus.cc:740] T 4611291f0372430b900cea96016e26ab P d1ca6862b0dd49cc8bf2de63660393f3 [term 0 FOLLOWER]: Becoming Follower/Learner. State: Replica: d1ca6862b0dd49cc8bf2de63660393f3, State: Initialized, Role: FOLLOWER
I20260710 13:24:27.966962 28641 ts_tablet_manager.cc:1434] T 4be379444b794d61a46adf18b89484ff P 75a8b9a5498a4b0ca521d18e99c84da1: Time spent starting tablet: real 0.007s	user 0.005s	sys 0.000s
I20260710 13:24:27.967970 28641 tablet_bootstrap.cc:492] T 0bbf3e961d1f45dcb4c8b90920f261f7 P 75a8b9a5498a4b0ca521d18e99c84da1: Bootstrap starting.
I20260710 13:24:27.968355 28642 consensus_queue.cc:260] T 4611291f0372430b900cea96016e26ab P d1ca6862b0dd49cc8bf2de63660393f3 [NON_LEADER]: Queue going to NON_LEADER mode. State: All replicated index: 0, Majority replicated index: 0, Committed index: 0, Last appended: 0.0, Last appended by leader: 0, Current term: 0, Majority size: -1, State: 0, Mode: NON_LEADER, active raft config: opid_index: -1 OBSOLETE_local: false peers { permanent_uuid: "fc4b6f1ef0724640be09f65cdacc43ee" member_type: VOTER last_known_addr { host: "127.26.171.1" port: 43477 } } peers { permanent_uuid: "d1ca6862b0dd49cc8bf2de63660393f3" member_type: VOTER last_known_addr { host: "127.26.171.2" port: 45113 } } peers { permanent_uuid: "75a8b9a5498a4b0ca521d18e99c84da1" member_type: VOTER last_known_addr { host: "127.26.171.3" port: 42937 } }
I20260710 13:24:27.976573 28641 tablet_bootstrap.cc:654] T 0bbf3e961d1f45dcb4c8b90920f261f7 P 75a8b9a5498a4b0ca521d18e99c84da1: Neither blocks nor log segments found. Creating new log.
I20260710 13:24:27.977891 28643 tablet_bootstrap.cc:492] T 4be379444b794d61a46adf18b89484ff P fc4b6f1ef0724640be09f65cdacc43ee: No bootstrap required, opened a new log
I20260710 13:24:27.978312 28643 ts_tablet_manager.cc:1403] T 4be379444b794d61a46adf18b89484ff P fc4b6f1ef0724640be09f65cdacc43ee: Time spent bootstrapping tablet: real 0.035s	user 0.007s	sys 0.017s
I20260710 13:24:27.980495 28643 raft_consensus.cc:359] T 4be379444b794d61a46adf18b89484ff P fc4b6f1ef0724640be09f65cdacc43ee [term 0 FOLLOWER]: Replica starting. Triggering 0 pending ops. Active config: opid_index: -1 OBSOLETE_local: false peers { permanent_uuid: "fc4b6f1ef0724640be09f65cdacc43ee" member_type: VOTER last_known_addr { host: "127.26.171.1" port: 43477 } } peers { permanent_uuid: "d1ca6862b0dd49cc8bf2de63660393f3" member_type: VOTER last_known_addr { host: "127.26.171.2" port: 45113 } } peers { permanent_uuid: "75a8b9a5498a4b0ca521d18e99c84da1" member_type: VOTER last_known_addr { host: "127.26.171.3" port: 42937 } }
I20260710 13:24:27.981047 28643 raft_consensus.cc:385] T 4be379444b794d61a46adf18b89484ff P fc4b6f1ef0724640be09f65cdacc43ee [term 0 FOLLOWER]: Consensus starting up: Expiring failure detector timer to make a prompt election more likely
I20260710 13:24:27.981295 28643 raft_consensus.cc:740] T 4be379444b794d61a46adf18b89484ff P fc4b6f1ef0724640be09f65cdacc43ee [term 0 FOLLOWER]: Becoming Follower/Learner. State: Replica: fc4b6f1ef0724640be09f65cdacc43ee, State: Initialized, Role: FOLLOWER
I20260710 13:24:27.981930 28643 consensus_queue.cc:260] T 4be379444b794d61a46adf18b89484ff P fc4b6f1ef0724640be09f65cdacc43ee [NON_LEADER]: Queue going to NON_LEADER mode. State: All replicated index: 0, Majority replicated index: 0, Committed index: 0, Last appended: 0.0, Last appended by leader: 0, Current term: 0, Majority size: -1, State: 0, Mode: NON_LEADER, active raft config: opid_index: -1 OBSOLETE_local: false peers { permanent_uuid: "fc4b6f1ef0724640be09f65cdacc43ee" member_type: VOTER last_known_addr { host: "127.26.171.1" port: 43477 } } peers { permanent_uuid: "d1ca6862b0dd49cc8bf2de63660393f3" member_type: VOTER last_known_addr { host: "127.26.171.2" port: 45113 } } peers { permanent_uuid: "75a8b9a5498a4b0ca521d18e99c84da1" member_type: VOTER last_known_addr { host: "127.26.171.3" port: 42937 } }
I20260710 13:24:27.988299 28643 ts_tablet_manager.cc:1434] T 4be379444b794d61a46adf18b89484ff P fc4b6f1ef0724640be09f65cdacc43ee: Time spent starting tablet: real 0.010s	user 0.006s	sys 0.001s
I20260710 13:24:27.989681 28649 raft_consensus.cc:493] T 94950bf50cc14b18852d4d6013380bdd P fc4b6f1ef0724640be09f65cdacc43ee [term 0 FOLLOWER]: Starting pre-election (no leader contacted us within the election timeout)
I20260710 13:24:27.990259 28649 raft_consensus.cc:515] T 94950bf50cc14b18852d4d6013380bdd P fc4b6f1ef0724640be09f65cdacc43ee [term 0 FOLLOWER]: Starting pre-election with config: opid_index: -1 OBSOLETE_local: false peers { permanent_uuid: "fc4b6f1ef0724640be09f65cdacc43ee" member_type: VOTER last_known_addr { host: "127.26.171.1" port: 43477 } } peers { permanent_uuid: "d1ca6862b0dd49cc8bf2de63660393f3" member_type: VOTER last_known_addr { host: "127.26.171.2" port: 45113 } } peers { permanent_uuid: "75a8b9a5498a4b0ca521d18e99c84da1" member_type: VOTER last_known_addr { host: "127.26.171.3" port: 42937 } }
I20260710 13:24:27.992985 28349 catalog_manager.cc:5697] T e1bd05359a6b41dbb7a9031677da3390 P d1ca6862b0dd49cc8bf2de63660393f3 reported cstate change: term changed from 0 to 1, leader changed from <none> to d1ca6862b0dd49cc8bf2de63660393f3 (127.26.171.2). New cstate: current_term: 1 leader_uuid: "d1ca6862b0dd49cc8bf2de63660393f3" committed_config { opid_index: -1 OBSOLETE_local: false peers { permanent_uuid: "fc4b6f1ef0724640be09f65cdacc43ee" member_type: VOTER last_known_addr { host: "127.26.171.1" port: 43477 } health_report { overall_health: UNKNOWN } } peers { permanent_uuid: "d1ca6862b0dd49cc8bf2de63660393f3" member_type: VOTER last_known_addr { host: "127.26.171.2" port: 45113 } health_report { overall_health: HEALTHY } } peers { permanent_uuid: "75a8b9a5498a4b0ca521d18e99c84da1" member_type: VOTER last_known_addr { host: "127.26.171.3" port: 42937 } health_report { overall_health: UNKNOWN } } }
I20260710 13:24:27.997025 28649 leader_election.cc:290] T 94950bf50cc14b18852d4d6013380bdd P fc4b6f1ef0724640be09f65cdacc43ee [CANDIDATE]: Term 1 pre-election: Requested pre-vote from peers d1ca6862b0dd49cc8bf2de63660393f3 (127.26.171.2:45113), 75a8b9a5498a4b0ca521d18e99c84da1 (127.26.171.3:42937)
I20260710 13:24:28.002362 28643 tablet_bootstrap.cc:492] T e1bd05359a6b41dbb7a9031677da3390 P fc4b6f1ef0724640be09f65cdacc43ee: Bootstrap starting.
I20260710 13:24:28.003469 28642 ts_tablet_manager.cc:1434] T 4611291f0372430b900cea96016e26ab P d1ca6862b0dd49cc8bf2de63660393f3: Time spent starting tablet: real 0.041s	user 0.010s	sys 0.006s
I20260710 13:24:28.004834 28642 tablet_bootstrap.cc:492] T e4e4f34a8afa4c27aa42e3100f56c28c P d1ca6862b0dd49cc8bf2de63660393f3: Bootstrap starting.
I20260710 13:24:28.010180 28650 raft_consensus.cc:493] T 4611291f0372430b900cea96016e26ab P d1ca6862b0dd49cc8bf2de63660393f3 [term 0 FOLLOWER]: Starting pre-election (no leader contacted us within the election timeout)
I20260710 13:24:28.010695 28650 raft_consensus.cc:515] T 4611291f0372430b900cea96016e26ab P d1ca6862b0dd49cc8bf2de63660393f3 [term 0 FOLLOWER]: Starting pre-election with config: opid_index: -1 OBSOLETE_local: false peers { permanent_uuid: "fc4b6f1ef0724640be09f65cdacc43ee" member_type: VOTER last_known_addr { host: "127.26.171.1" port: 43477 } } peers { permanent_uuid: "d1ca6862b0dd49cc8bf2de63660393f3" member_type: VOTER last_known_addr { host: "127.26.171.2" port: 45113 } } peers { permanent_uuid: "75a8b9a5498a4b0ca521d18e99c84da1" member_type: VOTER last_known_addr { host: "127.26.171.3" port: 42937 } }
I20260710 13:24:28.014822 28601 tablet_service.cc:1917] Received RequestConsensusVote() RPC: tablet_id: "4611291f0372430b900cea96016e26ab" candidate_uuid: "d1ca6862b0dd49cc8bf2de63660393f3" candidate_term: 1 candidate_status { last_received { term: 0 index: 0 } } ignore_live_leader: false dest_uuid: "75a8b9a5498a4b0ca521d18e99c84da1" is_pre_election: true
I20260710 13:24:28.016108 28642 tablet_bootstrap.cc:654] T e4e4f34a8afa4c27aa42e3100f56c28c P d1ca6862b0dd49cc8bf2de63660393f3: Neither blocks nor log segments found. Creating new log.
W20260710 13:24:28.016314 28492 leader_election.cc:343] T 4611291f0372430b900cea96016e26ab P d1ca6862b0dd49cc8bf2de63660393f3 [CANDIDATE]: Term 1 pre-election: Tablet error from VoteRequest() call to peer 75a8b9a5498a4b0ca521d18e99c84da1 (127.26.171.3:42937): Illegal state: must be running to vote when last-logged opid is not known
I20260710 13:24:28.016860 28650 leader_election.cc:290] T 4611291f0372430b900cea96016e26ab P d1ca6862b0dd49cc8bf2de63660393f3 [CANDIDATE]: Term 1 pre-election: Requested pre-vote from peers fc4b6f1ef0724640be09f65cdacc43ee (127.26.171.1:43477), 75a8b9a5498a4b0ca521d18e99c84da1 (127.26.171.3:42937)
I20260710 13:24:28.017107 28649 raft_consensus.cc:493] T c65f051ce7034ab585dda5644b912987 P fc4b6f1ef0724640be09f65cdacc43ee [term 0 FOLLOWER]: Starting pre-election (no leader contacted us within the election timeout)
I20260710 13:24:28.017750 28649 raft_consensus.cc:515] T c65f051ce7034ab585dda5644b912987 P fc4b6f1ef0724640be09f65cdacc43ee [term 0 FOLLOWER]: Starting pre-election with config: opid_index: -1 OBSOLETE_local: false peers { permanent_uuid: "fc4b6f1ef0724640be09f65cdacc43ee" member_type: VOTER last_known_addr { host: "127.26.171.1" port: 43477 } } peers { permanent_uuid: "d1ca6862b0dd49cc8bf2de63660393f3" member_type: VOTER last_known_addr { host: "127.26.171.2" port: 45113 } } peers { permanent_uuid: "75a8b9a5498a4b0ca521d18e99c84da1" member_type: VOTER last_known_addr { host: "127.26.171.3" port: 42937 } }
I20260710 13:24:28.020349 28649 leader_election.cc:290] T c65f051ce7034ab585dda5644b912987 P fc4b6f1ef0724640be09f65cdacc43ee [CANDIDATE]: Term 1 pre-election: Requested pre-vote from peers d1ca6862b0dd49cc8bf2de63660393f3 (127.26.171.2:45113), 75a8b9a5498a4b0ca521d18e99c84da1 (127.26.171.3:42937)
I20260710 13:24:28.025091 28451 tablet_service.cc:1917] Received RequestConsensusVote() RPC: tablet_id: "4611291f0372430b900cea96016e26ab" candidate_uuid: "d1ca6862b0dd49cc8bf2de63660393f3" candidate_term: 1 candidate_status { last_received { term: 0 index: 0 } } ignore_live_leader: false dest_uuid: "fc4b6f1ef0724640be09f65cdacc43ee" is_pre_election: true
I20260710 13:24:28.026139 28641 tablet_bootstrap.cc:492] T 0bbf3e961d1f45dcb4c8b90920f261f7 P 75a8b9a5498a4b0ca521d18e99c84da1: No bootstrap required, opened a new log
W20260710 13:24:28.026333 28490 leader_election.cc:343] T 4611291f0372430b900cea96016e26ab P d1ca6862b0dd49cc8bf2de63660393f3 [CANDIDATE]: Term 1 pre-election: Tablet error from VoteRequest() call to peer fc4b6f1ef0724640be09f65cdacc43ee (127.26.171.1:43477): Illegal state: must be running to vote when last-logged opid is not known
I20260710 13:24:28.026654 28641 ts_tablet_manager.cc:1403] T 0bbf3e961d1f45dcb4c8b90920f261f7 P 75a8b9a5498a4b0ca521d18e99c84da1: Time spent bootstrapping tablet: real 0.059s	user 0.012s	sys 0.009s
I20260710 13:24:28.026844 28643 tablet_bootstrap.cc:654] T e1bd05359a6b41dbb7a9031677da3390 P fc4b6f1ef0724640be09f65cdacc43ee: Neither blocks nor log segments found. Creating new log.
I20260710 13:24:28.026764 28490 leader_election.cc:304] T 4611291f0372430b900cea96016e26ab P d1ca6862b0dd49cc8bf2de63660393f3 [CANDIDATE]: Term 1 pre-election: Election decided. Result: candidate lost. Election summary: received 3 responses out of 3 voters: 1 yes votes; 2 no votes. yes voters: d1ca6862b0dd49cc8bf2de63660393f3; no voters: 75a8b9a5498a4b0ca521d18e99c84da1, fc4b6f1ef0724640be09f65cdacc43ee
I20260710 13:24:28.027931 28650 raft_consensus.cc:2749] T 4611291f0372430b900cea96016e26ab P d1ca6862b0dd49cc8bf2de63660393f3 [term 0 FOLLOWER]: Leader pre-election lost for term 1. Reason: could not achieve majority
I20260710 13:24:28.029388 28641 raft_consensus.cc:359] T 0bbf3e961d1f45dcb4c8b90920f261f7 P 75a8b9a5498a4b0ca521d18e99c84da1 [term 0 FOLLOWER]: Replica starting. Triggering 0 pending ops. Active config: opid_index: -1 OBSOLETE_local: false peers { permanent_uuid: "fc4b6f1ef0724640be09f65cdacc43ee" member_type: VOTER last_known_addr { host: "127.26.171.1" port: 43477 } } peers { permanent_uuid: "d1ca6862b0dd49cc8bf2de63660393f3" member_type: VOTER last_known_addr { host: "127.26.171.2" port: 45113 } } peers { permanent_uuid: "75a8b9a5498a4b0ca521d18e99c84da1" member_type: VOTER last_known_addr { host: "127.26.171.3" port: 42937 } }
I20260710 13:24:28.030030 28641 raft_consensus.cc:385] T 0bbf3e961d1f45dcb4c8b90920f261f7 P 75a8b9a5498a4b0ca521d18e99c84da1 [term 0 FOLLOWER]: Consensus starting up: Expiring failure detector timer to make a prompt election more likely
I20260710 13:24:28.030344 28641 raft_consensus.cc:740] T 0bbf3e961d1f45dcb4c8b90920f261f7 P 75a8b9a5498a4b0ca521d18e99c84da1 [term 0 FOLLOWER]: Becoming Follower/Learner. State: Replica: 75a8b9a5498a4b0ca521d18e99c84da1, State: Initialized, Role: FOLLOWER
I20260710 13:24:28.030989 28641 consensus_queue.cc:260] T 0bbf3e961d1f45dcb4c8b90920f261f7 P 75a8b9a5498a4b0ca521d18e99c84da1 [NON_LEADER]: Queue going to NON_LEADER mode. State: All replicated index: 0, Majority replicated index: 0, Committed index: 0, Last appended: 0.0, Last appended by leader: 0, Current term: 0, Majority size: -1, State: 0, Mode: NON_LEADER, active raft config: opid_index: -1 OBSOLETE_local: false peers { permanent_uuid: "fc4b6f1ef0724640be09f65cdacc43ee" member_type: VOTER last_known_addr { host: "127.26.171.1" port: 43477 } } peers { permanent_uuid: "d1ca6862b0dd49cc8bf2de63660393f3" member_type: VOTER last_known_addr { host: "127.26.171.2" port: 45113 } } peers { permanent_uuid: "75a8b9a5498a4b0ca521d18e99c84da1" member_type: VOTER last_known_addr { host: "127.26.171.3" port: 42937 } }
I20260710 13:24:28.034540 28641 ts_tablet_manager.cc:1434] T 0bbf3e961d1f45dcb4c8b90920f261f7 P 75a8b9a5498a4b0ca521d18e99c84da1: Time spent starting tablet: real 0.008s	user 0.003s	sys 0.003s
I20260710 13:24:28.035295 28642 tablet_bootstrap.cc:492] T e4e4f34a8afa4c27aa42e3100f56c28c P d1ca6862b0dd49cc8bf2de63660393f3: No bootstrap required, opened a new log
I20260710 13:24:28.035760 28641 tablet_bootstrap.cc:492] T c0fae9e761d54b9b9f7b3e48a69ba721 P 75a8b9a5498a4b0ca521d18e99c84da1: Bootstrap starting.
I20260710 13:24:28.035778 28642 ts_tablet_manager.cc:1403] T e4e4f34a8afa4c27aa42e3100f56c28c P d1ca6862b0dd49cc8bf2de63660393f3: Time spent bootstrapping tablet: real 0.031s	user 0.007s	sys 0.006s
I20260710 13:24:28.040014 28642 raft_consensus.cc:359] T e4e4f34a8afa4c27aa42e3100f56c28c P d1ca6862b0dd49cc8bf2de63660393f3 [term 0 FOLLOWER]: Replica starting. Triggering 0 pending ops. Active config: opid_index: -1 OBSOLETE_local: false peers { permanent_uuid: "fc4b6f1ef0724640be09f65cdacc43ee" member_type: VOTER last_known_addr { host: "127.26.171.1" port: 43477 } } peers { permanent_uuid: "d1ca6862b0dd49cc8bf2de63660393f3" member_type: VOTER last_known_addr { host: "127.26.171.2" port: 45113 } } peers { permanent_uuid: "75a8b9a5498a4b0ca521d18e99c84da1" member_type: VOTER last_known_addr { host: "127.26.171.3" port: 42937 } }
I20260710 13:24:28.043890 28641 tablet_bootstrap.cc:654] T c0fae9e761d54b9b9f7b3e48a69ba721 P 75a8b9a5498a4b0ca521d18e99c84da1: Neither blocks nor log segments found. Creating new log.
I20260710 13:24:28.049358 28643 tablet_bootstrap.cc:492] T e1bd05359a6b41dbb7a9031677da3390 P fc4b6f1ef0724640be09f65cdacc43ee: No bootstrap required, opened a new log
I20260710 13:24:28.049543 28527 tablet_service.cc:1917] Received RequestConsensusVote() RPC: tablet_id: "94950bf50cc14b18852d4d6013380bdd" candidate_uuid: "fc4b6f1ef0724640be09f65cdacc43ee" candidate_term: 1 candidate_status { last_received { term: 0 index: 0 } } ignore_live_leader: false dest_uuid: "d1ca6862b0dd49cc8bf2de63660393f3" is_pre_election: true
I20260710 13:24:28.050004 28643 ts_tablet_manager.cc:1403] T e1bd05359a6b41dbb7a9031677da3390 P fc4b6f1ef0724640be09f65cdacc43ee: Time spent bootstrapping tablet: real 0.061s	user 0.011s	sys 0.000s
I20260710 13:24:28.050196 28527 raft_consensus.cc:2468] T 94950bf50cc14b18852d4d6013380bdd P d1ca6862b0dd49cc8bf2de63660393f3 [term 0 FOLLOWER]: Leader pre-election vote request: Granting yes vote for candidate fc4b6f1ef0724640be09f65cdacc43ee in term 0.
I20260710 13:24:28.049585 28526 tablet_service.cc:1917] Received RequestConsensusVote() RPC: tablet_id: "c65f051ce7034ab585dda5644b912987" candidate_uuid: "fc4b6f1ef0724640be09f65cdacc43ee" candidate_term: 1 candidate_status { last_received { term: 0 index: 0 } } ignore_live_leader: false dest_uuid: "d1ca6862b0dd49cc8bf2de63660393f3" is_pre_election: true
I20260710 13:24:28.053269 28415 leader_election.cc:304] T 94950bf50cc14b18852d4d6013380bdd P fc4b6f1ef0724640be09f65cdacc43ee [CANDIDATE]: Term 1 pre-election: Election decided. Result: candidate won. Election summary: received 2 responses out of 3 voters: 2 yes votes; 0 no votes. yes voters: d1ca6862b0dd49cc8bf2de63660393f3, fc4b6f1ef0724640be09f65cdacc43ee; no voters: 
I20260710 13:24:28.053960 28649 raft_consensus.cc:2804] T 94950bf50cc14b18852d4d6013380bdd P fc4b6f1ef0724640be09f65cdacc43ee [term 0 FOLLOWER]: Leader pre-election won for term 1
W20260710 13:24:28.054088 28415 leader_election.cc:343] T c65f051ce7034ab585dda5644b912987 P fc4b6f1ef0724640be09f65cdacc43ee [CANDIDATE]: Term 1 pre-election: Tablet error from VoteRequest() call to peer d1ca6862b0dd49cc8bf2de63660393f3 (127.26.171.2:45113): Illegal state: must be running to vote when last-logged opid is not known
I20260710 13:24:28.054390 28649 raft_consensus.cc:493] T 94950bf50cc14b18852d4d6013380bdd P fc4b6f1ef0724640be09f65cdacc43ee [term 0 FOLLOWER]: Starting leader election (no leader contacted us within the election timeout)
I20260710 13:24:28.054756 28649 raft_consensus.cc:3060] T 94950bf50cc14b18852d4d6013380bdd P fc4b6f1ef0724640be09f65cdacc43ee [term 0 FOLLOWER]: Advancing to term 1
