I20260710 13:24:38.718111 28586 raft_consensus.cc:2955] T 1d195b22e6264dc1b063d86fcc5f017c P 9046027d0430473b8c1790d5b844fcb4 [term 1 FOLLOWER]: Committing config change with OpId 1.3: config changed from index 2 to 3, 9046027d0430473b8c1790d5b844fcb4 (127.26.115.196) changed from NON_VOTER to VOTER. New config: { opid_index: 3 OBSOLETE_local: false peers { permanent_uuid: "a7940163be22413287fb601c8ac94f41" member_type: VOTER last_known_addr { host: "127.26.115.193" port: 44011 } } peers { permanent_uuid: "418977eff8174153935d1510e0b33fc2" member_type: VOTER last_known_addr { host: "127.26.115.194" port: 34171 } attrs { replace: true } } peers { permanent_uuid: "ee6e492134e3432484b4d98e8ae79b36" member_type: VOTER last_known_addr { host: "127.26.115.195" port: 39551 } } peers { permanent_uuid: "9046027d0430473b8c1790d5b844fcb4" member_type: VOTER last_known_addr { host: "127.26.115.196" port: 44571 } attrs { promote: false } } }
I20260710 13:24:38.727001 28268 consensus_queue.cc:237] T 9a7c42613d914d27a05e514a82b215ba P 418977eff8174153935d1510e0b33fc2 [LEADER]: Queue going to LEADER mode. State: All replicated index: 0, Majority replicated index: 3, Committed index: 3, Last appended: 1.3, Last appended by leader: 0, Current term: 1, Majority size: 2, State: 0, Mode: LEADER, active raft config: opid_index: 4 OBSOLETE_local: false peers { permanent_uuid: "418977eff8174153935d1510e0b33fc2" member_type: VOTER last_known_addr { host: "127.26.115.194" port: 34171 } } peers { permanent_uuid: "ee6e492134e3432484b4d98e8ae79b36" member_type: VOTER last_known_addr { host: "127.26.115.195" port: 39551 } } peers { permanent_uuid: "9046027d0430473b8c1790d5b844fcb4" member_type: VOTER last_known_addr { host: "127.26.115.196" port: 44571 } attrs { promote: false } }
I20260710 13:24:38.729570 28868 ts_tablet_manager.cc:1929] T 3938d1a63f044bffadfeaeb27764bb50 P ee6e492134e3432484b4d98e8ae79b36: tablet deleted with delete type TABLET_DATA_TOMBSTONED: last-logged OpId 1.3
I20260710 13:24:38.730026 28868 log.cc:1199] T 3938d1a63f044bffadfeaeb27764bb50 P ee6e492134e3432484b4d98e8ae79b36: Deleting WAL directory at /tmp/dist-test-taskE7z8vl/test-tmp/auto_leader_rebalancer-test.0.LeaderRebalancerTest.AddTserver.1783689841502950-27087-0/minicluster-data/ts-2-root/wals/3938d1a63f044bffadfeaeb27764bb50
I20260710 13:24:38.733367 28340 raft_consensus.cc:2955] T 1d195b22e6264dc1b063d86fcc5f017c P ee6e492134e3432484b4d98e8ae79b36 [term 1 FOLLOWER]: Committing config change with OpId 1.3: config changed from index 2 to 3, 9046027d0430473b8c1790d5b844fcb4 (127.26.115.196) changed from NON_VOTER to VOTER. New config: { opid_index: 3 OBSOLETE_local: false peers { permanent_uuid: "a7940163be22413287fb601c8ac94f41" member_type: VOTER last_known_addr { host: "127.26.115.193" port: 44011 } } peers { permanent_uuid: "418977eff8174153935d1510e0b33fc2" member_type: VOTER last_known_addr { host: "127.26.115.194" port: 34171 } attrs { replace: true } } peers { permanent_uuid: "ee6e492134e3432484b4d98e8ae79b36" member_type: VOTER last_known_addr { host: "127.26.115.195" port: 39551 } } peers { permanent_uuid: "9046027d0430473b8c1790d5b844fcb4" member_type: VOTER last_known_addr { host: "127.26.115.196" port: 44571 } attrs { promote: false } } }
I20260710 13:24:38.738866 28075 catalog_manager.cc:5028] TS ee6e492134e3432484b4d98e8ae79b36 (127.26.115.195:39551): tablet 3938d1a63f044bffadfeaeb27764bb50 (table test-workload [id=47908c806b314e4f9ff9f57ff825e996]) successfully deleted
I20260710 13:24:38.743724 28267 raft_consensus.cc:2955] T 1d195b22e6264dc1b063d86fcc5f017c P 418977eff8174153935d1510e0b33fc2 [term 1 FOLLOWER]: Committing config change with OpId 1.3: config changed from index 2 to 3, 9046027d0430473b8c1790d5b844fcb4 (127.26.115.196) changed from NON_VOTER to VOTER. New config: { opid_index: 3 OBSOLETE_local: false peers { permanent_uuid: "a7940163be22413287fb601c8ac94f41" member_type: VOTER last_known_addr { host: "127.26.115.193" port: 44011 } } peers { permanent_uuid: "418977eff8174153935d1510e0b33fc2" member_type: VOTER last_known_addr { host: "127.26.115.194" port: 34171 } attrs { replace: true } } peers { permanent_uuid: "ee6e492134e3432484b4d98e8ae79b36" member_type: VOTER last_known_addr { host: "127.26.115.195" port: 39551 } } peers { permanent_uuid: "9046027d0430473b8c1790d5b844fcb4" member_type: VOTER last_known_addr { host: "127.26.115.196" port: 44571 } attrs { promote: false } } }
I20260710 13:24:38.746547 28089 catalog_manager.cc:5697] T 1d195b22e6264dc1b063d86fcc5f017c P ee6e492134e3432484b4d98e8ae79b36 reported cstate change: config changed from index 2 to 3, 9046027d0430473b8c1790d5b844fcb4 (127.26.115.196) changed from NON_VOTER to VOTER. New cstate: current_term: 1 leader_uuid: "a7940163be22413287fb601c8ac94f41" committed_config { opid_index: 3 OBSOLETE_local: false peers { permanent_uuid: "a7940163be22413287fb601c8ac94f41" member_type: VOTER last_known_addr { host: "127.26.115.193" port: 44011 } } peers { permanent_uuid: "418977eff8174153935d1510e0b33fc2" member_type: VOTER last_known_addr { host: "127.26.115.194" port: 34171 } attrs { replace: true } } peers { permanent_uuid: "ee6e492134e3432484b4d98e8ae79b36" member_type: VOTER last_known_addr { host: "127.26.115.195" port: 39551 } } peers { permanent_uuid: "9046027d0430473b8c1790d5b844fcb4" member_type: VOTER last_known_addr { host: "127.26.115.196" port: 44571 } attrs { promote: false } } }
I20260710 13:24:38.763839 28586 raft_consensus.cc:1275] T 9a7c42613d914d27a05e514a82b215ba P 9046027d0430473b8c1790d5b844fcb4 [term 1 FOLLOWER]: Refusing update from remote peer 418977eff8174153935d1510e0b33fc2: Log matching property violated. Preceding OpId in replica: term: 1 index: 3. Preceding OpId from leader: term: 1 index: 4. (index mismatch)
I20260710 13:24:38.767426 28873 consensus_queue.cc:1048] T 9a7c42613d914d27a05e514a82b215ba P 418977eff8174153935d1510e0b33fc2 [LEADER]: Connected to new peer: Peer: permanent_uuid: "9046027d0430473b8c1790d5b844fcb4" member_type: VOTER last_known_addr { host: "127.26.115.196" port: 44571 } attrs { promote: false }, Status: LMP_MISMATCH, Last received: 0.0, Next index: 4, Last known committed idx: 3, Time since last communication: 0.000s
I20260710 13:24:38.768249 28190 consensus_queue.cc:237] T 1d195b22e6264dc1b063d86fcc5f017c P a7940163be22413287fb601c8ac94f41 [LEADER]: Queue going to LEADER mode. State: All replicated index: 0, Majority replicated index: 3, Committed index: 3, Last appended: 1.3, Last appended by leader: 0, Current term: 1, Majority size: 2, State: 0, Mode: LEADER, active raft config: opid_index: 4 OBSOLETE_local: false peers { permanent_uuid: "a7940163be22413287fb601c8ac94f41" member_type: VOTER last_known_addr { host: "127.26.115.193" port: 44011 } } peers { permanent_uuid: "ee6e492134e3432484b4d98e8ae79b36" member_type: VOTER last_known_addr { host: "127.26.115.195" port: 39551 } } peers { permanent_uuid: "9046027d0430473b8c1790d5b844fcb4" member_type: VOTER last_known_addr { host: "127.26.115.196" port: 44571 } attrs { promote: false } }
I20260710 13:24:38.772019 28340 raft_consensus.cc:1275] T 9a7c42613d914d27a05e514a82b215ba P ee6e492134e3432484b4d98e8ae79b36 [term 1 FOLLOWER]: Refusing update from remote peer 418977eff8174153935d1510e0b33fc2: Log matching property violated. Preceding OpId in replica: term: 1 index: 3. Preceding OpId from leader: term: 1 index: 4. (index mismatch)
I20260710 13:24:38.773291 28872 consensus_queue.cc:1048] T 9a7c42613d914d27a05e514a82b215ba P 418977eff8174153935d1510e0b33fc2 [LEADER]: Connected to new peer: Peer: permanent_uuid: "ee6e492134e3432484b4d98e8ae79b36" member_type: VOTER last_known_addr { host: "127.26.115.195" port: 39551 }, Status: LMP_MISMATCH, Last received: 0.0, Next index: 4, Last known committed idx: 3, Time since last communication: 0.000s
I20260710 13:24:38.773630 28341 raft_consensus.cc:1275] T 1d195b22e6264dc1b063d86fcc5f017c P ee6e492134e3432484b4d98e8ae79b36 [term 1 FOLLOWER]: Refusing update from remote peer a7940163be22413287fb601c8ac94f41: Log matching property violated. Preceding OpId in replica: term: 1 index: 3. Preceding OpId from leader: term: 1 index: 4. (index mismatch)
I20260710 13:24:38.774521 28873 raft_consensus.cc:2955] T 9a7c42613d914d27a05e514a82b215ba P 418977eff8174153935d1510e0b33fc2 [term 1 LEADER]: Committing config change with OpId 1.4: config changed from index 3 to 4, VOTER a7940163be22413287fb601c8ac94f41 (127.26.115.193) evicted. New config: { opid_index: 4 OBSOLETE_local: false peers { permanent_uuid: "418977eff8174153935d1510e0b33fc2" member_type: VOTER last_known_addr { host: "127.26.115.194" port: 34171 } } peers { permanent_uuid: "ee6e492134e3432484b4d98e8ae79b36" member_type: VOTER last_known_addr { host: "127.26.115.195" port: 39551 } } peers { permanent_uuid: "9046027d0430473b8c1790d5b844fcb4" member_type: VOTER last_known_addr { host: "127.26.115.196" port: 44571 } attrs { promote: false } } }
I20260710 13:24:38.775949 28587 raft_consensus.cc:1275] T 1d195b22e6264dc1b063d86fcc5f017c P 9046027d0430473b8c1790d5b844fcb4 [term 1 FOLLOWER]: Refusing update from remote peer a7940163be22413287fb601c8ac94f41: Log matching property violated. Preceding OpId in replica: term: 1 index: 3. Preceding OpId from leader: term: 1 index: 4. (index mismatch)
I20260710 13:24:38.778271 28733 consensus_queue.cc:1048] T 1d195b22e6264dc1b063d86fcc5f017c P a7940163be22413287fb601c8ac94f41 [LEADER]: Connected to new peer: Peer: permanent_uuid: "ee6e492134e3432484b4d98e8ae79b36" member_type: VOTER last_known_addr { host: "127.26.115.195" port: 39551 }, Status: LMP_MISMATCH, Last received: 0.0, Next index: 4, Last known committed idx: 3, Time since last communication: 0.000s
I20260710 13:24:38.779207 28852 consensus_queue.cc:1048] T 1d195b22e6264dc1b063d86fcc5f017c P a7940163be22413287fb601c8ac94f41 [LEADER]: Connected to new peer: Peer: permanent_uuid: "9046027d0430473b8c1790d5b844fcb4" member_type: VOTER last_known_addr { host: "127.26.115.196" port: 44571 } attrs { promote: false }, Status: LMP_MISMATCH, Last received: 0.0, Next index: 4, Last known committed idx: 3, Time since last communication: 0.000s
I20260710 13:24:38.781205 28587 raft_consensus.cc:2955] T 9a7c42613d914d27a05e514a82b215ba P 9046027d0430473b8c1790d5b844fcb4 [term 1 FOLLOWER]: Committing config change with OpId 1.4: config changed from index 3 to 4, VOTER a7940163be22413287fb601c8ac94f41 (127.26.115.193) evicted. New config: { opid_index: 4 OBSOLETE_local: false peers { permanent_uuid: "418977eff8174153935d1510e0b33fc2" member_type: VOTER last_known_addr { host: "127.26.115.194" port: 34171 } } peers { permanent_uuid: "ee6e492134e3432484b4d98e8ae79b36" member_type: VOTER last_known_addr { host: "127.26.115.195" port: 39551 } } peers { permanent_uuid: "9046027d0430473b8c1790d5b844fcb4" member_type: VOTER last_known_addr { host: "127.26.115.196" port: 44571 } attrs { promote: false } } }
I20260710 13:24:38.782238 28341 raft_consensus.cc:2955] T 9a7c42613d914d27a05e514a82b215ba P ee6e492134e3432484b4d98e8ae79b36 [term 1 FOLLOWER]: Committing config change with OpId 1.4: config changed from index 3 to 4, VOTER a7940163be22413287fb601c8ac94f41 (127.26.115.193) evicted. New config: { opid_index: 4 OBSOLETE_local: false peers { permanent_uuid: "418977eff8174153935d1510e0b33fc2" member_type: VOTER last_known_addr { host: "127.26.115.194" port: 34171 } } peers { permanent_uuid: "ee6e492134e3432484b4d98e8ae79b36" member_type: VOTER last_known_addr { host: "127.26.115.195" port: 39551 } } peers { permanent_uuid: "9046027d0430473b8c1790d5b844fcb4" member_type: VOTER last_known_addr { host: "127.26.115.196" port: 44571 } attrs { promote: false } } }
I20260710 13:24:38.786242 28077 catalog_manager.cc:5210] ChangeConfig:REMOVE_PEER RPC for tablet 9a7c42613d914d27a05e514a82b215ba with cas_config_opid_index 3: ChangeConfig:REMOVE_PEER succeeded (attempt 1)
I20260710 13:24:38.803035 28340 raft_consensus.cc:2955] T 1d195b22e6264dc1b063d86fcc5f017c P ee6e492134e3432484b4d98e8ae79b36 [term 1 FOLLOWER]: Committing config change with OpId 1.4: config changed from index 3 to 4, VOTER 418977eff8174153935d1510e0b33fc2 (127.26.115.194) evicted. New config: { opid_index: 4 OBSOLETE_local: false peers { permanent_uuid: "a7940163be22413287fb601c8ac94f41" member_type: VOTER last_known_addr { host: "127.26.115.193" port: 44011 } } peers { permanent_uuid: "ee6e492134e3432484b4d98e8ae79b36" member_type: VOTER last_known_addr { host: "127.26.115.195" port: 39551 } } peers { permanent_uuid: "9046027d0430473b8c1790d5b844fcb4" member_type: VOTER last_known_addr { host: "127.26.115.196" port: 44571 } attrs { promote: false } } }
I20260710 13:24:38.803435 28733 raft_consensus.cc:2955] T 1d195b22e6264dc1b063d86fcc5f017c P a7940163be22413287fb601c8ac94f41 [term 1 LEADER]: Committing config change with OpId 1.4: config changed from index 3 to 4, VOTER 418977eff8174153935d1510e0b33fc2 (127.26.115.194) evicted. New config: { opid_index: 4 OBSOLETE_local: false peers { permanent_uuid: "a7940163be22413287fb601c8ac94f41" member_type: VOTER last_known_addr { host: "127.26.115.193" port: 44011 } } peers { permanent_uuid: "ee6e492134e3432484b4d98e8ae79b36" member_type: VOTER last_known_addr { host: "127.26.115.195" port: 39551 } } peers { permanent_uuid: "9046027d0430473b8c1790d5b844fcb4" member_type: VOTER last_known_addr { host: "127.26.115.196" port: 44571 } attrs { promote: false } } }
I20260710 13:24:38.803342 28091 catalog_manager.cc:5697] T 9a7c42613d914d27a05e514a82b215ba P 9046027d0430473b8c1790d5b844fcb4 reported cstate change: config changed from index 3 to 4, VOTER a7940163be22413287fb601c8ac94f41 (127.26.115.193) evicted. New cstate: current_term: 1 leader_uuid: "418977eff8174153935d1510e0b33fc2" committed_config { opid_index: 4 OBSOLETE_local: false peers { permanent_uuid: "418977eff8174153935d1510e0b33fc2" member_type: VOTER last_known_addr { host: "127.26.115.194" port: 34171 } } peers { permanent_uuid: "ee6e492134e3432484b4d98e8ae79b36" member_type: VOTER last_known_addr { host: "127.26.115.195" port: 39551 } } peers { permanent_uuid: "9046027d0430473b8c1790d5b844fcb4" member_type: VOTER last_known_addr { host: "127.26.115.196" port: 44571 } attrs { promote: false } } }
I20260710 13:24:38.811962 28586 raft_consensus.cc:2955] T 1d195b22e6264dc1b063d86fcc5f017c P 9046027d0430473b8c1790d5b844fcb4 [term 1 FOLLOWER]: Committing config change with OpId 1.4: config changed from index 3 to 4, VOTER 418977eff8174153935d1510e0b33fc2 (127.26.115.194) evicted. New config: { opid_index: 4 OBSOLETE_local: false peers { permanent_uuid: "a7940163be22413287fb601c8ac94f41" member_type: VOTER last_known_addr { host: "127.26.115.193" port: 44011 } } peers { permanent_uuid: "ee6e492134e3432484b4d98e8ae79b36" member_type: VOTER last_known_addr { host: "127.26.115.195" port: 39551 } } peers { permanent_uuid: "9046027d0430473b8c1790d5b844fcb4" member_type: VOTER last_known_addr { host: "127.26.115.196" port: 44571 } attrs { promote: false } } }
I20260710 13:24:38.817183 28075 catalog_manager.cc:5210] ChangeConfig:REMOVE_PEER RPC for tablet 1d195b22e6264dc1b063d86fcc5f017c with cas_config_opid_index 3: ChangeConfig:REMOVE_PEER succeeded (attempt 1)
I20260710 13:24:38.821149 28087 catalog_manager.cc:5697] T 1d195b22e6264dc1b063d86fcc5f017c P a7940163be22413287fb601c8ac94f41 reported cstate change: config changed from index 3 to 4, VOTER 418977eff8174153935d1510e0b33fc2 (127.26.115.194) evicted. New cstate: current_term: 1 leader_uuid: "a7940163be22413287fb601c8ac94f41" committed_config { opid_index: 4 OBSOLETE_local: false peers { permanent_uuid: "a7940163be22413287fb601c8ac94f41" member_type: VOTER last_known_addr { host: "127.26.115.193" port: 44011 } health_report { overall_health: HEALTHY } } peers { permanent_uuid: "ee6e492134e3432484b4d98e8ae79b36" member_type: VOTER last_known_addr { host: "127.26.115.195" port: 39551 } health_report { overall_health: HEALTHY } } peers { permanent_uuid: "9046027d0430473b8c1790d5b844fcb4" member_type: VOTER last_known_addr { host: "127.26.115.196" port: 44571 } attrs { promote: false } health_report { overall_health: HEALTHY } } }
I20260710 13:24:38.827642 28181 tablet_service.cc:1558] Processing DeleteTablet for tablet 9a7c42613d914d27a05e514a82b215ba with delete_type TABLET_DATA_TOMBSTONED (TS a7940163be22413287fb601c8ac94f41 not found in new config with opid_index 4) from {username='slave'} at 127.0.0.1:50038
I20260710 13:24:38.833137 28249 tablet_service.cc:1558] Processing DeleteTablet for tablet 1d195b22e6264dc1b063d86fcc5f017c with delete_type TABLET_DATA_TOMBSTONED (TS 418977eff8174153935d1510e0b33fc2 not found in new config with opid_index 4) from {username='slave'} at 127.0.0.1:47268
I20260710 13:24:38.838269 28882 tablet_replica.cc:333] T 1d195b22e6264dc1b063d86fcc5f017c P 418977eff8174153935d1510e0b33fc2: stopping tablet replica
I20260710 13:24:38.839597 28882 raft_consensus.cc:2243] T 1d195b22e6264dc1b063d86fcc5f017c P 418977eff8174153935d1510e0b33fc2 [term 1 FOLLOWER]: Raft consensus shutting down.
I20260710 13:24:38.840143 28882 raft_consensus.cc:2272] T 1d195b22e6264dc1b063d86fcc5f017c P 418977eff8174153935d1510e0b33fc2 [term 1 FOLLOWER]: Raft consensus is shut down!
I20260710 13:24:38.843618 28881 tablet_replica.cc:333] T 9a7c42613d914d27a05e514a82b215ba P a7940163be22413287fb601c8ac94f41: stopping tablet replica
I20260710 13:24:38.844257 28881 raft_consensus.cc:2243] T 9a7c42613d914d27a05e514a82b215ba P a7940163be22413287fb601c8ac94f41 [term 1 FOLLOWER]: Raft consensus shutting down.
I20260710 13:24:38.844408 28882 ts_tablet_manager.cc:1916] T 1d195b22e6264dc1b063d86fcc5f017c P 418977eff8174153935d1510e0b33fc2: Deleting tablet data with delete state TABLET_DATA_TOMBSTONED
I20260710 13:24:38.844722 28881 raft_consensus.cc:2272] T 9a7c42613d914d27a05e514a82b215ba P a7940163be22413287fb601c8ac94f41 [term 1 FOLLOWER]: Raft consensus is shut down!
I20260710 13:24:38.846971 28881 ts_tablet_manager.cc:1916] T 9a7c42613d914d27a05e514a82b215ba P a7940163be22413287fb601c8ac94f41: Deleting tablet data with delete state TABLET_DATA_TOMBSTONED
I20260710 13:24:38.855711 28882 ts_tablet_manager.cc:1929] T 1d195b22e6264dc1b063d86fcc5f017c P 418977eff8174153935d1510e0b33fc2: tablet deleted with delete type TABLET_DATA_TOMBSTONED: last-logged OpId 1.3
I20260710 13:24:38.856014 28882 log.cc:1199] T 1d195b22e6264dc1b063d86fcc5f017c P 418977eff8174153935d1510e0b33fc2: Deleting WAL directory at /tmp/dist-test-taskE7z8vl/test-tmp/auto_leader_rebalancer-test.0.LeaderRebalancerTest.AddTserver.1783689841502950-27087-0/minicluster-data/ts-1-root/wals/1d195b22e6264dc1b063d86fcc5f017c
I20260710 13:24:38.857122 28077 catalog_manager.cc:5028] TS 418977eff8174153935d1510e0b33fc2 (127.26.115.194:34171): tablet 1d195b22e6264dc1b063d86fcc5f017c (table test-workload [id=47908c806b314e4f9ff9f57ff825e996]) successfully deleted
I20260710 13:24:38.857241 28881 ts_tablet_manager.cc:1929] T 9a7c42613d914d27a05e514a82b215ba P a7940163be22413287fb601c8ac94f41: tablet deleted with delete type TABLET_DATA_TOMBSTONED: last-logged OpId 1.3
I20260710 13:24:38.857592 28881 log.cc:1199] T 9a7c42613d914d27a05e514a82b215ba P a7940163be22413287fb601c8ac94f41: Deleting WAL directory at /tmp/dist-test-taskE7z8vl/test-tmp/auto_leader_rebalancer-test.0.LeaderRebalancerTest.AddTserver.1783689841502950-27087-0/minicluster-data/ts-0-root/wals/9a7c42613d914d27a05e514a82b215ba
I20260710 13:24:38.858728 28075 catalog_manager.cc:5028] TS a7940163be22413287fb601c8ac94f41 (127.26.115.193:44011): tablet 9a7c42613d914d27a05e514a82b215ba (table test-workload [id=47908c806b314e4f9ff9f57ff825e996]) successfully deleted
I20260710 13:24:39.866189 28340 consensus_queue.cc:237] T 7d7e4731e56f4591968bd8e6357bc3b1 P ee6e492134e3432484b4d98e8ae79b36 [LEADER]: Queue going to LEADER mode. State: All replicated index: 0, Majority replicated index: 1, Committed index: 1, Last appended: 1.1, Last appended by leader: 0, Current term: 1, Majority size: 2, State: 0, Mode: LEADER, active raft config: opid_index: 2 OBSOLETE_local: false peers { permanent_uuid: "a7940163be22413287fb601c8ac94f41" member_type: VOTER last_known_addr { host: "127.26.115.193" port: 44011 } } peers { permanent_uuid: "418977eff8174153935d1510e0b33fc2" member_type: VOTER last_known_addr { host: "127.26.115.194" port: 34171 } attrs { replace: true } } peers { permanent_uuid: "ee6e492134e3432484b4d98e8ae79b36" member_type: VOTER last_known_addr { host: "127.26.115.195" port: 39551 } } peers { permanent_uuid: "9046027d0430473b8c1790d5b844fcb4" member_type: NON_VOTER last_known_addr { host: "127.26.115.196" port: 44571 } attrs { promote: true } }
I20260710 13:24:39.872327 28267 raft_consensus.cc:1275] T 7d7e4731e56f4591968bd8e6357bc3b1 P 418977eff8174153935d1510e0b33fc2 [term 1 FOLLOWER]: Refusing update from remote peer ee6e492134e3432484b4d98e8ae79b36: Log matching property violated. Preceding OpId in replica: term: 1 index: 1. Preceding OpId from leader: term: 1 index: 2. (index mismatch)
W20260710 13:24:39.872351 28307 consensus_peers.cc:597] T 7d7e4731e56f4591968bd8e6357bc3b1 P ee6e492134e3432484b4d98e8ae79b36 -> Peer 9046027d0430473b8c1790d5b844fcb4 (127.26.115.196:44571): Couldn't send request to peer 9046027d0430473b8c1790d5b844fcb4. Error code: TABLET_NOT_FOUND (6). Status: Not found: Tablet not found: 7d7e4731e56f4591968bd8e6357bc3b1. This is attempt 1: this message will repeat every 5th retry.
I20260710 13:24:39.873018 28190 raft_consensus.cc:1275] T 7d7e4731e56f4591968bd8e6357bc3b1 P a7940163be22413287fb601c8ac94f41 [term 1 FOLLOWER]: Refusing update from remote peer ee6e492134e3432484b4d98e8ae79b36: Log matching property violated. Preceding OpId in replica: term: 1 index: 1. Preceding OpId from leader: term: 1 index: 2. (index mismatch)
I20260710 13:24:39.873698 28860 consensus_queue.cc:1048] T 7d7e4731e56f4591968bd8e6357bc3b1 P ee6e492134e3432484b4d98e8ae79b36 [LEADER]: Connected to new peer: Peer: permanent_uuid: "418977eff8174153935d1510e0b33fc2" member_type: VOTER last_known_addr { host: "127.26.115.194" port: 34171 } attrs { replace: true }, Status: LMP_MISMATCH, Last received: 0.0, Next index: 2, Last known committed idx: 1, Time since last communication: 0.000s
I20260710 13:24:39.874436 28886 consensus_queue.cc:1048] T 7d7e4731e56f4591968bd8e6357bc3b1 P ee6e492134e3432484b4d98e8ae79b36 [LEADER]: Connected to new peer: Peer: permanent_uuid: "a7940163be22413287fb601c8ac94f41" member_type: VOTER last_known_addr { host: "127.26.115.193" port: 44011 }, Status: LMP_MISMATCH, Last received: 0.0, Next index: 2, Last known committed idx: 1, Time since last communication: 0.000s
I20260710 13:24:39.880963 28889 raft_consensus.cc:2955] T 7d7e4731e56f4591968bd8e6357bc3b1 P ee6e492134e3432484b4d98e8ae79b36 [term 1 LEADER]: Committing config change with OpId 1.2: config changed from index -1 to 2, NON_VOTER 9046027d0430473b8c1790d5b844fcb4 (127.26.115.196) added. New config: { opid_index: 2 OBSOLETE_local: false peers { permanent_uuid: "a7940163be22413287fb601c8ac94f41" member_type: VOTER last_known_addr { host: "127.26.115.193" port: 44011 } } peers { permanent_uuid: "418977eff8174153935d1510e0b33fc2" member_type: VOTER last_known_addr { host: "127.26.115.194" port: 34171 } attrs { replace: true } } peers { permanent_uuid: "ee6e492134e3432484b4d98e8ae79b36" member_type: VOTER last_known_addr { host: "127.26.115.195" port: 39551 } } peers { permanent_uuid: "9046027d0430473b8c1790d5b844fcb4" member_type: NON_VOTER last_known_addr { host: "127.26.115.196" port: 44571 } attrs { promote: true } } }
I20260710 13:24:39.881956 28267 raft_consensus.cc:2955] T 7d7e4731e56f4591968bd8e6357bc3b1 P 418977eff8174153935d1510e0b33fc2 [term 1 FOLLOWER]: Committing config change with OpId 1.2: config changed from index -1 to 2, NON_VOTER 9046027d0430473b8c1790d5b844fcb4 (127.26.115.196) added. New config: { opid_index: 2 OBSOLETE_local: false peers { permanent_uuid: "a7940163be22413287fb601c8ac94f41" member_type: VOTER last_known_addr { host: "127.26.115.193" port: 44011 } } peers { permanent_uuid: "418977eff8174153935d1510e0b33fc2" member_type: VOTER last_known_addr { host: "127.26.115.194" port: 34171 } attrs { replace: true } } peers { permanent_uuid: "ee6e492134e3432484b4d98e8ae79b36" member_type: VOTER last_known_addr { host: "127.26.115.195" port: 39551 } } peers { permanent_uuid: "9046027d0430473b8c1790d5b844fcb4" member_type: NON_VOTER last_known_addr { host: "127.26.115.196" port: 44571 } attrs { promote: true } } }
I20260710 13:24:39.882189 28190 raft_consensus.cc:2955] T 7d7e4731e56f4591968bd8e6357bc3b1 P a7940163be22413287fb601c8ac94f41 [term 1 FOLLOWER]: Committing config change with OpId 1.2: config changed from index -1 to 2, NON_VOTER 9046027d0430473b8c1790d5b844fcb4 (127.26.115.196) added. New config: { opid_index: 2 OBSOLETE_local: false peers { permanent_uuid: "a7940163be22413287fb601c8ac94f41" member_type: VOTER last_known_addr { host: "127.26.115.193" port: 44011 } } peers { permanent_uuid: "418977eff8174153935d1510e0b33fc2" member_type: VOTER last_known_addr { host: "127.26.115.194" port: 34171 } attrs { replace: true } } peers { permanent_uuid: "ee6e492134e3432484b4d98e8ae79b36" member_type: VOTER last_known_addr { host: "127.26.115.195" port: 39551 } } peers { permanent_uuid: "9046027d0430473b8c1790d5b844fcb4" member_type: NON_VOTER last_known_addr { host: "127.26.115.196" port: 44571 } attrs { promote: true } } }
I20260710 13:24:39.895918 28267 consensus_queue.cc:237] T 9b88023f11e44e4380e982eccffa1e74 P 418977eff8174153935d1510e0b33fc2 [LEADER]: Queue going to LEADER mode. State: All replicated index: 0, Majority replicated index: 2, Committed index: 2, Last appended: 3.2, Last appended by leader: 1, Current term: 3, Majority size: 2, State: 0, Mode: LEADER, active raft config: opid_index: 3 OBSOLETE_local: false peers { permanent_uuid: "a7940163be22413287fb601c8ac94f41" member_type: VOTER last_known_addr { host: "127.26.115.193" port: 44011 } attrs { replace: true } } peers { permanent_uuid: "418977eff8174153935d1510e0b33fc2" member_type: VOTER last_known_addr { host: "127.26.115.194" port: 34171 } } peers { permanent_uuid: "ee6e492134e3432484b4d98e8ae79b36" member_type: VOTER last_known_addr { host: "127.26.115.195" port: 39551 } } peers { permanent_uuid: "9046027d0430473b8c1790d5b844fcb4" member_type: NON_VOTER last_known_addr { host: "127.26.115.196" port: 44571 } attrs { promote: true } }
I20260710 13:24:39.897486 28089 catalog_manager.cc:5697] T 7d7e4731e56f4591968bd8e6357bc3b1 P 418977eff8174153935d1510e0b33fc2 reported cstate change: config changed from index -1 to 2, NON_VOTER 9046027d0430473b8c1790d5b844fcb4 (127.26.115.196) added. New cstate: current_term: 1 leader_uuid: "ee6e492134e3432484b4d98e8ae79b36" committed_config { opid_index: 2 OBSOLETE_local: false peers { permanent_uuid: "a7940163be22413287fb601c8ac94f41" member_type: VOTER last_known_addr { host: "127.26.115.193" port: 44011 } } peers { permanent_uuid: "418977eff8174153935d1510e0b33fc2" member_type: VOTER last_known_addr { host: "127.26.115.194" port: 34171 } attrs { replace: true } } peers { permanent_uuid: "ee6e492134e3432484b4d98e8ae79b36" member_type: VOTER last_known_addr { host: "127.26.115.195" port: 39551 } } peers { permanent_uuid: "9046027d0430473b8c1790d5b844fcb4" member_type: NON_VOTER last_known_addr { host: "127.26.115.196" port: 44571 } attrs { promote: true } } }
I20260710 13:24:39.904086 28340 raft_consensus.cc:1275] T 9b88023f11e44e4380e982eccffa1e74 P ee6e492134e3432484b4d98e8ae79b36 [term 3 FOLLOWER]: Refusing update from remote peer 418977eff8174153935d1510e0b33fc2: Log matching property violated. Preceding OpId in replica: term: 3 index: 2. Preceding OpId from leader: term: 3 index: 3. (index mismatch)
W20260710 13:24:39.904088 28233 consensus_peers.cc:597] T 9b88023f11e44e4380e982eccffa1e74 P 418977eff8174153935d1510e0b33fc2 -> Peer 9046027d0430473b8c1790d5b844fcb4 (127.26.115.196:44571): Couldn't send request to peer 9046027d0430473b8c1790d5b844fcb4. Error code: TABLET_NOT_FOUND (6). Status: Not found: Tablet not found: 9b88023f11e44e4380e982eccffa1e74. This is attempt 1: this message will repeat every 5th retry.
I20260710 13:24:39.905598 28883 consensus_queue.cc:1048] T 9b88023f11e44e4380e982eccffa1e74 P 418977eff8174153935d1510e0b33fc2 [LEADER]: Connected to new peer: Peer: permanent_uuid: "ee6e492134e3432484b4d98e8ae79b36" member_type: VOTER last_known_addr { host: "127.26.115.195" port: 39551 }, Status: LMP_MISMATCH, Last received: 0.0, Next index: 3, Last known committed idx: 2, Time since last communication: 0.000s
I20260710 13:24:39.906977 28190 raft_consensus.cc:1275] T 9b88023f11e44e4380e982eccffa1e74 P a7940163be22413287fb601c8ac94f41 [term 3 FOLLOWER]: Refusing update from remote peer 418977eff8174153935d1510e0b33fc2: Log matching property violated. Preceding OpId in replica: term: 3 index: 2. Preceding OpId from leader: term: 3 index: 3. (index mismatch)
I20260710 13:24:39.908277 28891 consensus_queue.cc:1048] T 9b88023f11e44e4380e982eccffa1e74 P 418977eff8174153935d1510e0b33fc2 [LEADER]: Connected to new peer: Peer: permanent_uuid: "a7940163be22413287fb601c8ac94f41" member_type: VOTER last_known_addr { host: "127.26.115.193" port: 44011 } attrs { replace: true }, Status: LMP_MISMATCH, Last received: 0.0, Next index: 3, Last known committed idx: 2, Time since last communication: 0.000s
I20260710 13:24:39.913278 28883 raft_consensus.cc:2955] T 9b88023f11e44e4380e982eccffa1e74 P 418977eff8174153935d1510e0b33fc2 [term 3 LEADER]: Committing config change with OpId 3.3: config changed from index -1 to 3, NON_VOTER 9046027d0430473b8c1790d5b844fcb4 (127.26.115.196) added. New config: { opid_index: 3 OBSOLETE_local: false peers { permanent_uuid: "a7940163be22413287fb601c8ac94f41" member_type: VOTER last_known_addr { host: "127.26.115.193" port: 44011 } attrs { replace: true } } peers { permanent_uuid: "418977eff8174153935d1510e0b33fc2" member_type: VOTER last_known_addr { host: "127.26.115.194" port: 34171 } } peers { permanent_uuid: "ee6e492134e3432484b4d98e8ae79b36" member_type: VOTER last_known_addr { host: "127.26.115.195" port: 39551 } } peers { permanent_uuid: "9046027d0430473b8c1790d5b844fcb4" member_type: NON_VOTER last_known_addr { host: "127.26.115.196" port: 44571 } attrs { promote: true } } }
I20260710 13:24:39.914604 28340 raft_consensus.cc:2955] T 9b88023f11e44e4380e982eccffa1e74 P ee6e492134e3432484b4d98e8ae79b36 [term 3 FOLLOWER]: Committing config change with OpId 3.3: config changed from index -1 to 3, NON_VOTER 9046027d0430473b8c1790d5b844fcb4 (127.26.115.196) added. New config: { opid_index: 3 OBSOLETE_local: false peers { permanent_uuid: "a7940163be22413287fb601c8ac94f41" member_type: VOTER last_known_addr { host: "127.26.115.193" port: 44011 } attrs { replace: true } } peers { permanent_uuid: "418977eff8174153935d1510e0b33fc2" member_type: VOTER last_known_addr { host: "127.26.115.194" port: 34171 } } peers { permanent_uuid: "ee6e492134e3432484b4d98e8ae79b36" member_type: VOTER last_known_addr { host: "127.26.115.195" port: 39551 } } peers { permanent_uuid: "9046027d0430473b8c1790d5b844fcb4" member_type: NON_VOTER last_known_addr { host: "127.26.115.196" port: 44571 } attrs { promote: true } } }
I20260710 13:24:39.919905 28190 raft_consensus.cc:2955] T 9b88023f11e44e4380e982eccffa1e74 P a7940163be22413287fb601c8ac94f41 [term 3 FOLLOWER]: Committing config change with OpId 3.3: config changed from index -1 to 3, NON_VOTER 9046027d0430473b8c1790d5b844fcb4 (127.26.115.196) added. New config: { opid_index: 3 OBSOLETE_local: false peers { permanent_uuid: "a7940163be22413287fb601c8ac94f41" member_type: VOTER last_known_addr { host: "127.26.115.193" port: 44011 } attrs { replace: true } } peers { permanent_uuid: "418977eff8174153935d1510e0b33fc2" member_type: VOTER last_known_addr { host: "127.26.115.194" port: 34171 } } peers { permanent_uuid: "ee6e492134e3432484b4d98e8ae79b36" member_type: VOTER last_known_addr { host: "127.26.115.195" port: 39551 } } peers { permanent_uuid: "9046027d0430473b8c1790d5b844fcb4" member_type: NON_VOTER last_known_addr { host: "127.26.115.196" port: 44571 } attrs { promote: true } } }
I20260710 13:24:39.932572 28091 catalog_manager.cc:5697] T 9b88023f11e44e4380e982eccffa1e74 P ee6e492134e3432484b4d98e8ae79b36 reported cstate change: config changed from index -1 to 3, NON_VOTER 9046027d0430473b8c1790d5b844fcb4 (127.26.115.196) added. New cstate: current_term: 3 leader_uuid: "418977eff8174153935d1510e0b33fc2" committed_config { opid_index: 3 OBSOLETE_local: false peers { permanent_uuid: "a7940163be22413287fb601c8ac94f41" member_type: VOTER last_known_addr { host: "127.26.115.193" port: 44011 } attrs { replace: true } } peers { permanent_uuid: "418977eff8174153935d1510e0b33fc2" member_type: VOTER last_known_addr { host: "127.26.115.194" port: 34171 } } peers { permanent_uuid: "ee6e492134e3432484b4d98e8ae79b36" member_type: VOTER last_known_addr { host: "127.26.115.195" port: 39551 } } peers { permanent_uuid: "9046027d0430473b8c1790d5b844fcb4" member_type: NON_VOTER last_known_addr { host: "127.26.115.196" port: 44571 } attrs { promote: true } } }
I20260710 13:24:40.361342 28898 ts_tablet_manager.cc:933] T 7d7e4731e56f4591968bd8e6357bc3b1 P 9046027d0430473b8c1790d5b844fcb4: Initiating tablet copy from peer ee6e492134e3432484b4d98e8ae79b36 (127.26.115.195:39551)
I20260710 13:24:40.363302 28898 tablet_copy_client.cc:323] T 7d7e4731e56f4591968bd8e6357bc3b1 P 9046027d0430473b8c1790d5b844fcb4: tablet copy: Beginning tablet copy session from remote peer at address 127.26.115.195:39551
I20260710 13:24:40.364796 28352 tablet_copy_service.cc:140] P ee6e492134e3432484b4d98e8ae79b36: Received BeginTabletCopySession request for tablet 7d7e4731e56f4591968bd8e6357bc3b1 from peer 9046027d0430473b8c1790d5b844fcb4 ({username='slave'} at 127.0.0.1:46146)
I20260710 13:24:40.365325 28352 tablet_copy_service.cc:161] P ee6e492134e3432484b4d98e8ae79b36: Beginning new tablet copy session on tablet 7d7e4731e56f4591968bd8e6357bc3b1 from peer 9046027d0430473b8c1790d5b844fcb4 at {username='slave'} at 127.0.0.1:46146: session id = 9046027d0430473b8c1790d5b844fcb4-7d7e4731e56f4591968bd8e6357bc3b1
I20260710 13:24:40.372706 28352 tablet_copy_source_session.cc:215] T 7d7e4731e56f4591968bd8e6357bc3b1 P ee6e492134e3432484b4d98e8ae79b36: Tablet Copy: opened 0 blocks and 1 log segments
I20260710 13:24:40.375487 28898 data_dirs.cc:400] Could only allocate 1 dirs of requested 3 for tablet 7d7e4731e56f4591968bd8e6357bc3b1. 1 dirs total, 0 dirs full, 0 dirs failed
I20260710 13:24:40.385006 28898 tablet_copy_client.cc:806] T 7d7e4731e56f4591968bd8e6357bc3b1 P 9046027d0430473b8c1790d5b844fcb4: tablet copy: Starting download of 0 data blocks...
I20260710 13:24:40.385620 28898 tablet_copy_client.cc:670] T 7d7e4731e56f4591968bd8e6357bc3b1 P 9046027d0430473b8c1790d5b844fcb4: tablet copy: Starting download of 1 WAL segments...
I20260710 13:24:40.389039 28898 tablet_copy_client.cc:538] T 7d7e4731e56f4591968bd8e6357bc3b1 P 9046027d0430473b8c1790d5b844fcb4: tablet copy: Tablet Copy complete. Replacing tablet superblock.
I20260710 13:24:40.394081 28898 tablet_bootstrap.cc:492] T 7d7e4731e56f4591968bd8e6357bc3b1 P 9046027d0430473b8c1790d5b844fcb4: Bootstrap starting.
I20260710 13:24:40.407845 28898 tablet_bootstrap.cc:492] T 7d7e4731e56f4591968bd8e6357bc3b1 P 9046027d0430473b8c1790d5b844fcb4: Bootstrap replayed 1/1 log segments. Stats: ops{read=2 overwritten=0 applied=2 ignored=0} inserts{seen=0 ignored=0} mutations{seen=0 ignored=0} orphaned_commits=0. Pending: 0 replicates
I20260710 13:24:40.408420 28898 tablet_bootstrap.cc:492] T 7d7e4731e56f4591968bd8e6357bc3b1 P 9046027d0430473b8c1790d5b844fcb4: Bootstrap complete.
I20260710 13:24:40.408882 28898 ts_tablet_manager.cc:1403] T 7d7e4731e56f4591968bd8e6357bc3b1 P 9046027d0430473b8c1790d5b844fcb4: Time spent bootstrapping tablet: real 0.015s	user 0.008s	sys 0.007s
I20260710 13:24:40.410820 28898 raft_consensus.cc:359] T 7d7e4731e56f4591968bd8e6357bc3b1 P 9046027d0430473b8c1790d5b844fcb4 [term 1 LEARNER]: Replica starting. Triggering 0 pending ops. Active config: opid_index: 2 OBSOLETE_local: false peers { permanent_uuid: "a7940163be22413287fb601c8ac94f41" member_type: VOTER last_known_addr { host: "127.26.115.193" port: 44011 } } peers { permanent_uuid: "418977eff8174153935d1510e0b33fc2" member_type: VOTER last_known_addr { host: "127.26.115.194" port: 34171 } attrs { replace: true } } peers { permanent_uuid: "ee6e492134e3432484b4d98e8ae79b36" member_type: VOTER last_known_addr { host: "127.26.115.195" port: 39551 } } peers { permanent_uuid: "9046027d0430473b8c1790d5b844fcb4" member_type: NON_VOTER last_known_addr { host: "127.26.115.196" port: 44571 } attrs { promote: true } }
I20260710 13:24:40.411401 28898 raft_consensus.cc:740] T 7d7e4731e56f4591968bd8e6357bc3b1 P 9046027d0430473b8c1790d5b844fcb4 [term 1 LEARNER]: Becoming Follower/Learner. State: Replica: 9046027d0430473b8c1790d5b844fcb4, State: Initialized, Role: LEARNER
I20260710 13:24:40.411842 28898 consensus_queue.cc:260] T 7d7e4731e56f4591968bd8e6357bc3b1 P 9046027d0430473b8c1790d5b844fcb4 [NON_LEADER]: Queue going to NON_LEADER mode. State: All replicated index: 0, Majority replicated index: 0, Committed index: 2, Last appended: 1.2, Last appended by leader: 2, Current term: 0, Majority size: -1, State: 0, Mode: NON_LEADER, active raft config: opid_index: 2 OBSOLETE_local: false peers { permanent_uuid: "a7940163be22413287fb601c8ac94f41" member_type: VOTER last_known_addr { host: "127.26.115.193" port: 44011 } } peers { permanent_uuid: "418977eff8174153935d1510e0b33fc2" member_type: VOTER last_known_addr { host: "127.26.115.194" port: 34171 } attrs { replace: true } } peers { permanent_uuid: "ee6e492134e3432484b4d98e8ae79b36" member_type: VOTER last_known_addr { host: "127.26.115.195" port: 39551 } } peers { permanent_uuid: "9046027d0430473b8c1790d5b844fcb4" member_type: NON_VOTER last_known_addr { host: "127.26.115.196" port: 44571 } attrs { promote: true } }
I20260710 13:24:40.414275 28898 ts_tablet_manager.cc:1434] T 7d7e4731e56f4591968bd8e6357bc3b1 P 9046027d0430473b8c1790d5b844fcb4: Time spent starting tablet: real 0.005s	user 0.001s	sys 0.005s
I20260710 13:24:40.415688 28352 tablet_copy_service.cc:342] P ee6e492134e3432484b4d98e8ae79b36: Request end of tablet copy session 9046027d0430473b8c1790d5b844fcb4-7d7e4731e56f4591968bd8e6357bc3b1 received from {username='slave'} at 127.0.0.1:46146
I20260710 13:24:40.416041 28352 tablet_copy_service.cc:434] P ee6e492134e3432484b4d98e8ae79b36: ending tablet copy session 9046027d0430473b8c1790d5b844fcb4-7d7e4731e56f4591968bd8e6357bc3b1 on tablet 7d7e4731e56f4591968bd8e6357bc3b1 with peer 9046027d0430473b8c1790d5b844fcb4
I20260710 13:24:40.459764 28898 ts_tablet_manager.cc:933] T 9b88023f11e44e4380e982eccffa1e74 P 9046027d0430473b8c1790d5b844fcb4: Initiating tablet copy from peer 418977eff8174153935d1510e0b33fc2 (127.26.115.194:34171)
I20260710 13:24:40.461247 28898 tablet_copy_client.cc:323] T 9b88023f11e44e4380e982eccffa1e74 P 9046027d0430473b8c1790d5b844fcb4: tablet copy: Beginning tablet copy session from remote peer at address 127.26.115.194:34171
I20260710 13:24:40.462651 28278 tablet_copy_service.cc:140] P 418977eff8174153935d1510e0b33fc2: Received BeginTabletCopySession request for tablet 9b88023f11e44e4380e982eccffa1e74 from peer 9046027d0430473b8c1790d5b844fcb4 ({username='slave'} at 127.0.0.1:59288)
I20260710 13:24:40.463034 28278 tablet_copy_service.cc:161] P 418977eff8174153935d1510e0b33fc2: Beginning new tablet copy session on tablet 9b88023f11e44e4380e982eccffa1e74 from peer 9046027d0430473b8c1790d5b844fcb4 at {username='slave'} at 127.0.0.1:59288: session id = 9046027d0430473b8c1790d5b844fcb4-9b88023f11e44e4380e982eccffa1e74
I20260710 13:24:40.467869 28278 tablet_copy_source_session.cc:215] T 9b88023f11e44e4380e982eccffa1e74 P 418977eff8174153935d1510e0b33fc2: Tablet Copy: opened 0 blocks and 1 log segments
I20260710 13:24:40.470911 28898 data_dirs.cc:400] Could only allocate 1 dirs of requested 3 for tablet 9b88023f11e44e4380e982eccffa1e74. 1 dirs total, 0 dirs full, 0 dirs failed
I20260710 13:24:40.481235 28898 tablet_copy_client.cc:806] T 9b88023f11e44e4380e982eccffa1e74 P 9046027d0430473b8c1790d5b844fcb4: tablet copy: Starting download of 0 data blocks...
I20260710 13:24:40.481704 28898 tablet_copy_client.cc:670] T 9b88023f11e44e4380e982eccffa1e74 P 9046027d0430473b8c1790d5b844fcb4: tablet copy: Starting download of 1 WAL segments...
I20260710 13:24:40.484712 28898 tablet_copy_client.cc:538] T 9b88023f11e44e4380e982eccffa1e74 P 9046027d0430473b8c1790d5b844fcb4: tablet copy: Tablet Copy complete. Replacing tablet superblock.
I20260710 13:24:40.490020 28898 tablet_bootstrap.cc:492] T 9b88023f11e44e4380e982eccffa1e74 P 9046027d0430473b8c1790d5b844fcb4: Bootstrap starting.
I20260710 13:24:40.504987 28898 tablet_bootstrap.cc:492] T 9b88023f11e44e4380e982eccffa1e74 P 9046027d0430473b8c1790d5b844fcb4: Bootstrap replayed 1/1 log segments. Stats: ops{read=3 overwritten=0 applied=3 ignored=0} inserts{seen=0 ignored=0} mutations{seen=0 ignored=0} orphaned_commits=0. Pending: 0 replicates
I20260710 13:24:40.505620 28898 tablet_bootstrap.cc:492] T 9b88023f11e44e4380e982eccffa1e74 P 9046027d0430473b8c1790d5b844fcb4: Bootstrap complete.
I20260710 13:24:40.506103 28898 ts_tablet_manager.cc:1403] T 9b88023f11e44e4380e982eccffa1e74 P 9046027d0430473b8c1790d5b844fcb4: Time spent bootstrapping tablet: real 0.016s	user 0.015s	sys 0.000s
I20260710 13:24:40.508318 28898 raft_consensus.cc:359] T 9b88023f11e44e4380e982eccffa1e74 P 9046027d0430473b8c1790d5b844fcb4 [term 3 LEARNER]: Replica starting. Triggering 0 pending ops. Active config: opid_index: 3 OBSOLETE_local: false peers { permanent_uuid: "a7940163be22413287fb601c8ac94f41" member_type: VOTER last_known_addr { host: "127.26.115.193" port: 44011 } attrs { replace: true } } peers { permanent_uuid: "418977eff8174153935d1510e0b33fc2" member_type: VOTER last_known_addr { host: "127.26.115.194" port: 34171 } } peers { permanent_uuid: "ee6e492134e3432484b4d98e8ae79b36" member_type: VOTER last_known_addr { host: "127.26.115.195" port: 39551 } } peers { permanent_uuid: "9046027d0430473b8c1790d5b844fcb4" member_type: NON_VOTER last_known_addr { host: "127.26.115.196" port: 44571 } attrs { promote: true } }
I20260710 13:24:40.508848 28898 raft_consensus.cc:740] T 9b88023f11e44e4380e982eccffa1e74 P 9046027d0430473b8c1790d5b844fcb4 [term 3 LEARNER]: Becoming Follower/Learner. State: Replica: 9046027d0430473b8c1790d5b844fcb4, State: Initialized, Role: LEARNER
I20260710 13:24:40.509299 28898 consensus_queue.cc:260] T 9b88023f11e44e4380e982eccffa1e74 P 9046027d0430473b8c1790d5b844fcb4 [NON_LEADER]: Queue going to NON_LEADER mode. State: All replicated index: 0, Majority replicated index: 0, Committed index: 3, Last appended: 3.3, Last appended by leader: 3, Current term: 0, Majority size: -1, State: 0, Mode: NON_LEADER, active raft config: opid_index: 3 OBSOLETE_local: false peers { permanent_uuid: "a7940163be22413287fb601c8ac94f41" member_type: VOTER last_known_addr { host: "127.26.115.193" port: 44011 } attrs { replace: true } } peers { permanent_uuid: "418977eff8174153935d1510e0b33fc2" member_type: VOTER last_known_addr { host: "127.26.115.194" port: 34171 } } peers { permanent_uuid: "ee6e492134e3432484b4d98e8ae79b36" member_type: VOTER last_known_addr { host: "127.26.115.195" port: 39551 } } peers { permanent_uuid: "9046027d0430473b8c1790d5b844fcb4" member_type: NON_VOTER last_known_addr { host: "127.26.115.196" port: 44571 } attrs { promote: true } }
I20260710 13:24:40.511085 28898 ts_tablet_manager.cc:1434] T 9b88023f11e44e4380e982eccffa1e74 P 9046027d0430473b8c1790d5b844fcb4: Time spent starting tablet: real 0.005s	user 0.001s	sys 0.003s
I20260710 13:24:40.512672 28278 tablet_copy_service.cc:342] P 418977eff8174153935d1510e0b33fc2: Request end of tablet copy session 9046027d0430473b8c1790d5b844fcb4-9b88023f11e44e4380e982eccffa1e74 received from {username='slave'} at 127.0.0.1:59288
I20260710 13:24:40.513074 28278 tablet_copy_service.cc:434] P 418977eff8174153935d1510e0b33fc2: ending tablet copy session 9046027d0430473b8c1790d5b844fcb4-9b88023f11e44e4380e982eccffa1e74 on tablet 9b88023f11e44e4380e982eccffa1e74 with peer 9046027d0430473b8c1790d5b844fcb4
I20260710 13:24:40.836727 28587 raft_consensus.cc:1217] T 7d7e4731e56f4591968bd8e6357bc3b1 P 9046027d0430473b8c1790d5b844fcb4 [term 1 LEARNER]: Deduplicated request from leader. Original: 1.1->[1.2-1.2]   Dedup: 1.2->[]
I20260710 13:24:41.017287 28587 raft_consensus.cc:1217] T 9b88023f11e44e4380e982eccffa1e74 P 9046027d0430473b8c1790d5b844fcb4 [term 3 LEARNER]: Deduplicated request from leader. Original: 3.2->[3.3-3.3]   Dedup: 3.3->[]
I20260710 13:24:41.370226 28905 raft_consensus.cc:1064] T 7d7e4731e56f4591968bd8e6357bc3b1 P ee6e492134e3432484b4d98e8ae79b36: attempting to promote NON_VOTER 9046027d0430473b8c1790d5b844fcb4 to VOTER
I20260710 13:24:41.372110 28905 consensus_queue.cc:237] T 7d7e4731e56f4591968bd8e6357bc3b1 P ee6e492134e3432484b4d98e8ae79b36 [LEADER]: Queue going to LEADER mode. State: All replicated index: 0, Majority replicated index: 2, Committed index: 2, Last appended: 1.2, Last appended by leader: 0, Current term: 1, Majority size: 3, State: 0, Mode: LEADER, active raft config: opid_index: 3 OBSOLETE_local: false peers { permanent_uuid: "a7940163be22413287fb601c8ac94f41" member_type: VOTER last_known_addr { host: "127.26.115.193" port: 44011 } } peers { permanent_uuid: "418977eff8174153935d1510e0b33fc2" member_type: VOTER last_known_addr { host: "127.26.115.194" port: 34171 } attrs { replace: true } } peers { permanent_uuid: "ee6e492134e3432484b4d98e8ae79b36" member_type: VOTER last_known_addr { host: "127.26.115.195" port: 39551 } } peers { permanent_uuid: "9046027d0430473b8c1790d5b844fcb4" member_type: VOTER last_known_addr { host: "127.26.115.196" port: 44571 } attrs { promote: false } }
I20260710 13:24:41.378038 28586 raft_consensus.cc:1275] T 7d7e4731e56f4591968bd8e6357bc3b1 P 9046027d0430473b8c1790d5b844fcb4 [term 1 LEARNER]: Refusing update from remote peer ee6e492134e3432484b4d98e8ae79b36: Log matching property violated. Preceding OpId in replica: term: 1 index: 2. Preceding OpId from leader: term: 1 index: 3. (index mismatch)
I20260710 13:24:41.380110 28267 raft_consensus.cc:1275] T 7d7e4731e56f4591968bd8e6357bc3b1 P 418977eff8174153935d1510e0b33fc2 [term 1 FOLLOWER]: Refusing update from remote peer ee6e492134e3432484b4d98e8ae79b36: Log matching property violated. Preceding OpId in replica: term: 1 index: 2. Preceding OpId from leader: term: 1 index: 3. (index mismatch)
I20260710 13:24:41.380689 28910 consensus_queue.cc:1048] T 7d7e4731e56f4591968bd8e6357bc3b1 P ee6e492134e3432484b4d98e8ae79b36 [LEADER]: Connected to new peer: Peer: permanent_uuid: "9046027d0430473b8c1790d5b844fcb4" member_type: VOTER last_known_addr { host: "127.26.115.196" port: 44571 } attrs { promote: false }, Status: LMP_MISMATCH, Last received: 0.0, Next index: 3, Last known committed idx: 2, Time since last communication: 0.000s
I20260710 13:24:41.381186 28192 raft_consensus.cc:1275] T 7d7e4731e56f4591968bd8e6357bc3b1 P a7940163be22413287fb601c8ac94f41 [term 1 FOLLOWER]: Refusing update from remote peer ee6e492134e3432484b4d98e8ae79b36: Log matching property violated. Preceding OpId in replica: term: 1 index: 2. Preceding OpId from leader: term: 1 index: 3. (index mismatch)
I20260710 13:24:41.381567 28905 consensus_queue.cc:1048] T 7d7e4731e56f4591968bd8e6357bc3b1 P ee6e492134e3432484b4d98e8ae79b36 [LEADER]: Connected to new peer: Peer: permanent_uuid: "418977eff8174153935d1510e0b33fc2" member_type: VOTER last_known_addr { host: "127.26.115.194" port: 34171 } attrs { replace: true }, Status: LMP_MISMATCH, Last received: 0.0, Next index: 3, Last known committed idx: 2, Time since last communication: 0.000s
I20260710 13:24:41.382393 28889 consensus_queue.cc:1048] T 7d7e4731e56f4591968bd8e6357bc3b1 P ee6e492134e3432484b4d98e8ae79b36 [LEADER]: Connected to new peer: Peer: permanent_uuid: "a7940163be22413287fb601c8ac94f41" member_type: VOTER last_known_addr { host: "127.26.115.193" port: 44011 }, Status: LMP_MISMATCH, Last received: 0.0, Next index: 3, Last known committed idx: 2, Time since last communication: 0.000s
I20260710 13:24:41.390458 28910 raft_consensus.cc:2955] T 7d7e4731e56f4591968bd8e6357bc3b1 P ee6e492134e3432484b4d98e8ae79b36 [term 1 LEADER]: Committing config change with OpId 1.3: config changed from index 2 to 3, 9046027d0430473b8c1790d5b844fcb4 (127.26.115.196) changed from NON_VOTER to VOTER. New config: { opid_index: 3 OBSOLETE_local: false peers { permanent_uuid: "a7940163be22413287fb601c8ac94f41" member_type: VOTER last_known_addr { host: "127.26.115.193" port: 44011 } } peers { permanent_uuid: "418977eff8174153935d1510e0b33fc2" member_type: VOTER last_known_addr { host: "127.26.115.194" port: 34171 } attrs { replace: true } } peers { permanent_uuid: "ee6e492134e3432484b4d98e8ae79b36" member_type: VOTER last_known_addr { host: "127.26.115.195" port: 39551 } } peers { permanent_uuid: "9046027d0430473b8c1790d5b844fcb4" member_type: VOTER last_known_addr { host: "127.26.115.196" port: 44571 } attrs { promote: false } } }
