I20260710 13:24:15.989401 22646 raft_consensus.cc:385] T da3c1723fbe340f3ab0ac71f5d52927a P b7178419d29c4f208b85322a4367e738 [term 0 FOLLOWER]: Consensus starting up: Expiring failure detector timer to make a prompt election more likely
I20260710 13:24:15.989648 22646 raft_consensus.cc:740] T da3c1723fbe340f3ab0ac71f5d52927a P b7178419d29c4f208b85322a4367e738 [term 0 FOLLOWER]: Becoming Follower/Learner. State: Replica: b7178419d29c4f208b85322a4367e738, State: Initialized, Role: FOLLOWER
I20260710 13:24:15.990295 22651 tablet_bootstrap.cc:654] T ea91aee08cc947a4a1de012706318427 P 6cbf4f9e27f1445b9f7846bf6c746fdf: Neither blocks nor log segments found. Creating new log.
I20260710 13:24:15.990295 22646 consensus_queue.cc:260] T da3c1723fbe340f3ab0ac71f5d52927a P b7178419d29c4f208b85322a4367e738 [NON_LEADER]: Queue going to NON_LEADER mode. State: All replicated index: 0, Majority replicated index: 0, Committed index: 0, Last appended: 0.0, Last appended by leader: 0, Current term: 0, Majority size: -1, State: 0, Mode: NON_LEADER, active raft config: opid_index: -1 OBSOLETE_local: false peers { permanent_uuid: "6cbf4f9e27f1445b9f7846bf6c746fdf" member_type: VOTER last_known_addr { host: "127.21.77.129" port: 42207 } } peers { permanent_uuid: "b7178419d29c4f208b85322a4367e738" member_type: VOTER last_known_addr { host: "127.21.77.130" port: 44279 } } peers { permanent_uuid: "2fe9b5112ffe490ea305bd041b377cc7" member_type: VOTER last_known_addr { host: "127.21.77.131" port: 41037 } }
I20260710 13:24:15.989787 22354 catalog_manager.cc:5697] T 3e06fef4432346adb151a938c3166b20 P 6cbf4f9e27f1445b9f7846bf6c746fdf reported cstate change: term changed from 0 to 1, leader changed from <none> to 6cbf4f9e27f1445b9f7846bf6c746fdf (127.21.77.129). New cstate: current_term: 1 leader_uuid: "6cbf4f9e27f1445b9f7846bf6c746fdf" committed_config { opid_index: -1 OBSOLETE_local: false peers { permanent_uuid: "b7178419d29c4f208b85322a4367e738" member_type: VOTER last_known_addr { host: "127.21.77.130" port: 44279 } health_report { overall_health: UNKNOWN } } peers { permanent_uuid: "6cbf4f9e27f1445b9f7846bf6c746fdf" member_type: VOTER last_known_addr { host: "127.21.77.129" port: 42207 } health_report { overall_health: HEALTHY } } peers { permanent_uuid: "2fe9b5112ffe490ea305bd041b377cc7" member_type: VOTER last_known_addr { host: "127.21.77.131" port: 41037 } health_report { overall_health: UNKNOWN } } }
I20260710 13:24:15.992672 22646 ts_tablet_manager.cc:1434] T da3c1723fbe340f3ab0ac71f5d52927a P b7178419d29c4f208b85322a4367e738: Time spent starting tablet: real 0.006s	user 0.003s	sys 0.000s
I20260710 13:24:15.999313 22651 tablet_bootstrap.cc:492] T ea91aee08cc947a4a1de012706318427 P 6cbf4f9e27f1445b9f7846bf6c746fdf: No bootstrap required, opened a new log
I20260710 13:24:15.999774 22651 ts_tablet_manager.cc:1403] T ea91aee08cc947a4a1de012706318427 P 6cbf4f9e27f1445b9f7846bf6c746fdf: Time spent bootstrapping tablet: real 0.015s	user 0.012s	sys 0.000s
I20260710 13:24:16.000192 22675 raft_consensus.cc:493] T da3c1723fbe340f3ab0ac71f5d52927a P b7178419d29c4f208b85322a4367e738 [term 0 FOLLOWER]: Starting pre-election (no leader contacted us within the election timeout)
I20260710 13:24:16.000698 22675 raft_consensus.cc:515] T da3c1723fbe340f3ab0ac71f5d52927a P b7178419d29c4f208b85322a4367e738 [term 0 FOLLOWER]: Starting pre-election with config: opid_index: -1 OBSOLETE_local: false peers { permanent_uuid: "6cbf4f9e27f1445b9f7846bf6c746fdf" member_type: VOTER last_known_addr { host: "127.21.77.129" port: 42207 } } peers { permanent_uuid: "b7178419d29c4f208b85322a4367e738" member_type: VOTER last_known_addr { host: "127.21.77.130" port: 44279 } } peers { permanent_uuid: "2fe9b5112ffe490ea305bd041b377cc7" member_type: VOTER last_known_addr { host: "127.21.77.131" port: 41037 } }
I20260710 13:24:16.002738 22675 leader_election.cc:290] T da3c1723fbe340f3ab0ac71f5d52927a P b7178419d29c4f208b85322a4367e738 [CANDIDATE]: Term 1 pre-election: Requested pre-vote from peers 6cbf4f9e27f1445b9f7846bf6c746fdf (127.21.77.129:42207), 2fe9b5112ffe490ea305bd041b377cc7 (127.21.77.131:41037)
I20260710 13:24:16.002895 22651 raft_consensus.cc:359] T ea91aee08cc947a4a1de012706318427 P 6cbf4f9e27f1445b9f7846bf6c746fdf [term 0 FOLLOWER]: Replica starting. Triggering 0 pending ops. Active config: opid_index: -1 OBSOLETE_local: false peers { permanent_uuid: "6cbf4f9e27f1445b9f7846bf6c746fdf" member_type: VOTER last_known_addr { host: "127.21.77.129" port: 42207 } } peers { permanent_uuid: "b7178419d29c4f208b85322a4367e738" member_type: VOTER last_known_addr { host: "127.21.77.130" port: 44279 } } peers { permanent_uuid: "2fe9b5112ffe490ea305bd041b377cc7" member_type: VOTER last_known_addr { host: "127.21.77.131" port: 41037 } }
I20260710 13:24:16.003628 22651 raft_consensus.cc:385] T ea91aee08cc947a4a1de012706318427 P 6cbf4f9e27f1445b9f7846bf6c746fdf [term 0 FOLLOWER]: Consensus starting up: Expiring failure detector timer to make a prompt election more likely
I20260710 13:24:16.003943 22651 raft_consensus.cc:740] T ea91aee08cc947a4a1de012706318427 P 6cbf4f9e27f1445b9f7846bf6c746fdf [term 0 FOLLOWER]: Becoming Follower/Learner. State: Replica: 6cbf4f9e27f1445b9f7846bf6c746fdf, State: Initialized, Role: FOLLOWER
I20260710 13:24:16.004405 22452 tablet_service.cc:1917] Received RequestConsensusVote() RPC: tablet_id: "da3c1723fbe340f3ab0ac71f5d52927a" candidate_uuid: "b7178419d29c4f208b85322a4367e738" candidate_term: 1 candidate_status { last_received { term: 0 index: 0 } } ignore_live_leader: false dest_uuid: "6cbf4f9e27f1445b9f7846bf6c746fdf" is_pre_election: true
I20260710 13:24:16.004793 22606 tablet_service.cc:1917] Received RequestConsensusVote() RPC: tablet_id: "da3c1723fbe340f3ab0ac71f5d52927a" candidate_uuid: "b7178419d29c4f208b85322a4367e738" candidate_term: 1 candidate_status { last_received { term: 0 index: 0 } } ignore_live_leader: false dest_uuid: "2fe9b5112ffe490ea305bd041b377cc7" is_pre_election: true
I20260710 13:24:16.004634 22651 consensus_queue.cc:260] T ea91aee08cc947a4a1de012706318427 P 6cbf4f9e27f1445b9f7846bf6c746fdf [NON_LEADER]: Queue going to NON_LEADER mode. State: All replicated index: 0, Majority replicated index: 0, Committed index: 0, Last appended: 0.0, Last appended by leader: 0, Current term: 0, Majority size: -1, State: 0, Mode: NON_LEADER, active raft config: opid_index: -1 OBSOLETE_local: false peers { permanent_uuid: "6cbf4f9e27f1445b9f7846bf6c746fdf" member_type: VOTER last_known_addr { host: "127.21.77.129" port: 42207 } } peers { permanent_uuid: "b7178419d29c4f208b85322a4367e738" member_type: VOTER last_known_addr { host: "127.21.77.130" port: 44279 } } peers { permanent_uuid: "2fe9b5112ffe490ea305bd041b377cc7" member_type: VOTER last_known_addr { host: "127.21.77.131" port: 41037 } }
I20260710 13:24:16.005017 22452 raft_consensus.cc:2468] T da3c1723fbe340f3ab0ac71f5d52927a P 6cbf4f9e27f1445b9f7846bf6c746fdf [term 0 FOLLOWER]: Leader pre-election vote request: Granting yes vote for candidate b7178419d29c4f208b85322a4367e738 in term 0.
I20260710 13:24:16.005367 22606 raft_consensus.cc:2468] T da3c1723fbe340f3ab0ac71f5d52927a P 2fe9b5112ffe490ea305bd041b377cc7 [term 0 FOLLOWER]: Leader pre-election vote request: Granting yes vote for candidate b7178419d29c4f208b85322a4367e738 in term 0.
I20260710 13:24:16.007187 22651 ts_tablet_manager.cc:1434] T ea91aee08cc947a4a1de012706318427 P 6cbf4f9e27f1445b9f7846bf6c746fdf: Time spent starting tablet: real 0.007s	user 0.008s	sys 0.000s
I20260710 13:24:16.007092 22495 leader_election.cc:304] T da3c1723fbe340f3ab0ac71f5d52927a P b7178419d29c4f208b85322a4367e738 [CANDIDATE]: Term 1 pre-election: Election decided. Result: candidate won. Election summary: received 2 responses out of 3 voters: 2 yes votes; 0 no votes. yes voters: 2fe9b5112ffe490ea305bd041b377cc7, b7178419d29c4f208b85322a4367e738; no voters: 
I20260710 13:24:16.009574 22675 raft_consensus.cc:2804] T da3c1723fbe340f3ab0ac71f5d52927a P b7178419d29c4f208b85322a4367e738 [term 0 FOLLOWER]: Leader pre-election won for term 1
I20260710 13:24:16.009923 22675 raft_consensus.cc:493] T da3c1723fbe340f3ab0ac71f5d52927a P b7178419d29c4f208b85322a4367e738 [term 0 FOLLOWER]: Starting leader election (no leader contacted us within the election timeout)
I20260710 13:24:16.010246 22675 raft_consensus.cc:3060] T da3c1723fbe340f3ab0ac71f5d52927a P b7178419d29c4f208b85322a4367e738 [term 0 FOLLOWER]: Advancing to term 1
I20260710 13:24:16.016129 22675 raft_consensus.cc:515] T da3c1723fbe340f3ab0ac71f5d52927a P b7178419d29c4f208b85322a4367e738 [term 1 FOLLOWER]: Starting leader election with config: opid_index: -1 OBSOLETE_local: false peers { permanent_uuid: "6cbf4f9e27f1445b9f7846bf6c746fdf" member_type: VOTER last_known_addr { host: "127.21.77.129" port: 42207 } } peers { permanent_uuid: "b7178419d29c4f208b85322a4367e738" member_type: VOTER last_known_addr { host: "127.21.77.130" port: 44279 } } peers { permanent_uuid: "2fe9b5112ffe490ea305bd041b377cc7" member_type: VOTER last_known_addr { host: "127.21.77.131" port: 41037 } }
I20260710 13:24:16.018651 22675 leader_election.cc:290] T da3c1723fbe340f3ab0ac71f5d52927a P b7178419d29c4f208b85322a4367e738 [CANDIDATE]: Term 1 election: Requested vote from peers 6cbf4f9e27f1445b9f7846bf6c746fdf (127.21.77.129:42207), 2fe9b5112ffe490ea305bd041b377cc7 (127.21.77.131:41037)
I20260710 13:24:16.019693 22606 tablet_service.cc:1917] Received RequestConsensusVote() RPC: tablet_id: "da3c1723fbe340f3ab0ac71f5d52927a" candidate_uuid: "b7178419d29c4f208b85322a4367e738" candidate_term: 1 candidate_status { last_received { term: 0 index: 0 } } ignore_live_leader: false dest_uuid: "2fe9b5112ffe490ea305bd041b377cc7"
I20260710 13:24:16.019713 22452 tablet_service.cc:1917] Received RequestConsensusVote() RPC: tablet_id: "da3c1723fbe340f3ab0ac71f5d52927a" candidate_uuid: "b7178419d29c4f208b85322a4367e738" candidate_term: 1 candidate_status { last_received { term: 0 index: 0 } } ignore_live_leader: false dest_uuid: "6cbf4f9e27f1445b9f7846bf6c746fdf"
I20260710 13:24:16.020465 22606 raft_consensus.cc:3060] T da3c1723fbe340f3ab0ac71f5d52927a P 2fe9b5112ffe490ea305bd041b377cc7 [term 0 FOLLOWER]: Advancing to term 1
I20260710 13:24:16.020543 22452 raft_consensus.cc:3060] T da3c1723fbe340f3ab0ac71f5d52927a P 6cbf4f9e27f1445b9f7846bf6c746fdf [term 0 FOLLOWER]: Advancing to term 1
I20260710 13:24:16.024777 22665 raft_consensus.cc:493] T a2a61b5b8f204724b074b542f6f8f68f P 6cbf4f9e27f1445b9f7846bf6c746fdf [term 0 FOLLOWER]: Starting pre-election (no leader contacted us within the election timeout)
I20260710 13:24:16.025318 22665 raft_consensus.cc:515] T a2a61b5b8f204724b074b542f6f8f68f P 6cbf4f9e27f1445b9f7846bf6c746fdf [term 0 FOLLOWER]: Starting pre-election with config: opid_index: -1 OBSOLETE_local: false peers { permanent_uuid: "6cbf4f9e27f1445b9f7846bf6c746fdf" member_type: VOTER last_known_addr { host: "127.21.77.129" port: 42207 } } peers { permanent_uuid: "b7178419d29c4f208b85322a4367e738" member_type: VOTER last_known_addr { host: "127.21.77.130" port: 44279 } } peers { permanent_uuid: "2fe9b5112ffe490ea305bd041b377cc7" member_type: VOTER last_known_addr { host: "127.21.77.131" port: 41037 } }
I20260710 13:24:16.027243 22452 raft_consensus.cc:2468] T da3c1723fbe340f3ab0ac71f5d52927a P 6cbf4f9e27f1445b9f7846bf6c746fdf [term 1 FOLLOWER]: Leader election vote request: Granting yes vote for candidate b7178419d29c4f208b85322a4367e738 in term 1.
I20260710 13:24:16.027307 22606 raft_consensus.cc:2468] T da3c1723fbe340f3ab0ac71f5d52927a P 2fe9b5112ffe490ea305bd041b377cc7 [term 1 FOLLOWER]: Leader election vote request: Granting yes vote for candidate b7178419d29c4f208b85322a4367e738 in term 1.
I20260710 13:24:16.027617 22665 leader_election.cc:290] T a2a61b5b8f204724b074b542f6f8f68f P 6cbf4f9e27f1445b9f7846bf6c746fdf [CANDIDATE]: Term 1 pre-election: Requested pre-vote from peers b7178419d29c4f208b85322a4367e738 (127.21.77.130:44279), 2fe9b5112ffe490ea305bd041b377cc7 (127.21.77.131:41037)
I20260710 13:24:16.028352 22495 leader_election.cc:304] T da3c1723fbe340f3ab0ac71f5d52927a P b7178419d29c4f208b85322a4367e738 [CANDIDATE]: Term 1 election: Election decided. Result: candidate won. Election summary: received 2 responses out of 3 voters: 2 yes votes; 0 no votes. yes voters: 6cbf4f9e27f1445b9f7846bf6c746fdf, b7178419d29c4f208b85322a4367e738; no voters: 
I20260710 13:24:16.029084 22675 raft_consensus.cc:2804] T da3c1723fbe340f3ab0ac71f5d52927a P b7178419d29c4f208b85322a4367e738 [term 1 FOLLOWER]: Leader election won for term 1
I20260710 13:24:16.029879 22606 tablet_service.cc:1917] Received RequestConsensusVote() RPC: tablet_id: "a2a61b5b8f204724b074b542f6f8f68f" candidate_uuid: "6cbf4f9e27f1445b9f7846bf6c746fdf" candidate_term: 1 candidate_status { last_received { term: 0 index: 0 } } ignore_live_leader: false dest_uuid: "2fe9b5112ffe490ea305bd041b377cc7" is_pre_election: true
I20260710 13:24:16.030414 22675 raft_consensus.cc:697] T da3c1723fbe340f3ab0ac71f5d52927a P b7178419d29c4f208b85322a4367e738 [term 1 LEADER]: Becoming Leader. State: Replica: b7178419d29c4f208b85322a4367e738, State: Running, Role: LEADER
I20260710 13:24:16.030689 22529 tablet_service.cc:1917] Received RequestConsensusVote() RPC: tablet_id: "a2a61b5b8f204724b074b542f6f8f68f" candidate_uuid: "6cbf4f9e27f1445b9f7846bf6c746fdf" candidate_term: 1 candidate_status { last_received { term: 0 index: 0 } } ignore_live_leader: false dest_uuid: "b7178419d29c4f208b85322a4367e738" is_pre_election: true
I20260710 13:24:16.031488 22529 raft_consensus.cc:2393] T a2a61b5b8f204724b074b542f6f8f68f P b7178419d29c4f208b85322a4367e738 [term 1 FOLLOWER]: Leader pre-election vote request: Denying vote to candidate 6cbf4f9e27f1445b9f7846bf6c746fdf in current term 1: Already voted for candidate 2fe9b5112ffe490ea305bd041b377cc7 in this term.
I20260710 13:24:16.031458 22675 consensus_queue.cc:237] T da3c1723fbe340f3ab0ac71f5d52927a P b7178419d29c4f208b85322a4367e738 [LEADER]: Queue going to LEADER mode. State: All replicated index: 0, Majority replicated index: 0, Committed index: 0, Last appended: 0.0, Last appended by leader: 0, Current term: 1, Majority size: 2, State: 0, Mode: LEADER, active raft config: opid_index: -1 OBSOLETE_local: false peers { permanent_uuid: "6cbf4f9e27f1445b9f7846bf6c746fdf" member_type: VOTER last_known_addr { host: "127.21.77.129" port: 42207 } } peers { permanent_uuid: "b7178419d29c4f208b85322a4367e738" member_type: VOTER last_known_addr { host: "127.21.77.130" port: 44279 } } peers { permanent_uuid: "2fe9b5112ffe490ea305bd041b377cc7" member_type: VOTER last_known_addr { host: "127.21.77.131" port: 41037 } }
I20260710 13:24:16.032549 22422 leader_election.cc:304] T a2a61b5b8f204724b074b542f6f8f68f P 6cbf4f9e27f1445b9f7846bf6c746fdf [CANDIDATE]: Term 1 pre-election: Election decided. Result: candidate lost. Election summary: received 3 responses out of 3 voters: 1 yes votes; 2 no votes. yes voters: 6cbf4f9e27f1445b9f7846bf6c746fdf; no voters: 2fe9b5112ffe490ea305bd041b377cc7, b7178419d29c4f208b85322a4367e738
I20260710 13:24:16.033181 22665 raft_consensus.cc:3060] T a2a61b5b8f204724b074b542f6f8f68f P 6cbf4f9e27f1445b9f7846bf6c746fdf [term 0 FOLLOWER]: Advancing to term 1
I20260710 13:24:16.041126 22665 raft_consensus.cc:2749] T a2a61b5b8f204724b074b542f6f8f68f P 6cbf4f9e27f1445b9f7846bf6c746fdf [term 1 FOLLOWER]: Leader pre-election lost for term 1. Reason: could not achieve majority
I20260710 13:24:16.053694 22354 catalog_manager.cc:5697] T da3c1723fbe340f3ab0ac71f5d52927a P b7178419d29c4f208b85322a4367e738 reported cstate change: term changed from 0 to 1, leader changed from <none> to b7178419d29c4f208b85322a4367e738 (127.21.77.130). New cstate: current_term: 1 leader_uuid: "b7178419d29c4f208b85322a4367e738" committed_config { opid_index: -1 OBSOLETE_local: false peers { permanent_uuid: "6cbf4f9e27f1445b9f7846bf6c746fdf" member_type: VOTER last_known_addr { host: "127.21.77.129" port: 42207 } health_report { overall_health: UNKNOWN } } peers { permanent_uuid: "b7178419d29c4f208b85322a4367e738" member_type: VOTER last_known_addr { host: "127.21.77.130" port: 44279 } health_report { overall_health: HEALTHY } } peers { permanent_uuid: "2fe9b5112ffe490ea305bd041b377cc7" member_type: VOTER last_known_addr { host: "127.21.77.131" port: 41037 } health_report { overall_health: UNKNOWN } } }
I20260710 13:24:16.071004 22682 consensus_queue.cc:1048] T 1e77e3a93bd64897ac149e87177103b3 P 2fe9b5112ffe490ea305bd041b377cc7 [LEADER]: Connected to new peer: Peer: permanent_uuid: "b7178419d29c4f208b85322a4367e738" member_type: VOTER last_known_addr { host: "127.21.77.130" port: 44279 }, Status: LMP_MISMATCH, Last received: 0.0, Next index: 1, Last known committed idx: 0, Time since last communication: 0.000s
I20260710 13:24:16.092868 22686 consensus_queue.cc:1048] T 1e77e3a93bd64897ac149e87177103b3 P 2fe9b5112ffe490ea305bd041b377cc7 [LEADER]: Connected to new peer: Peer: permanent_uuid: "6cbf4f9e27f1445b9f7846bf6c746fdf" member_type: VOTER last_known_addr { host: "127.21.77.129" port: 42207 }, Status: LMP_MISMATCH, Last received: 0.0, Next index: 1, Last known committed idx: 0, Time since last communication: 0.000s
I20260710 13:24:16.146060 22686 raft_consensus.cc:493] T ea91aee08cc947a4a1de012706318427 P 2fe9b5112ffe490ea305bd041b377cc7 [term 0 FOLLOWER]: Starting pre-election (no leader contacted us within the election timeout)
I20260710 13:24:16.146472 22686 raft_consensus.cc:515] T ea91aee08cc947a4a1de012706318427 P 2fe9b5112ffe490ea305bd041b377cc7 [term 0 FOLLOWER]: Starting pre-election with config: opid_index: -1 OBSOLETE_local: false peers { permanent_uuid: "6cbf4f9e27f1445b9f7846bf6c746fdf" member_type: VOTER last_known_addr { host: "127.21.77.129" port: 42207 } } peers { permanent_uuid: "b7178419d29c4f208b85322a4367e738" member_type: VOTER last_known_addr { host: "127.21.77.130" port: 44279 } } peers { permanent_uuid: "2fe9b5112ffe490ea305bd041b377cc7" member_type: VOTER last_known_addr { host: "127.21.77.131" port: 41037 } }
I20260710 13:24:16.148068 22686 leader_election.cc:290] T ea91aee08cc947a4a1de012706318427 P 2fe9b5112ffe490ea305bd041b377cc7 [CANDIDATE]: Term 1 pre-election: Requested pre-vote from peers 6cbf4f9e27f1445b9f7846bf6c746fdf (127.21.77.129:42207), b7178419d29c4f208b85322a4367e738 (127.21.77.130:44279)
I20260710 13:24:16.149062 22452 tablet_service.cc:1917] Received RequestConsensusVote() RPC: tablet_id: "ea91aee08cc947a4a1de012706318427" candidate_uuid: "2fe9b5112ffe490ea305bd041b377cc7" candidate_term: 1 candidate_status { last_received { term: 0 index: 0 } } ignore_live_leader: false dest_uuid: "6cbf4f9e27f1445b9f7846bf6c746fdf" is_pre_election: true
I20260710 13:24:16.149223 22529 tablet_service.cc:1917] Received RequestConsensusVote() RPC: tablet_id: "ea91aee08cc947a4a1de012706318427" candidate_uuid: "2fe9b5112ffe490ea305bd041b377cc7" candidate_term: 1 candidate_status { last_received { term: 0 index: 0 } } ignore_live_leader: false dest_uuid: "b7178419d29c4f208b85322a4367e738" is_pre_election: true
I20260710 13:24:16.149765 22529 raft_consensus.cc:2468] T ea91aee08cc947a4a1de012706318427 P b7178419d29c4f208b85322a4367e738 [term 0 FOLLOWER]: Leader pre-election vote request: Granting yes vote for candidate 2fe9b5112ffe490ea305bd041b377cc7 in term 0.
I20260710 13:24:16.149765 22452 raft_consensus.cc:2468] T ea91aee08cc947a4a1de012706318427 P 6cbf4f9e27f1445b9f7846bf6c746fdf [term 0 FOLLOWER]: Leader pre-election vote request: Granting yes vote for candidate 2fe9b5112ffe490ea305bd041b377cc7 in term 0.
I20260710 13:24:16.151111 22571 leader_election.cc:304] T ea91aee08cc947a4a1de012706318427 P 2fe9b5112ffe490ea305bd041b377cc7 [CANDIDATE]: Term 1 pre-election: Election decided. Result: candidate won. Election summary: received 2 responses out of 3 voters: 2 yes votes; 0 no votes. yes voters: 2fe9b5112ffe490ea305bd041b377cc7, b7178419d29c4f208b85322a4367e738; no voters: 
I20260710 13:24:16.152158 22686 raft_consensus.cc:2804] T ea91aee08cc947a4a1de012706318427 P 2fe9b5112ffe490ea305bd041b377cc7 [term 0 FOLLOWER]: Leader pre-election won for term 1
I20260710 13:24:16.152535 22686 raft_consensus.cc:493] T ea91aee08cc947a4a1de012706318427 P 2fe9b5112ffe490ea305bd041b377cc7 [term 0 FOLLOWER]: Starting leader election (no leader contacted us within the election timeout)
I20260710 13:24:16.152863 22686 raft_consensus.cc:3060] T ea91aee08cc947a4a1de012706318427 P 2fe9b5112ffe490ea305bd041b377cc7 [term 0 FOLLOWER]: Advancing to term 1
I20260710 13:24:16.157532 22686 raft_consensus.cc:515] T ea91aee08cc947a4a1de012706318427 P 2fe9b5112ffe490ea305bd041b377cc7 [term 1 FOLLOWER]: Starting leader election with config: opid_index: -1 OBSOLETE_local: false peers { permanent_uuid: "6cbf4f9e27f1445b9f7846bf6c746fdf" member_type: VOTER last_known_addr { host: "127.21.77.129" port: 42207 } } peers { permanent_uuid: "b7178419d29c4f208b85322a4367e738" member_type: VOTER last_known_addr { host: "127.21.77.130" port: 44279 } } peers { permanent_uuid: "2fe9b5112ffe490ea305bd041b377cc7" member_type: VOTER last_known_addr { host: "127.21.77.131" port: 41037 } }
I20260710 13:24:16.159111 22686 leader_election.cc:290] T ea91aee08cc947a4a1de012706318427 P 2fe9b5112ffe490ea305bd041b377cc7 [CANDIDATE]: Term 1 election: Requested vote from peers 6cbf4f9e27f1445b9f7846bf6c746fdf (127.21.77.129:42207), b7178419d29c4f208b85322a4367e738 (127.21.77.130:44279)
I20260710 13:24:16.159961 22452 tablet_service.cc:1917] Received RequestConsensusVote() RPC: tablet_id: "ea91aee08cc947a4a1de012706318427" candidate_uuid: "2fe9b5112ffe490ea305bd041b377cc7" candidate_term: 1 candidate_status { last_received { term: 0 index: 0 } } ignore_live_leader: false dest_uuid: "6cbf4f9e27f1445b9f7846bf6c746fdf"
I20260710 13:24:16.160068 22529 tablet_service.cc:1917] Received RequestConsensusVote() RPC: tablet_id: "ea91aee08cc947a4a1de012706318427" candidate_uuid: "2fe9b5112ffe490ea305bd041b377cc7" candidate_term: 1 candidate_status { last_received { term: 0 index: 0 } } ignore_live_leader: false dest_uuid: "b7178419d29c4f208b85322a4367e738"
I20260710 13:24:16.160487 22452 raft_consensus.cc:3060] T ea91aee08cc947a4a1de012706318427 P 6cbf4f9e27f1445b9f7846bf6c746fdf [term 0 FOLLOWER]: Advancing to term 1
I20260710 13:24:16.160605 22529 raft_consensus.cc:3060] T ea91aee08cc947a4a1de012706318427 P b7178419d29c4f208b85322a4367e738 [term 0 FOLLOWER]: Advancing to term 1
I20260710 13:24:16.165364 22529 raft_consensus.cc:2468] T ea91aee08cc947a4a1de012706318427 P b7178419d29c4f208b85322a4367e738 [term 1 FOLLOWER]: Leader election vote request: Granting yes vote for candidate 2fe9b5112ffe490ea305bd041b377cc7 in term 1.
I20260710 13:24:16.165598 22452 raft_consensus.cc:2468] T ea91aee08cc947a4a1de012706318427 P 6cbf4f9e27f1445b9f7846bf6c746fdf [term 1 FOLLOWER]: Leader election vote request: Granting yes vote for candidate 2fe9b5112ffe490ea305bd041b377cc7 in term 1.
I20260710 13:24:16.166657 22571 leader_election.cc:304] T ea91aee08cc947a4a1de012706318427 P 2fe9b5112ffe490ea305bd041b377cc7 [CANDIDATE]: Term 1 election: Election decided. Result: candidate won. Election summary: received 2 responses out of 3 voters: 2 yes votes; 0 no votes. yes voters: 2fe9b5112ffe490ea305bd041b377cc7, b7178419d29c4f208b85322a4367e738; no voters: 
I20260710 13:24:16.167136 22665 raft_consensus.cc:493] T 7eb944cca2784eb9a6918059a6510229 P 6cbf4f9e27f1445b9f7846bf6c746fdf [term 0 FOLLOWER]: Starting pre-election (no leader contacted us within the election timeout)
I20260710 13:24:16.167496 22686 raft_consensus.cc:2804] T ea91aee08cc947a4a1de012706318427 P 2fe9b5112ffe490ea305bd041b377cc7 [term 1 FOLLOWER]: Leader election won for term 1
I20260710 13:24:16.167618 22665 raft_consensus.cc:515] T 7eb944cca2784eb9a6918059a6510229 P 6cbf4f9e27f1445b9f7846bf6c746fdf [term 0 FOLLOWER]: Starting pre-election with config: opid_index: -1 OBSOLETE_local: false peers { permanent_uuid: "6cbf4f9e27f1445b9f7846bf6c746fdf" member_type: VOTER last_known_addr { host: "127.21.77.129" port: 42207 } } peers { permanent_uuid: "b7178419d29c4f208b85322a4367e738" member_type: VOTER last_known_addr { host: "127.21.77.130" port: 44279 } } peers { permanent_uuid: "2fe9b5112ffe490ea305bd041b377cc7" member_type: VOTER last_known_addr { host: "127.21.77.131" port: 41037 } }
I20260710 13:24:16.168045 22686 raft_consensus.cc:697] T ea91aee08cc947a4a1de012706318427 P 2fe9b5112ffe490ea305bd041b377cc7 [term 1 LEADER]: Becoming Leader. State: Replica: 2fe9b5112ffe490ea305bd041b377cc7, State: Running, Role: LEADER
I20260710 13:24:16.168844 22686 consensus_queue.cc:237] T ea91aee08cc947a4a1de012706318427 P 2fe9b5112ffe490ea305bd041b377cc7 [LEADER]: Queue going to LEADER mode. State: All replicated index: 0, Majority replicated index: 0, Committed index: 0, Last appended: 0.0, Last appended by leader: 0, Current term: 1, Majority size: 2, State: 0, Mode: LEADER, active raft config: opid_index: -1 OBSOLETE_local: false peers { permanent_uuid: "6cbf4f9e27f1445b9f7846bf6c746fdf" member_type: VOTER last_known_addr { host: "127.21.77.129" port: 42207 } } peers { permanent_uuid: "b7178419d29c4f208b85322a4367e738" member_type: VOTER last_known_addr { host: "127.21.77.130" port: 44279 } } peers { permanent_uuid: "2fe9b5112ffe490ea305bd041b377cc7" member_type: VOTER last_known_addr { host: "127.21.77.131" port: 41037 } }
I20260710 13:24:16.169754 22665 leader_election.cc:290] T 7eb944cca2784eb9a6918059a6510229 P 6cbf4f9e27f1445b9f7846bf6c746fdf [CANDIDATE]: Term 1 pre-election: Requested pre-vote from peers b7178419d29c4f208b85322a4367e738 (127.21.77.130:44279), 2fe9b5112ffe490ea305bd041b377cc7 (127.21.77.131:41037)
I20260710 13:24:16.170519 22529 tablet_service.cc:1917] Received RequestConsensusVote() RPC: tablet_id: "7eb944cca2784eb9a6918059a6510229" candidate_uuid: "6cbf4f9e27f1445b9f7846bf6c746fdf" candidate_term: 1 candidate_status { last_received { term: 0 index: 0 } } ignore_live_leader: false dest_uuid: "b7178419d29c4f208b85322a4367e738" is_pre_election: true
I20260710 13:24:16.170848 22606 tablet_service.cc:1917] Received RequestConsensusVote() RPC: tablet_id: "7eb944cca2784eb9a6918059a6510229" candidate_uuid: "6cbf4f9e27f1445b9f7846bf6c746fdf" candidate_term: 1 candidate_status { last_received { term: 0 index: 0 } } ignore_live_leader: false dest_uuid: "2fe9b5112ffe490ea305bd041b377cc7" is_pre_election: true
I20260710 13:24:16.171646 22606 raft_consensus.cc:2393] T 7eb944cca2784eb9a6918059a6510229 P 2fe9b5112ffe490ea305bd041b377cc7 [term 1 FOLLOWER]: Leader pre-election vote request: Denying vote to candidate 6cbf4f9e27f1445b9f7846bf6c746fdf in current term 1: Already voted for candidate b7178419d29c4f208b85322a4367e738 in this term.
I20260710 13:24:16.172659 22420 leader_election.cc:304] T 7eb944cca2784eb9a6918059a6510229 P 6cbf4f9e27f1445b9f7846bf6c746fdf [CANDIDATE]: Term 1 pre-election: Election decided. Result: candidate lost. Election summary: received 3 responses out of 3 voters: 1 yes votes; 2 no votes. yes voters: 6cbf4f9e27f1445b9f7846bf6c746fdf; no voters: 2fe9b5112ffe490ea305bd041b377cc7, b7178419d29c4f208b85322a4367e738
I20260710 13:24:16.173355 22665 raft_consensus.cc:3060] T 7eb944cca2784eb9a6918059a6510229 P 6cbf4f9e27f1445b9f7846bf6c746fdf [term 0 FOLLOWER]: Advancing to term 1
I20260710 13:24:16.176684 22352 catalog_manager.cc:5697] T ea91aee08cc947a4a1de012706318427 P 2fe9b5112ffe490ea305bd041b377cc7 reported cstate change: term changed from 0 to 1, leader changed from <none> to 2fe9b5112ffe490ea305bd041b377cc7 (127.21.77.131). New cstate: current_term: 1 leader_uuid: "2fe9b5112ffe490ea305bd041b377cc7" committed_config { opid_index: -1 OBSOLETE_local: false peers { permanent_uuid: "6cbf4f9e27f1445b9f7846bf6c746fdf" member_type: VOTER last_known_addr { host: "127.21.77.129" port: 42207 } health_report { overall_health: UNKNOWN } } peers { permanent_uuid: "b7178419d29c4f208b85322a4367e738" member_type: VOTER last_known_addr { host: "127.21.77.130" port: 44279 } health_report { overall_health: UNKNOWN } } peers { permanent_uuid: "2fe9b5112ffe490ea305bd041b377cc7" member_type: VOTER last_known_addr { host: "127.21.77.131" port: 41037 } health_report { overall_health: HEALTHY } } }
I20260710 13:24:16.178249 22665 raft_consensus.cc:2749] T 7eb944cca2784eb9a6918059a6510229 P 6cbf4f9e27f1445b9f7846bf6c746fdf [term 1 FOLLOWER]: Leader pre-election lost for term 1. Reason: could not achieve majority
I20260710 13:24:16.188683 22665 consensus_queue.cc:1048] T 3e06fef4432346adb151a938c3166b20 P 6cbf4f9e27f1445b9f7846bf6c746fdf [LEADER]: Connected to new peer: Peer: permanent_uuid: "2fe9b5112ffe490ea305bd041b377cc7" member_type: VOTER last_known_addr { host: "127.21.77.131" port: 41037 }, Status: LMP_MISMATCH, Last received: 0.0, Next index: 1, Last known committed idx: 0, Time since last communication: 0.000s
I20260710 13:24:16.199718 22658 consensus_queue.cc:1048] T 3e06fef4432346adb151a938c3166b20 P 6cbf4f9e27f1445b9f7846bf6c746fdf [LEADER]: Connected to new peer: Peer: permanent_uuid: "b7178419d29c4f208b85322a4367e738" member_type: VOTER last_known_addr { host: "127.21.77.130" port: 44279 }, Status: LMP_MISMATCH, Last received: 0.0, Next index: 1, Last known committed idx: 0, Time since last communication: 0.000s
I20260710 13:24:16.203686 22686 consensus_queue.cc:1048] T a2a61b5b8f204724b074b542f6f8f68f P 2fe9b5112ffe490ea305bd041b377cc7 [LEADER]: Connected to new peer: Peer: permanent_uuid: "b7178419d29c4f208b85322a4367e738" member_type: VOTER last_known_addr { host: "127.21.77.130" port: 44279 }, Status: LMP_MISMATCH, Last received: 0.0, Next index: 1, Last known committed idx: 0, Time since last communication: 0.000s
I20260710 13:24:16.216583 22684 consensus_queue.cc:1048] T a2a61b5b8f204724b074b542f6f8f68f P 2fe9b5112ffe490ea305bd041b377cc7 [LEADER]: Connected to new peer: Peer: permanent_uuid: "6cbf4f9e27f1445b9f7846bf6c746fdf" member_type: VOTER last_known_addr { host: "127.21.77.129" port: 42207 }, Status: LMP_MISMATCH, Last received: 0.0, Next index: 1, Last known committed idx: 0, Time since last communication: 0.000s
I20260710 13:24:16.309777 22658 consensus_queue.cc:1048] T fcbebf2a78f04b65861da836c16d61a6 P 6cbf4f9e27f1445b9f7846bf6c746fdf [LEADER]: Connected to new peer: Peer: permanent_uuid: "b7178419d29c4f208b85322a4367e738" member_type: VOTER last_known_addr { host: "127.21.77.130" port: 44279 }, Status: LMP_MISMATCH, Last received: 0.0, Next index: 1, Last known committed idx: 0, Time since last communication: 0.001s
I20260710 13:24:16.319780 22690 consensus_queue.cc:1048] T fcbebf2a78f04b65861da836c16d61a6 P 6cbf4f9e27f1445b9f7846bf6c746fdf [LEADER]: Connected to new peer: Peer: permanent_uuid: "2fe9b5112ffe490ea305bd041b377cc7" member_type: VOTER last_known_addr { host: "127.21.77.131" port: 41037 }, Status: LMP_MISMATCH, Last received: 0.0, Next index: 1, Last known committed idx: 0, Time since last communication: 0.000s
I20260710 13:24:16.327032 22682 consensus_queue.cc:1048] T 209d452f1c2e4c85be3778acf33cf822 P 2fe9b5112ffe490ea305bd041b377cc7 [LEADER]: Connected to new peer: Peer: permanent_uuid: "6cbf4f9e27f1445b9f7846bf6c746fdf" member_type: VOTER last_known_addr { host: "127.21.77.129" port: 42207 }, Status: LMP_MISMATCH, Last received: 0.0, Next index: 1, Last known committed idx: 0, Time since last communication: 0.000s
I20260710 13:24:16.338711 22684 consensus_queue.cc:1048] T 209d452f1c2e4c85be3778acf33cf822 P 2fe9b5112ffe490ea305bd041b377cc7 [LEADER]: Connected to new peer: Peer: permanent_uuid: "b7178419d29c4f208b85322a4367e738" member_type: VOTER last_known_addr { host: "127.21.77.130" port: 44279 }, Status: LMP_MISMATCH, Last received: 0.0, Next index: 1, Last known committed idx: 0, Time since last communication: 0.000s
I20260710 13:24:16.344964 22530 raft_consensus.cc:3060] T 8306c58d77cc417c9a918bbbce7e964c P b7178419d29c4f208b85322a4367e738 [term 0 FOLLOWER]: Advancing to term 1
I20260710 13:24:16.354341 22690 consensus_queue.cc:1048] T 8306c58d77cc417c9a918bbbce7e964c P 6cbf4f9e27f1445b9f7846bf6c746fdf [LEADER]: Connected to new peer: Peer: permanent_uuid: "b7178419d29c4f208b85322a4367e738" member_type: VOTER last_known_addr { host: "127.21.77.130" port: 44279 }, Status: LMP_MISMATCH, Last received: 0.0, Next index: 1, Last known committed idx: 0, Time since last communication: 0.000s
I20260710 13:24:16.364928 22688 consensus_queue.cc:1048] T 8306c58d77cc417c9a918bbbce7e964c P 6cbf4f9e27f1445b9f7846bf6c746fdf [LEADER]: Connected to new peer: Peer: permanent_uuid: "2fe9b5112ffe490ea305bd041b377cc7" member_type: VOTER last_known_addr { host: "127.21.77.131" port: 41037 }, Status: LMP_MISMATCH, Last received: 0.0, Next index: 1, Last known committed idx: 0, Time since last communication: 0.000s
I20260710 13:24:16.464771 22675 consensus_queue.cc:1048] T 7eb944cca2784eb9a6918059a6510229 P b7178419d29c4f208b85322a4367e738 [LEADER]: Connected to new peer: Peer: permanent_uuid: "2fe9b5112ffe490ea305bd041b377cc7" member_type: VOTER last_known_addr { host: "127.21.77.131" port: 41037 }, Status: LMP_MISMATCH, Last received: 0.0, Next index: 1, Last known committed idx: 0, Time since last communication: 0.000s
I20260710 13:24:16.478804 22675 consensus_queue.cc:1048] T 7eb944cca2784eb9a6918059a6510229 P b7178419d29c4f208b85322a4367e738 [LEADER]: Connected to new peer: Peer: permanent_uuid: "6cbf4f9e27f1445b9f7846bf6c746fdf" member_type: VOTER last_known_addr { host: "127.21.77.129" port: 42207 }, Status: LMP_MISMATCH, Last received: 0.0, Next index: 1, Last known committed idx: 0, Time since last communication: 0.000s
I20260710 13:24:16.489115 22730 consensus_queue.cc:1048] T da3c1723fbe340f3ab0ac71f5d52927a P b7178419d29c4f208b85322a4367e738 [LEADER]: Connected to new peer: Peer: permanent_uuid: "6cbf4f9e27f1445b9f7846bf6c746fdf" member_type: VOTER last_known_addr { host: "127.21.77.129" port: 42207 }, Status: LMP_MISMATCH, Last received: 0.0, Next index: 1, Last known committed idx: 0, Time since last communication: 0.000s
W20260710 13:24:16.493635 22403 auto_rebalancer.cc:288] Could not retrieve cluster info: Service unavailable: Tablet not running
I20260710 13:24:16.501871 22730 consensus_queue.cc:1048] T da3c1723fbe340f3ab0ac71f5d52927a P b7178419d29c4f208b85322a4367e738 [LEADER]: Connected to new peer: Peer: permanent_uuid: "2fe9b5112ffe490ea305bd041b377cc7" member_type: VOTER last_known_addr { host: "127.21.77.131" port: 41037 }, Status: LMP_MISMATCH, Last received: 0.0, Next index: 1, Last known committed idx: 0, Time since last communication: 0.000s
I20260710 13:24:16.611929 22684 consensus_queue.cc:1048] T ea91aee08cc947a4a1de012706318427 P 2fe9b5112ffe490ea305bd041b377cc7 [LEADER]: Connected to new peer: Peer: permanent_uuid: "b7178419d29c4f208b85322a4367e738" member_type: VOTER last_known_addr { host: "127.21.77.130" port: 44279 }, Status: LMP_MISMATCH, Last received: 0.0, Next index: 1, Last known committed idx: 0, Time since last communication: 0.000s
I20260710 13:24:16.624454 22684 consensus_queue.cc:1048] T ea91aee08cc947a4a1de012706318427 P 2fe9b5112ffe490ea305bd041b377cc7 [LEADER]: Connected to new peer: Peer: permanent_uuid: "6cbf4f9e27f1445b9f7846bf6c746fdf" member_type: VOTER last_known_addr { host: "127.21.77.129" port: 42207 }, Status: LMP_MISMATCH, Last received: 0.0, Next index: 1, Last known committed idx: 0, Time since last communication: 0.000s
I20260710 13:24:17.415086 22665 raft_consensus.cc:493] T 786a58e2fd0644fba52df01dd1757356 P 6cbf4f9e27f1445b9f7846bf6c746fdf [term 1 FOLLOWER]: Starting pre-election (no leader contacted us within the election timeout)
I20260710 13:24:17.415680 22665 raft_consensus.cc:515] T 786a58e2fd0644fba52df01dd1757356 P 6cbf4f9e27f1445b9f7846bf6c746fdf [term 1 FOLLOWER]: Starting pre-election with config: opid_index: -1 OBSOLETE_local: false peers { permanent_uuid: "6cbf4f9e27f1445b9f7846bf6c746fdf" member_type: VOTER last_known_addr { host: "127.21.77.129" port: 42207 } } peers { permanent_uuid: "b7178419d29c4f208b85322a4367e738" member_type: VOTER last_known_addr { host: "127.21.77.130" port: 44279 } } peers { permanent_uuid: "2fe9b5112ffe490ea305bd041b377cc7" member_type: VOTER last_known_addr { host: "127.21.77.131" port: 41037 } }
I20260710 13:24:17.417546 22665 leader_election.cc:290] T 786a58e2fd0644fba52df01dd1757356 P 6cbf4f9e27f1445b9f7846bf6c746fdf [CANDIDATE]: Term 2 pre-election: Requested pre-vote from peers b7178419d29c4f208b85322a4367e738 (127.21.77.130:44279), 2fe9b5112ffe490ea305bd041b377cc7 (127.21.77.131:41037)
I20260710 13:24:17.418267 22530 tablet_service.cc:1917] Received RequestConsensusVote() RPC: tablet_id: "786a58e2fd0644fba52df01dd1757356" candidate_uuid: "6cbf4f9e27f1445b9f7846bf6c746fdf" candidate_term: 2 candidate_status { last_received { term: 0 index: 0 } } ignore_live_leader: false dest_uuid: "b7178419d29c4f208b85322a4367e738" is_pre_election: true
I20260710 13:24:17.418484 22606 tablet_service.cc:1917] Received RequestConsensusVote() RPC: tablet_id: "786a58e2fd0644fba52df01dd1757356" candidate_uuid: "6cbf4f9e27f1445b9f7846bf6c746fdf" candidate_term: 2 candidate_status { last_received { term: 0 index: 0 } } ignore_live_leader: false dest_uuid: "2fe9b5112ffe490ea305bd041b377cc7" is_pre_election: true
I20260710 13:24:17.418812 22530 raft_consensus.cc:2468] T 786a58e2fd0644fba52df01dd1757356 P b7178419d29c4f208b85322a4367e738 [term 1 FOLLOWER]: Leader pre-election vote request: Granting yes vote for candidate 6cbf4f9e27f1445b9f7846bf6c746fdf in term 1.
I20260710 13:24:17.419087 22606 raft_consensus.cc:2468] T 786a58e2fd0644fba52df01dd1757356 P 2fe9b5112ffe490ea305bd041b377cc7 [term 1 FOLLOWER]: Leader pre-election vote request: Granting yes vote for candidate 6cbf4f9e27f1445b9f7846bf6c746fdf in term 1.
I20260710 13:24:17.420003 22422 leader_election.cc:304] T 786a58e2fd0644fba52df01dd1757356 P 6cbf4f9e27f1445b9f7846bf6c746fdf [CANDIDATE]: Term 2 pre-election: Election decided. Result: candidate won. Election summary: received 2 responses out of 3 voters: 2 yes votes; 0 no votes. yes voters: 6cbf4f9e27f1445b9f7846bf6c746fdf, b7178419d29c4f208b85322a4367e738; no voters: 
I20260710 13:24:17.420859 22665 raft_consensus.cc:2804] T 786a58e2fd0644fba52df01dd1757356 P 6cbf4f9e27f1445b9f7846bf6c746fdf [term 1 FOLLOWER]: Leader pre-election won for term 2
I20260710 13:24:17.421123 22665 raft_consensus.cc:493] T 786a58e2fd0644fba52df01dd1757356 P 6cbf4f9e27f1445b9f7846bf6c746fdf [term 1 FOLLOWER]: Starting leader election (no leader contacted us within the election timeout)
I20260710 13:24:17.421429 22665 raft_consensus.cc:3060] T 786a58e2fd0644fba52df01dd1757356 P 6cbf4f9e27f1445b9f7846bf6c746fdf [term 1 FOLLOWER]: Advancing to term 2
I20260710 13:24:17.426048 22665 raft_consensus.cc:515] T 786a58e2fd0644fba52df01dd1757356 P 6cbf4f9e27f1445b9f7846bf6c746fdf [term 2 FOLLOWER]: Starting leader election with config: opid_index: -1 OBSOLETE_local: false peers { permanent_uuid: "6cbf4f9e27f1445b9f7846bf6c746fdf" member_type: VOTER last_known_addr { host: "127.21.77.129" port: 42207 } } peers { permanent_uuid: "b7178419d29c4f208b85322a4367e738" member_type: VOTER last_known_addr { host: "127.21.77.130" port: 44279 } } peers { permanent_uuid: "2fe9b5112ffe490ea305bd041b377cc7" member_type: VOTER last_known_addr { host: "127.21.77.131" port: 41037 } }
I20260710 13:24:17.427775 22665 leader_election.cc:290] T 786a58e2fd0644fba52df01dd1757356 P 6cbf4f9e27f1445b9f7846bf6c746fdf [CANDIDATE]: Term 2 election: Requested vote from peers b7178419d29c4f208b85322a4367e738 (127.21.77.130:44279), 2fe9b5112ffe490ea305bd041b377cc7 (127.21.77.131:41037)
I20260710 13:24:17.428514 22530 tablet_service.cc:1917] Received RequestConsensusVote() RPC: tablet_id: "786a58e2fd0644fba52df01dd1757356" candidate_uuid: "6cbf4f9e27f1445b9f7846bf6c746fdf" candidate_term: 2 candidate_status { last_received { term: 0 index: 0 } } ignore_live_leader: false dest_uuid: "b7178419d29c4f208b85322a4367e738"
I20260710 13:24:17.428758 22606 tablet_service.cc:1917] Received RequestConsensusVote() RPC: tablet_id: "786a58e2fd0644fba52df01dd1757356" candidate_uuid: "6cbf4f9e27f1445b9f7846bf6c746fdf" candidate_term: 2 candidate_status { last_received { term: 0 index: 0 } } ignore_live_leader: false dest_uuid: "2fe9b5112ffe490ea305bd041b377cc7"
I20260710 13:24:17.429011 22530 raft_consensus.cc:3060] T 786a58e2fd0644fba52df01dd1757356 P b7178419d29c4f208b85322a4367e738 [term 1 FOLLOWER]: Advancing to term 2
I20260710 13:24:17.429308 22606 raft_consensus.cc:3060] T 786a58e2fd0644fba52df01dd1757356 P 2fe9b5112ffe490ea305bd041b377cc7 [term 1 FOLLOWER]: Advancing to term 2
I20260710 13:24:17.434628 22530 raft_consensus.cc:2468] T 786a58e2fd0644fba52df01dd1757356 P b7178419d29c4f208b85322a4367e738 [term 2 FOLLOWER]: Leader election vote request: Granting yes vote for candidate 6cbf4f9e27f1445b9f7846bf6c746fdf in term 2.
I20260710 13:24:17.434820 22606 raft_consensus.cc:2468] T 786a58e2fd0644fba52df01dd1757356 P 2fe9b5112ffe490ea305bd041b377cc7 [term 2 FOLLOWER]: Leader election vote request: Granting yes vote for candidate 6cbf4f9e27f1445b9f7846bf6c746fdf in term 2.
I20260710 13:24:17.435956 22420 leader_election.cc:304] T 786a58e2fd0644fba52df01dd1757356 P 6cbf4f9e27f1445b9f7846bf6c746fdf [CANDIDATE]: Term 2 election: Election decided. Result: candidate won. Election summary: received 2 responses out of 3 voters: 2 yes votes; 0 no votes. yes voters: 2fe9b5112ffe490ea305bd041b377cc7, 6cbf4f9e27f1445b9f7846bf6c746fdf; no voters: 
I20260710 13:24:17.436738 22665 raft_consensus.cc:2804] T 786a58e2fd0644fba52df01dd1757356 P 6cbf4f9e27f1445b9f7846bf6c746fdf [term 2 FOLLOWER]: Leader election won for term 2
I20260710 13:24:17.437700 22665 raft_consensus.cc:697] T 786a58e2fd0644fba52df01dd1757356 P 6cbf4f9e27f1445b9f7846bf6c746fdf [term 2 LEADER]: Becoming Leader. State: Replica: 6cbf4f9e27f1445b9f7846bf6c746fdf, State: Running, Role: LEADER
I20260710 13:24:17.438720 22665 consensus_queue.cc:237] T 786a58e2fd0644fba52df01dd1757356 P 6cbf4f9e27f1445b9f7846bf6c746fdf [LEADER]: Queue going to LEADER mode. State: All replicated index: 0, Majority replicated index: 0, Committed index: 0, Last appended: 0.0, Last appended by leader: 0, Current term: 2, Majority size: 2, State: 0, Mode: LEADER, active raft config: opid_index: -1 OBSOLETE_local: false peers { permanent_uuid: "6cbf4f9e27f1445b9f7846bf6c746fdf" member_type: VOTER last_known_addr { host: "127.21.77.129" port: 42207 } } peers { permanent_uuid: "b7178419d29c4f208b85322a4367e738" member_type: VOTER last_known_addr { host: "127.21.77.130" port: 44279 } } peers { permanent_uuid: "2fe9b5112ffe490ea305bd041b377cc7" member_type: VOTER last_known_addr { host: "127.21.77.131" port: 41037 } }
I20260710 13:24:17.446219 22354 catalog_manager.cc:5697] T 786a58e2fd0644fba52df01dd1757356 P 6cbf4f9e27f1445b9f7846bf6c746fdf reported cstate change: term changed from 0 to 2, leader changed from <none> to 6cbf4f9e27f1445b9f7846bf6c746fdf (127.21.77.129). New cstate: current_term: 2 leader_uuid: "6cbf4f9e27f1445b9f7846bf6c746fdf" committed_config { opid_index: -1 OBSOLETE_local: false peers { permanent_uuid: "6cbf4f9e27f1445b9f7846bf6c746fdf" member_type: VOTER last_known_addr { host: "127.21.77.129" port: 42207 } health_report { overall_health: HEALTHY } } peers { permanent_uuid: "b7178419d29c4f208b85322a4367e738" member_type: VOTER last_known_addr { host: "127.21.77.130" port: 44279 } health_report { overall_health: UNKNOWN } } peers { permanent_uuid: "2fe9b5112ffe490ea305bd041b377cc7" member_type: VOTER last_known_addr { host: "127.21.77.131" port: 41037 } health_report { overall_health: UNKNOWN } } }
I20260710 13:24:17.646412 22529 tablet_service.cc:2072] Received LeaderStepDown RPC: tablet_id: "7eb944cca2784eb9a6918059a6510229"
dest_uuid: "b7178419d29c4f208b85322a4367e738"
mode: GRACEFUL
new_leader_uuid: "6cbf4f9e27f1445b9f7846bf6c746fdf"
 from {username='slave'} at 127.0.0.1:46776
I20260710 13:24:17.646996 22529 raft_consensus.cc:606] T 7eb944cca2784eb9a6918059a6510229 P b7178419d29c4f208b85322a4367e738 [term 1 LEADER]: Received request to transfer leadership to TS 6cbf4f9e27f1445b9f7846bf6c746fdf
I20260710 13:24:17.660725 22606 tablet_service.cc:2072] Received LeaderStepDown RPC: tablet_id: "a2a61b5b8f204724b074b542f6f8f68f"
dest_uuid: "2fe9b5112ffe490ea305bd041b377cc7"
mode: GRACEFUL
new_leader_uuid: "6cbf4f9e27f1445b9f7846bf6c746fdf"
 from {username='slave'} at 127.0.0.1:36234
I20260710 13:24:17.661303 22606 raft_consensus.cc:606] T a2a61b5b8f204724b074b542f6f8f68f P 2fe9b5112ffe490ea305bd041b377cc7 [term 1 LEADER]: Received request to transfer leadership to TS 6cbf4f9e27f1445b9f7846bf6c746fdf
I20260710 13:24:17.665922 22606 tablet_service.cc:2072] Received LeaderStepDown RPC: tablet_id: "1e77e3a93bd64897ac149e87177103b3"
dest_uuid: "2fe9b5112ffe490ea305bd041b377cc7"
mode: GRACEFUL
new_leader_uuid: "6cbf4f9e27f1445b9f7846bf6c746fdf"
 from {username='slave'} at 127.0.0.1:36234
I20260710 13:24:17.666437 22606 raft_consensus.cc:606] T 1e77e3a93bd64897ac149e87177103b3 P 2fe9b5112ffe490ea305bd041b377cc7 [term 1 LEADER]: Received request to transfer leadership to TS 6cbf4f9e27f1445b9f7846bf6c746fdf
I20260710 13:24:17.674945 22748 raft_consensus.cc:993] T 1e77e3a93bd64897ac149e87177103b3 P 2fe9b5112ffe490ea305bd041b377cc7: : Instructing follower 6cbf4f9e27f1445b9f7846bf6c746fdf to start an election
I20260710 13:24:17.675388 22684 raft_consensus.cc:1081] T 1e77e3a93bd64897ac149e87177103b3 P 2fe9b5112ffe490ea305bd041b377cc7 [term 1 LEADER]: Signalling peer 6cbf4f9e27f1445b9f7846bf6c746fdf to start an election
I20260710 13:24:17.677213 22455 tablet_service.cc:2044] Received Run Leader Election RPC: tablet_id: "1e77e3a93bd64897ac149e87177103b3"
dest_uuid: "6cbf4f9e27f1445b9f7846bf6c746fdf"
 from {username='slave'} at 127.0.0.1:49486
I20260710 13:24:17.677753 22455 raft_consensus.cc:493] T 1e77e3a93bd64897ac149e87177103b3 P 6cbf4f9e27f1445b9f7846bf6c746fdf [term 1 FOLLOWER]: Starting forced leader election (received explicit request)
I20260710 13:24:17.678084 22455 raft_consensus.cc:3060] T 1e77e3a93bd64897ac149e87177103b3 P 6cbf4f9e27f1445b9f7846bf6c746fdf [term 1 FOLLOWER]: Advancing to term 2
I20260710 13:24:17.683950 22452 tablet_service.cc:2072] Received LeaderStepDown RPC: tablet_id: "fcbebf2a78f04b65861da836c16d61a6"
dest_uuid: "6cbf4f9e27f1445b9f7846bf6c746fdf"
mode: GRACEFUL
new_leader_uuid: "b7178419d29c4f208b85322a4367e738"
 from {username='slave'} at 127.0.0.1:35352
I20260710 13:24:17.684576 22452 raft_consensus.cc:606] T fcbebf2a78f04b65861da836c16d61a6 P 6cbf4f9e27f1445b9f7846bf6c746fdf [term 1 LEADER]: Received request to transfer leadership to TS b7178419d29c4f208b85322a4367e738
I20260710 13:24:17.685277 22455 raft_consensus.cc:515] T 1e77e3a93bd64897ac149e87177103b3 P 6cbf4f9e27f1445b9f7846bf6c746fdf [term 2 FOLLOWER]: Starting forced leader election with config: opid_index: -1 OBSOLETE_local: false peers { permanent_uuid: "6cbf4f9e27f1445b9f7846bf6c746fdf" member_type: VOTER last_known_addr { host: "127.21.77.129" port: 42207 } } peers { permanent_uuid: "b7178419d29c4f208b85322a4367e738" member_type: VOTER last_known_addr { host: "127.21.77.130" port: 44279 } } peers { permanent_uuid: "2fe9b5112ffe490ea305bd041b377cc7" member_type: VOTER last_known_addr { host: "127.21.77.131" port: 41037 } }
I20260710 13:24:17.688534 22455 leader_election.cc:290] T 1e77e3a93bd64897ac149e87177103b3 P 6cbf4f9e27f1445b9f7846bf6c746fdf [CANDIDATE]: Term 2 election: Requested vote from peers b7178419d29c4f208b85322a4367e738 (127.21.77.130:44279), 2fe9b5112ffe490ea305bd041b377cc7 (127.21.77.131:41037)
I20260710 13:24:17.688737 22529 tablet_service.cc:1917] Received RequestConsensusVote() RPC: tablet_id: "1e77e3a93bd64897ac149e87177103b3" candidate_uuid: "6cbf4f9e27f1445b9f7846bf6c746fdf" candidate_term: 2 candidate_status { last_received { term: 1 index: 1 } } ignore_live_leader: true dest_uuid: "b7178419d29c4f208b85322a4367e738"
I20260710 13:24:17.689142 22606 tablet_service.cc:1917] Received RequestConsensusVote() RPC: tablet_id: "1e77e3a93bd64897ac149e87177103b3" candidate_uuid: "6cbf4f9e27f1445b9f7846bf6c746fdf" candidate_term: 2 candidate_status { last_received { term: 1 index: 1 } } ignore_live_leader: true dest_uuid: "2fe9b5112ffe490ea305bd041b377cc7"
I20260710 13:24:17.689380 22529 raft_consensus.cc:3060] T 1e77e3a93bd64897ac149e87177103b3 P b7178419d29c4f208b85322a4367e738 [term 1 FOLLOWER]: Advancing to term 2
I20260710 13:24:17.689723 22606 raft_consensus.cc:3055] T 1e77e3a93bd64897ac149e87177103b3 P 2fe9b5112ffe490ea305bd041b377cc7 [term 1 LEADER]: Stepping down as leader of term 1
I20260710 13:24:17.690016 22606 raft_consensus.cc:740] T 1e77e3a93bd64897ac149e87177103b3 P 2fe9b5112ffe490ea305bd041b377cc7 [term 1 LEADER]: Becoming Follower/Learner. State: Replica: 2fe9b5112ffe490ea305bd041b377cc7, State: Running, Role: LEADER
I20260710 13:24:17.690821 22606 consensus_queue.cc:260] T 1e77e3a93bd64897ac149e87177103b3 P 2fe9b5112ffe490ea305bd041b377cc7 [NON_LEADER]: Queue going to NON_LEADER mode. State: All replicated index: 0, Majority replicated index: 1, Committed index: 1, Last appended: 1.1, Last appended by leader: 1, Current term: 1, Majority size: -1, State: 0, Mode: NON_LEADER, active raft config: opid_index: -1 OBSOLETE_local: false peers { permanent_uuid: "6cbf4f9e27f1445b9f7846bf6c746fdf" member_type: VOTER last_known_addr { host: "127.21.77.129" port: 42207 } } peers { permanent_uuid: "b7178419d29c4f208b85322a4367e738" member_type: VOTER last_known_addr { host: "127.21.77.130" port: 44279 } } peers { permanent_uuid: "2fe9b5112ffe490ea305bd041b377cc7" member_type: VOTER last_known_addr { host: "127.21.77.131" port: 41037 } }
I20260710 13:24:17.692083 22606 raft_consensus.cc:3060] T 1e77e3a93bd64897ac149e87177103b3 P 2fe9b5112ffe490ea305bd041b377cc7 [term 1 FOLLOWER]: Advancing to term 2
