I20260710 13:24:05.693521 27602 leader_election.cc:290] T 58fe22a385d54368ae877cdb9e0b5d00 P 5404655186e74d6ebd539be64ba9a6e2 [CANDIDATE]: Term 2 election: Requested vote from peers 99b84fdbc5964300a539e8e422b873d3 (127.26.211.2:43755), 09dfc9788646455eb1fe415228222305 (127.26.211.3:40749)
I20260710 13:24:05.694500 27678 tablet_service.cc:1917] Received RequestConsensusVote() RPC: tablet_id: "58fe22a385d54368ae877cdb9e0b5d00" candidate_uuid: "5404655186e74d6ebd539be64ba9a6e2" candidate_term: 2 candidate_status { last_received { term: 1 index: 1 } } ignore_live_leader: true dest_uuid: "99b84fdbc5964300a539e8e422b873d3"
I20260710 13:24:05.694633 27752 tablet_service.cc:1917] Received RequestConsensusVote() RPC: tablet_id: "58fe22a385d54368ae877cdb9e0b5d00" candidate_uuid: "5404655186e74d6ebd539be64ba9a6e2" candidate_term: 2 candidate_status { last_received { term: 1 index: 1 } } ignore_live_leader: true dest_uuid: "09dfc9788646455eb1fe415228222305"
I20260710 13:24:05.695025 27678 raft_consensus.cc:3055] T 58fe22a385d54368ae877cdb9e0b5d00 P 99b84fdbc5964300a539e8e422b873d3 [term 1 LEADER]: Stepping down as leader of term 1
I20260710 13:24:05.695182 27752 raft_consensus.cc:3060] T 58fe22a385d54368ae877cdb9e0b5d00 P 09dfc9788646455eb1fe415228222305 [term 1 FOLLOWER]: Advancing to term 2
I20260710 13:24:05.695333 27678 raft_consensus.cc:740] T 58fe22a385d54368ae877cdb9e0b5d00 P 99b84fdbc5964300a539e8e422b873d3 [term 1 LEADER]: Becoming Follower/Learner. State: Replica: 99b84fdbc5964300a539e8e422b873d3, State: Running, Role: LEADER
I20260710 13:24:05.696079 27678 consensus_queue.cc:260] T 58fe22a385d54368ae877cdb9e0b5d00 P 99b84fdbc5964300a539e8e422b873d3 [NON_LEADER]: Queue going to NON_LEADER mode. State: All replicated index: 0, Majority replicated index: 1, Committed index: 1, Last appended: 1.1, Last appended by leader: 1, Current term: 1, Majority size: -1, State: 0, Mode: NON_LEADER, active raft config: opid_index: -1 OBSOLETE_local: false peers { permanent_uuid: "5404655186e74d6ebd539be64ba9a6e2" member_type: VOTER last_known_addr { host: "127.26.211.1" port: 40809 } } peers { permanent_uuid: "99b84fdbc5964300a539e8e422b873d3" member_type: VOTER last_known_addr { host: "127.26.211.2" port: 43755 } } peers { permanent_uuid: "09dfc9788646455eb1fe415228222305" member_type: VOTER last_known_addr { host: "127.26.211.3" port: 40749 } }
I20260710 13:24:05.697198 27678 raft_consensus.cc:3060] T 58fe22a385d54368ae877cdb9e0b5d00 P 99b84fdbc5964300a539e8e422b873d3 [term 1 FOLLOWER]: Advancing to term 2
I20260710 13:24:05.699910 27752 raft_consensus.cc:2468] T 58fe22a385d54368ae877cdb9e0b5d00 P 09dfc9788646455eb1fe415228222305 [term 2 FOLLOWER]: Leader election vote request: Granting yes vote for candidate 5404655186e74d6ebd539be64ba9a6e2 in term 2.
I20260710 13:24:05.700876 27567 leader_election.cc:304] T 58fe22a385d54368ae877cdb9e0b5d00 P 5404655186e74d6ebd539be64ba9a6e2 [CANDIDATE]: Term 2 election: Election decided. Result: candidate won. Election summary: received 2 responses out of 3 voters: 2 yes votes; 0 no votes. yes voters: 09dfc9788646455eb1fe415228222305, 5404655186e74d6ebd539be64ba9a6e2; no voters: 
I20260710 13:24:05.701543 27882 raft_consensus.cc:2804] T 58fe22a385d54368ae877cdb9e0b5d00 P 5404655186e74d6ebd539be64ba9a6e2 [term 2 FOLLOWER]: Leader election won for term 2
I20260710 13:24:05.702062 27882 raft_consensus.cc:697] T 58fe22a385d54368ae877cdb9e0b5d00 P 5404655186e74d6ebd539be64ba9a6e2 [term 2 LEADER]: Becoming Leader. State: Replica: 5404655186e74d6ebd539be64ba9a6e2, State: Running, Role: LEADER
I20260710 13:24:05.702047 27678 raft_consensus.cc:2468] T 58fe22a385d54368ae877cdb9e0b5d00 P 99b84fdbc5964300a539e8e422b873d3 [term 2 FOLLOWER]: Leader election vote request: Granting yes vote for candidate 5404655186e74d6ebd539be64ba9a6e2 in term 2.
I20260710 13:24:05.703102 27882 consensus_queue.cc:237] T 58fe22a385d54368ae877cdb9e0b5d00 P 5404655186e74d6ebd539be64ba9a6e2 [LEADER]: Queue going to LEADER mode. State: All replicated index: 0, Majority replicated index: 1, Committed index: 1, Last appended: 1.1, Last appended by leader: 1, Current term: 2, Majority size: 2, State: 0, Mode: LEADER, active raft config: opid_index: -1 OBSOLETE_local: false peers { permanent_uuid: "5404655186e74d6ebd539be64ba9a6e2" member_type: VOTER last_known_addr { host: "127.26.211.1" port: 40809 } } peers { permanent_uuid: "99b84fdbc5964300a539e8e422b873d3" member_type: VOTER last_known_addr { host: "127.26.211.2" port: 43755 } } peers { permanent_uuid: "09dfc9788646455eb1fe415228222305" member_type: VOTER last_known_addr { host: "127.26.211.3" port: 40749 } }
I20260710 13:24:05.710692 27499 catalog_manager.cc:5697] T 58fe22a385d54368ae877cdb9e0b5d00 P 5404655186e74d6ebd539be64ba9a6e2 reported cstate change: term changed from 1 to 2, leader changed from 99b84fdbc5964300a539e8e422b873d3 (127.26.211.2) to 5404655186e74d6ebd539be64ba9a6e2 (127.26.211.1). New cstate: current_term: 2 leader_uuid: "5404655186e74d6ebd539be64ba9a6e2" committed_config { opid_index: -1 OBSOLETE_local: false peers { permanent_uuid: "5404655186e74d6ebd539be64ba9a6e2" member_type: VOTER last_known_addr { host: "127.26.211.1" port: 40809 } health_report { overall_health: HEALTHY } } peers { permanent_uuid: "99b84fdbc5964300a539e8e422b873d3" member_type: VOTER last_known_addr { host: "127.26.211.2" port: 43755 } health_report { overall_health: UNKNOWN } } peers { permanent_uuid: "09dfc9788646455eb1fe415228222305" member_type: VOTER last_known_addr { host: "127.26.211.3" port: 40749 } health_report { overall_health: UNKNOWN } } }
I20260710 13:24:05.974067 27883 raft_consensus.cc:993] T 5adbbadbe69d455e88093f564d098ddf P 5404655186e74d6ebd539be64ba9a6e2: : Instructing follower 99b84fdbc5964300a539e8e422b873d3 to start an election
I20260710 13:24:05.974591 27882 raft_consensus.cc:1081] T 5adbbadbe69d455e88093f564d098ddf P 5404655186e74d6ebd539be64ba9a6e2 [term 1 LEADER]: Signalling peer 99b84fdbc5964300a539e8e422b873d3 to start an election
I20260710 13:24:05.976207 27678 tablet_service.cc:2044] Received Run Leader Election RPC: tablet_id: "5adbbadbe69d455e88093f564d098ddf"
dest_uuid: "99b84fdbc5964300a539e8e422b873d3"
 from {username='slave'} at 127.0.0.1:34466
I20260710 13:24:05.976679 27678 raft_consensus.cc:493] T 5adbbadbe69d455e88093f564d098ddf P 99b84fdbc5964300a539e8e422b873d3 [term 1 FOLLOWER]: Starting forced leader election (received explicit request)
I20260710 13:24:05.977075 27678 raft_consensus.cc:3060] T 5adbbadbe69d455e88093f564d098ddf P 99b84fdbc5964300a539e8e422b873d3 [term 1 FOLLOWER]: Advancing to term 2
I20260710 13:24:05.981598 27678 raft_consensus.cc:515] T 5adbbadbe69d455e88093f564d098ddf P 99b84fdbc5964300a539e8e422b873d3 [term 2 FOLLOWER]: Starting forced leader election with config: opid_index: -1 OBSOLETE_local: false peers { permanent_uuid: "5404655186e74d6ebd539be64ba9a6e2" member_type: VOTER last_known_addr { host: "127.26.211.1" port: 40809 } } peers { permanent_uuid: "99b84fdbc5964300a539e8e422b873d3" member_type: VOTER last_known_addr { host: "127.26.211.2" port: 43755 } } peers { permanent_uuid: "09dfc9788646455eb1fe415228222305" member_type: VOTER last_known_addr { host: "127.26.211.3" port: 40749 } }
I20260710 13:24:05.983287 27678 leader_election.cc:290] T 5adbbadbe69d455e88093f564d098ddf P 99b84fdbc5964300a539e8e422b873d3 [CANDIDATE]: Term 2 election: Requested vote from peers 5404655186e74d6ebd539be64ba9a6e2 (127.26.211.1:40809), 09dfc9788646455eb1fe415228222305 (127.26.211.3:40749)
I20260710 13:24:05.984404 27752 tablet_service.cc:1917] Received RequestConsensusVote() RPC: tablet_id: "5adbbadbe69d455e88093f564d098ddf" candidate_uuid: "99b84fdbc5964300a539e8e422b873d3" candidate_term: 2 candidate_status { last_received { term: 1 index: 1 } } ignore_live_leader: true dest_uuid: "09dfc9788646455eb1fe415228222305"
I20260710 13:24:05.984321 27602 tablet_service.cc:1917] Received RequestConsensusVote() RPC: tablet_id: "5adbbadbe69d455e88093f564d098ddf" candidate_uuid: "99b84fdbc5964300a539e8e422b873d3" candidate_term: 2 candidate_status { last_received { term: 1 index: 1 } } ignore_live_leader: true dest_uuid: "5404655186e74d6ebd539be64ba9a6e2"
I20260710 13:24:05.984990 27752 raft_consensus.cc:3060] T 5adbbadbe69d455e88093f564d098ddf P 09dfc9788646455eb1fe415228222305 [term 1 FOLLOWER]: Advancing to term 2
I20260710 13:24:05.985190 27602 raft_consensus.cc:3055] T 5adbbadbe69d455e88093f564d098ddf P 5404655186e74d6ebd539be64ba9a6e2 [term 1 LEADER]: Stepping down as leader of term 1
I20260710 13:24:05.985548 27602 raft_consensus.cc:740] T 5adbbadbe69d455e88093f564d098ddf P 5404655186e74d6ebd539be64ba9a6e2 [term 1 LEADER]: Becoming Follower/Learner. State: Replica: 5404655186e74d6ebd539be64ba9a6e2, State: Running, Role: LEADER
I20260710 13:24:05.986227 27602 consensus_queue.cc:260] T 5adbbadbe69d455e88093f564d098ddf P 5404655186e74d6ebd539be64ba9a6e2 [NON_LEADER]: Queue going to NON_LEADER mode. State: All replicated index: 0, Majority replicated index: 1, Committed index: 1, Last appended: 1.1, Last appended by leader: 1, Current term: 1, Majority size: -1, State: 0, Mode: NON_LEADER, active raft config: opid_index: -1 OBSOLETE_local: false peers { permanent_uuid: "5404655186e74d6ebd539be64ba9a6e2" member_type: VOTER last_known_addr { host: "127.26.211.1" port: 40809 } } peers { permanent_uuid: "99b84fdbc5964300a539e8e422b873d3" member_type: VOTER last_known_addr { host: "127.26.211.2" port: 43755 } } peers { permanent_uuid: "09dfc9788646455eb1fe415228222305" member_type: VOTER last_known_addr { host: "127.26.211.3" port: 40749 } }
I20260710 13:24:05.987113 27602 raft_consensus.cc:3060] T 5adbbadbe69d455e88093f564d098ddf P 5404655186e74d6ebd539be64ba9a6e2 [term 1 FOLLOWER]: Advancing to term 2
I20260710 13:24:05.991583 27752 raft_consensus.cc:2468] T 5adbbadbe69d455e88093f564d098ddf P 09dfc9788646455eb1fe415228222305 [term 2 FOLLOWER]: Leader election vote request: Granting yes vote for candidate 99b84fdbc5964300a539e8e422b873d3 in term 2.
I20260710 13:24:05.992336 27602 raft_consensus.cc:2468] T 5adbbadbe69d455e88093f564d098ddf P 5404655186e74d6ebd539be64ba9a6e2 [term 2 FOLLOWER]: Leader election vote request: Granting yes vote for candidate 99b84fdbc5964300a539e8e422b873d3 in term 2.
I20260710 13:24:05.992734 27642 leader_election.cc:304] T 5adbbadbe69d455e88093f564d098ddf P 99b84fdbc5964300a539e8e422b873d3 [CANDIDATE]: Term 2 election: Election decided. Result: candidate won. Election summary: received 2 responses out of 3 voters: 2 yes votes; 0 no votes. yes voters: 09dfc9788646455eb1fe415228222305, 99b84fdbc5964300a539e8e422b873d3; no voters: 
I20260710 13:24:05.993459 27892 raft_consensus.cc:2804] T 5adbbadbe69d455e88093f564d098ddf P 99b84fdbc5964300a539e8e422b873d3 [term 2 FOLLOWER]: Leader election won for term 2
I20260710 13:24:05.993914 27892 raft_consensus.cc:697] T 5adbbadbe69d455e88093f564d098ddf P 99b84fdbc5964300a539e8e422b873d3 [term 2 LEADER]: Becoming Leader. State: Replica: 99b84fdbc5964300a539e8e422b873d3, State: Running, Role: LEADER
I20260710 13:24:05.994547 27892 consensus_queue.cc:237] T 5adbbadbe69d455e88093f564d098ddf P 99b84fdbc5964300a539e8e422b873d3 [LEADER]: Queue going to LEADER mode. State: All replicated index: 0, Majority replicated index: 1, Committed index: 1, Last appended: 1.1, Last appended by leader: 1, Current term: 2, Majority size: 2, State: 0, Mode: LEADER, active raft config: opid_index: -1 OBSOLETE_local: false peers { permanent_uuid: "5404655186e74d6ebd539be64ba9a6e2" member_type: VOTER last_known_addr { host: "127.26.211.1" port: 40809 } } peers { permanent_uuid: "99b84fdbc5964300a539e8e422b873d3" member_type: VOTER last_known_addr { host: "127.26.211.2" port: 43755 } } peers { permanent_uuid: "09dfc9788646455eb1fe415228222305" member_type: VOTER last_known_addr { host: "127.26.211.3" port: 40749 } }
I20260710 13:24:06.001107 27499 catalog_manager.cc:5697] T 5adbbadbe69d455e88093f564d098ddf P 99b84fdbc5964300a539e8e422b873d3 reported cstate change: term changed from 1 to 2, leader changed from 5404655186e74d6ebd539be64ba9a6e2 (127.26.211.1) to 99b84fdbc5964300a539e8e422b873d3 (127.26.211.2). New cstate: current_term: 2 leader_uuid: "99b84fdbc5964300a539e8e422b873d3" committed_config { opid_index: -1 OBSOLETE_local: false peers { permanent_uuid: "5404655186e74d6ebd539be64ba9a6e2" member_type: VOTER last_known_addr { host: "127.26.211.1" port: 40809 } health_report { overall_health: UNKNOWN } } peers { permanent_uuid: "99b84fdbc5964300a539e8e422b873d3" member_type: VOTER last_known_addr { host: "127.26.211.2" port: 43755 } health_report { overall_health: HEALTHY } } peers { permanent_uuid: "09dfc9788646455eb1fe415228222305" member_type: VOTER last_known_addr { host: "127.26.211.3" port: 40749 } health_report { overall_health: UNKNOWN } } }
I20260710 13:24:06.053757 27899 raft_consensus.cc:993] T 45c5e480c3494c858042ece93aa6f2d5 P 09dfc9788646455eb1fe415228222305: : Instructing follower 5404655186e74d6ebd539be64ba9a6e2 to start an election
I20260710 13:24:06.054308 27899 raft_consensus.cc:1081] T 45c5e480c3494c858042ece93aa6f2d5 P 09dfc9788646455eb1fe415228222305 [term 1 LEADER]: Signalling peer 5404655186e74d6ebd539be64ba9a6e2 to start an election
I20260710 13:24:06.055999 27602 tablet_service.cc:2044] Received Run Leader Election RPC: tablet_id: "45c5e480c3494c858042ece93aa6f2d5"
dest_uuid: "5404655186e74d6ebd539be64ba9a6e2"
 from {username='slave'} at 127.0.0.1:33822
I20260710 13:24:06.056522 27602 raft_consensus.cc:493] T 45c5e480c3494c858042ece93aa6f2d5 P 5404655186e74d6ebd539be64ba9a6e2 [term 1 FOLLOWER]: Starting forced leader election (received explicit request)
I20260710 13:24:06.056856 27602 raft_consensus.cc:3060] T 45c5e480c3494c858042ece93aa6f2d5 P 5404655186e74d6ebd539be64ba9a6e2 [term 1 FOLLOWER]: Advancing to term 2
I20260710 13:24:06.061621 27602 raft_consensus.cc:515] T 45c5e480c3494c858042ece93aa6f2d5 P 5404655186e74d6ebd539be64ba9a6e2 [term 2 FOLLOWER]: Starting forced leader election with config: opid_index: -1 OBSOLETE_local: false peers { permanent_uuid: "5404655186e74d6ebd539be64ba9a6e2" member_type: VOTER last_known_addr { host: "127.26.211.1" port: 40809 } } peers { permanent_uuid: "99b84fdbc5964300a539e8e422b873d3" member_type: VOTER last_known_addr { host: "127.26.211.2" port: 43755 } } peers { permanent_uuid: "09dfc9788646455eb1fe415228222305" member_type: VOTER last_known_addr { host: "127.26.211.3" port: 40749 } }
I20260710 13:24:06.063377 27602 leader_election.cc:290] T 45c5e480c3494c858042ece93aa6f2d5 P 5404655186e74d6ebd539be64ba9a6e2 [CANDIDATE]: Term 2 election: Requested vote from peers 99b84fdbc5964300a539e8e422b873d3 (127.26.211.2:43755), 09dfc9788646455eb1fe415228222305 (127.26.211.3:40749)
I20260710 13:24:06.064344 27678 tablet_service.cc:1917] Received RequestConsensusVote() RPC: tablet_id: "45c5e480c3494c858042ece93aa6f2d5" candidate_uuid: "5404655186e74d6ebd539be64ba9a6e2" candidate_term: 2 candidate_status { last_received { term: 1 index: 1 } } ignore_live_leader: true dest_uuid: "99b84fdbc5964300a539e8e422b873d3"
I20260710 13:24:06.064456 27752 tablet_service.cc:1917] Received RequestConsensusVote() RPC: tablet_id: "45c5e480c3494c858042ece93aa6f2d5" candidate_uuid: "5404655186e74d6ebd539be64ba9a6e2" candidate_term: 2 candidate_status { last_received { term: 1 index: 1 } } ignore_live_leader: true dest_uuid: "09dfc9788646455eb1fe415228222305"
I20260710 13:24:06.064972 27678 raft_consensus.cc:3060] T 45c5e480c3494c858042ece93aa6f2d5 P 99b84fdbc5964300a539e8e422b873d3 [term 1 FOLLOWER]: Advancing to term 2
I20260710 13:24:06.065048 27752 raft_consensus.cc:3055] T 45c5e480c3494c858042ece93aa6f2d5 P 09dfc9788646455eb1fe415228222305 [term 1 LEADER]: Stepping down as leader of term 1
I20260710 13:24:06.065441 27752 raft_consensus.cc:740] T 45c5e480c3494c858042ece93aa6f2d5 P 09dfc9788646455eb1fe415228222305 [term 1 LEADER]: Becoming Follower/Learner. State: Replica: 09dfc9788646455eb1fe415228222305, State: Running, Role: LEADER
I20260710 13:24:06.066291 27752 consensus_queue.cc:260] T 45c5e480c3494c858042ece93aa6f2d5 P 09dfc9788646455eb1fe415228222305 [NON_LEADER]: Queue going to NON_LEADER mode. State: All replicated index: 0, Majority replicated index: 1, Committed index: 1, Last appended: 1.1, Last appended by leader: 1, Current term: 1, Majority size: -1, State: 0, Mode: NON_LEADER, active raft config: opid_index: -1 OBSOLETE_local: false peers { permanent_uuid: "5404655186e74d6ebd539be64ba9a6e2" member_type: VOTER last_known_addr { host: "127.26.211.1" port: 40809 } } peers { permanent_uuid: "99b84fdbc5964300a539e8e422b873d3" member_type: VOTER last_known_addr { host: "127.26.211.2" port: 43755 } } peers { permanent_uuid: "09dfc9788646455eb1fe415228222305" member_type: VOTER last_known_addr { host: "127.26.211.3" port: 40749 } }
I20260710 13:24:06.067291 27752 raft_consensus.cc:3060] T 45c5e480c3494c858042ece93aa6f2d5 P 09dfc9788646455eb1fe415228222305 [term 1 FOLLOWER]: Advancing to term 2
I20260710 13:24:06.069789 27678 raft_consensus.cc:2468] T 45c5e480c3494c858042ece93aa6f2d5 P 99b84fdbc5964300a539e8e422b873d3 [term 2 FOLLOWER]: Leader election vote request: Granting yes vote for candidate 5404655186e74d6ebd539be64ba9a6e2 in term 2.
I20260710 13:24:06.070998 27569 leader_election.cc:304] T 45c5e480c3494c858042ece93aa6f2d5 P 5404655186e74d6ebd539be64ba9a6e2 [CANDIDATE]: Term 2 election: Election decided. Result: candidate won. Election summary: received 2 responses out of 3 voters: 2 yes votes; 0 no votes. yes voters: 5404655186e74d6ebd539be64ba9a6e2, 99b84fdbc5964300a539e8e422b873d3; no voters: 
I20260710 13:24:06.071718 27898 raft_consensus.cc:2804] T 45c5e480c3494c858042ece93aa6f2d5 P 5404655186e74d6ebd539be64ba9a6e2 [term 2 FOLLOWER]: Leader election won for term 2
I20260710 13:24:06.072212 27898 raft_consensus.cc:697] T 45c5e480c3494c858042ece93aa6f2d5 P 5404655186e74d6ebd539be64ba9a6e2 [term 2 LEADER]: Becoming Leader. State: Replica: 5404655186e74d6ebd539be64ba9a6e2, State: Running, Role: LEADER
I20260710 13:24:06.073390 27880 raft_consensus.cc:993] T 29dc20274b2b4861ad377b9f21449d4c P 09dfc9788646455eb1fe415228222305: : Instructing follower 99b84fdbc5964300a539e8e422b873d3 to start an election
I20260710 13:24:06.073444 27752 raft_consensus.cc:2468] T 45c5e480c3494c858042ece93aa6f2d5 P 09dfc9788646455eb1fe415228222305 [term 2 FOLLOWER]: Leader election vote request: Granting yes vote for candidate 5404655186e74d6ebd539be64ba9a6e2 in term 2.
I20260710 13:24:06.073115 27898 consensus_queue.cc:237] T 45c5e480c3494c858042ece93aa6f2d5 P 5404655186e74d6ebd539be64ba9a6e2 [LEADER]: Queue going to LEADER mode. State: All replicated index: 0, Majority replicated index: 1, Committed index: 1, Last appended: 1.1, Last appended by leader: 1, Current term: 2, Majority size: 2, State: 0, Mode: LEADER, active raft config: opid_index: -1 OBSOLETE_local: false peers { permanent_uuid: "5404655186e74d6ebd539be64ba9a6e2" member_type: VOTER last_known_addr { host: "127.26.211.1" port: 40809 } } peers { permanent_uuid: "99b84fdbc5964300a539e8e422b873d3" member_type: VOTER last_known_addr { host: "127.26.211.2" port: 43755 } } peers { permanent_uuid: "09dfc9788646455eb1fe415228222305" member_type: VOTER last_known_addr { host: "127.26.211.3" port: 40749 } }
I20260710 13:24:06.073876 27899 raft_consensus.cc:1081] T 29dc20274b2b4861ad377b9f21449d4c P 09dfc9788646455eb1fe415228222305 [term 1 LEADER]: Signalling peer 99b84fdbc5964300a539e8e422b873d3 to start an election
I20260710 13:24:06.075572 27678 tablet_service.cc:2044] Received Run Leader Election RPC: tablet_id: "29dc20274b2b4861ad377b9f21449d4c"
dest_uuid: "99b84fdbc5964300a539e8e422b873d3"
 from {username='slave'} at 127.0.0.1:34482
I20260710 13:24:06.076116 27678 raft_consensus.cc:493] T 29dc20274b2b4861ad377b9f21449d4c P 99b84fdbc5964300a539e8e422b873d3 [term 1 FOLLOWER]: Starting forced leader election (received explicit request)
I20260710 13:24:06.076499 27678 raft_consensus.cc:3060] T 29dc20274b2b4861ad377b9f21449d4c P 99b84fdbc5964300a539e8e422b873d3 [term 1 FOLLOWER]: Advancing to term 2
I20260710 13:24:06.081166 27499 catalog_manager.cc:5697] T 45c5e480c3494c858042ece93aa6f2d5 P 5404655186e74d6ebd539be64ba9a6e2 reported cstate change: term changed from 1 to 2, leader changed from 09dfc9788646455eb1fe415228222305 (127.26.211.3) to 5404655186e74d6ebd539be64ba9a6e2 (127.26.211.1). New cstate: current_term: 2 leader_uuid: "5404655186e74d6ebd539be64ba9a6e2" committed_config { opid_index: -1 OBSOLETE_local: false peers { permanent_uuid: "5404655186e74d6ebd539be64ba9a6e2" member_type: VOTER last_known_addr { host: "127.26.211.1" port: 40809 } health_report { overall_health: HEALTHY } } peers { permanent_uuid: "99b84fdbc5964300a539e8e422b873d3" member_type: VOTER last_known_addr { host: "127.26.211.2" port: 43755 } health_report { overall_health: UNKNOWN } } peers { permanent_uuid: "09dfc9788646455eb1fe415228222305" member_type: VOTER last_known_addr { host: "127.26.211.3" port: 40749 } health_report { overall_health: UNKNOWN } } }
I20260710 13:24:06.082026 27678 raft_consensus.cc:515] T 29dc20274b2b4861ad377b9f21449d4c P 99b84fdbc5964300a539e8e422b873d3 [term 2 FOLLOWER]: Starting forced leader election with config: opid_index: -1 OBSOLETE_local: false peers { permanent_uuid: "5404655186e74d6ebd539be64ba9a6e2" member_type: VOTER last_known_addr { host: "127.26.211.1" port: 40809 } } peers { permanent_uuid: "99b84fdbc5964300a539e8e422b873d3" member_type: VOTER last_known_addr { host: "127.26.211.2" port: 43755 } } peers { permanent_uuid: "09dfc9788646455eb1fe415228222305" member_type: VOTER last_known_addr { host: "127.26.211.3" port: 40749 } }
I20260710 13:24:06.083866 27678 leader_election.cc:290] T 29dc20274b2b4861ad377b9f21449d4c P 99b84fdbc5964300a539e8e422b873d3 [CANDIDATE]: Term 2 election: Requested vote from peers 5404655186e74d6ebd539be64ba9a6e2 (127.26.211.1:40809), 09dfc9788646455eb1fe415228222305 (127.26.211.3:40749)
I20260710 13:24:06.085098 27752 tablet_service.cc:1917] Received RequestConsensusVote() RPC: tablet_id: "29dc20274b2b4861ad377b9f21449d4c" candidate_uuid: "99b84fdbc5964300a539e8e422b873d3" candidate_term: 2 candidate_status { last_received { term: 1 index: 1 } } ignore_live_leader: true dest_uuid: "09dfc9788646455eb1fe415228222305"
I20260710 13:24:06.085067 27602 tablet_service.cc:1917] Received RequestConsensusVote() RPC: tablet_id: "29dc20274b2b4861ad377b9f21449d4c" candidate_uuid: "99b84fdbc5964300a539e8e422b873d3" candidate_term: 2 candidate_status { last_received { term: 1 index: 1 } } ignore_live_leader: true dest_uuid: "5404655186e74d6ebd539be64ba9a6e2"
I20260710 13:24:06.085852 27752 raft_consensus.cc:3055] T 29dc20274b2b4861ad377b9f21449d4c P 09dfc9788646455eb1fe415228222305 [term 1 LEADER]: Stepping down as leader of term 1
I20260710 13:24:06.085942 27602 raft_consensus.cc:3060] T 29dc20274b2b4861ad377b9f21449d4c P 5404655186e74d6ebd539be64ba9a6e2 [term 1 FOLLOWER]: Advancing to term 2
I20260710 13:24:06.086241 27752 raft_consensus.cc:740] T 29dc20274b2b4861ad377b9f21449d4c P 09dfc9788646455eb1fe415228222305 [term 1 LEADER]: Becoming Follower/Learner. State: Replica: 09dfc9788646455eb1fe415228222305, State: Running, Role: LEADER
I20260710 13:24:06.087145 27752 consensus_queue.cc:260] T 29dc20274b2b4861ad377b9f21449d4c P 09dfc9788646455eb1fe415228222305 [NON_LEADER]: Queue going to NON_LEADER mode. State: All replicated index: 0, Majority replicated index: 1, Committed index: 1, Last appended: 1.1, Last appended by leader: 1, Current term: 1, Majority size: -1, State: 0, Mode: NON_LEADER, active raft config: opid_index: -1 OBSOLETE_local: false peers { permanent_uuid: "5404655186e74d6ebd539be64ba9a6e2" member_type: VOTER last_known_addr { host: "127.26.211.1" port: 40809 } } peers { permanent_uuid: "99b84fdbc5964300a539e8e422b873d3" member_type: VOTER last_known_addr { host: "127.26.211.2" port: 43755 } } peers { permanent_uuid: "09dfc9788646455eb1fe415228222305" member_type: VOTER last_known_addr { host: "127.26.211.3" port: 40749 } }
I20260710 13:24:06.088029 27678 raft_consensus.cc:1275] T 58fe22a385d54368ae877cdb9e0b5d00 P 99b84fdbc5964300a539e8e422b873d3 [term 2 FOLLOWER]: Refusing update from remote peer 5404655186e74d6ebd539be64ba9a6e2: Log matching property violated. Preceding OpId in replica: term: 1 index: 1. Preceding OpId from leader: term: 2 index: 2. (index mismatch)
I20260710 13:24:06.088331 27752 raft_consensus.cc:3060] T 29dc20274b2b4861ad377b9f21449d4c P 09dfc9788646455eb1fe415228222305 [term 1 FOLLOWER]: Advancing to term 2
I20260710 13:24:06.089578 27898 consensus_queue.cc:1048] T 58fe22a385d54368ae877cdb9e0b5d00 P 5404655186e74d6ebd539be64ba9a6e2 [LEADER]: Connected to new peer: Peer: permanent_uuid: "99b84fdbc5964300a539e8e422b873d3" member_type: VOTER last_known_addr { host: "127.26.211.2" port: 43755 }, Status: LMP_MISMATCH, Last received: 0.0, Next index: 2, Last known committed idx: 1, Time since last communication: 0.000s
I20260710 13:24:06.094044 27602 raft_consensus.cc:2468] T 29dc20274b2b4861ad377b9f21449d4c P 5404655186e74d6ebd539be64ba9a6e2 [term 2 FOLLOWER]: Leader election vote request: Granting yes vote for candidate 99b84fdbc5964300a539e8e422b873d3 in term 2.
I20260710 13:24:06.095489 27752 raft_consensus.cc:2468] T 29dc20274b2b4861ad377b9f21449d4c P 09dfc9788646455eb1fe415228222305 [term 2 FOLLOWER]: Leader election vote request: Granting yes vote for candidate 99b84fdbc5964300a539e8e422b873d3 in term 2.
I20260710 13:24:06.096067 27642 leader_election.cc:304] T 29dc20274b2b4861ad377b9f21449d4c P 99b84fdbc5964300a539e8e422b873d3 [CANDIDATE]: Term 2 election: Election decided. Result: candidate won. Election summary: received 2 responses out of 3 voters: 2 yes votes; 0 no votes. yes voters: 5404655186e74d6ebd539be64ba9a6e2, 99b84fdbc5964300a539e8e422b873d3; no voters: 
I20260710 13:24:06.096824 27892 raft_consensus.cc:2804] T 29dc20274b2b4861ad377b9f21449d4c P 99b84fdbc5964300a539e8e422b873d3 [term 2 FOLLOWER]: Leader election won for term 2
I20260710 13:24:06.097311 27892 raft_consensus.cc:697] T 29dc20274b2b4861ad377b9f21449d4c P 99b84fdbc5964300a539e8e422b873d3 [term 2 LEADER]: Becoming Leader. State: Replica: 99b84fdbc5964300a539e8e422b873d3, State: Running, Role: LEADER
I20260710 13:24:06.098353 27892 consensus_queue.cc:237] T 29dc20274b2b4861ad377b9f21449d4c P 99b84fdbc5964300a539e8e422b873d3 [LEADER]: Queue going to LEADER mode. State: All replicated index: 0, Majority replicated index: 1, Committed index: 1, Last appended: 1.1, Last appended by leader: 1, Current term: 2, Majority size: 2, State: 0, Mode: LEADER, active raft config: opid_index: -1 OBSOLETE_local: false peers { permanent_uuid: "5404655186e74d6ebd539be64ba9a6e2" member_type: VOTER last_known_addr { host: "127.26.211.1" port: 40809 } } peers { permanent_uuid: "99b84fdbc5964300a539e8e422b873d3" member_type: VOTER last_known_addr { host: "127.26.211.2" port: 43755 } } peers { permanent_uuid: "09dfc9788646455eb1fe415228222305" member_type: VOTER last_known_addr { host: "127.26.211.3" port: 40749 } }
I20260710 13:24:06.105351 27752 raft_consensus.cc:1275] T 58fe22a385d54368ae877cdb9e0b5d00 P 09dfc9788646455eb1fe415228222305 [term 2 FOLLOWER]: Refusing update from remote peer 5404655186e74d6ebd539be64ba9a6e2: Log matching property violated. Preceding OpId in replica: term: 1 index: 1. Preceding OpId from leader: term: 2 index: 2. (index mismatch)
I20260710 13:24:06.107491 27883 consensus_queue.cc:1048] T 58fe22a385d54368ae877cdb9e0b5d00 P 5404655186e74d6ebd539be64ba9a6e2 [LEADER]: Connected to new peer: Peer: permanent_uuid: "09dfc9788646455eb1fe415228222305" member_type: VOTER last_known_addr { host: "127.26.211.3" port: 40749 }, Status: LMP_MISMATCH, Last received: 0.0, Next index: 2, Last known committed idx: 1, Time since last communication: 0.001s
I20260710 13:24:06.117045 27499 catalog_manager.cc:5697] T 29dc20274b2b4861ad377b9f21449d4c P 99b84fdbc5964300a539e8e422b873d3 reported cstate change: term changed from 1 to 2, leader changed from 09dfc9788646455eb1fe415228222305 (127.26.211.3) to 99b84fdbc5964300a539e8e422b873d3 (127.26.211.2). New cstate: current_term: 2 leader_uuid: "99b84fdbc5964300a539e8e422b873d3" committed_config { opid_index: -1 OBSOLETE_local: false peers { permanent_uuid: "5404655186e74d6ebd539be64ba9a6e2" member_type: VOTER last_known_addr { host: "127.26.211.1" port: 40809 } health_report { overall_health: UNKNOWN } } peers { permanent_uuid: "99b84fdbc5964300a539e8e422b873d3" member_type: VOTER last_known_addr { host: "127.26.211.2" port: 43755 } health_report { overall_health: HEALTHY } } peers { permanent_uuid: "09dfc9788646455eb1fe415228222305" member_type: VOTER last_known_addr { host: "127.26.211.3" port: 40749 } health_report { overall_health: UNKNOWN } } }
I20260710 13:24:06.461856 27602 raft_consensus.cc:1275] T 5adbbadbe69d455e88093f564d098ddf P 5404655186e74d6ebd539be64ba9a6e2 [term 2 FOLLOWER]: Refusing update from remote peer 99b84fdbc5964300a539e8e422b873d3: Log matching property violated. Preceding OpId in replica: term: 1 index: 1. Preceding OpId from leader: term: 2 index: 2. (index mismatch)
I20260710 13:24:06.463317 27892 consensus_queue.cc:1048] T 5adbbadbe69d455e88093f564d098ddf P 99b84fdbc5964300a539e8e422b873d3 [LEADER]: Connected to new peer: Peer: permanent_uuid: "5404655186e74d6ebd539be64ba9a6e2" member_type: VOTER last_known_addr { host: "127.26.211.1" port: 40809 }, Status: LMP_MISMATCH, Last received: 0.0, Next index: 2, Last known committed idx: 1, Time since last communication: 0.000s
I20260710 13:24:06.473292 27752 raft_consensus.cc:1275] T 5adbbadbe69d455e88093f564d098ddf P 09dfc9788646455eb1fe415228222305 [term 2 FOLLOWER]: Refusing update from remote peer 99b84fdbc5964300a539e8e422b873d3: Log matching property violated. Preceding OpId in replica: term: 1 index: 1. Preceding OpId from leader: term: 2 index: 2. (index mismatch)
I20260710 13:24:06.475199 27909 consensus_queue.cc:1048] T 5adbbadbe69d455e88093f564d098ddf P 99b84fdbc5964300a539e8e422b873d3 [LEADER]: Connected to new peer: Peer: permanent_uuid: "09dfc9788646455eb1fe415228222305" member_type: VOTER last_known_addr { host: "127.26.211.3" port: 40749 }, Status: LMP_MISMATCH, Last received: 0.0, Next index: 2, Last known committed idx: 1, Time since last communication: 0.001s
I20260710 13:24:06.571336 27677 raft_consensus.cc:1275] T 45c5e480c3494c858042ece93aa6f2d5 P 99b84fdbc5964300a539e8e422b873d3 [term 2 FOLLOWER]: Refusing update from remote peer 5404655186e74d6ebd539be64ba9a6e2: Log matching property violated. Preceding OpId in replica: term: 1 index: 1. Preceding OpId from leader: term: 2 index: 2. (index mismatch)
I20260710 13:24:06.572556 27898 consensus_queue.cc:1048] T 45c5e480c3494c858042ece93aa6f2d5 P 5404655186e74d6ebd539be64ba9a6e2 [LEADER]: Connected to new peer: Peer: permanent_uuid: "99b84fdbc5964300a539e8e422b873d3" member_type: VOTER last_known_addr { host: "127.26.211.2" port: 43755 }, Status: LMP_MISMATCH, Last received: 0.0, Next index: 2, Last known committed idx: 1, Time since last communication: 0.000s
I20260710 13:24:06.581995 27752 raft_consensus.cc:1275] T 45c5e480c3494c858042ece93aa6f2d5 P 09dfc9788646455eb1fe415228222305 [term 2 FOLLOWER]: Refusing update from remote peer 5404655186e74d6ebd539be64ba9a6e2: Log matching property violated. Preceding OpId in replica: term: 1 index: 1. Preceding OpId from leader: term: 2 index: 2. (index mismatch)
I20260710 13:24:06.583415 27882 consensus_queue.cc:1048] T 45c5e480c3494c858042ece93aa6f2d5 P 5404655186e74d6ebd539be64ba9a6e2 [LEADER]: Connected to new peer: Peer: permanent_uuid: "09dfc9788646455eb1fe415228222305" member_type: VOTER last_known_addr { host: "127.26.211.3" port: 40749 }, Status: LMP_MISMATCH, Last received: 0.0, Next index: 2, Last known committed idx: 1, Time since last communication: 0.000s
I20260710 13:24:06.593524 27602 raft_consensus.cc:1275] T 29dc20274b2b4861ad377b9f21449d4c P 5404655186e74d6ebd539be64ba9a6e2 [term 2 FOLLOWER]: Refusing update from remote peer 99b84fdbc5964300a539e8e422b873d3: Log matching property violated. Preceding OpId in replica: term: 1 index: 1. Preceding OpId from leader: term: 2 index: 2. (index mismatch)
I20260710 13:24:06.595031 27909 consensus_queue.cc:1048] T 29dc20274b2b4861ad377b9f21449d4c P 99b84fdbc5964300a539e8e422b873d3 [LEADER]: Connected to new peer: Peer: permanent_uuid: "5404655186e74d6ebd539be64ba9a6e2" member_type: VOTER last_known_addr { host: "127.26.211.1" port: 40809 }, Status: LMP_MISMATCH, Last received: 0.0, Next index: 2, Last known committed idx: 1, Time since last communication: 0.000s
I20260710 13:24:06.610247 27752 raft_consensus.cc:1275] T 29dc20274b2b4861ad377b9f21449d4c P 09dfc9788646455eb1fe415228222305 [term 2 FOLLOWER]: Refusing update from remote peer 99b84fdbc5964300a539e8e422b873d3: Log matching property violated. Preceding OpId in replica: term: 1 index: 1. Preceding OpId from leader: term: 2 index: 2. (index mismatch)
I20260710 13:24:06.611753 27909 consensus_queue.cc:1048] T 29dc20274b2b4861ad377b9f21449d4c P 99b84fdbc5964300a539e8e422b873d3 [LEADER]: Connected to new peer: Peer: permanent_uuid: "09dfc9788646455eb1fe415228222305" member_type: VOTER last_known_addr { host: "127.26.211.3" port: 40749 }, Status: LMP_MISMATCH, Last received: 0.0, Next index: 2, Last known committed idx: 1, Time since last communication: 0.000s
W20260710 13:24:08.169371 27624 debug-util.cc:398] Leaking SignalData structure 0x7b08000e5060 after lost signal to thread 27471
W20260710 13:24:08.170109 27624 debug-util.cc:398] Leaking SignalData structure 0x7b08000e5740 after lost signal to thread 27534
W20260710 13:24:08.171082 27624 debug-util.cc:398] Leaking SignalData structure 0x7b0800138560 after lost signal to thread 27627
W20260710 13:24:08.172168 27624 debug-util.cc:398] Leaking SignalData structure 0x7b0800109880 after lost signal to thread 27702
W20260710 13:24:08.172930 27624 debug-util.cc:398] Leaking SignalData structure 0x7b08001c0240 after lost signal to thread 27776
I20260710 13:24:08.732610 27468 auto_leader_rebalancer-test.cc:316] The leader distribution is 
I20260710 13:24:08.733696 27468 auto_leader_rebalancer.cc:141] leader rebalance for table test-workload
I20260710 13:24:08.762253 27602 tablet_service.cc:2072] Received LeaderStepDown RPC: tablet_id: "30242ddab0384998ad0940ec6ce0a390"
dest_uuid: "5404655186e74d6ebd539be64ba9a6e2"
mode: GRACEFUL
new_leader_uuid: "09dfc9788646455eb1fe415228222305"
 from {username='slave'} at 127.0.0.1:49150
I20260710 13:24:08.762938 27602 raft_consensus.cc:606] T 30242ddab0384998ad0940ec6ce0a390 P 5404655186e74d6ebd539be64ba9a6e2 [term 1 LEADER]: Received request to transfer leadership to TS 09dfc9788646455eb1fe415228222305
I20260710 13:24:08.774425 27677 tablet_service.cc:2072] Received LeaderStepDown RPC: tablet_id: "688f30ae9fd1448b930372f898beddce"
dest_uuid: "99b84fdbc5964300a539e8e422b873d3"
mode: GRACEFUL
new_leader_uuid: "09dfc9788646455eb1fe415228222305"
 from {username='slave'} at 127.0.0.1:55108
I20260710 13:24:08.775004 27677 raft_consensus.cc:606] T 688f30ae9fd1448b930372f898beddce P 99b84fdbc5964300a539e8e422b873d3 [term 1 LEADER]: Received request to transfer leadership to TS 09dfc9788646455eb1fe415228222305
I20260710 13:24:08.776295 27468 auto_leader_rebalancer.cc:479] table: test-workload, leader rebalance finish, leader transfer count: 2
I20260710 13:24:08.776922 27468 auto_leader_rebalancer.cc:554] All tables' leader rebalancing finished this round
I20260710 13:24:08.822253 27908 raft_consensus.cc:993] T 688f30ae9fd1448b930372f898beddce P 99b84fdbc5964300a539e8e422b873d3: : Instructing follower 09dfc9788646455eb1fe415228222305 to start an election
I20260710 13:24:08.822903 27916 raft_consensus.cc:1081] T 688f30ae9fd1448b930372f898beddce P 99b84fdbc5964300a539e8e422b873d3 [term 1 LEADER]: Signalling peer 09dfc9788646455eb1fe415228222305 to start an election
I20260710 13:24:08.824533 27751 tablet_service.cc:2044] Received Run Leader Election RPC: tablet_id: "688f30ae9fd1448b930372f898beddce"
dest_uuid: "09dfc9788646455eb1fe415228222305"
 from {username='slave'} at 127.0.0.1:39500
I20260710 13:24:08.825191 27751 raft_consensus.cc:493] T 688f30ae9fd1448b930372f898beddce P 09dfc9788646455eb1fe415228222305 [term 1 FOLLOWER]: Starting forced leader election (received explicit request)
I20260710 13:24:08.825637 27751 raft_consensus.cc:3060] T 688f30ae9fd1448b930372f898beddce P 09dfc9788646455eb1fe415228222305 [term 1 FOLLOWER]: Advancing to term 2
I20260710 13:24:08.833905 27751 raft_consensus.cc:515] T 688f30ae9fd1448b930372f898beddce P 09dfc9788646455eb1fe415228222305 [term 2 FOLLOWER]: Starting forced leader election with config: opid_index: -1 OBSOLETE_local: false peers { permanent_uuid: "5404655186e74d6ebd539be64ba9a6e2" member_type: VOTER last_known_addr { host: "127.26.211.1" port: 40809 } } peers { permanent_uuid: "99b84fdbc5964300a539e8e422b873d3" member_type: VOTER last_known_addr { host: "127.26.211.2" port: 43755 } } peers { permanent_uuid: "09dfc9788646455eb1fe415228222305" member_type: VOTER last_known_addr { host: "127.26.211.3" port: 40749 } }
I20260710 13:24:08.836591 27751 leader_election.cc:290] T 688f30ae9fd1448b930372f898beddce P 09dfc9788646455eb1fe415228222305 [CANDIDATE]: Term 2 election: Requested vote from peers 5404655186e74d6ebd539be64ba9a6e2 (127.26.211.1:40809), 99b84fdbc5964300a539e8e422b873d3 (127.26.211.2:43755)
I20260710 13:24:08.837244 27602 tablet_service.cc:1917] Received RequestConsensusVote() RPC: tablet_id: "688f30ae9fd1448b930372f898beddce" candidate_uuid: "09dfc9788646455eb1fe415228222305" candidate_term: 2 candidate_status { last_received { term: 1 index: 1 } } ignore_live_leader: true dest_uuid: "5404655186e74d6ebd539be64ba9a6e2"
I20260710 13:24:08.837836 27602 raft_consensus.cc:3060] T 688f30ae9fd1448b930372f898beddce P 5404655186e74d6ebd539be64ba9a6e2 [term 1 FOLLOWER]: Advancing to term 2
I20260710 13:24:08.837903 27677 tablet_service.cc:1917] Received RequestConsensusVote() RPC: tablet_id: "688f30ae9fd1448b930372f898beddce" candidate_uuid: "09dfc9788646455eb1fe415228222305" candidate_term: 2 candidate_status { last_received { term: 1 index: 1 } } ignore_live_leader: true dest_uuid: "99b84fdbc5964300a539e8e422b873d3"
I20260710 13:24:08.838518 27677 raft_consensus.cc:3055] T 688f30ae9fd1448b930372f898beddce P 99b84fdbc5964300a539e8e422b873d3 [term 1 LEADER]: Stepping down as leader of term 1
I20260710 13:24:08.838836 27677 raft_consensus.cc:740] T 688f30ae9fd1448b930372f898beddce P 99b84fdbc5964300a539e8e422b873d3 [term 1 LEADER]: Becoming Follower/Learner. State: Replica: 99b84fdbc5964300a539e8e422b873d3, State: Running, Role: LEADER
I20260710 13:24:08.839615 27677 consensus_queue.cc:260] T 688f30ae9fd1448b930372f898beddce P 99b84fdbc5964300a539e8e422b873d3 [NON_LEADER]: Queue going to NON_LEADER mode. State: All replicated index: 0, Majority replicated index: 1, Committed index: 1, Last appended: 1.1, Last appended by leader: 1, Current term: 1, Majority size: -1, State: 0, Mode: NON_LEADER, active raft config: opid_index: -1 OBSOLETE_local: false peers { permanent_uuid: "5404655186e74d6ebd539be64ba9a6e2" member_type: VOTER last_known_addr { host: "127.26.211.1" port: 40809 } } peers { permanent_uuid: "99b84fdbc5964300a539e8e422b873d3" member_type: VOTER last_known_addr { host: "127.26.211.2" port: 43755 } } peers { permanent_uuid: "09dfc9788646455eb1fe415228222305" member_type: VOTER last_known_addr { host: "127.26.211.3" port: 40749 } }
I20260710 13:24:08.840802 27677 raft_consensus.cc:3060] T 688f30ae9fd1448b930372f898beddce P 99b84fdbc5964300a539e8e422b873d3 [term 1 FOLLOWER]: Advancing to term 2
I20260710 13:24:08.844636 27602 raft_consensus.cc:2468] T 688f30ae9fd1448b930372f898beddce P 5404655186e74d6ebd539be64ba9a6e2 [term 2 FOLLOWER]: Leader election vote request: Granting yes vote for candidate 09dfc9788646455eb1fe415228222305 in term 2.
I20260710 13:24:08.845995 27716 leader_election.cc:304] T 688f30ae9fd1448b930372f898beddce P 09dfc9788646455eb1fe415228222305 [CANDIDATE]: Term 2 election: Election decided. Result: candidate won. Election summary: received 2 responses out of 3 voters: 2 yes votes; 0 no votes. yes voters: 09dfc9788646455eb1fe415228222305, 5404655186e74d6ebd539be64ba9a6e2; no voters: 
I20260710 13:24:08.846879 27915 raft_consensus.cc:2804] T 688f30ae9fd1448b930372f898beddce P 09dfc9788646455eb1fe415228222305 [term 2 FOLLOWER]: Leader election won for term 2
I20260710 13:24:08.847378 27677 raft_consensus.cc:2468] T 688f30ae9fd1448b930372f898beddce P 99b84fdbc5964300a539e8e422b873d3 [term 2 FOLLOWER]: Leader election vote request: Granting yes vote for candidate 09dfc9788646455eb1fe415228222305 in term 2.
I20260710 13:24:08.848452 27915 raft_consensus.cc:697] T 688f30ae9fd1448b930372f898beddce P 09dfc9788646455eb1fe415228222305 [term 2 LEADER]: Becoming Leader. State: Replica: 09dfc9788646455eb1fe415228222305, State: Running, Role: LEADER
I20260710 13:24:08.850203 27915 consensus_queue.cc:237] T 688f30ae9fd1448b930372f898beddce P 09dfc9788646455eb1fe415228222305 [LEADER]: Queue going to LEADER mode. State: All replicated index: 0, Majority replicated index: 1, Committed index: 1, Last appended: 1.1, Last appended by leader: 1, Current term: 2, Majority size: 2, State: 0, Mode: LEADER, active raft config: opid_index: -1 OBSOLETE_local: false peers { permanent_uuid: "5404655186e74d6ebd539be64ba9a6e2" member_type: VOTER last_known_addr { host: "127.26.211.1" port: 40809 } } peers { permanent_uuid: "99b84fdbc5964300a539e8e422b873d3" member_type: VOTER last_known_addr { host: "127.26.211.2" port: 43755 } } peers { permanent_uuid: "09dfc9788646455eb1fe415228222305" member_type: VOTER last_known_addr { host: "127.26.211.3" port: 40749 } }
I20260710 13:24:08.859855 27500 catalog_manager.cc:5697] T 688f30ae9fd1448b930372f898beddce P 09dfc9788646455eb1fe415228222305 reported cstate change: term changed from 1 to 2, leader changed from 99b84fdbc5964300a539e8e422b873d3 (127.26.211.2) to 09dfc9788646455eb1fe415228222305 (127.26.211.3). New cstate: current_term: 2 leader_uuid: "09dfc9788646455eb1fe415228222305" committed_config { opid_index: -1 OBSOLETE_local: false peers { permanent_uuid: "5404655186e74d6ebd539be64ba9a6e2" member_type: VOTER last_known_addr { host: "127.26.211.1" port: 40809 } health_report { overall_health: UNKNOWN } } peers { permanent_uuid: "99b84fdbc5964300a539e8e422b873d3" member_type: VOTER last_known_addr { host: "127.26.211.2" port: 43755 } health_report { overall_health: UNKNOWN } } peers { permanent_uuid: "09dfc9788646455eb1fe415228222305" member_type: VOTER last_known_addr { host: "127.26.211.3" port: 40749 } health_report { overall_health: HEALTHY } } }
I20260710 13:24:09.214948 27898 raft_consensus.cc:993] T 30242ddab0384998ad0940ec6ce0a390 P 5404655186e74d6ebd539be64ba9a6e2: : Instructing follower 09dfc9788646455eb1fe415228222305 to start an election
I20260710 13:24:09.215512 27926 raft_consensus.cc:1081] T 30242ddab0384998ad0940ec6ce0a390 P 5404655186e74d6ebd539be64ba9a6e2 [term 1 LEADER]: Signalling peer 09dfc9788646455eb1fe415228222305 to start an election
I20260710 13:24:09.217360 27750 tablet_service.cc:2044] Received Run Leader Election RPC: tablet_id: "30242ddab0384998ad0940ec6ce0a390"
dest_uuid: "09dfc9788646455eb1fe415228222305"
 from {username='slave'} at 127.0.0.1:39506
I20260710 13:24:09.218003 27750 raft_consensus.cc:493] T 30242ddab0384998ad0940ec6ce0a390 P 09dfc9788646455eb1fe415228222305 [term 1 FOLLOWER]: Starting forced leader election (received explicit request)
I20260710 13:24:09.218437 27750 raft_consensus.cc:3060] T 30242ddab0384998ad0940ec6ce0a390 P 09dfc9788646455eb1fe415228222305 [term 1 FOLLOWER]: Advancing to term 2
I20260710 13:24:09.223407 27750 raft_consensus.cc:515] T 30242ddab0384998ad0940ec6ce0a390 P 09dfc9788646455eb1fe415228222305 [term 2 FOLLOWER]: Starting forced leader election with config: opid_index: -1 OBSOLETE_local: false peers { permanent_uuid: "5404655186e74d6ebd539be64ba9a6e2" member_type: VOTER last_known_addr { host: "127.26.211.1" port: 40809 } } peers { permanent_uuid: "99b84fdbc5964300a539e8e422b873d3" member_type: VOTER last_known_addr { host: "127.26.211.2" port: 43755 } } peers { permanent_uuid: "09dfc9788646455eb1fe415228222305" member_type: VOTER last_known_addr { host: "127.26.211.3" port: 40749 } }
I20260710 13:24:09.225267 27750 leader_election.cc:290] T 30242ddab0384998ad0940ec6ce0a390 P 09dfc9788646455eb1fe415228222305 [CANDIDATE]: Term 2 election: Requested vote from peers 5404655186e74d6ebd539be64ba9a6e2 (127.26.211.1:40809), 99b84fdbc5964300a539e8e422b873d3 (127.26.211.2:43755)
I20260710 13:24:09.226251 27602 tablet_service.cc:1917] Received RequestConsensusVote() RPC: tablet_id: "30242ddab0384998ad0940ec6ce0a390" candidate_uuid: "09dfc9788646455eb1fe415228222305" candidate_term: 2 candidate_status { last_received { term: 1 index: 1 } } ignore_live_leader: true dest_uuid: "5404655186e74d6ebd539be64ba9a6e2"
I20260710 13:24:09.226457 27677 tablet_service.cc:1917] Received RequestConsensusVote() RPC: tablet_id: "30242ddab0384998ad0940ec6ce0a390" candidate_uuid: "09dfc9788646455eb1fe415228222305" candidate_term: 2 candidate_status { last_received { term: 1 index: 1 } } ignore_live_leader: true dest_uuid: "99b84fdbc5964300a539e8e422b873d3"
I20260710 13:24:09.226902 27602 raft_consensus.cc:3055] T 30242ddab0384998ad0940ec6ce0a390 P 5404655186e74d6ebd539be64ba9a6e2 [term 1 LEADER]: Stepping down as leader of term 1
I20260710 13:24:09.227043 27677 raft_consensus.cc:3060] T 30242ddab0384998ad0940ec6ce0a390 P 99b84fdbc5964300a539e8e422b873d3 [term 1 FOLLOWER]: Advancing to term 2
I20260710 13:24:09.227281 27602 raft_consensus.cc:740] T 30242ddab0384998ad0940ec6ce0a390 P 5404655186e74d6ebd539be64ba9a6e2 [term 1 LEADER]: Becoming Follower/Learner. State: Replica: 5404655186e74d6ebd539be64ba9a6e2, State: Running, Role: LEADER
I20260710 13:24:09.228127 27602 consensus_queue.cc:260] T 30242ddab0384998ad0940ec6ce0a390 P 5404655186e74d6ebd539be64ba9a6e2 [NON_LEADER]: Queue going to NON_LEADER mode. State: All replicated index: 0, Majority replicated index: 1, Committed index: 1, Last appended: 1.1, Last appended by leader: 1, Current term: 1, Majority size: -1, State: 0, Mode: NON_LEADER, active raft config: opid_index: -1 OBSOLETE_local: false peers { permanent_uuid: "5404655186e74d6ebd539be64ba9a6e2" member_type: VOTER last_known_addr { host: "127.26.211.1" port: 40809 } } peers { permanent_uuid: "99b84fdbc5964300a539e8e422b873d3" member_type: VOTER last_known_addr { host: "127.26.211.2" port: 43755 } } peers { permanent_uuid: "09dfc9788646455eb1fe415228222305" member_type: VOTER last_known_addr { host: "127.26.211.3" port: 40749 } }
I20260710 13:24:09.229255 27602 raft_consensus.cc:3060] T 30242ddab0384998ad0940ec6ce0a390 P 5404655186e74d6ebd539be64ba9a6e2 [term 1 FOLLOWER]: Advancing to term 2
I20260710 13:24:09.232769 27677 raft_consensus.cc:2468] T 30242ddab0384998ad0940ec6ce0a390 P 99b84fdbc5964300a539e8e422b873d3 [term 2 FOLLOWER]: Leader election vote request: Granting yes vote for candidate 09dfc9788646455eb1fe415228222305 in term 2.
I20260710 13:24:09.233889 27718 leader_election.cc:304] T 30242ddab0384998ad0940ec6ce0a390 P 09dfc9788646455eb1fe415228222305 [CANDIDATE]: Term 2 election: Election decided. Result: candidate won. Election summary: received 2 responses out of 3 voters: 2 yes votes; 0 no votes. yes voters: 09dfc9788646455eb1fe415228222305, 99b84fdbc5964300a539e8e422b873d3; no voters: 
I20260710 13:24:09.234714 27915 raft_consensus.cc:2804] T 30242ddab0384998ad0940ec6ce0a390 P 09dfc9788646455eb1fe415228222305 [term 2 FOLLOWER]: Leader election won for term 2
I20260710 13:24:09.235221 27915 raft_consensus.cc:697] T 30242ddab0384998ad0940ec6ce0a390 P 09dfc9788646455eb1fe415228222305 [term 2 LEADER]: Becoming Leader. State: Replica: 09dfc9788646455eb1fe415228222305, State: Running, Role: LEADER
I20260710 13:24:09.236115 27915 consensus_queue.cc:237] T 30242ddab0384998ad0940ec6ce0a390 P 09dfc9788646455eb1fe415228222305 [LEADER]: Queue going to LEADER mode. State: All replicated index: 0, Majority replicated index: 1, Committed index: 1, Last appended: 1.1, Last appended by leader: 1, Current term: 2, Majority size: 2, State: 0, Mode: LEADER, active raft config: opid_index: -1 OBSOLETE_local: false peers { permanent_uuid: "5404655186e74d6ebd539be64ba9a6e2" member_type: VOTER last_known_addr { host: "127.26.211.1" port: 40809 } } peers { permanent_uuid: "99b84fdbc5964300a539e8e422b873d3" member_type: VOTER last_known_addr { host: "127.26.211.2" port: 43755 } } peers { permanent_uuid: "09dfc9788646455eb1fe415228222305" member_type: VOTER last_known_addr { host: "127.26.211.3" port: 40749 } }
I20260710 13:24:09.236918 27602 raft_consensus.cc:2468] T 30242ddab0384998ad0940ec6ce0a390 P 5404655186e74d6ebd539be64ba9a6e2 [term 2 FOLLOWER]: Leader election vote request: Granting yes vote for candidate 09dfc9788646455eb1fe415228222305 in term 2.
I20260710 13:24:09.245793 27500 catalog_manager.cc:5697] T 30242ddab0384998ad0940ec6ce0a390 P 09dfc9788646455eb1fe415228222305 reported cstate change: term changed from 1 to 2, leader changed from 5404655186e74d6ebd539be64ba9a6e2 (127.26.211.1) to 09dfc9788646455eb1fe415228222305 (127.26.211.3). New cstate: current_term: 2 leader_uuid: "09dfc9788646455eb1fe415228222305" committed_config { opid_index: -1 OBSOLETE_local: false peers { permanent_uuid: "5404655186e74d6ebd539be64ba9a6e2" member_type: VOTER last_known_addr { host: "127.26.211.1" port: 40809 } health_report { overall_health: UNKNOWN } } peers { permanent_uuid: "99b84fdbc5964300a539e8e422b873d3" member_type: VOTER last_known_addr { host: "127.26.211.2" port: 43755 } health_report { overall_health: UNKNOWN } } peers { permanent_uuid: "09dfc9788646455eb1fe415228222305" member_type: VOTER last_known_addr { host: "127.26.211.3" port: 40749 } health_report { overall_health: HEALTHY } } }
