I20260710 13:24:23.376320 28324 ts_tablet_manager.cc:1434] T 3086ffa43678433c97e0e42517dc116f P 24ff494989f24a5ebb38ddf3cce6bbb6: Time spent starting tablet: real 0.005s	user 0.004s	sys 0.000s
I20260710 13:24:23.376391 28323 consensus_queue.cc:260] T 317f0a69f37d4de5bdbad39badca2e29 P d33e3ba0ff2746b1b5d486cbf9bdf2d1 [NON_LEADER]: Queue going to NON_LEADER mode. State: All replicated index: 0, Majority replicated index: 0, Committed index: 0, Last appended: 0.0, Last appended by leader: 0, Current term: 0, Majority size: -1, State: 0, Mode: NON_LEADER, active raft config: opid_index: -1 OBSOLETE_local: false peers { permanent_uuid: "baba1bdf82314404b0cfcf3839fe7fb2" member_type: VOTER last_known_addr { host: "127.26.91.193" port: 42785 } } peers { permanent_uuid: "d33e3ba0ff2746b1b5d486cbf9bdf2d1" member_type: VOTER last_known_addr { host: "127.26.91.194" port: 45191 } } peers { permanent_uuid: "24ff494989f24a5ebb38ddf3cce6bbb6" member_type: VOTER last_known_addr { host: "127.26.91.195" port: 34701 } }
I20260710 13:24:23.376984 28324 tablet_bootstrap.cc:492] T bd8993eab0a54c14b2edb4b5e29083b9 P 24ff494989f24a5ebb38ddf3cce6bbb6: Bootstrap starting.
I20260710 13:24:23.380481 28325 raft_consensus.cc:359] T 5903f44c3fd4420e98b53c2c197f6d64 P baba1bdf82314404b0cfcf3839fe7fb2 [term 0 FOLLOWER]: Replica starting. Triggering 0 pending ops. Active config: opid_index: -1 OBSOLETE_local: false peers { permanent_uuid: "baba1bdf82314404b0cfcf3839fe7fb2" member_type: VOTER last_known_addr { host: "127.26.91.193" port: 42785 } } peers { permanent_uuid: "d33e3ba0ff2746b1b5d486cbf9bdf2d1" member_type: VOTER last_known_addr { host: "127.26.91.194" port: 45191 } } peers { permanent_uuid: "24ff494989f24a5ebb38ddf3cce6bbb6" member_type: VOTER last_known_addr { host: "127.26.91.195" port: 34701 } }
I20260710 13:24:23.381107 28325 raft_consensus.cc:385] T 5903f44c3fd4420e98b53c2c197f6d64 P baba1bdf82314404b0cfcf3839fe7fb2 [term 0 FOLLOWER]: Consensus starting up: Expiring failure detector timer to make a prompt election more likely
I20260710 13:24:23.381366 28325 raft_consensus.cc:740] T 5903f44c3fd4420e98b53c2c197f6d64 P baba1bdf82314404b0cfcf3839fe7fb2 [term 0 FOLLOWER]: Becoming Follower/Learner. State: Replica: baba1bdf82314404b0cfcf3839fe7fb2, State: Initialized, Role: FOLLOWER
I20260710 13:24:23.381835 28324 tablet_bootstrap.cc:654] T bd8993eab0a54c14b2edb4b5e29083b9 P 24ff494989f24a5ebb38ddf3cce6bbb6: Neither blocks nor log segments found. Creating new log.
I20260710 13:24:23.382028 28325 consensus_queue.cc:260] T 5903f44c3fd4420e98b53c2c197f6d64 P baba1bdf82314404b0cfcf3839fe7fb2 [NON_LEADER]: Queue going to NON_LEADER mode. State: All replicated index: 0, Majority replicated index: 0, Committed index: 0, Last appended: 0.0, Last appended by leader: 0, Current term: 0, Majority size: -1, State: 0, Mode: NON_LEADER, active raft config: opid_index: -1 OBSOLETE_local: false peers { permanent_uuid: "baba1bdf82314404b0cfcf3839fe7fb2" member_type: VOTER last_known_addr { host: "127.26.91.193" port: 42785 } } peers { permanent_uuid: "d33e3ba0ff2746b1b5d486cbf9bdf2d1" member_type: VOTER last_known_addr { host: "127.26.91.194" port: 45191 } } peers { permanent_uuid: "24ff494989f24a5ebb38ddf3cce6bbb6" member_type: VOTER last_known_addr { host: "127.26.91.195" port: 34701 } }
I20260710 13:24:23.383898 28325 ts_tablet_manager.cc:1434] T 5903f44c3fd4420e98b53c2c197f6d64 P baba1bdf82314404b0cfcf3839fe7fb2: Time spent starting tablet: real 0.008s	user 0.005s	sys 0.000s
I20260710 13:24:23.384675 28323 ts_tablet_manager.cc:1434] T 317f0a69f37d4de5bdbad39badca2e29 P d33e3ba0ff2746b1b5d486cbf9bdf2d1: Time spent starting tablet: real 0.013s	user 0.006s	sys 0.000s
I20260710 13:24:23.384948 28325 tablet_bootstrap.cc:492] T 71a778f507eb4519b207a4ab768245ab P baba1bdf82314404b0cfcf3839fe7fb2: Bootstrap starting.
I20260710 13:24:23.387992 28323 tablet_bootstrap.cc:492] T 7c0108889c7a4a2d885598ddce565e87 P d33e3ba0ff2746b1b5d486cbf9bdf2d1: Bootstrap starting.
I20260710 13:24:23.390205 28325 tablet_bootstrap.cc:654] T 71a778f507eb4519b207a4ab768245ab P baba1bdf82314404b0cfcf3839fe7fb2: Neither blocks nor log segments found. Creating new log.
I20260710 13:24:23.397600 28323 tablet_bootstrap.cc:654] T 7c0108889c7a4a2d885598ddce565e87 P d33e3ba0ff2746b1b5d486cbf9bdf2d1: Neither blocks nor log segments found. Creating new log.
I20260710 13:24:23.401083 28325 tablet_bootstrap.cc:492] T 71a778f507eb4519b207a4ab768245ab P baba1bdf82314404b0cfcf3839fe7fb2: No bootstrap required, opened a new log
I20260710 13:24:23.401515 28325 ts_tablet_manager.cc:1403] T 71a778f507eb4519b207a4ab768245ab P baba1bdf82314404b0cfcf3839fe7fb2: Time spent bootstrapping tablet: real 0.017s	user 0.014s	sys 0.000s
I20260710 13:24:23.401984 28324 tablet_bootstrap.cc:492] T bd8993eab0a54c14b2edb4b5e29083b9 P 24ff494989f24a5ebb38ddf3cce6bbb6: No bootstrap required, opened a new log
I20260710 13:24:23.402316 28324 ts_tablet_manager.cc:1403] T bd8993eab0a54c14b2edb4b5e29083b9 P 24ff494989f24a5ebb38ddf3cce6bbb6: Time spent bootstrapping tablet: real 0.025s	user 0.020s	sys 0.003s
I20260710 13:24:23.403885 28325 raft_consensus.cc:359] T 71a778f507eb4519b207a4ab768245ab P baba1bdf82314404b0cfcf3839fe7fb2 [term 0 FOLLOWER]: Replica starting. Triggering 0 pending ops. Active config: opid_index: -1 OBSOLETE_local: false peers { permanent_uuid: "baba1bdf82314404b0cfcf3839fe7fb2" member_type: VOTER last_known_addr { host: "127.26.91.193" port: 42785 } } peers { permanent_uuid: "d33e3ba0ff2746b1b5d486cbf9bdf2d1" member_type: VOTER last_known_addr { host: "127.26.91.194" port: 45191 } } peers { permanent_uuid: "24ff494989f24a5ebb38ddf3cce6bbb6" member_type: VOTER last_known_addr { host: "127.26.91.195" port: 34701 } }
I20260710 13:24:23.404326 28325 raft_consensus.cc:385] T 71a778f507eb4519b207a4ab768245ab P baba1bdf82314404b0cfcf3839fe7fb2 [term 0 FOLLOWER]: Consensus starting up: Expiring failure detector timer to make a prompt election more likely
I20260710 13:24:23.404296 28324 raft_consensus.cc:359] T bd8993eab0a54c14b2edb4b5e29083b9 P 24ff494989f24a5ebb38ddf3cce6bbb6 [term 0 FOLLOWER]: Replica starting. Triggering 0 pending ops. Active config: opid_index: -1 OBSOLETE_local: false peers { permanent_uuid: "baba1bdf82314404b0cfcf3839fe7fb2" member_type: VOTER last_known_addr { host: "127.26.91.193" port: 42785 } } peers { permanent_uuid: "d33e3ba0ff2746b1b5d486cbf9bdf2d1" member_type: VOTER last_known_addr { host: "127.26.91.194" port: 45191 } } peers { permanent_uuid: "24ff494989f24a5ebb38ddf3cce6bbb6" member_type: VOTER last_known_addr { host: "127.26.91.195" port: 34701 } }
I20260710 13:24:23.404719 28325 raft_consensus.cc:740] T 71a778f507eb4519b207a4ab768245ab P baba1bdf82314404b0cfcf3839fe7fb2 [term 0 FOLLOWER]: Becoming Follower/Learner. State: Replica: baba1bdf82314404b0cfcf3839fe7fb2, State: Initialized, Role: FOLLOWER
I20260710 13:24:23.404922 28324 raft_consensus.cc:385] T bd8993eab0a54c14b2edb4b5e29083b9 P 24ff494989f24a5ebb38ddf3cce6bbb6 [term 0 FOLLOWER]: Consensus starting up: Expiring failure detector timer to make a prompt election more likely
I20260710 13:24:23.405202 28324 raft_consensus.cc:740] T bd8993eab0a54c14b2edb4b5e29083b9 P 24ff494989f24a5ebb38ddf3cce6bbb6 [term 0 FOLLOWER]: Becoming Follower/Learner. State: Replica: 24ff494989f24a5ebb38ddf3cce6bbb6, State: Initialized, Role: FOLLOWER
I20260710 13:24:23.405642 28323 tablet_bootstrap.cc:492] T 7c0108889c7a4a2d885598ddce565e87 P d33e3ba0ff2746b1b5d486cbf9bdf2d1: No bootstrap required, opened a new log
I20260710 13:24:23.405383 28325 consensus_queue.cc:260] T 71a778f507eb4519b207a4ab768245ab P baba1bdf82314404b0cfcf3839fe7fb2 [NON_LEADER]: Queue going to NON_LEADER mode. State: All replicated index: 0, Majority replicated index: 0, Committed index: 0, Last appended: 0.0, Last appended by leader: 0, Current term: 0, Majority size: -1, State: 0, Mode: NON_LEADER, active raft config: opid_index: -1 OBSOLETE_local: false peers { permanent_uuid: "baba1bdf82314404b0cfcf3839fe7fb2" member_type: VOTER last_known_addr { host: "127.26.91.193" port: 42785 } } peers { permanent_uuid: "d33e3ba0ff2746b1b5d486cbf9bdf2d1" member_type: VOTER last_known_addr { host: "127.26.91.194" port: 45191 } } peers { permanent_uuid: "24ff494989f24a5ebb38ddf3cce6bbb6" member_type: VOTER last_known_addr { host: "127.26.91.195" port: 34701 } }
I20260710 13:24:23.406054 28323 ts_tablet_manager.cc:1403] T 7c0108889c7a4a2d885598ddce565e87 P d33e3ba0ff2746b1b5d486cbf9bdf2d1: Time spent bootstrapping tablet: real 0.018s	user 0.003s	sys 0.011s
I20260710 13:24:23.405787 28324 consensus_queue.cc:260] T bd8993eab0a54c14b2edb4b5e29083b9 P 24ff494989f24a5ebb38ddf3cce6bbb6 [NON_LEADER]: Queue going to NON_LEADER mode. State: All replicated index: 0, Majority replicated index: 0, Committed index: 0, Last appended: 0.0, Last appended by leader: 0, Current term: 0, Majority size: -1, State: 0, Mode: NON_LEADER, active raft config: opid_index: -1 OBSOLETE_local: false peers { permanent_uuid: "baba1bdf82314404b0cfcf3839fe7fb2" member_type: VOTER last_known_addr { host: "127.26.91.193" port: 42785 } } peers { permanent_uuid: "d33e3ba0ff2746b1b5d486cbf9bdf2d1" member_type: VOTER last_known_addr { host: "127.26.91.194" port: 45191 } } peers { permanent_uuid: "24ff494989f24a5ebb38ddf3cce6bbb6" member_type: VOTER last_known_addr { host: "127.26.91.195" port: 34701 } }
I20260710 13:24:23.407240 28325 ts_tablet_manager.cc:1434] T 71a778f507eb4519b207a4ab768245ab P baba1bdf82314404b0cfcf3839fe7fb2: Time spent starting tablet: real 0.005s	user 0.005s	sys 0.000s
I20260710 13:24:23.408203 28325 tablet_bootstrap.cc:492] T d71231efb3884579be20c3963788f323 P baba1bdf82314404b0cfcf3839fe7fb2: Bootstrap starting.
I20260710 13:24:23.408603 28323 raft_consensus.cc:359] T 7c0108889c7a4a2d885598ddce565e87 P d33e3ba0ff2746b1b5d486cbf9bdf2d1 [term 0 FOLLOWER]: Replica starting. Triggering 0 pending ops. Active config: opid_index: -1 OBSOLETE_local: false peers { permanent_uuid: "baba1bdf82314404b0cfcf3839fe7fb2" member_type: VOTER last_known_addr { host: "127.26.91.193" port: 42785 } } peers { permanent_uuid: "d33e3ba0ff2746b1b5d486cbf9bdf2d1" member_type: VOTER last_known_addr { host: "127.26.91.194" port: 45191 } } peers { permanent_uuid: "24ff494989f24a5ebb38ddf3cce6bbb6" member_type: VOTER last_known_addr { host: "127.26.91.195" port: 34701 } }
I20260710 13:24:23.409224 28323 raft_consensus.cc:385] T 7c0108889c7a4a2d885598ddce565e87 P d33e3ba0ff2746b1b5d486cbf9bdf2d1 [term 0 FOLLOWER]: Consensus starting up: Expiring failure detector timer to make a prompt election more likely
I20260710 13:24:23.409509 28323 raft_consensus.cc:740] T 7c0108889c7a4a2d885598ddce565e87 P d33e3ba0ff2746b1b5d486cbf9bdf2d1 [term 0 FOLLOWER]: Becoming Follower/Learner. State: Replica: d33e3ba0ff2746b1b5d486cbf9bdf2d1, State: Initialized, Role: FOLLOWER
I20260710 13:24:23.410226 28323 consensus_queue.cc:260] T 7c0108889c7a4a2d885598ddce565e87 P d33e3ba0ff2746b1b5d486cbf9bdf2d1 [NON_LEADER]: Queue going to NON_LEADER mode. State: All replicated index: 0, Majority replicated index: 0, Committed index: 0, Last appended: 0.0, Last appended by leader: 0, Current term: 0, Majority size: -1, State: 0, Mode: NON_LEADER, active raft config: opid_index: -1 OBSOLETE_local: false peers { permanent_uuid: "baba1bdf82314404b0cfcf3839fe7fb2" member_type: VOTER last_known_addr { host: "127.26.91.193" port: 42785 } } peers { permanent_uuid: "d33e3ba0ff2746b1b5d486cbf9bdf2d1" member_type: VOTER last_known_addr { host: "127.26.91.194" port: 45191 } } peers { permanent_uuid: "24ff494989f24a5ebb38ddf3cce6bbb6" member_type: VOTER last_known_addr { host: "127.26.91.195" port: 34701 } }
I20260710 13:24:23.413429 28325 tablet_bootstrap.cc:654] T d71231efb3884579be20c3963788f323 P baba1bdf82314404b0cfcf3839fe7fb2: Neither blocks nor log segments found. Creating new log.
I20260710 13:24:23.416975 28324 ts_tablet_manager.cc:1434] T bd8993eab0a54c14b2edb4b5e29083b9 P 24ff494989f24a5ebb38ddf3cce6bbb6: Time spent starting tablet: real 0.014s	user 0.005s	sys 0.000s
I20260710 13:24:23.418779 28323 ts_tablet_manager.cc:1434] T 7c0108889c7a4a2d885598ddce565e87 P d33e3ba0ff2746b1b5d486cbf9bdf2d1: Time spent starting tablet: real 0.012s	user 0.005s	sys 0.000s
I20260710 13:24:23.419637 28324 tablet_bootstrap.cc:492] T 57b89d6e02154261a41b213093c1e05b P 24ff494989f24a5ebb38ddf3cce6bbb6: Bootstrap starting.
I20260710 13:24:23.423575 28329 raft_consensus.cc:493] T 3086ffa43678433c97e0e42517dc116f P 24ff494989f24a5ebb38ddf3cce6bbb6 [term 0 FOLLOWER]: Starting pre-election (no leader contacted us within the election timeout)
I20260710 13:24:23.424085 28325 tablet_bootstrap.cc:492] T d71231efb3884579be20c3963788f323 P baba1bdf82314404b0cfcf3839fe7fb2: No bootstrap required, opened a new log
I20260710 13:24:23.424014 28329 raft_consensus.cc:515] T 3086ffa43678433c97e0e42517dc116f P 24ff494989f24a5ebb38ddf3cce6bbb6 [term 0 FOLLOWER]: Starting pre-election with config: opid_index: -1 OBSOLETE_local: false peers { permanent_uuid: "baba1bdf82314404b0cfcf3839fe7fb2" member_type: VOTER last_known_addr { host: "127.26.91.193" port: 42785 } } peers { permanent_uuid: "d33e3ba0ff2746b1b5d486cbf9bdf2d1" member_type: VOTER last_known_addr { host: "127.26.91.194" port: 45191 } } peers { permanent_uuid: "24ff494989f24a5ebb38ddf3cce6bbb6" member_type: VOTER last_known_addr { host: "127.26.91.195" port: 34701 } }
I20260710 13:24:23.424516 28325 ts_tablet_manager.cc:1403] T d71231efb3884579be20c3963788f323 P baba1bdf82314404b0cfcf3839fe7fb2: Time spent bootstrapping tablet: real 0.016s	user 0.010s	sys 0.004s
I20260710 13:24:23.425071 28324 tablet_bootstrap.cc:654] T 57b89d6e02154261a41b213093c1e05b P 24ff494989f24a5ebb38ddf3cce6bbb6: Neither blocks nor log segments found. Creating new log.
I20260710 13:24:23.426232 28323 tablet_bootstrap.cc:492] T d7f649092c444e64918fe740cfb69fa4 P d33e3ba0ff2746b1b5d486cbf9bdf2d1: Bootstrap starting.
I20260710 13:24:23.426817 28325 raft_consensus.cc:359] T d71231efb3884579be20c3963788f323 P baba1bdf82314404b0cfcf3839fe7fb2 [term 0 FOLLOWER]: Replica starting. Triggering 0 pending ops. Active config: opid_index: -1 OBSOLETE_local: false peers { permanent_uuid: "baba1bdf82314404b0cfcf3839fe7fb2" member_type: VOTER last_known_addr { host: "127.26.91.193" port: 42785 } } peers { permanent_uuid: "d33e3ba0ff2746b1b5d486cbf9bdf2d1" member_type: VOTER last_known_addr { host: "127.26.91.194" port: 45191 } } peers { permanent_uuid: "24ff494989f24a5ebb38ddf3cce6bbb6" member_type: VOTER last_known_addr { host: "127.26.91.195" port: 34701 } }
I20260710 13:24:23.427433 28325 raft_consensus.cc:385] T d71231efb3884579be20c3963788f323 P baba1bdf82314404b0cfcf3839fe7fb2 [term 0 FOLLOWER]: Consensus starting up: Expiring failure detector timer to make a prompt election more likely
I20260710 13:24:23.427670 28325 raft_consensus.cc:740] T d71231efb3884579be20c3963788f323 P baba1bdf82314404b0cfcf3839fe7fb2 [term 0 FOLLOWER]: Becoming Follower/Learner. State: Replica: baba1bdf82314404b0cfcf3839fe7fb2, State: Initialized, Role: FOLLOWER
I20260710 13:24:23.428128 28134 tablet_service.cc:1917] Received RequestConsensusVote() RPC: tablet_id: "3086ffa43678433c97e0e42517dc116f" candidate_uuid: "24ff494989f24a5ebb38ddf3cce6bbb6" candidate_term: 1 candidate_status { last_received { term: 0 index: 0 } } ignore_live_leader: false dest_uuid: "baba1bdf82314404b0cfcf3839fe7fb2" is_pre_election: true
I20260710 13:24:23.428444 28325 consensus_queue.cc:260] T d71231efb3884579be20c3963788f323 P baba1bdf82314404b0cfcf3839fe7fb2 [NON_LEADER]: Queue going to NON_LEADER mode. State: All replicated index: 0, Majority replicated index: 0, Committed index: 0, Last appended: 0.0, Last appended by leader: 0, Current term: 0, Majority size: -1, State: 0, Mode: NON_LEADER, active raft config: opid_index: -1 OBSOLETE_local: false peers { permanent_uuid: "baba1bdf82314404b0cfcf3839fe7fb2" member_type: VOTER last_known_addr { host: "127.26.91.193" port: 42785 } } peers { permanent_uuid: "d33e3ba0ff2746b1b5d486cbf9bdf2d1" member_type: VOTER last_known_addr { host: "127.26.91.194" port: 45191 } } peers { permanent_uuid: "24ff494989f24a5ebb38ddf3cce6bbb6" member_type: VOTER last_known_addr { host: "127.26.91.195" port: 34701 } }
I20260710 13:24:23.428766 28134 raft_consensus.cc:2468] T 3086ffa43678433c97e0e42517dc116f P baba1bdf82314404b0cfcf3839fe7fb2 [term 0 FOLLOWER]: Leader pre-election vote request: Granting yes vote for candidate 24ff494989f24a5ebb38ddf3cce6bbb6 in term 0.
I20260710 13:24:23.429414 28210 tablet_service.cc:1917] Received RequestConsensusVote() RPC: tablet_id: "3086ffa43678433c97e0e42517dc116f" candidate_uuid: "24ff494989f24a5ebb38ddf3cce6bbb6" candidate_term: 1 candidate_status { last_received { term: 0 index: 0 } } ignore_live_leader: false dest_uuid: "d33e3ba0ff2746b1b5d486cbf9bdf2d1" is_pre_election: true
I20260710 13:24:23.429994 28250 leader_election.cc:304] T 3086ffa43678433c97e0e42517dc116f P 24ff494989f24a5ebb38ddf3cce6bbb6 [CANDIDATE]: Term 1 pre-election: Election decided. Result: candidate won. Election summary: received 2 responses out of 3 voters: 2 yes votes; 0 no votes. yes voters: 24ff494989f24a5ebb38ddf3cce6bbb6, baba1bdf82314404b0cfcf3839fe7fb2; no voters: 
I20260710 13:24:23.426301 28329 leader_election.cc:290] T 3086ffa43678433c97e0e42517dc116f P 24ff494989f24a5ebb38ddf3cce6bbb6 [CANDIDATE]: Term 1 pre-election: Requested pre-vote from peers baba1bdf82314404b0cfcf3839fe7fb2 (127.26.91.193:42785), d33e3ba0ff2746b1b5d486cbf9bdf2d1 (127.26.91.194:45191)
W20260710 13:24:23.430866 28250 leader_election.cc:343] T 3086ffa43678433c97e0e42517dc116f P 24ff494989f24a5ebb38ddf3cce6bbb6 [CANDIDATE]: Term 1 pre-election: Tablet error from VoteRequest() call to peer d33e3ba0ff2746b1b5d486cbf9bdf2d1 (127.26.91.194:45191): Illegal state: must be running to vote when last-logged opid is not known
I20260710 13:24:23.431113 28329 raft_consensus.cc:2804] T 3086ffa43678433c97e0e42517dc116f P 24ff494989f24a5ebb38ddf3cce6bbb6 [term 0 FOLLOWER]: Leader pre-election won for term 1
I20260710 13:24:23.431488 28329 raft_consensus.cc:493] T 3086ffa43678433c97e0e42517dc116f P 24ff494989f24a5ebb38ddf3cce6bbb6 [term 0 FOLLOWER]: Starting leader election (no leader contacted us within the election timeout)
I20260710 13:24:23.431833 28329 raft_consensus.cc:3060] T 3086ffa43678433c97e0e42517dc116f P 24ff494989f24a5ebb38ddf3cce6bbb6 [term 0 FOLLOWER]: Advancing to term 1
I20260710 13:24:23.432520 28323 tablet_bootstrap.cc:654] T d7f649092c444e64918fe740cfb69fa4 P d33e3ba0ff2746b1b5d486cbf9bdf2d1: Neither blocks nor log segments found. Creating new log.
I20260710 13:24:23.433275 28325 ts_tablet_manager.cc:1434] T d71231efb3884579be20c3963788f323 P baba1bdf82314404b0cfcf3839fe7fb2: Time spent starting tablet: real 0.008s	user 0.006s	sys 0.000s
I20260710 13:24:23.435070 28330 raft_consensus.cc:493] T 2f7622ea9e444eb5a3f77d0912f2be6b P baba1bdf82314404b0cfcf3839fe7fb2 [term 0 FOLLOWER]: Starting pre-election (no leader contacted us within the election timeout)
I20260710 13:24:23.435711 28324 tablet_bootstrap.cc:492] T 57b89d6e02154261a41b213093c1e05b P 24ff494989f24a5ebb38ddf3cce6bbb6: No bootstrap required, opened a new log
I20260710 13:24:23.435554 28330 raft_consensus.cc:515] T 2f7622ea9e444eb5a3f77d0912f2be6b P baba1bdf82314404b0cfcf3839fe7fb2 [term 0 FOLLOWER]: Starting pre-election with config: opid_index: -1 OBSOLETE_local: false peers { permanent_uuid: "baba1bdf82314404b0cfcf3839fe7fb2" member_type: VOTER last_known_addr { host: "127.26.91.193" port: 42785 } } peers { permanent_uuid: "d33e3ba0ff2746b1b5d486cbf9bdf2d1" member_type: VOTER last_known_addr { host: "127.26.91.194" port: 45191 } } peers { permanent_uuid: "24ff494989f24a5ebb38ddf3cce6bbb6" member_type: VOTER last_known_addr { host: "127.26.91.195" port: 34701 } }
I20260710 13:24:23.436121 28324 ts_tablet_manager.cc:1403] T 57b89d6e02154261a41b213093c1e05b P 24ff494989f24a5ebb38ddf3cce6bbb6: Time spent bootstrapping tablet: real 0.017s	user 0.011s	sys 0.004s
I20260710 13:24:23.437567 28330 leader_election.cc:290] T 2f7622ea9e444eb5a3f77d0912f2be6b P baba1bdf82314404b0cfcf3839fe7fb2 [CANDIDATE]: Term 1 pre-election: Requested pre-vote from peers d33e3ba0ff2746b1b5d486cbf9bdf2d1 (127.26.91.194:45191), 24ff494989f24a5ebb38ddf3cce6bbb6 (127.26.91.195:34701)
I20260710 13:24:23.438583 28324 raft_consensus.cc:359] T 57b89d6e02154261a41b213093c1e05b P 24ff494989f24a5ebb38ddf3cce6bbb6 [term 0 FOLLOWER]: Replica starting. Triggering 0 pending ops. Active config: opid_index: -1 OBSOLETE_local: false peers { permanent_uuid: "baba1bdf82314404b0cfcf3839fe7fb2" member_type: VOTER last_known_addr { host: "127.26.91.193" port: 42785 } } peers { permanent_uuid: "d33e3ba0ff2746b1b5d486cbf9bdf2d1" member_type: VOTER last_known_addr { host: "127.26.91.194" port: 45191 } } peers { permanent_uuid: "24ff494989f24a5ebb38ddf3cce6bbb6" member_type: VOTER last_known_addr { host: "127.26.91.195" port: 34701 } }
I20260710 13:24:23.439190 28324 raft_consensus.cc:385] T 57b89d6e02154261a41b213093c1e05b P 24ff494989f24a5ebb38ddf3cce6bbb6 [term 0 FOLLOWER]: Consensus starting up: Expiring failure detector timer to make a prompt election more likely
I20260710 13:24:23.439455 28324 raft_consensus.cc:740] T 57b89d6e02154261a41b213093c1e05b P 24ff494989f24a5ebb38ddf3cce6bbb6 [term 0 FOLLOWER]: Becoming Follower/Learner. State: Replica: 24ff494989f24a5ebb38ddf3cce6bbb6, State: Initialized, Role: FOLLOWER
I20260710 13:24:23.440359 28210 tablet_service.cc:1917] Received RequestConsensusVote() RPC: tablet_id: "2f7622ea9e444eb5a3f77d0912f2be6b" candidate_uuid: "baba1bdf82314404b0cfcf3839fe7fb2" candidate_term: 1 candidate_status { last_received { term: 0 index: 0 } } ignore_live_leader: false dest_uuid: "d33e3ba0ff2746b1b5d486cbf9bdf2d1" is_pre_election: true
I20260710 13:24:23.440317 28324 consensus_queue.cc:260] T 57b89d6e02154261a41b213093c1e05b P 24ff494989f24a5ebb38ddf3cce6bbb6 [NON_LEADER]: Queue going to NON_LEADER mode. State: All replicated index: 0, Majority replicated index: 0, Committed index: 0, Last appended: 0.0, Last appended by leader: 0, Current term: 0, Majority size: -1, State: 0, Mode: NON_LEADER, active raft config: opid_index: -1 OBSOLETE_local: false peers { permanent_uuid: "baba1bdf82314404b0cfcf3839fe7fb2" member_type: VOTER last_known_addr { host: "127.26.91.193" port: 42785 } } peers { permanent_uuid: "d33e3ba0ff2746b1b5d486cbf9bdf2d1" member_type: VOTER last_known_addr { host: "127.26.91.194" port: 45191 } } peers { permanent_uuid: "24ff494989f24a5ebb38ddf3cce6bbb6" member_type: VOTER last_known_addr { host: "127.26.91.195" port: 34701 } }
I20260710 13:24:23.441216 28210 raft_consensus.cc:2468] T 2f7622ea9e444eb5a3f77d0912f2be6b P d33e3ba0ff2746b1b5d486cbf9bdf2d1 [term 0 FOLLOWER]: Leader pre-election vote request: Granting yes vote for candidate baba1bdf82314404b0cfcf3839fe7fb2 in term 0.
I20260710 13:24:23.442059 28325 tablet_bootstrap.cc:492] T c5da2830406343a98b2d5228da1a28ac P baba1bdf82314404b0cfcf3839fe7fb2: Bootstrap starting.
I20260710 13:24:23.442763 28324 ts_tablet_manager.cc:1434] T 57b89d6e02154261a41b213093c1e05b P 24ff494989f24a5ebb38ddf3cce6bbb6: Time spent starting tablet: real 0.006s	user 0.006s	sys 0.000s
I20260710 13:24:23.443145 28323 tablet_bootstrap.cc:492] T d7f649092c444e64918fe740cfb69fa4 P d33e3ba0ff2746b1b5d486cbf9bdf2d1: No bootstrap required, opened a new log
I20260710 13:24:23.443555 28323 ts_tablet_manager.cc:1403] T d7f649092c444e64918fe740cfb69fa4 P d33e3ba0ff2746b1b5d486cbf9bdf2d1: Time spent bootstrapping tablet: real 0.018s	user 0.009s	sys 0.008s
I20260710 13:24:23.443442 28101 leader_election.cc:304] T 2f7622ea9e444eb5a3f77d0912f2be6b P baba1bdf82314404b0cfcf3839fe7fb2 [CANDIDATE]: Term 1 pre-election: Election decided. Result: candidate won. Election summary: received 2 responses out of 3 voters: 2 yes votes; 0 no votes. yes voters: baba1bdf82314404b0cfcf3839fe7fb2, d33e3ba0ff2746b1b5d486cbf9bdf2d1; no voters: 
I20260710 13:24:23.443732 28324 tablet_bootstrap.cc:492] T 1bc7a56a230e4027b4545135f69f6a5b P 24ff494989f24a5ebb38ddf3cce6bbb6: Bootstrap starting.
I20260710 13:24:23.446245 28330 raft_consensus.cc:2804] T 2f7622ea9e444eb5a3f77d0912f2be6b P baba1bdf82314404b0cfcf3839fe7fb2 [term 0 FOLLOWER]: Leader pre-election won for term 1
I20260710 13:24:23.446652 28330 raft_consensus.cc:493] T 2f7622ea9e444eb5a3f77d0912f2be6b P baba1bdf82314404b0cfcf3839fe7fb2 [term 0 FOLLOWER]: Starting leader election (no leader contacted us within the election timeout)
I20260710 13:24:23.449141 28324 tablet_bootstrap.cc:654] T 1bc7a56a230e4027b4545135f69f6a5b P 24ff494989f24a5ebb38ddf3cce6bbb6: Neither blocks nor log segments found. Creating new log.
I20260710 13:24:23.449172 28323 raft_consensus.cc:359] T d7f649092c444e64918fe740cfb69fa4 P d33e3ba0ff2746b1b5d486cbf9bdf2d1 [term 0 FOLLOWER]: Replica starting. Triggering 0 pending ops. Active config: opid_index: -1 OBSOLETE_local: false peers { permanent_uuid: "24ff494989f24a5ebb38ddf3cce6bbb6" member_type: VOTER last_known_addr { host: "127.26.91.195" port: 34701 } } peers { permanent_uuid: "d33e3ba0ff2746b1b5d486cbf9bdf2d1" member_type: VOTER last_known_addr { host: "127.26.91.194" port: 45191 } } peers { permanent_uuid: "baba1bdf82314404b0cfcf3839fe7fb2" member_type: VOTER last_known_addr { host: "127.26.91.193" port: 42785 } }
I20260710 13:24:23.449925 28323 raft_consensus.cc:385] T d7f649092c444e64918fe740cfb69fa4 P d33e3ba0ff2746b1b5d486cbf9bdf2d1 [term 0 FOLLOWER]: Consensus starting up: Expiring failure detector timer to make a prompt election more likely
I20260710 13:24:23.450268 28323 raft_consensus.cc:740] T d7f649092c444e64918fe740cfb69fa4 P d33e3ba0ff2746b1b5d486cbf9bdf2d1 [term 0 FOLLOWER]: Becoming Follower/Learner. State: Replica: d33e3ba0ff2746b1b5d486cbf9bdf2d1, State: Initialized, Role: FOLLOWER
I20260710 13:24:23.450994 28323 consensus_queue.cc:260] T d7f649092c444e64918fe740cfb69fa4 P d33e3ba0ff2746b1b5d486cbf9bdf2d1 [NON_LEADER]: Queue going to NON_LEADER mode. State: All replicated index: 0, Majority replicated index: 0, Committed index: 0, Last appended: 0.0, Last appended by leader: 0, Current term: 0, Majority size: -1, State: 0, Mode: NON_LEADER, active raft config: opid_index: -1 OBSOLETE_local: false peers { permanent_uuid: "24ff494989f24a5ebb38ddf3cce6bbb6" member_type: VOTER last_known_addr { host: "127.26.91.195" port: 34701 } } peers { permanent_uuid: "d33e3ba0ff2746b1b5d486cbf9bdf2d1" member_type: VOTER last_known_addr { host: "127.26.91.194" port: 45191 } } peers { permanent_uuid: "baba1bdf82314404b0cfcf3839fe7fb2" member_type: VOTER last_known_addr { host: "127.26.91.193" port: 42785 } }
I20260710 13:24:23.449353 28330 raft_consensus.cc:3060] T 2f7622ea9e444eb5a3f77d0912f2be6b P baba1bdf82314404b0cfcf3839fe7fb2 [term 0 FOLLOWER]: Advancing to term 1
I20260710 13:24:23.439451 28284 tablet_service.cc:1917] Received RequestConsensusVote() RPC: tablet_id: "2f7622ea9e444eb5a3f77d0912f2be6b" candidate_uuid: "baba1bdf82314404b0cfcf3839fe7fb2" candidate_term: 1 candidate_status { last_received { term: 0 index: 0 } } ignore_live_leader: false dest_uuid: "24ff494989f24a5ebb38ddf3cce6bbb6" is_pre_election: true
I20260710 13:24:23.452554 28284 raft_consensus.cc:2468] T 2f7622ea9e444eb5a3f77d0912f2be6b P 24ff494989f24a5ebb38ddf3cce6bbb6 [term 0 FOLLOWER]: Leader pre-election vote request: Granting yes vote for candidate baba1bdf82314404b0cfcf3839fe7fb2 in term 0.
I20260710 13:24:23.447328 28325 tablet_bootstrap.cc:654] T c5da2830406343a98b2d5228da1a28ac P baba1bdf82314404b0cfcf3839fe7fb2: Neither blocks nor log segments found. Creating new log.
I20260710 13:24:23.448817 28340 raft_consensus.cc:493] T 7c0108889c7a4a2d885598ddce565e87 P d33e3ba0ff2746b1b5d486cbf9bdf2d1 [term 0 FOLLOWER]: Starting pre-election (no leader contacted us within the election timeout)
I20260710 13:24:23.454300 28340 raft_consensus.cc:515] T 7c0108889c7a4a2d885598ddce565e87 P d33e3ba0ff2746b1b5d486cbf9bdf2d1 [term 0 FOLLOWER]: Starting pre-election with config: opid_index: -1 OBSOLETE_local: false peers { permanent_uuid: "baba1bdf82314404b0cfcf3839fe7fb2" member_type: VOTER last_known_addr { host: "127.26.91.193" port: 42785 } } peers { permanent_uuid: "d33e3ba0ff2746b1b5d486cbf9bdf2d1" member_type: VOTER last_known_addr { host: "127.26.91.194" port: 45191 } } peers { permanent_uuid: "24ff494989f24a5ebb38ddf3cce6bbb6" member_type: VOTER last_known_addr { host: "127.26.91.195" port: 34701 } }
I20260710 13:24:23.456286 28340 leader_election.cc:290] T 7c0108889c7a4a2d885598ddce565e87 P d33e3ba0ff2746b1b5d486cbf9bdf2d1 [CANDIDATE]: Term 1 pre-election: Requested pre-vote from peers baba1bdf82314404b0cfcf3839fe7fb2 (127.26.91.193:42785), 24ff494989f24a5ebb38ddf3cce6bbb6 (127.26.91.195:34701)
I20260710 13:24:23.457038 28323 ts_tablet_manager.cc:1434] T d7f649092c444e64918fe740cfb69fa4 P d33e3ba0ff2746b1b5d486cbf9bdf2d1: Time spent starting tablet: real 0.013s	user 0.007s	sys 0.001s
I20260710 13:24:23.457378 28284 tablet_service.cc:1917] Received RequestConsensusVote() RPC: tablet_id: "7c0108889c7a4a2d885598ddce565e87" candidate_uuid: "d33e3ba0ff2746b1b5d486cbf9bdf2d1" candidate_term: 1 candidate_status { last_received { term: 0 index: 0 } } ignore_live_leader: false dest_uuid: "24ff494989f24a5ebb38ddf3cce6bbb6" is_pre_election: true
I20260710 13:24:23.457988 28284 raft_consensus.cc:2468] T 7c0108889c7a4a2d885598ddce565e87 P 24ff494989f24a5ebb38ddf3cce6bbb6 [term 0 FOLLOWER]: Leader pre-election vote request: Granting yes vote for candidate d33e3ba0ff2746b1b5d486cbf9bdf2d1 in term 0.
I20260710 13:24:23.459240 28176 leader_election.cc:304] T 7c0108889c7a4a2d885598ddce565e87 P d33e3ba0ff2746b1b5d486cbf9bdf2d1 [CANDIDATE]: Term 1 pre-election: Election decided. Result: candidate won. Election summary: received 2 responses out of 3 voters: 2 yes votes; 0 no votes. yes voters: 24ff494989f24a5ebb38ddf3cce6bbb6, d33e3ba0ff2746b1b5d486cbf9bdf2d1; no voters: 
I20260710 13:24:23.460124 28340 raft_consensus.cc:2804] T 7c0108889c7a4a2d885598ddce565e87 P d33e3ba0ff2746b1b5d486cbf9bdf2d1 [term 0 FOLLOWER]: Leader pre-election won for term 1
I20260710 13:24:23.460464 28340 raft_consensus.cc:493] T 7c0108889c7a4a2d885598ddce565e87 P d33e3ba0ff2746b1b5d486cbf9bdf2d1 [term 0 FOLLOWER]: Starting leader election (no leader contacted us within the election timeout)
I20260710 13:24:23.460780 28340 raft_consensus.cc:3060] T 7c0108889c7a4a2d885598ddce565e87 P d33e3ba0ff2746b1b5d486cbf9bdf2d1 [term 0 FOLLOWER]: Advancing to term 1
I20260710 13:24:23.463264 28328 raft_consensus.cc:493] T bd8993eab0a54c14b2edb4b5e29083b9 P 24ff494989f24a5ebb38ddf3cce6bbb6 [term 0 FOLLOWER]: Starting pre-election (no leader contacted us within the election timeout)
I20260710 13:24:23.463696 28328 raft_consensus.cc:515] T bd8993eab0a54c14b2edb4b5e29083b9 P 24ff494989f24a5ebb38ddf3cce6bbb6 [term 0 FOLLOWER]: Starting pre-election with config: opid_index: -1 OBSOLETE_local: false peers { permanent_uuid: "baba1bdf82314404b0cfcf3839fe7fb2" member_type: VOTER last_known_addr { host: "127.26.91.193" port: 42785 } } peers { permanent_uuid: "d33e3ba0ff2746b1b5d486cbf9bdf2d1" member_type: VOTER last_known_addr { host: "127.26.91.194" port: 45191 } } peers { permanent_uuid: "24ff494989f24a5ebb38ddf3cce6bbb6" member_type: VOTER last_known_addr { host: "127.26.91.195" port: 34701 } }
I20260710 13:24:23.465493 28328 leader_election.cc:290] T bd8993eab0a54c14b2edb4b5e29083b9 P 24ff494989f24a5ebb38ddf3cce6bbb6 [CANDIDATE]: Term 1 pre-election: Requested pre-vote from peers baba1bdf82314404b0cfcf3839fe7fb2 (127.26.91.193:42785), d33e3ba0ff2746b1b5d486cbf9bdf2d1 (127.26.91.194:45191)
I20260710 13:24:23.466117 28134 tablet_service.cc:1917] Received RequestConsensusVote() RPC: tablet_id: "7c0108889c7a4a2d885598ddce565e87" candidate_uuid: "d33e3ba0ff2746b1b5d486cbf9bdf2d1" candidate_term: 1 candidate_status { last_received { term: 0 index: 0 } } ignore_live_leader: false dest_uuid: "baba1bdf82314404b0cfcf3839fe7fb2" is_pre_election: true
I20260710 13:24:23.466662 28134 raft_consensus.cc:2468] T 7c0108889c7a4a2d885598ddce565e87 P baba1bdf82314404b0cfcf3839fe7fb2 [term 0 FOLLOWER]: Leader pre-election vote request: Granting yes vote for candidate d33e3ba0ff2746b1b5d486cbf9bdf2d1 in term 0.
I20260710 13:24:23.468111 28323 tablet_bootstrap.cc:492] T 3086ffa43678433c97e0e42517dc116f P d33e3ba0ff2746b1b5d486cbf9bdf2d1: Bootstrap starting.
I20260710 13:24:23.468003 28328 raft_consensus.cc:493] T d7f649092c444e64918fe740cfb69fa4 P 24ff494989f24a5ebb38ddf3cce6bbb6 [term 0 FOLLOWER]: Starting pre-election (no leader contacted us within the election timeout)
I20260710 13:24:23.468477 28328 raft_consensus.cc:515] T d7f649092c444e64918fe740cfb69fa4 P 24ff494989f24a5ebb38ddf3cce6bbb6 [term 0 FOLLOWER]: Starting pre-election with config: opid_index: -1 OBSOLETE_local: false peers { permanent_uuid: "24ff494989f24a5ebb38ddf3cce6bbb6" member_type: VOTER last_known_addr { host: "127.26.91.195" port: 34701 } } peers { permanent_uuid: "d33e3ba0ff2746b1b5d486cbf9bdf2d1" member_type: VOTER last_known_addr { host: "127.26.91.194" port: 45191 } } peers { permanent_uuid: "baba1bdf82314404b0cfcf3839fe7fb2" member_type: VOTER last_known_addr { host: "127.26.91.193" port: 42785 } }
I20260710 13:24:23.469138 28134 tablet_service.cc:1917] Received RequestConsensusVote() RPC: tablet_id: "bd8993eab0a54c14b2edb4b5e29083b9" candidate_uuid: "24ff494989f24a5ebb38ddf3cce6bbb6" candidate_term: 1 candidate_status { last_received { term: 0 index: 0 } } ignore_live_leader: false dest_uuid: "baba1bdf82314404b0cfcf3839fe7fb2" is_pre_election: true
I20260710 13:24:23.469691 28134 raft_consensus.cc:2468] T bd8993eab0a54c14b2edb4b5e29083b9 P baba1bdf82314404b0cfcf3839fe7fb2 [term 0 FOLLOWER]: Leader pre-election vote request: Granting yes vote for candidate 24ff494989f24a5ebb38ddf3cce6bbb6 in term 0.
I20260710 13:24:23.470223 28328 leader_election.cc:290] T d7f649092c444e64918fe740cfb69fa4 P 24ff494989f24a5ebb38ddf3cce6bbb6 [CANDIDATE]: Term 1 pre-election: Requested pre-vote from peers d33e3ba0ff2746b1b5d486cbf9bdf2d1 (127.26.91.194:45191), baba1bdf82314404b0cfcf3839fe7fb2 (127.26.91.193:42785)
I20260710 13:24:23.473343 28210 tablet_service.cc:1917] Received RequestConsensusVote() RPC: tablet_id: "bd8993eab0a54c14b2edb4b5e29083b9" candidate_uuid: "24ff494989f24a5ebb38ddf3cce6bbb6" candidate_term: 1 candidate_status { last_received { term: 0 index: 0 } } ignore_live_leader: false dest_uuid: "d33e3ba0ff2746b1b5d486cbf9bdf2d1" is_pre_election: true
I20260710 13:24:23.473932 28210 raft_consensus.cc:2468] T bd8993eab0a54c14b2edb4b5e29083b9 P d33e3ba0ff2746b1b5d486cbf9bdf2d1 [term 0 FOLLOWER]: Leader pre-election vote request: Granting yes vote for candidate 24ff494989f24a5ebb38ddf3cce6bbb6 in term 0.
I20260710 13:24:23.475484 28250 leader_election.cc:304] T bd8993eab0a54c14b2edb4b5e29083b9 P 24ff494989f24a5ebb38ddf3cce6bbb6 [CANDIDATE]: Term 1 pre-election: Election decided. Result: candidate won. Election summary: received 2 responses out of 3 voters: 2 yes votes; 0 no votes. yes voters: 24ff494989f24a5ebb38ddf3cce6bbb6, baba1bdf82314404b0cfcf3839fe7fb2; no voters: 
I20260710 13:24:23.476097 28323 tablet_bootstrap.cc:654] T 3086ffa43678433c97e0e42517dc116f P d33e3ba0ff2746b1b5d486cbf9bdf2d1: Neither blocks nor log segments found. Creating new log.
I20260710 13:24:23.476387 28134 tablet_service.cc:1917] Received RequestConsensusVote() RPC: tablet_id: "d7f649092c444e64918fe740cfb69fa4" candidate_uuid: "24ff494989f24a5ebb38ddf3cce6bbb6" candidate_term: 1 candidate_status { last_received { term: 0 index: 0 } } ignore_live_leader: false dest_uuid: "baba1bdf82314404b0cfcf3839fe7fb2" is_pre_election: true
I20260710 13:24:23.476920 28134 raft_consensus.cc:2468] T d7f649092c444e64918fe740cfb69fa4 P baba1bdf82314404b0cfcf3839fe7fb2 [term 0 FOLLOWER]: Leader pre-election vote request: Granting yes vote for candidate 24ff494989f24a5ebb38ddf3cce6bbb6 in term 0.
I20260710 13:24:23.477984 28250 leader_election.cc:304] T d7f649092c444e64918fe740cfb69fa4 P 24ff494989f24a5ebb38ddf3cce6bbb6 [CANDIDATE]: Term 1 pre-election: Election decided. Result: candidate won. Election summary: received 2 responses out of 3 voters: 2 yes votes; 0 no votes. yes voters: 24ff494989f24a5ebb38ddf3cce6bbb6, baba1bdf82314404b0cfcf3839fe7fb2; no voters: 
I20260710 13:24:23.479219 28209 tablet_service.cc:1917] Received RequestConsensusVote() RPC: tablet_id: "d7f649092c444e64918fe740cfb69fa4" candidate_uuid: "24ff494989f24a5ebb38ddf3cce6bbb6" candidate_term: 1 candidate_status { last_received { term: 0 index: 0 } } ignore_live_leader: false dest_uuid: "d33e3ba0ff2746b1b5d486cbf9bdf2d1" is_pre_election: true
I20260710 13:24:23.479807 28209 raft_consensus.cc:2468] T d7f649092c444e64918fe740cfb69fa4 P d33e3ba0ff2746b1b5d486cbf9bdf2d1 [term 0 FOLLOWER]: Leader pre-election vote request: Granting yes vote for candidate 24ff494989f24a5ebb38ddf3cce6bbb6 in term 0.
I20260710 13:24:23.481050 28328 raft_consensus.cc:2804] T bd8993eab0a54c14b2edb4b5e29083b9 P 24ff494989f24a5ebb38ddf3cce6bbb6 [term 0 FOLLOWER]: Leader pre-election won for term 1
I20260710 13:24:23.481142 28324 tablet_bootstrap.cc:492] T 1bc7a56a230e4027b4545135f69f6a5b P 24ff494989f24a5ebb38ddf3cce6bbb6: No bootstrap required, opened a new log
I20260710 13:24:23.481431 28328 raft_consensus.cc:493] T bd8993eab0a54c14b2edb4b5e29083b9 P 24ff494989f24a5ebb38ddf3cce6bbb6 [term 0 FOLLOWER]: Starting leader election (no leader contacted us within the election timeout)
I20260710 13:24:23.481737 28324 ts_tablet_manager.cc:1403] T 1bc7a56a230e4027b4545135f69f6a5b P 24ff494989f24a5ebb38ddf3cce6bbb6: Time spent bootstrapping tablet: real 0.038s	user 0.028s	sys 0.008s
I20260710 13:24:23.481781 28328 raft_consensus.cc:3060] T bd8993eab0a54c14b2edb4b5e29083b9 P 24ff494989f24a5ebb38ddf3cce6bbb6 [term 0 FOLLOWER]: Advancing to term 1
I20260710 13:24:23.482014 28340 raft_consensus.cc:515] T 7c0108889c7a4a2d885598ddce565e87 P d33e3ba0ff2746b1b5d486cbf9bdf2d1 [term 1 FOLLOWER]: Starting leader election with config: opid_index: -1 OBSOLETE_local: false peers { permanent_uuid: "baba1bdf82314404b0cfcf3839fe7fb2" member_type: VOTER last_known_addr { host: "127.26.91.193" port: 42785 } } peers { permanent_uuid: "d33e3ba0ff2746b1b5d486cbf9bdf2d1" member_type: VOTER last_known_addr { host: "127.26.91.194" port: 45191 } } peers { permanent_uuid: "24ff494989f24a5ebb38ddf3cce6bbb6" member_type: VOTER last_known_addr { host: "127.26.91.195" port: 34701 } }
I20260710 13:24:23.482440 28323 tablet_bootstrap.cc:492] T 3086ffa43678433c97e0e42517dc116f P d33e3ba0ff2746b1b5d486cbf9bdf2d1: No bootstrap required, opened a new log
I20260710 13:24:23.482859 28323 ts_tablet_manager.cc:1403] T 3086ffa43678433c97e0e42517dc116f P d33e3ba0ff2746b1b5d486cbf9bdf2d1: Time spent bootstrapping tablet: real 0.015s	user 0.008s	sys 0.000s
I20260710 13:24:23.484570 28324 raft_consensus.cc:359] T 1bc7a56a230e4027b4545135f69f6a5b P 24ff494989f24a5ebb38ddf3cce6bbb6 [term 0 FOLLOWER]: Replica starting. Triggering 0 pending ops. Active config: opid_index: -1 OBSOLETE_local: false peers { permanent_uuid: "baba1bdf82314404b0cfcf3839fe7fb2" member_type: VOTER last_known_addr { host: "127.26.91.193" port: 42785 } } peers { permanent_uuid: "d33e3ba0ff2746b1b5d486cbf9bdf2d1" member_type: VOTER last_known_addr { host: "127.26.91.194" port: 45191 } } peers { permanent_uuid: "24ff494989f24a5ebb38ddf3cce6bbb6" member_type: VOTER last_known_addr { host: "127.26.91.195" port: 34701 } }
I20260710 13:24:23.485247 28324 raft_consensus.cc:385] T 1bc7a56a230e4027b4545135f69f6a5b P 24ff494989f24a5ebb38ddf3cce6bbb6 [term 0 FOLLOWER]: Consensus starting up: Expiring failure detector timer to make a prompt election more likely
I20260710 13:24:23.439834 28329 raft_consensus.cc:515] T 3086ffa43678433c97e0e42517dc116f P 24ff494989f24a5ebb38ddf3cce6bbb6 [term 1 FOLLOWER]: Starting leader election with config: opid_index: -1 OBSOLETE_local: false peers { permanent_uuid: "baba1bdf82314404b0cfcf3839fe7fb2" member_type: VOTER last_known_addr { host: "127.26.91.193" port: 42785 } } peers { permanent_uuid: "d33e3ba0ff2746b1b5d486cbf9bdf2d1" member_type: VOTER last_known_addr { host: "127.26.91.194" port: 45191 } } peers { permanent_uuid: "24ff494989f24a5ebb38ddf3cce6bbb6" member_type: VOTER last_known_addr { host: "127.26.91.195" port: 34701 } }
I20260710 13:24:23.485288 28323 raft_consensus.cc:359] T 3086ffa43678433c97e0e42517dc116f P d33e3ba0ff2746b1b5d486cbf9bdf2d1 [term 0 FOLLOWER]: Replica starting. Triggering 0 pending ops. Active config: opid_index: -1 OBSOLETE_local: false peers { permanent_uuid: "baba1bdf82314404b0cfcf3839fe7fb2" member_type: VOTER last_known_addr { host: "127.26.91.193" port: 42785 } } peers { permanent_uuid: "d33e3ba0ff2746b1b5d486cbf9bdf2d1" member_type: VOTER last_known_addr { host: "127.26.91.194" port: 45191 } } peers { permanent_uuid: "24ff494989f24a5ebb38ddf3cce6bbb6" member_type: VOTER last_known_addr { host: "127.26.91.195" port: 34701 } }
I20260710 13:24:23.485607 28324 raft_consensus.cc:740] T 1bc7a56a230e4027b4545135f69f6a5b P 24ff494989f24a5ebb38ddf3cce6bbb6 [term 0 FOLLOWER]: Becoming Follower/Learner. State: Replica: 24ff494989f24a5ebb38ddf3cce6bbb6, State: Initialized, Role: FOLLOWER
I20260710 13:24:23.486387 28374 raft_consensus.cc:2804] T d7f649092c444e64918fe740cfb69fa4 P 24ff494989f24a5ebb38ddf3cce6bbb6 [term 0 FOLLOWER]: Leader pre-election won for term 1
I20260710 13:24:23.486908 28374 raft_consensus.cc:493] T d7f649092c444e64918fe740cfb69fa4 P 24ff494989f24a5ebb38ddf3cce6bbb6 [term 0 FOLLOWER]: Starting leader election (no leader contacted us within the election timeout)
I20260710 13:24:23.486408 28324 consensus_queue.cc:260] T 1bc7a56a230e4027b4545135f69f6a5b P 24ff494989f24a5ebb38ddf3cce6bbb6 [NON_LEADER]: Queue going to NON_LEADER mode. State: All replicated index: 0, Majority replicated index: 0, Committed index: 0, Last appended: 0.0, Last appended by leader: 0, Current term: 0, Majority size: -1, State: 0, Mode: NON_LEADER, active raft config: opid_index: -1 OBSOLETE_local: false peers { permanent_uuid: "baba1bdf82314404b0cfcf3839fe7fb2" member_type: VOTER last_known_addr { host: "127.26.91.193" port: 42785 } } peers { permanent_uuid: "d33e3ba0ff2746b1b5d486cbf9bdf2d1" member_type: VOTER last_known_addr { host: "127.26.91.194" port: 45191 } } peers { permanent_uuid: "24ff494989f24a5ebb38ddf3cce6bbb6" member_type: VOTER last_known_addr { host: "127.26.91.195" port: 34701 } }
I20260710 13:24:23.487012 28329 leader_election.cc:290] T 3086ffa43678433c97e0e42517dc116f P 24ff494989f24a5ebb38ddf3cce6bbb6 [CANDIDATE]: Term 1 election: Requested vote from peers baba1bdf82314404b0cfcf3839fe7fb2 (127.26.91.193:42785), d33e3ba0ff2746b1b5d486cbf9bdf2d1 (127.26.91.194:45191)
I20260710 13:24:23.487239 28374 raft_consensus.cc:3060] T d7f649092c444e64918fe740cfb69fa4 P 24ff494989f24a5ebb38ddf3cce6bbb6 [term 0 FOLLOWER]: Advancing to term 1
I20260710 13:24:23.487701 28329 raft_consensus.cc:493] T d71231efb3884579be20c3963788f323 P 24ff494989f24a5ebb38ddf3cce6bbb6 [term 0 FOLLOWER]: Starting pre-election (no leader contacted us within the election timeout)
I20260710 13:24:23.488181 28329 raft_consensus.cc:515] T d71231efb3884579be20c3963788f323 P 24ff494989f24a5ebb38ddf3cce6bbb6 [term 0 FOLLOWER]: Starting pre-election with config: opid_index: -1 OBSOLETE_local: false peers { permanent_uuid: "baba1bdf82314404b0cfcf3839fe7fb2" member_type: VOTER last_known_addr { host: "127.26.91.193" port: 42785 } } peers { permanent_uuid: "d33e3ba0ff2746b1b5d486cbf9bdf2d1" member_type: VOTER last_known_addr { host: "127.26.91.194" port: 45191 } } peers { permanent_uuid: "24ff494989f24a5ebb38ddf3cce6bbb6" member_type: VOTER last_known_addr { host: "127.26.91.195" port: 34701 } }
I20260710 13:24:23.490023 28324 ts_tablet_manager.cc:1434] T 1bc7a56a230e4027b4545135f69f6a5b P 24ff494989f24a5ebb38ddf3cce6bbb6: Time spent starting tablet: real 0.008s	user 0.005s	sys 0.000s
I20260710 13:24:23.492054 28324 tablet_bootstrap.cc:492] T c5da2830406343a98b2d5228da1a28ac P 24ff494989f24a5ebb38ddf3cce6bbb6: Bootstrap starting.
I20260710 13:24:23.494014 28374 raft_consensus.cc:515] T d7f649092c444e64918fe740cfb69fa4 P 24ff494989f24a5ebb38ddf3cce6bbb6 [term 1 FOLLOWER]: Starting leader election with config: opid_index: -1 OBSOLETE_local: false peers { permanent_uuid: "24ff494989f24a5ebb38ddf3cce6bbb6" member_type: VOTER last_known_addr { host: "127.26.91.195" port: 34701 } } peers { permanent_uuid: "d33e3ba0ff2746b1b5d486cbf9bdf2d1" member_type: VOTER last_known_addr { host: "127.26.91.194" port: 45191 } } peers { permanent_uuid: "baba1bdf82314404b0cfcf3839fe7fb2" member_type: VOTER last_known_addr { host: "127.26.91.193" port: 42785 } }
I20260710 13:24:23.485978 28323 raft_consensus.cc:385] T 3086ffa43678433c97e0e42517dc116f P d33e3ba0ff2746b1b5d486cbf9bdf2d1 [term 0 FOLLOWER]: Consensus starting up: Expiring failure detector timer to make a prompt election more likely
I20260710 13:24:23.495772 28323 raft_consensus.cc:740] T 3086ffa43678433c97e0e42517dc116f P d33e3ba0ff2746b1b5d486cbf9bdf2d1 [term 0 FOLLOWER]: Becoming Follower/Learner. State: Replica: d33e3ba0ff2746b1b5d486cbf9bdf2d1, State: Initialized, Role: FOLLOWER
I20260710 13:24:23.496465 28323 consensus_queue.cc:260] T 3086ffa43678433c97e0e42517dc116f P d33e3ba0ff2746b1b5d486cbf9bdf2d1 [NON_LEADER]: Queue going to NON_LEADER mode. State: All replicated index: 0, Majority replicated index: 0, Committed index: 0, Last appended: 0.0, Last appended by leader: 0, Current term: 0, Majority size: -1, State: 0, Mode: NON_LEADER, active raft config: opid_index: -1 OBSOLETE_local: false peers { permanent_uuid: "baba1bdf82314404b0cfcf3839fe7fb2" member_type: VOTER last_known_addr { host: "127.26.91.193" port: 42785 } } peers { permanent_uuid: "d33e3ba0ff2746b1b5d486cbf9bdf2d1" member_type: VOTER last_known_addr { host: "127.26.91.194" port: 45191 } } peers { permanent_uuid: "24ff494989f24a5ebb38ddf3cce6bbb6" member_type: VOTER last_known_addr { host: "127.26.91.195" port: 34701 } }
I20260710 13:24:23.491870 28330 raft_consensus.cc:515] T 2f7622ea9e444eb5a3f77d0912f2be6b P baba1bdf82314404b0cfcf3839fe7fb2 [term 1 FOLLOWER]: Starting leader election with config: opid_index: -1 OBSOLETE_local: false peers { permanent_uuid: "baba1bdf82314404b0cfcf3839fe7fb2" member_type: VOTER last_known_addr { host: "127.26.91.193" port: 42785 } } peers { permanent_uuid: "d33e3ba0ff2746b1b5d486cbf9bdf2d1" member_type: VOTER last_known_addr { host: "127.26.91.194" port: 45191 } } peers { permanent_uuid: "24ff494989f24a5ebb38ddf3cce6bbb6" member_type: VOTER last_known_addr { host: "127.26.91.195" port: 34701 } }
I20260710 13:24:23.493769 28134 tablet_service.cc:1917] Received RequestConsensusVote() RPC: tablet_id: "7c0108889c7a4a2d885598ddce565e87" candidate_uuid: "d33e3ba0ff2746b1b5d486cbf9bdf2d1" candidate_term: 1 candidate_status { last_received { term: 0 index: 0 } } ignore_live_leader: false dest_uuid: "baba1bdf82314404b0cfcf3839fe7fb2"
I20260710 13:24:23.498682 28329 leader_election.cc:290] T d71231efb3884579be20c3963788f323 P 24ff494989f24a5ebb38ddf3cce6bbb6 [CANDIDATE]: Term 1 pre-election: Requested pre-vote from peers baba1bdf82314404b0cfcf3839fe7fb2 (127.26.91.193:42785), d33e3ba0ff2746b1b5d486cbf9bdf2d1 (127.26.91.194:45191)
I20260710 13:24:23.498730 28134 raft_consensus.cc:3060] T 7c0108889c7a4a2d885598ddce565e87 P baba1bdf82314404b0cfcf3839fe7fb2 [term 0 FOLLOWER]: Advancing to term 1
I20260710 13:24:23.500300 28323 ts_tablet_manager.cc:1434] T 3086ffa43678433c97e0e42517dc116f P d33e3ba0ff2746b1b5d486cbf9bdf2d1: Time spent starting tablet: real 0.017s	user 0.002s	sys 0.005s
I20260710 13:24:23.501199 28323 tablet_bootstrap.cc:492] T 793545aa3cd64354982c0a6237c999a4 P d33e3ba0ff2746b1b5d486cbf9bdf2d1: Bootstrap starting.
I20260710 13:24:23.503651 28374 leader_election.cc:290] T d7f649092c444e64918fe740cfb69fa4 P 24ff494989f24a5ebb38ddf3cce6bbb6 [CANDIDATE]: Term 1 election: Requested vote from peers d33e3ba0ff2746b1b5d486cbf9bdf2d1 (127.26.91.194:45191), baba1bdf82314404b0cfcf3839fe7fb2 (127.26.91.193:42785)
I20260710 13:24:23.498427 28284 tablet_service.cc:1917] Received RequestConsensusVote() RPC: tablet_id: "7c0108889c7a4a2d885598ddce565e87" candidate_uuid: "d33e3ba0ff2746b1b5d486cbf9bdf2d1" candidate_term: 1 candidate_status { last_received { term: 0 index: 0 } } ignore_live_leader: false dest_uuid: "24ff494989f24a5ebb38ddf3cce6bbb6"
I20260710 13:24:23.504467 28284 raft_consensus.cc:3060] T 7c0108889c7a4a2d885598ddce565e87 P 24ff494989f24a5ebb38ddf3cce6bbb6 [term 0 FOLLOWER]: Advancing to term 1
I20260710 13:24:23.509467 28284 raft_consensus.cc:2468] T 7c0108889c7a4a2d885598ddce565e87 P 24ff494989f24a5ebb38ddf3cce6bbb6 [term 1 FOLLOWER]: Leader election vote request: Granting yes vote for candidate d33e3ba0ff2746b1b5d486cbf9bdf2d1 in term 1.
I20260710 13:24:23.511860 28330 leader_election.cc:290] T 2f7622ea9e444eb5a3f77d0912f2be6b P baba1bdf82314404b0cfcf3839fe7fb2 [CANDIDATE]: Term 1 election: Requested vote from peers d33e3ba0ff2746b1b5d486cbf9bdf2d1 (127.26.91.194:45191), 24ff494989f24a5ebb38ddf3cce6bbb6 (127.26.91.195:34701)
I20260710 13:24:23.511812 28135 tablet_service.cc:1917] Received RequestConsensusVote() RPC: tablet_id: "3086ffa43678433c97e0e42517dc116f" candidate_uuid: "24ff494989f24a5ebb38ddf3cce6bbb6" candidate_term: 1 candidate_status { last_received { term: 0 index: 0 } } ignore_live_leader: false dest_uuid: "baba1bdf82314404b0cfcf3839fe7fb2"
I20260710 13:24:23.512142 28133 tablet_service.cc:1917] Received RequestConsensusVote() RPC: tablet_id: "d71231efb3884579be20c3963788f323" candidate_uuid: "24ff494989f24a5ebb38ddf3cce6bbb6" candidate_term: 1 candidate_status { last_received { term: 0 index: 0 } } ignore_live_leader: false dest_uuid: "baba1bdf82314404b0cfcf3839fe7fb2" is_pre_election: true
