I20260710 13:24:12.491176 22674 consensus_queue.cc:237] T 100ad1e5a3da42d08a85fb4cbb908f30 P 626c5d3be2d544358d6460824b629c55 [LEADER]: Queue going to LEADER mode. State: All replicated index: 0, Majority replicated index: 0, Committed index: 0, Last appended: 0.0, Last appended by leader: 0, Current term: 1, Majority size: 2, State: 0, Mode: LEADER, active raft config: opid_index: -1 OBSOLETE_local: false peers { permanent_uuid: "626c5d3be2d544358d6460824b629c55" member_type: VOTER last_known_addr { host: "127.21.79.195" port: 36673 } } peers { permanent_uuid: "2f07048fa2164fa3abde59f28329ee0f" member_type: VOTER last_known_addr { host: "127.21.79.193" port: 39101 } } peers { permanent_uuid: "b7636bd1cbc2412bb121c41d83bb3e6c" member_type: VOTER last_known_addr { host: "127.21.79.194" port: 33701 } }
I20260710 13:24:12.494917 22551 raft_consensus.cc:2468] T e134ece676d944fbb519e2a7735f0071 P b7636bd1cbc2412bb121c41d83bb3e6c [term 1 FOLLOWER]: Leader election vote request: Granting yes vote for candidate 2f07048fa2164fa3abde59f28329ee0f in term 1.
I20260710 13:24:12.496418 22442 leader_election.cc:304] T e134ece676d944fbb519e2a7735f0071 P 2f07048fa2164fa3abde59f28329ee0f [CANDIDATE]: Term 1 election: Election decided. Result: candidate won. Election summary: received 2 responses out of 3 voters: 2 yes votes; 0 no votes. yes voters: 2f07048fa2164fa3abde59f28329ee0f, b7636bd1cbc2412bb121c41d83bb3e6c; no voters: 
I20260710 13:24:12.498413 22553 raft_consensus.cc:2468] T 91b4be9593dc4f629ad0f0e51ed4c2bd P b7636bd1cbc2412bb121c41d83bb3e6c [term 1 FOLLOWER]: Leader election vote request: Granting yes vote for candidate 2f07048fa2164fa3abde59f28329ee0f in term 1.
I20260710 13:24:12.498889 22716 raft_consensus.cc:2804] T e134ece676d944fbb519e2a7735f0071 P 2f07048fa2164fa3abde59f28329ee0f [term 1 FOLLOWER]: Leader election won for term 1
I20260710 13:24:12.499300 22669 tablet_bootstrap.cc:492] T 38c9775e59564a4fb886f64ab80d21d9 P 2f07048fa2164fa3abde59f28329ee0f: Bootstrap starting.
I20260710 13:24:12.499380 22716 raft_consensus.cc:697] T e134ece676d944fbb519e2a7735f0071 P 2f07048fa2164fa3abde59f28329ee0f [term 1 LEADER]: Becoming Leader. State: Replica: 2f07048fa2164fa3abde59f28329ee0f, State: Running, Role: LEADER
I20260710 13:24:12.499898 22678 leader_election.cc:290] T 100ad1e5a3da42d08a85fb4cbb908f30 P 2f07048fa2164fa3abde59f28329ee0f [CANDIDATE]: Term 1 election: Requested vote from peers 626c5d3be2d544358d6460824b629c55 (127.21.79.195:36673), b7636bd1cbc2412bb121c41d83bb3e6c (127.21.79.194:33701)
I20260710 13:24:12.466154 22668 tablet_bootstrap.cc:654] T c8f7c6c37866480aaa3a010b7cfb6a97 P b7636bd1cbc2412bb121c41d83bb3e6c: Neither blocks nor log segments found. Creating new log.
I20260710 13:24:12.500430 22716 consensus_queue.cc:237] T e134ece676d944fbb519e2a7735f0071 P 2f07048fa2164fa3abde59f28329ee0f [LEADER]: Queue going to LEADER mode. State: All replicated index: 0, Majority replicated index: 0, Committed index: 0, Last appended: 0.0, Last appended by leader: 0, Current term: 1, Majority size: 2, State: 0, Mode: LEADER, active raft config: opid_index: -1 OBSOLETE_local: false peers { permanent_uuid: "2f07048fa2164fa3abde59f28329ee0f" member_type: VOTER last_known_addr { host: "127.21.79.193" port: 39101 } } peers { permanent_uuid: "b7636bd1cbc2412bb121c41d83bb3e6c" member_type: VOTER last_known_addr { host: "127.21.79.194" port: 33701 } } peers { permanent_uuid: "626c5d3be2d544358d6460824b629c55" member_type: VOTER last_known_addr { host: "127.21.79.195" port: 36673 } }
I20260710 13:24:12.501971 22626 tablet_service.cc:1917] Received RequestConsensusVote() RPC: tablet_id: "100ad1e5a3da42d08a85fb4cbb908f30" candidate_uuid: "2f07048fa2164fa3abde59f28329ee0f" candidate_term: 1 candidate_status { last_received { term: 0 index: 0 } } ignore_live_leader: false dest_uuid: "626c5d3be2d544358d6460824b629c55"
I20260710 13:24:12.504643 22626 tablet_service.cc:1917] Received RequestConsensusVote() RPC: tablet_id: "e134ece676d944fbb519e2a7735f0071" candidate_uuid: "2f07048fa2164fa3abde59f28329ee0f" candidate_term: 1 candidate_status { last_received { term: 0 index: 0 } } ignore_live_leader: false dest_uuid: "626c5d3be2d544358d6460824b629c55"
I20260710 13:24:12.505244 22626 raft_consensus.cc:3060] T e134ece676d944fbb519e2a7735f0071 P 626c5d3be2d544358d6460824b629c55 [term 0 FOLLOWER]: Advancing to term 1
I20260710 13:24:12.510950 22667 tablet_bootstrap.cc:492] T 4abdbd6251524064ac7e56b82980dcac P 626c5d3be2d544358d6460824b629c55: No bootstrap required, opened a new log
I20260710 13:24:12.511528 22667 ts_tablet_manager.cc:1403] T 4abdbd6251524064ac7e56b82980dcac P 626c5d3be2d544358d6460824b629c55: Time spent bootstrapping tablet: real 0.118s	user 0.017s	sys 0.022s
I20260710 13:24:12.513494 22375 catalog_manager.cc:5697] T 100ad1e5a3da42d08a85fb4cbb908f30 P 626c5d3be2d544358d6460824b629c55 reported cstate change: term changed from 0 to 1, leader changed from <none> to 626c5d3be2d544358d6460824b629c55 (127.21.79.195). New cstate: current_term: 1 leader_uuid: "626c5d3be2d544358d6460824b629c55" committed_config { opid_index: -1 OBSOLETE_local: false peers { permanent_uuid: "626c5d3be2d544358d6460824b629c55" member_type: VOTER last_known_addr { host: "127.21.79.195" port: 36673 } health_report { overall_health: HEALTHY } } peers { permanent_uuid: "2f07048fa2164fa3abde59f28329ee0f" member_type: VOTER last_known_addr { host: "127.21.79.193" port: 39101 } health_report { overall_health: UNKNOWN } } peers { permanent_uuid: "b7636bd1cbc2412bb121c41d83bb3e6c" member_type: VOTER last_known_addr { host: "127.21.79.194" port: 33701 } health_report { overall_health: UNKNOWN } } }
I20260710 13:24:12.518218 22667 raft_consensus.cc:359] T 4abdbd6251524064ac7e56b82980dcac P 626c5d3be2d544358d6460824b629c55 [term 0 FOLLOWER]: Replica starting. Triggering 0 pending ops. Active config: opid_index: -1 OBSOLETE_local: false peers { permanent_uuid: "2f07048fa2164fa3abde59f28329ee0f" member_type: VOTER last_known_addr { host: "127.21.79.193" port: 39101 } } peers { permanent_uuid: "b7636bd1cbc2412bb121c41d83bb3e6c" member_type: VOTER last_known_addr { host: "127.21.79.194" port: 33701 } } peers { permanent_uuid: "626c5d3be2d544358d6460824b629c55" member_type: VOTER last_known_addr { host: "127.21.79.195" port: 36673 } }
I20260710 13:24:12.519188 22667 raft_consensus.cc:385] T 4abdbd6251524064ac7e56b82980dcac P 626c5d3be2d544358d6460824b629c55 [term 0 FOLLOWER]: Consensus starting up: Expiring failure detector timer to make a prompt election more likely
I20260710 13:24:12.519529 22667 raft_consensus.cc:740] T 4abdbd6251524064ac7e56b82980dcac P 626c5d3be2d544358d6460824b629c55 [term 0 FOLLOWER]: Becoming Follower/Learner. State: Replica: 626c5d3be2d544358d6460824b629c55, State: Initialized, Role: FOLLOWER
I20260710 13:24:12.520330 22667 consensus_queue.cc:260] T 4abdbd6251524064ac7e56b82980dcac P 626c5d3be2d544358d6460824b629c55 [NON_LEADER]: Queue going to NON_LEADER mode. State: All replicated index: 0, Majority replicated index: 0, Committed index: 0, Last appended: 0.0, Last appended by leader: 0, Current term: 0, Majority size: -1, State: 0, Mode: NON_LEADER, active raft config: opid_index: -1 OBSOLETE_local: false peers { permanent_uuid: "2f07048fa2164fa3abde59f28329ee0f" member_type: VOTER last_known_addr { host: "127.21.79.193" port: 39101 } } peers { permanent_uuid: "b7636bd1cbc2412bb121c41d83bb3e6c" member_type: VOTER last_known_addr { host: "127.21.79.194" port: 33701 } } peers { permanent_uuid: "626c5d3be2d544358d6460824b629c55" member_type: VOTER last_known_addr { host: "127.21.79.195" port: 36673 } }
I20260710 13:24:12.522454 22441 leader_election.cc:304] T 100ad1e5a3da42d08a85fb4cbb908f30 P 2f07048fa2164fa3abde59f28329ee0f [CANDIDATE]: Term 1 election: Election decided. Result: candidate lost. Election summary: received 3 responses out of 3 voters: 1 yes votes; 2 no votes. yes voters: 2f07048fa2164fa3abde59f28329ee0f; no voters: 626c5d3be2d544358d6460824b629c55, b7636bd1cbc2412bb121c41d83bb3e6c
I20260710 13:24:12.523331 22690 raft_consensus.cc:2749] T 100ad1e5a3da42d08a85fb4cbb908f30 P 2f07048fa2164fa3abde59f28329ee0f [term 1 FOLLOWER]: Leader election lost for term 1. Reason: could not achieve majority
I20260710 13:24:12.524822 22669 tablet_bootstrap.cc:654] T 38c9775e59564a4fb886f64ab80d21d9 P 2f07048fa2164fa3abde59f28329ee0f: Neither blocks nor log segments found. Creating new log.
I20260710 13:24:12.524833 22667 ts_tablet_manager.cc:1434] T 4abdbd6251524064ac7e56b82980dcac P 626c5d3be2d544358d6460824b629c55: Time spent starting tablet: real 0.013s	user 0.009s	sys 0.000s
I20260710 13:24:12.525853 22667 tablet_bootstrap.cc:492] T 8f7744a419ad4c2194cebb6415d5b13c P 626c5d3be2d544358d6460824b629c55: Bootstrap starting.
I20260710 13:24:12.528677 22626 raft_consensus.cc:2468] T e134ece676d944fbb519e2a7735f0071 P 626c5d3be2d544358d6460824b629c55 [term 1 FOLLOWER]: Leader election vote request: Granting yes vote for candidate 2f07048fa2164fa3abde59f28329ee0f in term 1.
I20260710 13:24:12.539498 22667 tablet_bootstrap.cc:654] T 8f7744a419ad4c2194cebb6415d5b13c P 626c5d3be2d544358d6460824b629c55: Neither blocks nor log segments found. Creating new log.
I20260710 13:24:12.540109 22668 tablet_bootstrap.cc:492] T c8f7c6c37866480aaa3a010b7cfb6a97 P b7636bd1cbc2412bb121c41d83bb3e6c: No bootstrap required, opened a new log
I20260710 13:24:12.540622 22668 ts_tablet_manager.cc:1403] T c8f7c6c37866480aaa3a010b7cfb6a97 P b7636bd1cbc2412bb121c41d83bb3e6c: Time spent bootstrapping tablet: real 0.094s	user 0.011s	sys 0.001s
I20260710 13:24:12.540261 22374 catalog_manager.cc:5697] T 91b4be9593dc4f629ad0f0e51ed4c2bd P 2f07048fa2164fa3abde59f28329ee0f reported cstate change: term changed from 0 to 1, leader changed from <none> to 2f07048fa2164fa3abde59f28329ee0f (127.21.79.193). New cstate: current_term: 1 leader_uuid: "2f07048fa2164fa3abde59f28329ee0f" committed_config { opid_index: -1 OBSOLETE_local: false peers { permanent_uuid: "2f07048fa2164fa3abde59f28329ee0f" member_type: VOTER last_known_addr { host: "127.21.79.193" port: 39101 } health_report { overall_health: HEALTHY } } peers { permanent_uuid: "b7636bd1cbc2412bb121c41d83bb3e6c" member_type: VOTER last_known_addr { host: "127.21.79.194" port: 33701 } health_report { overall_health: UNKNOWN } } peers { permanent_uuid: "626c5d3be2d544358d6460824b629c55" member_type: VOTER last_known_addr { host: "127.21.79.195" port: 36673 } health_report { overall_health: UNKNOWN } } }
I20260710 13:24:12.543681 22668 raft_consensus.cc:359] T c8f7c6c37866480aaa3a010b7cfb6a97 P b7636bd1cbc2412bb121c41d83bb3e6c [term 0 FOLLOWER]: Replica starting. Triggering 0 pending ops. Active config: opid_index: -1 OBSOLETE_local: false peers { permanent_uuid: "2f07048fa2164fa3abde59f28329ee0f" member_type: VOTER last_known_addr { host: "127.21.79.193" port: 39101 } } peers { permanent_uuid: "b7636bd1cbc2412bb121c41d83bb3e6c" member_type: VOTER last_known_addr { host: "127.21.79.194" port: 33701 } } peers { permanent_uuid: "626c5d3be2d544358d6460824b629c55" member_type: VOTER last_known_addr { host: "127.21.79.195" port: 36673 } }
I20260710 13:24:12.544646 22668 raft_consensus.cc:385] T c8f7c6c37866480aaa3a010b7cfb6a97 P b7636bd1cbc2412bb121c41d83bb3e6c [term 0 FOLLOWER]: Consensus starting up: Expiring failure detector timer to make a prompt election more likely
I20260710 13:24:12.544961 22668 raft_consensus.cc:740] T c8f7c6c37866480aaa3a010b7cfb6a97 P b7636bd1cbc2412bb121c41d83bb3e6c [term 0 FOLLOWER]: Becoming Follower/Learner. State: Replica: b7636bd1cbc2412bb121c41d83bb3e6c, State: Initialized, Role: FOLLOWER
I20260710 13:24:12.547279 22668 consensus_queue.cc:260] T c8f7c6c37866480aaa3a010b7cfb6a97 P b7636bd1cbc2412bb121c41d83bb3e6c [NON_LEADER]: Queue going to NON_LEADER mode. State: All replicated index: 0, Majority replicated index: 0, Committed index: 0, Last appended: 0.0, Last appended by leader: 0, Current term: 0, Majority size: -1, State: 0, Mode: NON_LEADER, active raft config: opid_index: -1 OBSOLETE_local: false peers { permanent_uuid: "2f07048fa2164fa3abde59f28329ee0f" member_type: VOTER last_known_addr { host: "127.21.79.193" port: 39101 } } peers { permanent_uuid: "b7636bd1cbc2412bb121c41d83bb3e6c" member_type: VOTER last_known_addr { host: "127.21.79.194" port: 33701 } } peers { permanent_uuid: "626c5d3be2d544358d6460824b629c55" member_type: VOTER last_known_addr { host: "127.21.79.195" port: 36673 } }
I20260710 13:24:12.548400 22669 tablet_bootstrap.cc:492] T 38c9775e59564a4fb886f64ab80d21d9 P 2f07048fa2164fa3abde59f28329ee0f: No bootstrap required, opened a new log
I20260710 13:24:12.548831 22669 ts_tablet_manager.cc:1403] T 38c9775e59564a4fb886f64ab80d21d9 P 2f07048fa2164fa3abde59f28329ee0f: Time spent bootstrapping tablet: real 0.050s	user 0.012s	sys 0.003s
I20260710 13:24:12.549160 22668 ts_tablet_manager.cc:1434] T c8f7c6c37866480aaa3a010b7cfb6a97 P b7636bd1cbc2412bb121c41d83bb3e6c: Time spent starting tablet: real 0.008s	user 0.006s	sys 0.001s
I20260710 13:24:12.550032 22668 tablet_bootstrap.cc:492] T ee422c0cfbd942129c72f96287a28aa9 P b7636bd1cbc2412bb121c41d83bb3e6c: Bootstrap starting.
I20260710 13:24:12.551824 22669 raft_consensus.cc:359] T 38c9775e59564a4fb886f64ab80d21d9 P 2f07048fa2164fa3abde59f28329ee0f [term 0 FOLLOWER]: Replica starting. Triggering 0 pending ops. Active config: opid_index: -1 OBSOLETE_local: false peers { permanent_uuid: "2f07048fa2164fa3abde59f28329ee0f" member_type: VOTER last_known_addr { host: "127.21.79.193" port: 39101 } } peers { permanent_uuid: "b7636bd1cbc2412bb121c41d83bb3e6c" member_type: VOTER last_known_addr { host: "127.21.79.194" port: 33701 } } peers { permanent_uuid: "626c5d3be2d544358d6460824b629c55" member_type: VOTER last_known_addr { host: "127.21.79.195" port: 36673 } }
I20260710 13:24:12.552528 22669 raft_consensus.cc:385] T 38c9775e59564a4fb886f64ab80d21d9 P 2f07048fa2164fa3abde59f28329ee0f [term 0 FOLLOWER]: Consensus starting up: Expiring failure detector timer to make a prompt election more likely
I20260710 13:24:12.552802 22669 raft_consensus.cc:740] T 38c9775e59564a4fb886f64ab80d21d9 P 2f07048fa2164fa3abde59f28329ee0f [term 0 FOLLOWER]: Becoming Follower/Learner. State: Replica: 2f07048fa2164fa3abde59f28329ee0f, State: Initialized, Role: FOLLOWER
I20260710 13:24:12.553491 22669 consensus_queue.cc:260] T 38c9775e59564a4fb886f64ab80d21d9 P 2f07048fa2164fa3abde59f28329ee0f [NON_LEADER]: Queue going to NON_LEADER mode. State: All replicated index: 0, Majority replicated index: 0, Committed index: 0, Last appended: 0.0, Last appended by leader: 0, Current term: 0, Majority size: -1, State: 0, Mode: NON_LEADER, active raft config: opid_index: -1 OBSOLETE_local: false peers { permanent_uuid: "2f07048fa2164fa3abde59f28329ee0f" member_type: VOTER last_known_addr { host: "127.21.79.193" port: 39101 } } peers { permanent_uuid: "b7636bd1cbc2412bb121c41d83bb3e6c" member_type: VOTER last_known_addr { host: "127.21.79.194" port: 33701 } } peers { permanent_uuid: "626c5d3be2d544358d6460824b629c55" member_type: VOTER last_known_addr { host: "127.21.79.195" port: 36673 } }
I20260710 13:24:12.554754 22668 tablet_bootstrap.cc:654] T ee422c0cfbd942129c72f96287a28aa9 P b7636bd1cbc2412bb121c41d83bb3e6c: Neither blocks nor log segments found. Creating new log.
I20260710 13:24:12.555502 22669 ts_tablet_manager.cc:1434] T 38c9775e59564a4fb886f64ab80d21d9 P 2f07048fa2164fa3abde59f28329ee0f: Time spent starting tablet: real 0.006s	user 0.006s	sys 0.002s
I20260710 13:24:12.556380 22669 tablet_bootstrap.cc:492] T c8f7c6c37866480aaa3a010b7cfb6a97 P 2f07048fa2164fa3abde59f28329ee0f: Bootstrap starting.
I20260710 13:24:12.558101 22375 catalog_manager.cc:5697] T e134ece676d944fbb519e2a7735f0071 P 2f07048fa2164fa3abde59f28329ee0f reported cstate change: term changed from 0 to 1, leader changed from <none> to 2f07048fa2164fa3abde59f28329ee0f (127.21.79.193). New cstate: current_term: 1 leader_uuid: "2f07048fa2164fa3abde59f28329ee0f" committed_config { opid_index: -1 OBSOLETE_local: false peers { permanent_uuid: "2f07048fa2164fa3abde59f28329ee0f" member_type: VOTER last_known_addr { host: "127.21.79.193" port: 39101 } health_report { overall_health: HEALTHY } } peers { permanent_uuid: "b7636bd1cbc2412bb121c41d83bb3e6c" member_type: VOTER last_known_addr { host: "127.21.79.194" port: 33701 } health_report { overall_health: UNKNOWN } } peers { permanent_uuid: "626c5d3be2d544358d6460824b629c55" member_type: VOTER last_known_addr { host: "127.21.79.195" port: 36673 } health_report { overall_health: UNKNOWN } } }
I20260710 13:24:12.562041 22669 tablet_bootstrap.cc:654] T c8f7c6c37866480aaa3a010b7cfb6a97 P 2f07048fa2164fa3abde59f28329ee0f: Neither blocks nor log segments found. Creating new log.
I20260710 13:24:12.565497 22668 tablet_bootstrap.cc:492] T ee422c0cfbd942129c72f96287a28aa9 P b7636bd1cbc2412bb121c41d83bb3e6c: No bootstrap required, opened a new log
I20260710 13:24:12.565933 22668 ts_tablet_manager.cc:1403] T ee422c0cfbd942129c72f96287a28aa9 P b7636bd1cbc2412bb121c41d83bb3e6c: Time spent bootstrapping tablet: real 0.016s	user 0.009s	sys 0.005s
I20260710 13:24:12.568152 22669 tablet_bootstrap.cc:492] T c8f7c6c37866480aaa3a010b7cfb6a97 P 2f07048fa2164fa3abde59f28329ee0f: No bootstrap required, opened a new log
I20260710 13:24:12.568593 22669 ts_tablet_manager.cc:1403] T c8f7c6c37866480aaa3a010b7cfb6a97 P 2f07048fa2164fa3abde59f28329ee0f: Time spent bootstrapping tablet: real 0.012s	user 0.010s	sys 0.001s
I20260710 13:24:12.568590 22668 raft_consensus.cc:359] T ee422c0cfbd942129c72f96287a28aa9 P b7636bd1cbc2412bb121c41d83bb3e6c [term 0 FOLLOWER]: Replica starting. Triggering 0 pending ops. Active config: opid_index: -1 OBSOLETE_local: false peers { permanent_uuid: "2f07048fa2164fa3abde59f28329ee0f" member_type: VOTER last_known_addr { host: "127.21.79.193" port: 39101 } } peers { permanent_uuid: "b7636bd1cbc2412bb121c41d83bb3e6c" member_type: VOTER last_known_addr { host: "127.21.79.194" port: 33701 } } peers { permanent_uuid: "626c5d3be2d544358d6460824b629c55" member_type: VOTER last_known_addr { host: "127.21.79.195" port: 36673 } }
I20260710 13:24:12.569501 22668 raft_consensus.cc:385] T ee422c0cfbd942129c72f96287a28aa9 P b7636bd1cbc2412bb121c41d83bb3e6c [term 0 FOLLOWER]: Consensus starting up: Expiring failure detector timer to make a prompt election more likely
I20260710 13:24:12.569785 22668 raft_consensus.cc:740] T ee422c0cfbd942129c72f96287a28aa9 P b7636bd1cbc2412bb121c41d83bb3e6c [term 0 FOLLOWER]: Becoming Follower/Learner. State: Replica: b7636bd1cbc2412bb121c41d83bb3e6c, State: Initialized, Role: FOLLOWER
I20260710 13:24:12.570629 22668 consensus_queue.cc:260] T ee422c0cfbd942129c72f96287a28aa9 P b7636bd1cbc2412bb121c41d83bb3e6c [NON_LEADER]: Queue going to NON_LEADER mode. State: All replicated index: 0, Majority replicated index: 0, Committed index: 0, Last appended: 0.0, Last appended by leader: 0, Current term: 0, Majority size: -1, State: 0, Mode: NON_LEADER, active raft config: opid_index: -1 OBSOLETE_local: false peers { permanent_uuid: "2f07048fa2164fa3abde59f28329ee0f" member_type: VOTER last_known_addr { host: "127.21.79.193" port: 39101 } } peers { permanent_uuid: "b7636bd1cbc2412bb121c41d83bb3e6c" member_type: VOTER last_known_addr { host: "127.21.79.194" port: 33701 } } peers { permanent_uuid: "626c5d3be2d544358d6460824b629c55" member_type: VOTER last_known_addr { host: "127.21.79.195" port: 36673 } }
I20260710 13:24:12.571421 22667 tablet_bootstrap.cc:492] T 8f7744a419ad4c2194cebb6415d5b13c P 626c5d3be2d544358d6460824b629c55: No bootstrap required, opened a new log
I20260710 13:24:12.571466 22669 raft_consensus.cc:359] T c8f7c6c37866480aaa3a010b7cfb6a97 P 2f07048fa2164fa3abde59f28329ee0f [term 0 FOLLOWER]: Replica starting. Triggering 0 pending ops. Active config: opid_index: -1 OBSOLETE_local: false peers { permanent_uuid: "2f07048fa2164fa3abde59f28329ee0f" member_type: VOTER last_known_addr { host: "127.21.79.193" port: 39101 } } peers { permanent_uuid: "b7636bd1cbc2412bb121c41d83bb3e6c" member_type: VOTER last_known_addr { host: "127.21.79.194" port: 33701 } } peers { permanent_uuid: "626c5d3be2d544358d6460824b629c55" member_type: VOTER last_known_addr { host: "127.21.79.195" port: 36673 } }
I20260710 13:24:12.571993 22667 ts_tablet_manager.cc:1403] T 8f7744a419ad4c2194cebb6415d5b13c P 626c5d3be2d544358d6460824b629c55: Time spent bootstrapping tablet: real 0.046s	user 0.007s	sys 0.004s
I20260710 13:24:12.572227 22669 raft_consensus.cc:385] T c8f7c6c37866480aaa3a010b7cfb6a97 P 2f07048fa2164fa3abde59f28329ee0f [term 0 FOLLOWER]: Consensus starting up: Expiring failure detector timer to make a prompt election more likely
I20260710 13:24:12.572540 22669 raft_consensus.cc:740] T c8f7c6c37866480aaa3a010b7cfb6a97 P 2f07048fa2164fa3abde59f28329ee0f [term 0 FOLLOWER]: Becoming Follower/Learner. State: Replica: 2f07048fa2164fa3abde59f28329ee0f, State: Initialized, Role: FOLLOWER
I20260710 13:24:12.573272 22669 consensus_queue.cc:260] T c8f7c6c37866480aaa3a010b7cfb6a97 P 2f07048fa2164fa3abde59f28329ee0f [NON_LEADER]: Queue going to NON_LEADER mode. State: All replicated index: 0, Majority replicated index: 0, Committed index: 0, Last appended: 0.0, Last appended by leader: 0, Current term: 0, Majority size: -1, State: 0, Mode: NON_LEADER, active raft config: opid_index: -1 OBSOLETE_local: false peers { permanent_uuid: "2f07048fa2164fa3abde59f28329ee0f" member_type: VOTER last_known_addr { host: "127.21.79.193" port: 39101 } } peers { permanent_uuid: "b7636bd1cbc2412bb121c41d83bb3e6c" member_type: VOTER last_known_addr { host: "127.21.79.194" port: 33701 } } peers { permanent_uuid: "626c5d3be2d544358d6460824b629c55" member_type: VOTER last_known_addr { host: "127.21.79.195" port: 36673 } }
I20260710 13:24:12.574837 22668 ts_tablet_manager.cc:1434] T ee422c0cfbd942129c72f96287a28aa9 P b7636bd1cbc2412bb121c41d83bb3e6c: Time spent starting tablet: real 0.009s	user 0.002s	sys 0.005s
I20260710 13:24:12.575285 22669 ts_tablet_manager.cc:1434] T c8f7c6c37866480aaa3a010b7cfb6a97 P 2f07048fa2164fa3abde59f28329ee0f: Time spent starting tablet: real 0.006s	user 0.005s	sys 0.000s
I20260710 13:24:12.579025 22667 raft_consensus.cc:359] T 8f7744a419ad4c2194cebb6415d5b13c P 626c5d3be2d544358d6460824b629c55 [term 0 FOLLOWER]: Replica starting. Triggering 0 pending ops. Active config: opid_index: -1 OBSOLETE_local: false peers { permanent_uuid: "2f07048fa2164fa3abde59f28329ee0f" member_type: VOTER last_known_addr { host: "127.21.79.193" port: 39101 } } peers { permanent_uuid: "b7636bd1cbc2412bb121c41d83bb3e6c" member_type: VOTER last_known_addr { host: "127.21.79.194" port: 33701 } } peers { permanent_uuid: "626c5d3be2d544358d6460824b629c55" member_type: VOTER last_known_addr { host: "127.21.79.195" port: 36673 } }
I20260710 13:24:12.579752 22667 raft_consensus.cc:385] T 8f7744a419ad4c2194cebb6415d5b13c P 626c5d3be2d544358d6460824b629c55 [term 0 FOLLOWER]: Consensus starting up: Expiring failure detector timer to make a prompt election more likely
I20260710 13:24:12.580091 22667 raft_consensus.cc:740] T 8f7744a419ad4c2194cebb6415d5b13c P 626c5d3be2d544358d6460824b629c55 [term 0 FOLLOWER]: Becoming Follower/Learner. State: Replica: 626c5d3be2d544358d6460824b629c55, State: Initialized, Role: FOLLOWER
I20260710 13:24:12.580937 22667 consensus_queue.cc:260] T 8f7744a419ad4c2194cebb6415d5b13c P 626c5d3be2d544358d6460824b629c55 [NON_LEADER]: Queue going to NON_LEADER mode. State: All replicated index: 0, Majority replicated index: 0, Committed index: 0, Last appended: 0.0, Last appended by leader: 0, Current term: 0, Majority size: -1, State: 0, Mode: NON_LEADER, active raft config: opid_index: -1 OBSOLETE_local: false peers { permanent_uuid: "2f07048fa2164fa3abde59f28329ee0f" member_type: VOTER last_known_addr { host: "127.21.79.193" port: 39101 } } peers { permanent_uuid: "b7636bd1cbc2412bb121c41d83bb3e6c" member_type: VOTER last_known_addr { host: "127.21.79.194" port: 33701 } } peers { permanent_uuid: "626c5d3be2d544358d6460824b629c55" member_type: VOTER last_known_addr { host: "127.21.79.195" port: 36673 } }
I20260710 13:24:12.582955 22667 ts_tablet_manager.cc:1434] T 8f7744a419ad4c2194cebb6415d5b13c P 626c5d3be2d544358d6460824b629c55: Time spent starting tablet: real 0.011s	user 0.004s	sys 0.001s
I20260710 13:24:12.604915 22716 raft_consensus.cc:493] T a291715f92474a1683df7894b101322a P 2f07048fa2164fa3abde59f28329ee0f [term 0 FOLLOWER]: Starting pre-election (no leader contacted us within the election timeout)
I20260710 13:24:12.605434 22716 raft_consensus.cc:515] T a291715f92474a1683df7894b101322a P 2f07048fa2164fa3abde59f28329ee0f [term 0 FOLLOWER]: Starting pre-election with config: opid_index: -1 OBSOLETE_local: false peers { permanent_uuid: "2f07048fa2164fa3abde59f28329ee0f" member_type: VOTER last_known_addr { host: "127.21.79.193" port: 39101 } } peers { permanent_uuid: "b7636bd1cbc2412bb121c41d83bb3e6c" member_type: VOTER last_known_addr { host: "127.21.79.194" port: 33701 } } peers { permanent_uuid: "626c5d3be2d544358d6460824b629c55" member_type: VOTER last_known_addr { host: "127.21.79.195" port: 36673 } }
I20260710 13:24:12.607362 22716 leader_election.cc:290] T a291715f92474a1683df7894b101322a P 2f07048fa2164fa3abde59f28329ee0f [CANDIDATE]: Term 1 pre-election: Requested pre-vote from peers b7636bd1cbc2412bb121c41d83bb3e6c (127.21.79.194:33701), 626c5d3be2d544358d6460824b629c55 (127.21.79.195:36673)
I20260710 13:24:12.608208 22551 tablet_service.cc:1917] Received RequestConsensusVote() RPC: tablet_id: "a291715f92474a1683df7894b101322a" candidate_uuid: "2f07048fa2164fa3abde59f28329ee0f" candidate_term: 1 candidate_status { last_received { term: 0 index: 0 } } ignore_live_leader: false dest_uuid: "b7636bd1cbc2412bb121c41d83bb3e6c" is_pre_election: true
I20260710 13:24:12.608546 22626 tablet_service.cc:1917] Received RequestConsensusVote() RPC: tablet_id: "a291715f92474a1683df7894b101322a" candidate_uuid: "2f07048fa2164fa3abde59f28329ee0f" candidate_term: 1 candidate_status { last_received { term: 0 index: 0 } } ignore_live_leader: false dest_uuid: "626c5d3be2d544358d6460824b629c55" is_pre_election: true
I20260710 13:24:12.608973 22551 raft_consensus.cc:2393] T a291715f92474a1683df7894b101322a P b7636bd1cbc2412bb121c41d83bb3e6c [term 1 FOLLOWER]: Leader pre-election vote request: Denying vote to candidate 2f07048fa2164fa3abde59f28329ee0f in current term 1: Already voted for candidate 626c5d3be2d544358d6460824b629c55 in this term.
I20260710 13:24:12.610146 22442 leader_election.cc:304] T a291715f92474a1683df7894b101322a P 2f07048fa2164fa3abde59f28329ee0f [CANDIDATE]: Term 1 pre-election: Election decided. Result: candidate lost. Election summary: received 3 responses out of 3 voters: 1 yes votes; 2 no votes. yes voters: 2f07048fa2164fa3abde59f28329ee0f; no voters: 626c5d3be2d544358d6460824b629c55, b7636bd1cbc2412bb121c41d83bb3e6c
I20260710 13:24:12.610853 22716 raft_consensus.cc:3060] T a291715f92474a1683df7894b101322a P 2f07048fa2164fa3abde59f28329ee0f [term 0 FOLLOWER]: Advancing to term 1
I20260710 13:24:12.615342 22673 raft_consensus.cc:493] T 07b718a69fae4b08bf227fcc1be24851 P b7636bd1cbc2412bb121c41d83bb3e6c [term 0 FOLLOWER]: Starting pre-election (no leader contacted us within the election timeout)
I20260710 13:24:12.616117 22716 raft_consensus.cc:2749] T a291715f92474a1683df7894b101322a P 2f07048fa2164fa3abde59f28329ee0f [term 1 FOLLOWER]: Leader pre-election lost for term 1. Reason: could not achieve majority
I20260710 13:24:12.615876 22673 raft_consensus.cc:515] T 07b718a69fae4b08bf227fcc1be24851 P b7636bd1cbc2412bb121c41d83bb3e6c [term 0 FOLLOWER]: Starting pre-election with config: opid_index: -1 OBSOLETE_local: false peers { permanent_uuid: "2f07048fa2164fa3abde59f28329ee0f" member_type: VOTER last_known_addr { host: "127.21.79.193" port: 39101 } } peers { permanent_uuid: "b7636bd1cbc2412bb121c41d83bb3e6c" member_type: VOTER last_known_addr { host: "127.21.79.194" port: 33701 } } peers { permanent_uuid: "626c5d3be2d544358d6460824b629c55" member_type: VOTER last_known_addr { host: "127.21.79.195" port: 36673 } }
I20260710 13:24:12.617184 22716 consensus_queue.cc:1048] T 07b718a69fae4b08bf227fcc1be24851 P 2f07048fa2164fa3abde59f28329ee0f [LEADER]: Connected to new peer: Peer: permanent_uuid: "626c5d3be2d544358d6460824b629c55" member_type: VOTER last_known_addr { host: "127.21.79.195" port: 36673 }, Status: LMP_MISMATCH, Last received: 0.0, Next index: 1, Last known committed idx: 0, Time since last communication: 0.000s
I20260710 13:24:12.617744 22673 leader_election.cc:290] T 07b718a69fae4b08bf227fcc1be24851 P b7636bd1cbc2412bb121c41d83bb3e6c [CANDIDATE]: Term 1 pre-election: Requested pre-vote from peers 2f07048fa2164fa3abde59f28329ee0f (127.21.79.193:39101), 626c5d3be2d544358d6460824b629c55 (127.21.79.195:36673)
I20260710 13:24:12.619004 22626 tablet_service.cc:1917] Received RequestConsensusVote() RPC: tablet_id: "07b718a69fae4b08bf227fcc1be24851" candidate_uuid: "b7636bd1cbc2412bb121c41d83bb3e6c" candidate_term: 1 candidate_status { last_received { term: 0 index: 0 } } ignore_live_leader: false dest_uuid: "626c5d3be2d544358d6460824b629c55" is_pre_election: true
I20260710 13:24:12.618940 22477 tablet_service.cc:1917] Received RequestConsensusVote() RPC: tablet_id: "07b718a69fae4b08bf227fcc1be24851" candidate_uuid: "b7636bd1cbc2412bb121c41d83bb3e6c" candidate_term: 1 candidate_status { last_received { term: 0 index: 0 } } ignore_live_leader: false dest_uuid: "2f07048fa2164fa3abde59f28329ee0f" is_pre_election: true
I20260710 13:24:12.619807 22626 raft_consensus.cc:2393] T 07b718a69fae4b08bf227fcc1be24851 P 626c5d3be2d544358d6460824b629c55 [term 1 FOLLOWER]: Leader pre-election vote request: Denying vote to candidate b7636bd1cbc2412bb121c41d83bb3e6c in current term 1: Already voted for candidate 2f07048fa2164fa3abde59f28329ee0f in this term.
I20260710 13:24:12.620949 22516 leader_election.cc:304] T 07b718a69fae4b08bf227fcc1be24851 P b7636bd1cbc2412bb121c41d83bb3e6c [CANDIDATE]: Term 1 pre-election: Election decided. Result: candidate lost. Election summary: received 3 responses out of 3 voters: 1 yes votes; 2 no votes. yes voters: b7636bd1cbc2412bb121c41d83bb3e6c; no voters: 2f07048fa2164fa3abde59f28329ee0f, 626c5d3be2d544358d6460824b629c55
I20260710 13:24:12.621675 22673 raft_consensus.cc:3060] T 07b718a69fae4b08bf227fcc1be24851 P b7636bd1cbc2412bb121c41d83bb3e6c [term 0 FOLLOWER]: Advancing to term 1
I20260710 13:24:12.629810 22673 raft_consensus.cc:2749] T 07b718a69fae4b08bf227fcc1be24851 P b7636bd1cbc2412bb121c41d83bb3e6c [term 1 FOLLOWER]: Leader pre-election lost for term 1. Reason: could not achieve majority
I20260710 13:24:12.635111 22676 consensus_queue.cc:1048] T 07b718a69fae4b08bf227fcc1be24851 P 2f07048fa2164fa3abde59f28329ee0f [LEADER]: Connected to new peer: Peer: permanent_uuid: "b7636bd1cbc2412bb121c41d83bb3e6c" member_type: VOTER last_known_addr { host: "127.21.79.194" port: 33701 }, Status: LMP_MISMATCH, Last received: 0.0, Next index: 1, Last known committed idx: 0, Time since last communication: 0.000s
I20260710 13:24:12.665861 22674 consensus_queue.cc:1048] T a291715f92474a1683df7894b101322a P 626c5d3be2d544358d6460824b629c55 [LEADER]: Connected to new peer: Peer: permanent_uuid: "2f07048fa2164fa3abde59f28329ee0f" member_type: VOTER last_known_addr { host: "127.21.79.193" port: 39101 }, Status: LMP_MISMATCH, Last received: 0.0, Next index: 1, Last known committed idx: 0, Time since last communication: 0.000s
I20260710 13:24:12.667303 22673 raft_consensus.cc:493] T c8f7c6c37866480aaa3a010b7cfb6a97 P b7636bd1cbc2412bb121c41d83bb3e6c [term 0 FOLLOWER]: Starting pre-election (no leader contacted us within the election timeout)
I20260710 13:24:12.667785 22673 raft_consensus.cc:515] T c8f7c6c37866480aaa3a010b7cfb6a97 P b7636bd1cbc2412bb121c41d83bb3e6c [term 0 FOLLOWER]: Starting pre-election with config: opid_index: -1 OBSOLETE_local: false peers { permanent_uuid: "2f07048fa2164fa3abde59f28329ee0f" member_type: VOTER last_known_addr { host: "127.21.79.193" port: 39101 } } peers { permanent_uuid: "b7636bd1cbc2412bb121c41d83bb3e6c" member_type: VOTER last_known_addr { host: "127.21.79.194" port: 33701 } } peers { permanent_uuid: "626c5d3be2d544358d6460824b629c55" member_type: VOTER last_known_addr { host: "127.21.79.195" port: 36673 } }
I20260710 13:24:12.669534 22673 leader_election.cc:290] T c8f7c6c37866480aaa3a010b7cfb6a97 P b7636bd1cbc2412bb121c41d83bb3e6c [CANDIDATE]: Term 1 pre-election: Requested pre-vote from peers 2f07048fa2164fa3abde59f28329ee0f (127.21.79.193:39101), 626c5d3be2d544358d6460824b629c55 (127.21.79.195:36673)
I20260710 13:24:12.670849 22627 tablet_service.cc:1917] Received RequestConsensusVote() RPC: tablet_id: "c8f7c6c37866480aaa3a010b7cfb6a97" candidate_uuid: "b7636bd1cbc2412bb121c41d83bb3e6c" candidate_term: 1 candidate_status { last_received { term: 0 index: 0 } } ignore_live_leader: false dest_uuid: "626c5d3be2d544358d6460824b629c55" is_pre_election: true
I20260710 13:24:12.670917 22478 tablet_service.cc:1917] Received RequestConsensusVote() RPC: tablet_id: "c8f7c6c37866480aaa3a010b7cfb6a97" candidate_uuid: "b7636bd1cbc2412bb121c41d83bb3e6c" candidate_term: 1 candidate_status { last_received { term: 0 index: 0 } } ignore_live_leader: false dest_uuid: "2f07048fa2164fa3abde59f28329ee0f" is_pre_election: true
I20260710 13:24:12.671617 22627 raft_consensus.cc:2468] T c8f7c6c37866480aaa3a010b7cfb6a97 P 626c5d3be2d544358d6460824b629c55 [term 0 FOLLOWER]: Leader pre-election vote request: Granting yes vote for candidate b7636bd1cbc2412bb121c41d83bb3e6c in term 0.
I20260710 13:24:12.671728 22478 raft_consensus.cc:2468] T c8f7c6c37866480aaa3a010b7cfb6a97 P 2f07048fa2164fa3abde59f28329ee0f [term 0 FOLLOWER]: Leader pre-election vote request: Granting yes vote for candidate b7636bd1cbc2412bb121c41d83bb3e6c in term 0.
I20260710 13:24:12.672744 22516 leader_election.cc:304] T c8f7c6c37866480aaa3a010b7cfb6a97 P b7636bd1cbc2412bb121c41d83bb3e6c [CANDIDATE]: Term 1 pre-election: Election decided. Result: candidate won. Election summary: received 2 responses out of 3 voters: 2 yes votes; 0 no votes. yes voters: 626c5d3be2d544358d6460824b629c55, b7636bd1cbc2412bb121c41d83bb3e6c; no voters: 
I20260710 13:24:12.673408 22676 raft_consensus.cc:493] T ee422c0cfbd942129c72f96287a28aa9 P 2f07048fa2164fa3abde59f28329ee0f [term 0 FOLLOWER]: Starting pre-election (no leader contacted us within the election timeout)
I20260710 13:24:12.673998 22673 raft_consensus.cc:2804] T c8f7c6c37866480aaa3a010b7cfb6a97 P b7636bd1cbc2412bb121c41d83bb3e6c [term 0 FOLLOWER]: Leader pre-election won for term 1
I20260710 13:24:12.673854 22676 raft_consensus.cc:515] T ee422c0cfbd942129c72f96287a28aa9 P 2f07048fa2164fa3abde59f28329ee0f [term 0 FOLLOWER]: Starting pre-election with config: opid_index: -1 OBSOLETE_local: false peers { permanent_uuid: "2f07048fa2164fa3abde59f28329ee0f" member_type: VOTER last_known_addr { host: "127.21.79.193" port: 39101 } } peers { permanent_uuid: "b7636bd1cbc2412bb121c41d83bb3e6c" member_type: VOTER last_known_addr { host: "127.21.79.194" port: 33701 } } peers { permanent_uuid: "626c5d3be2d544358d6460824b629c55" member_type: VOTER last_known_addr { host: "127.21.79.195" port: 36673 } }
I20260710 13:24:12.674415 22673 raft_consensus.cc:493] T c8f7c6c37866480aaa3a010b7cfb6a97 P b7636bd1cbc2412bb121c41d83bb3e6c [term 0 FOLLOWER]: Starting leader election (no leader contacted us within the election timeout)
I20260710 13:24:12.674795 22673 raft_consensus.cc:3060] T c8f7c6c37866480aaa3a010b7cfb6a97 P b7636bd1cbc2412bb121c41d83bb3e6c [term 0 FOLLOWER]: Advancing to term 1
I20260710 13:24:12.675956 22676 leader_election.cc:290] T ee422c0cfbd942129c72f96287a28aa9 P 2f07048fa2164fa3abde59f28329ee0f [CANDIDATE]: Term 1 pre-election: Requested pre-vote from peers b7636bd1cbc2412bb121c41d83bb3e6c (127.21.79.194:33701), 626c5d3be2d544358d6460824b629c55 (127.21.79.195:36673)
I20260710 13:24:12.677433 22551 tablet_service.cc:1917] Received RequestConsensusVote() RPC: tablet_id: "ee422c0cfbd942129c72f96287a28aa9" candidate_uuid: "2f07048fa2164fa3abde59f28329ee0f" candidate_term: 1 candidate_status { last_received { term: 0 index: 0 } } ignore_live_leader: false dest_uuid: "b7636bd1cbc2412bb121c41d83bb3e6c" is_pre_election: true
I20260710 13:24:12.678030 22551 raft_consensus.cc:2468] T ee422c0cfbd942129c72f96287a28aa9 P b7636bd1cbc2412bb121c41d83bb3e6c [term 0 FOLLOWER]: Leader pre-election vote request: Granting yes vote for candidate 2f07048fa2164fa3abde59f28329ee0f in term 0.
I20260710 13:24:12.679108 22442 leader_election.cc:304] T ee422c0cfbd942129c72f96287a28aa9 P 2f07048fa2164fa3abde59f28329ee0f [CANDIDATE]: Term 1 pre-election: Election decided. Result: candidate won. Election summary: received 2 responses out of 3 voters: 2 yes votes; 0 no votes. yes voters: 2f07048fa2164fa3abde59f28329ee0f, b7636bd1cbc2412bb121c41d83bb3e6c; no voters: 
I20260710 13:24:12.679364 22627 tablet_service.cc:1917] Received RequestConsensusVote() RPC: tablet_id: "ee422c0cfbd942129c72f96287a28aa9" candidate_uuid: "2f07048fa2164fa3abde59f28329ee0f" candidate_term: 1 candidate_status { last_received { term: 0 index: 0 } } ignore_live_leader: false dest_uuid: "626c5d3be2d544358d6460824b629c55" is_pre_election: true
I20260710 13:24:12.679977 22627 raft_consensus.cc:2468] T ee422c0cfbd942129c72f96287a28aa9 P 626c5d3be2d544358d6460824b629c55 [term 0 FOLLOWER]: Leader pre-election vote request: Granting yes vote for candidate 2f07048fa2164fa3abde59f28329ee0f in term 0.
I20260710 13:24:12.680739 22674 consensus_queue.cc:1048] T a291715f92474a1683df7894b101322a P 626c5d3be2d544358d6460824b629c55 [LEADER]: Connected to new peer: Peer: permanent_uuid: "b7636bd1cbc2412bb121c41d83bb3e6c" member_type: VOTER last_known_addr { host: "127.21.79.194" port: 33701 }, Status: LMP_MISMATCH, Last received: 0.0, Next index: 1, Last known committed idx: 0, Time since last communication: 0.001s
I20260710 13:24:12.679946 22676 raft_consensus.cc:2804] T ee422c0cfbd942129c72f96287a28aa9 P 2f07048fa2164fa3abde59f28329ee0f [term 0 FOLLOWER]: Leader pre-election won for term 1
I20260710 13:24:12.682145 22676 raft_consensus.cc:493] T ee422c0cfbd942129c72f96287a28aa9 P 2f07048fa2164fa3abde59f28329ee0f [term 0 FOLLOWER]: Starting leader election (no leader contacted us within the election timeout)
I20260710 13:24:12.681903 22673 raft_consensus.cc:515] T c8f7c6c37866480aaa3a010b7cfb6a97 P b7636bd1cbc2412bb121c41d83bb3e6c [term 1 FOLLOWER]: Starting leader election with config: opid_index: -1 OBSOLETE_local: false peers { permanent_uuid: "2f07048fa2164fa3abde59f28329ee0f" member_type: VOTER last_known_addr { host: "127.21.79.193" port: 39101 } } peers { permanent_uuid: "b7636bd1cbc2412bb121c41d83bb3e6c" member_type: VOTER last_known_addr { host: "127.21.79.194" port: 33701 } } peers { permanent_uuid: "626c5d3be2d544358d6460824b629c55" member_type: VOTER last_known_addr { host: "127.21.79.195" port: 36673 } }
I20260710 13:24:12.682528 22676 raft_consensus.cc:3060] T ee422c0cfbd942129c72f96287a28aa9 P 2f07048fa2164fa3abde59f28329ee0f [term 0 FOLLOWER]: Advancing to term 1
I20260710 13:24:12.684587 22478 tablet_service.cc:1917] Received RequestConsensusVote() RPC: tablet_id: "c8f7c6c37866480aaa3a010b7cfb6a97" candidate_uuid: "b7636bd1cbc2412bb121c41d83bb3e6c" candidate_term: 1 candidate_status { last_received { term: 0 index: 0 } } ignore_live_leader: false dest_uuid: "2f07048fa2164fa3abde59f28329ee0f"
I20260710 13:24:12.685141 22478 raft_consensus.cc:3060] T c8f7c6c37866480aaa3a010b7cfb6a97 P 2f07048fa2164fa3abde59f28329ee0f [term 0 FOLLOWER]: Advancing to term 1
I20260710 13:24:12.688244 22673 leader_election.cc:290] T c8f7c6c37866480aaa3a010b7cfb6a97 P b7636bd1cbc2412bb121c41d83bb3e6c [CANDIDATE]: Term 1 election: Requested vote from peers 2f07048fa2164fa3abde59f28329ee0f (127.21.79.193:39101), 626c5d3be2d544358d6460824b629c55 (127.21.79.195:36673)
I20260710 13:24:12.689316 22676 raft_consensus.cc:515] T ee422c0cfbd942129c72f96287a28aa9 P 2f07048fa2164fa3abde59f28329ee0f [term 1 FOLLOWER]: Starting leader election with config: opid_index: -1 OBSOLETE_local: false peers { permanent_uuid: "2f07048fa2164fa3abde59f28329ee0f" member_type: VOTER last_known_addr { host: "127.21.79.193" port: 39101 } } peers { permanent_uuid: "b7636bd1cbc2412bb121c41d83bb3e6c" member_type: VOTER last_known_addr { host: "127.21.79.194" port: 33701 } } peers { permanent_uuid: "626c5d3be2d544358d6460824b629c55" member_type: VOTER last_known_addr { host: "127.21.79.195" port: 36673 } }
I20260710 13:24:12.691900 22627 tablet_service.cc:1917] Received RequestConsensusVote() RPC: tablet_id: "c8f7c6c37866480aaa3a010b7cfb6a97" candidate_uuid: "b7636bd1cbc2412bb121c41d83bb3e6c" candidate_term: 1 candidate_status { last_received { term: 0 index: 0 } } ignore_live_leader: false dest_uuid: "626c5d3be2d544358d6460824b629c55"
I20260710 13:24:12.692534 22627 raft_consensus.cc:3060] T c8f7c6c37866480aaa3a010b7cfb6a97 P 626c5d3be2d544358d6460824b629c55 [term 0 FOLLOWER]: Advancing to term 1
I20260710 13:24:12.692672 22478 raft_consensus.cc:2468] T c8f7c6c37866480aaa3a010b7cfb6a97 P 2f07048fa2164fa3abde59f28329ee0f [term 1 FOLLOWER]: Leader election vote request: Granting yes vote for candidate b7636bd1cbc2412bb121c41d83bb3e6c in term 1.
I20260710 13:24:12.694180 22516 leader_election.cc:304] T c8f7c6c37866480aaa3a010b7cfb6a97 P b7636bd1cbc2412bb121c41d83bb3e6c [CANDIDATE]: Term 1 election: Election decided. Result: candidate won. Election summary: received 2 responses out of 3 voters: 2 yes votes; 0 no votes. yes voters: 2f07048fa2164fa3abde59f28329ee0f, b7636bd1cbc2412bb121c41d83bb3e6c; no voters: 
I20260710 13:24:12.695528 22713 raft_consensus.cc:2804] T c8f7c6c37866480aaa3a010b7cfb6a97 P b7636bd1cbc2412bb121c41d83bb3e6c [term 1 FOLLOWER]: Leader election won for term 1
I20260710 13:24:12.695978 22713 raft_consensus.cc:697] T c8f7c6c37866480aaa3a010b7cfb6a97 P b7636bd1cbc2412bb121c41d83bb3e6c [term 1 LEADER]: Becoming Leader. State: Replica: b7636bd1cbc2412bb121c41d83bb3e6c, State: Running, Role: LEADER
I20260710 13:24:12.696868 22713 consensus_queue.cc:237] T c8f7c6c37866480aaa3a010b7cfb6a97 P b7636bd1cbc2412bb121c41d83bb3e6c [LEADER]: Queue going to LEADER mode. State: All replicated index: 0, Majority replicated index: 0, Committed index: 0, Last appended: 0.0, Last appended by leader: 0, Current term: 1, Majority size: 2, State: 0, Mode: LEADER, active raft config: opid_index: -1 OBSOLETE_local: false peers { permanent_uuid: "2f07048fa2164fa3abde59f28329ee0f" member_type: VOTER last_known_addr { host: "127.21.79.193" port: 39101 } } peers { permanent_uuid: "b7636bd1cbc2412bb121c41d83bb3e6c" member_type: VOTER last_known_addr { host: "127.21.79.194" port: 33701 } } peers { permanent_uuid: "626c5d3be2d544358d6460824b629c55" member_type: VOTER last_known_addr { host: "127.21.79.195" port: 36673 } }
I20260710 13:24:12.699229 22627 raft_consensus.cc:2468] T c8f7c6c37866480aaa3a010b7cfb6a97 P 626c5d3be2d544358d6460824b629c55 [term 1 FOLLOWER]: Leader election vote request: Granting yes vote for candidate b7636bd1cbc2412bb121c41d83bb3e6c in term 1.
I20260710 13:24:12.699700 22553 tablet_service.cc:1917] Received RequestConsensusVote() RPC: tablet_id: "ee422c0cfbd942129c72f96287a28aa9" candidate_uuid: "2f07048fa2164fa3abde59f28329ee0f" candidate_term: 1 candidate_status { last_received { term: 0 index: 0 } } ignore_live_leader: false dest_uuid: "b7636bd1cbc2412bb121c41d83bb3e6c"
I20260710 13:24:12.699987 22676 leader_election.cc:290] T ee422c0cfbd942129c72f96287a28aa9 P 2f07048fa2164fa3abde59f28329ee0f [CANDIDATE]: Term 1 election: Requested vote from peers b7636bd1cbc2412bb121c41d83bb3e6c (127.21.79.194:33701), 626c5d3be2d544358d6460824b629c55 (127.21.79.195:36673)
I20260710 13:24:12.700328 22553 raft_consensus.cc:3060] T ee422c0cfbd942129c72f96287a28aa9 P b7636bd1cbc2412bb121c41d83bb3e6c [term 0 FOLLOWER]: Advancing to term 1
I20260710 13:24:12.701185 22626 tablet_service.cc:1917] Received RequestConsensusVote() RPC: tablet_id: "ee422c0cfbd942129c72f96287a28aa9" candidate_uuid: "2f07048fa2164fa3abde59f28329ee0f" candidate_term: 1 candidate_status { last_received { term: 0 index: 0 } } ignore_live_leader: false dest_uuid: "626c5d3be2d544358d6460824b629c55"
I20260710 13:24:12.701928 22626 raft_consensus.cc:3060] T ee422c0cfbd942129c72f96287a28aa9 P 626c5d3be2d544358d6460824b629c55 [term 0 FOLLOWER]: Advancing to term 1
I20260710 13:24:12.702601 22676 raft_consensus.cc:493] T 8f7744a419ad4c2194cebb6415d5b13c P 2f07048fa2164fa3abde59f28329ee0f [term 0 FOLLOWER]: Starting pre-election (no leader contacted us within the election timeout)
I20260710 13:24:12.703068 22676 raft_consensus.cc:515] T 8f7744a419ad4c2194cebb6415d5b13c P 2f07048fa2164fa3abde59f28329ee0f [term 0 FOLLOWER]: Starting pre-election with config: opid_index: -1 OBSOLETE_local: false peers { permanent_uuid: "2f07048fa2164fa3abde59f28329ee0f" member_type: VOTER last_known_addr { host: "127.21.79.193" port: 39101 } } peers { permanent_uuid: "b7636bd1cbc2412bb121c41d83bb3e6c" member_type: VOTER last_known_addr { host: "127.21.79.194" port: 33701 } } peers { permanent_uuid: "626c5d3be2d544358d6460824b629c55" member_type: VOTER last_known_addr { host: "127.21.79.195" port: 36673 } }
I20260710 13:24:12.705919 22552 tablet_service.cc:1917] Received RequestConsensusVote() RPC: tablet_id: "8f7744a419ad4c2194cebb6415d5b13c" candidate_uuid: "2f07048fa2164fa3abde59f28329ee0f" candidate_term: 1 candidate_status { last_received { term: 0 index: 0 } } ignore_live_leader: false dest_uuid: "b7636bd1cbc2412bb121c41d83bb3e6c" is_pre_election: true
I20260710 13:24:12.706549 22552 raft_consensus.cc:2468] T 8f7744a419ad4c2194cebb6415d5b13c P b7636bd1cbc2412bb121c41d83bb3e6c [term 0 FOLLOWER]: Leader pre-election vote request: Granting yes vote for candidate 2f07048fa2164fa3abde59f28329ee0f in term 0.
I20260710 13:24:12.707446 22553 raft_consensus.cc:2468] T ee422c0cfbd942129c72f96287a28aa9 P b7636bd1cbc2412bb121c41d83bb3e6c [term 1 FOLLOWER]: Leader election vote request: Granting yes vote for candidate 2f07048fa2164fa3abde59f28329ee0f in term 1.
I20260710 13:24:12.707821 22442 leader_election.cc:304] T 8f7744a419ad4c2194cebb6415d5b13c P 2f07048fa2164fa3abde59f28329ee0f [CANDIDATE]: Term 1 pre-election: Election decided. Result: candidate won. Election summary: received 2 responses out of 3 voters: 2 yes votes; 0 no votes. yes voters: 2f07048fa2164fa3abde59f28329ee0f, b7636bd1cbc2412bb121c41d83bb3e6c; no voters: 
I20260710 13:24:12.708808 22442 leader_election.cc:304] T ee422c0cfbd942129c72f96287a28aa9 P 2f07048fa2164fa3abde59f28329ee0f [CANDIDATE]: Term 1 election: Election decided. Result: candidate won. Election summary: received 2 responses out of 3 voters: 2 yes votes; 0 no votes. yes voters: 2f07048fa2164fa3abde59f28329ee0f, b7636bd1cbc2412bb121c41d83bb3e6c; no voters: 
I20260710 13:24:12.709626 22716 raft_consensus.cc:2804] T 8f7744a419ad4c2194cebb6415d5b13c P 2f07048fa2164fa3abde59f28329ee0f [term 0 FOLLOWER]: Leader pre-election won for term 1
I20260710 13:24:12.709753 22690 raft_consensus.cc:2804] T ee422c0cfbd942129c72f96287a28aa9 P 2f07048fa2164fa3abde59f28329ee0f [term 1 FOLLOWER]: Leader election won for term 1
I20260710 13:24:12.710000 22716 raft_consensus.cc:493] T 8f7744a419ad4c2194cebb6415d5b13c P 2f07048fa2164fa3abde59f28329ee0f [term 0 FOLLOWER]: Starting leader election (no leader contacted us within the election timeout)
I20260710 13:24:12.710311 22690 raft_consensus.cc:697] T ee422c0cfbd942129c72f96287a28aa9 P 2f07048fa2164fa3abde59f28329ee0f [term 1 LEADER]: Becoming Leader. State: Replica: 2f07048fa2164fa3abde59f28329ee0f, State: Running, Role: LEADER
I20260710 13:24:12.710449 22716 raft_consensus.cc:3060] T 8f7744a419ad4c2194cebb6415d5b13c P 2f07048fa2164fa3abde59f28329ee0f [term 0 FOLLOWER]: Advancing to term 1
I20260710 13:24:12.711201 22690 consensus_queue.cc:237] T ee422c0cfbd942129c72f96287a28aa9 P 2f07048fa2164fa3abde59f28329ee0f [LEADER]: Queue going to LEADER mode. State: All replicated index: 0, Majority replicated index: 0, Committed index: 0, Last appended: 0.0, Last appended by leader: 0, Current term: 1, Majority size: 2, State: 0, Mode: LEADER, active raft config: opid_index: -1 OBSOLETE_local: false peers { permanent_uuid: "2f07048fa2164fa3abde59f28329ee0f" member_type: VOTER last_known_addr { host: "127.21.79.193" port: 39101 } } peers { permanent_uuid: "b7636bd1cbc2412bb121c41d83bb3e6c" member_type: VOTER last_known_addr { host: "127.21.79.194" port: 33701 } } peers { permanent_uuid: "626c5d3be2d544358d6460824b629c55" member_type: VOTER last_known_addr { host: "127.21.79.195" port: 36673 } }
I20260710 13:24:12.712924 22626 raft_consensus.cc:2468] T ee422c0cfbd942129c72f96287a28aa9 P 626c5d3be2d544358d6460824b629c55 [term 1 FOLLOWER]: Leader election vote request: Granting yes vote for candidate 2f07048fa2164fa3abde59f28329ee0f in term 1.
I20260710 13:24:12.713261 22627 tablet_service.cc:1917] Received RequestConsensusVote() RPC: tablet_id: "8f7744a419ad4c2194cebb6415d5b13c" candidate_uuid: "2f07048fa2164fa3abde59f28329ee0f" candidate_term: 1 candidate_status { last_received { term: 0 index: 0 } } ignore_live_leader: false dest_uuid: "626c5d3be2d544358d6460824b629c55" is_pre_election: true
I20260710 13:24:12.713899 22627 raft_consensus.cc:2468] T 8f7744a419ad4c2194cebb6415d5b13c P 626c5d3be2d544358d6460824b629c55 [term 0 FOLLOWER]: Leader pre-election vote request: Granting yes vote for candidate 2f07048fa2164fa3abde59f28329ee0f in term 0.
I20260710 13:24:12.714561 22731 raft_consensus.cc:493] T 8f7744a419ad4c2194cebb6415d5b13c P 626c5d3be2d544358d6460824b629c55 [term 0 FOLLOWER]: Starting pre-election (no leader contacted us within the election timeout)
