I20260710 13:24:00.967890 27537 raft_consensus.cc:515] T 4ef4e8cc8ea34295ae458f0833be18ff P b8bfaa4967324bbeb21d01ccc951c5e4 [term 2 FOLLOWER]: Starting forced leader election with config: opid_index: -1 OBSOLETE_local: false peers { permanent_uuid: "dd6be77522ff4ac2aec92a03bcce4d32" member_type: VOTER last_known_addr { host: "127.26.175.193" port: 33679 } } peers { permanent_uuid: "b8bfaa4967324bbeb21d01ccc951c5e4" member_type: VOTER last_known_addr { host: "127.26.175.194" port: 46117 } } peers { permanent_uuid: "778cd8ff9f024c6a9696f151d501eca9" member_type: VOTER last_known_addr { host: "127.26.175.195" port: 46075 } }
I20260710 13:24:00.969336 27537 leader_election.cc:290] T 4ef4e8cc8ea34295ae458f0833be18ff P b8bfaa4967324bbeb21d01ccc951c5e4 [CANDIDATE]: Term 2 election: Requested vote from peers dd6be77522ff4ac2aec92a03bcce4d32 (127.26.175.193:33679), 778cd8ff9f024c6a9696f151d501eca9 (127.26.175.195:46075)
I20260710 13:24:00.969637 27536 raft_consensus.cc:515] T 63301ac66626497db82dc67bd1173dda P b8bfaa4967324bbeb21d01ccc951c5e4 [term 3 FOLLOWER]: Starting forced leader election with config: opid_index: -1 OBSOLETE_local: false peers { permanent_uuid: "dd6be77522ff4ac2aec92a03bcce4d32" member_type: VOTER last_known_addr { host: "127.26.175.193" port: 33679 } } peers { permanent_uuid: "778cd8ff9f024c6a9696f151d501eca9" member_type: VOTER last_known_addr { host: "127.26.175.195" port: 46075 } } peers { permanent_uuid: "b8bfaa4967324bbeb21d01ccc951c5e4" member_type: VOTER last_known_addr { host: "127.26.175.194" port: 46117 } }
I20260710 13:24:00.970032 27461 tablet_service.cc:1917] Received RequestConsensusVote() RPC: tablet_id: "4ef4e8cc8ea34295ae458f0833be18ff" candidate_uuid: "b8bfaa4967324bbeb21d01ccc951c5e4" candidate_term: 2 candidate_status { last_received { term: 1 index: 1 } } ignore_live_leader: true dest_uuid: "dd6be77522ff4ac2aec92a03bcce4d32"
I20260710 13:24:00.970327 27611 tablet_service.cc:1917] Received RequestConsensusVote() RPC: tablet_id: "4ef4e8cc8ea34295ae458f0833be18ff" candidate_uuid: "b8bfaa4967324bbeb21d01ccc951c5e4" candidate_term: 2 candidate_status { last_received { term: 1 index: 1 } } ignore_live_leader: true dest_uuid: "778cd8ff9f024c6a9696f151d501eca9"
I20260710 13:24:00.970604 27461 raft_consensus.cc:3055] T 4ef4e8cc8ea34295ae458f0833be18ff P dd6be77522ff4ac2aec92a03bcce4d32 [term 1 LEADER]: Stepping down as leader of term 1
I20260710 13:24:00.970937 27611 raft_consensus.cc:3060] T 4ef4e8cc8ea34295ae458f0833be18ff P 778cd8ff9f024c6a9696f151d501eca9 [term 1 FOLLOWER]: Advancing to term 2
I20260710 13:24:00.970963 27461 raft_consensus.cc:740] T 4ef4e8cc8ea34295ae458f0833be18ff P dd6be77522ff4ac2aec92a03bcce4d32 [term 1 LEADER]: Becoming Follower/Learner. State: Replica: dd6be77522ff4ac2aec92a03bcce4d32, State: Running, Role: LEADER
I20260710 13:24:00.971671 27536 leader_election.cc:290] T 63301ac66626497db82dc67bd1173dda P b8bfaa4967324bbeb21d01ccc951c5e4 [CANDIDATE]: Term 3 election: Requested vote from peers dd6be77522ff4ac2aec92a03bcce4d32 (127.26.175.193:33679), 778cd8ff9f024c6a9696f151d501eca9 (127.26.175.195:46075)
I20260710 13:24:00.971882 27461 consensus_queue.cc:260] T 4ef4e8cc8ea34295ae458f0833be18ff P dd6be77522ff4ac2aec92a03bcce4d32 [NON_LEADER]: Queue going to NON_LEADER mode. State: All replicated index: 0, Majority replicated index: 1, Committed index: 1, Last appended: 1.1, Last appended by leader: 1, Current term: 1, Majority size: -1, State: 0, Mode: NON_LEADER, active raft config: opid_index: -1 OBSOLETE_local: false peers { permanent_uuid: "dd6be77522ff4ac2aec92a03bcce4d32" member_type: VOTER last_known_addr { host: "127.26.175.193" port: 33679 } } peers { permanent_uuid: "b8bfaa4967324bbeb21d01ccc951c5e4" member_type: VOTER last_known_addr { host: "127.26.175.194" port: 46117 } } peers { permanent_uuid: "778cd8ff9f024c6a9696f151d501eca9" member_type: VOTER last_known_addr { host: "127.26.175.195" port: 46075 } }
I20260710 13:24:00.972718 27462 tablet_service.cc:1917] Received RequestConsensusVote() RPC: tablet_id: "63301ac66626497db82dc67bd1173dda" candidate_uuid: "b8bfaa4967324bbeb21d01ccc951c5e4" candidate_term: 3 candidate_status { last_received { term: 2 index: 2 } } ignore_live_leader: true dest_uuid: "dd6be77522ff4ac2aec92a03bcce4d32"
I20260710 13:24:00.973068 27461 raft_consensus.cc:3060] T 4ef4e8cc8ea34295ae458f0833be18ff P dd6be77522ff4ac2aec92a03bcce4d32 [term 1 FOLLOWER]: Advancing to term 2
I20260710 13:24:00.973217 27462 raft_consensus.cc:3060] T 63301ac66626497db82dc67bd1173dda P dd6be77522ff4ac2aec92a03bcce4d32 [term 2 FOLLOWER]: Advancing to term 3
I20260710 13:24:00.973263 27609 tablet_service.cc:1917] Received RequestConsensusVote() RPC: tablet_id: "63301ac66626497db82dc67bd1173dda" candidate_uuid: "b8bfaa4967324bbeb21d01ccc951c5e4" candidate_term: 3 candidate_status { last_received { term: 2 index: 2 } } ignore_live_leader: true dest_uuid: "778cd8ff9f024c6a9696f151d501eca9"
I20260710 13:24:00.973862 27609 raft_consensus.cc:3055] T 63301ac66626497db82dc67bd1173dda P 778cd8ff9f024c6a9696f151d501eca9 [term 2 LEADER]: Stepping down as leader of term 2
I20260710 13:24:00.974144 27609 raft_consensus.cc:740] T 63301ac66626497db82dc67bd1173dda P 778cd8ff9f024c6a9696f151d501eca9 [term 2 LEADER]: Becoming Follower/Learner. State: Replica: 778cd8ff9f024c6a9696f151d501eca9, State: Running, Role: LEADER
I20260710 13:24:00.974829 27609 consensus_queue.cc:260] T 63301ac66626497db82dc67bd1173dda P 778cd8ff9f024c6a9696f151d501eca9 [NON_LEADER]: Queue going to NON_LEADER mode. State: All replicated index: 0, Majority replicated index: 2, Committed index: 2, Last appended: 2.2, Last appended by leader: 2, Current term: 2, Majority size: -1, State: 0, Mode: NON_LEADER, active raft config: opid_index: -1 OBSOLETE_local: false peers { permanent_uuid: "dd6be77522ff4ac2aec92a03bcce4d32" member_type: VOTER last_known_addr { host: "127.26.175.193" port: 33679 } } peers { permanent_uuid: "778cd8ff9f024c6a9696f151d501eca9" member_type: VOTER last_known_addr { host: "127.26.175.195" port: 46075 } } peers { permanent_uuid: "b8bfaa4967324bbeb21d01ccc951c5e4" member_type: VOTER last_known_addr { host: "127.26.175.194" port: 46117 } }
I20260710 13:24:00.975782 27609 raft_consensus.cc:3060] T 63301ac66626497db82dc67bd1173dda P 778cd8ff9f024c6a9696f151d501eca9 [term 2 FOLLOWER]: Advancing to term 3
I20260710 13:24:00.977372 27611 raft_consensus.cc:2468] T 4ef4e8cc8ea34295ae458f0833be18ff P 778cd8ff9f024c6a9696f151d501eca9 [term 2 FOLLOWER]: Leader election vote request: Granting yes vote for candidate b8bfaa4967324bbeb21d01ccc951c5e4 in term 2.
I20260710 13:24:00.978467 27501 leader_election.cc:304] T 4ef4e8cc8ea34295ae458f0833be18ff P b8bfaa4967324bbeb21d01ccc951c5e4 [CANDIDATE]: Term 2 election: Election decided. Result: candidate won. Election summary: received 2 responses out of 3 voters: 2 yes votes; 0 no votes. yes voters: 778cd8ff9f024c6a9696f151d501eca9, b8bfaa4967324bbeb21d01ccc951c5e4; no voters: 
I20260710 13:24:00.978945 27462 raft_consensus.cc:2468] T 63301ac66626497db82dc67bd1173dda P dd6be77522ff4ac2aec92a03bcce4d32 [term 3 FOLLOWER]: Leader election vote request: Granting yes vote for candidate b8bfaa4967324bbeb21d01ccc951c5e4 in term 3.
I20260710 13:24:00.979001 27461 raft_consensus.cc:2468] T 4ef4e8cc8ea34295ae458f0833be18ff P dd6be77522ff4ac2aec92a03bcce4d32 [term 2 FOLLOWER]: Leader election vote request: Granting yes vote for candidate b8bfaa4967324bbeb21d01ccc951c5e4 in term 2.
I20260710 13:24:00.979220 27761 raft_consensus.cc:2804] T 4ef4e8cc8ea34295ae458f0833be18ff P b8bfaa4967324bbeb21d01ccc951c5e4 [term 2 FOLLOWER]: Leader election won for term 2
I20260710 13:24:00.979818 27761 raft_consensus.cc:697] T 4ef4e8cc8ea34295ae458f0833be18ff P b8bfaa4967324bbeb21d01ccc951c5e4 [term 2 LEADER]: Becoming Leader. State: Replica: b8bfaa4967324bbeb21d01ccc951c5e4, State: Running, Role: LEADER
I20260710 13:24:00.980878 27501 leader_election.cc:304] T 63301ac66626497db82dc67bd1173dda P b8bfaa4967324bbeb21d01ccc951c5e4 [CANDIDATE]: Term 3 election: Election decided. Result: candidate won. Election summary: received 2 responses out of 3 voters: 2 yes votes; 0 no votes. yes voters: b8bfaa4967324bbeb21d01ccc951c5e4, dd6be77522ff4ac2aec92a03bcce4d32; no voters: 
I20260710 13:24:00.980583 27761 consensus_queue.cc:237] T 4ef4e8cc8ea34295ae458f0833be18ff P b8bfaa4967324bbeb21d01ccc951c5e4 [LEADER]: Queue going to LEADER mode. State: All replicated index: 0, Majority replicated index: 1, Committed index: 1, Last appended: 1.1, Last appended by leader: 1, Current term: 2, Majority size: 2, State: 0, Mode: LEADER, active raft config: opid_index: -1 OBSOLETE_local: false peers { permanent_uuid: "dd6be77522ff4ac2aec92a03bcce4d32" member_type: VOTER last_known_addr { host: "127.26.175.193" port: 33679 } } peers { permanent_uuid: "b8bfaa4967324bbeb21d01ccc951c5e4" member_type: VOTER last_known_addr { host: "127.26.175.194" port: 46117 } } peers { permanent_uuid: "778cd8ff9f024c6a9696f151d501eca9" member_type: VOTER last_known_addr { host: "127.26.175.195" port: 46075 } }
I20260710 13:24:00.981580 27748 raft_consensus.cc:2804] T 63301ac66626497db82dc67bd1173dda P b8bfaa4967324bbeb21d01ccc951c5e4 [term 3 FOLLOWER]: Leader election won for term 3
I20260710 13:24:00.982020 27609 raft_consensus.cc:2468] T 63301ac66626497db82dc67bd1173dda P 778cd8ff9f024c6a9696f151d501eca9 [term 3 FOLLOWER]: Leader election vote request: Granting yes vote for candidate b8bfaa4967324bbeb21d01ccc951c5e4 in term 3.
I20260710 13:24:00.983014 27748 raft_consensus.cc:697] T 63301ac66626497db82dc67bd1173dda P b8bfaa4967324bbeb21d01ccc951c5e4 [term 3 LEADER]: Becoming Leader. State: Replica: b8bfaa4967324bbeb21d01ccc951c5e4, State: Running, Role: LEADER
I20260710 13:24:00.983822 27748 consensus_queue.cc:237] T 63301ac66626497db82dc67bd1173dda P b8bfaa4967324bbeb21d01ccc951c5e4 [LEADER]: Queue going to LEADER mode. State: All replicated index: 0, Majority replicated index: 2, Committed index: 2, Last appended: 2.2, Last appended by leader: 2, Current term: 3, Majority size: 2, State: 0, Mode: LEADER, active raft config: opid_index: -1 OBSOLETE_local: false peers { permanent_uuid: "dd6be77522ff4ac2aec92a03bcce4d32" member_type: VOTER last_known_addr { host: "127.26.175.193" port: 33679 } } peers { permanent_uuid: "778cd8ff9f024c6a9696f151d501eca9" member_type: VOTER last_known_addr { host: "127.26.175.195" port: 46075 } } peers { permanent_uuid: "b8bfaa4967324bbeb21d01ccc951c5e4" member_type: VOTER last_known_addr { host: "127.26.175.194" port: 46117 } }
I20260710 13:24:00.987931 27753 raft_consensus.cc:993] T 13989602693e462bb067e8620087ce91 P dd6be77522ff4ac2aec92a03bcce4d32: : Instructing follower b8bfaa4967324bbeb21d01ccc951c5e4 to start an election
I20260710 13:24:00.988373 27773 raft_consensus.cc:1081] T 13989602693e462bb067e8620087ce91 P dd6be77522ff4ac2aec92a03bcce4d32 [term 2 LEADER]: Signalling peer b8bfaa4967324bbeb21d01ccc951c5e4 to start an election
I20260710 13:24:00.989743 27536 tablet_service.cc:2044] Received Run Leader Election RPC: tablet_id: "13989602693e462bb067e8620087ce91"
dest_uuid: "b8bfaa4967324bbeb21d01ccc951c5e4"
 from {username='slave'} at 127.0.0.1:41540
I20260710 13:24:00.989636 27358 catalog_manager.cc:5697] T 4ef4e8cc8ea34295ae458f0833be18ff P b8bfaa4967324bbeb21d01ccc951c5e4 reported cstate change: term changed from 1 to 2, leader changed from dd6be77522ff4ac2aec92a03bcce4d32 (127.26.175.193) to b8bfaa4967324bbeb21d01ccc951c5e4 (127.26.175.194). New cstate: current_term: 2 leader_uuid: "b8bfaa4967324bbeb21d01ccc951c5e4" committed_config { opid_index: -1 OBSOLETE_local: false peers { permanent_uuid: "dd6be77522ff4ac2aec92a03bcce4d32" member_type: VOTER last_known_addr { host: "127.26.175.193" port: 33679 } health_report { overall_health: UNKNOWN } } peers { permanent_uuid: "b8bfaa4967324bbeb21d01ccc951c5e4" member_type: VOTER last_known_addr { host: "127.26.175.194" port: 46117 } health_report { overall_health: HEALTHY } } peers { permanent_uuid: "778cd8ff9f024c6a9696f151d501eca9" member_type: VOTER last_known_addr { host: "127.26.175.195" port: 46075 } health_report { overall_health: UNKNOWN } } }
I20260710 13:24:00.990226 27536 raft_consensus.cc:493] T 13989602693e462bb067e8620087ce91 P b8bfaa4967324bbeb21d01ccc951c5e4 [term 2 FOLLOWER]: Starting forced leader election (received explicit request)
I20260710 13:24:00.990674 27536 raft_consensus.cc:3060] T 13989602693e462bb067e8620087ce91 P b8bfaa4967324bbeb21d01ccc951c5e4 [term 2 FOLLOWER]: Advancing to term 3
I20260710 13:24:00.995911 27536 raft_consensus.cc:515] T 13989602693e462bb067e8620087ce91 P b8bfaa4967324bbeb21d01ccc951c5e4 [term 3 FOLLOWER]: Starting forced leader election with config: opid_index: -1 OBSOLETE_local: false peers { permanent_uuid: "dd6be77522ff4ac2aec92a03bcce4d32" member_type: VOTER last_known_addr { host: "127.26.175.193" port: 33679 } } peers { permanent_uuid: "b8bfaa4967324bbeb21d01ccc951c5e4" member_type: VOTER last_known_addr { host: "127.26.175.194" port: 46117 } } peers { permanent_uuid: "778cd8ff9f024c6a9696f151d501eca9" member_type: VOTER last_known_addr { host: "127.26.175.195" port: 46075 } }
I20260710 13:24:00.998503 27536 leader_election.cc:290] T 13989602693e462bb067e8620087ce91 P b8bfaa4967324bbeb21d01ccc951c5e4 [CANDIDATE]: Term 3 election: Requested vote from peers dd6be77522ff4ac2aec92a03bcce4d32 (127.26.175.193:33679), 778cd8ff9f024c6a9696f151d501eca9 (127.26.175.195:46075)
I20260710 13:24:00.998637 27461 tablet_service.cc:1917] Received RequestConsensusVote() RPC: tablet_id: "13989602693e462bb067e8620087ce91" candidate_uuid: "b8bfaa4967324bbeb21d01ccc951c5e4" candidate_term: 3 candidate_status { last_received { term: 2 index: 2 } } ignore_live_leader: true dest_uuid: "dd6be77522ff4ac2aec92a03bcce4d32"
I20260710 13:24:00.999426 27461 raft_consensus.cc:3055] T 13989602693e462bb067e8620087ce91 P dd6be77522ff4ac2aec92a03bcce4d32 [term 2 LEADER]: Stepping down as leader of term 2
I20260710 13:24:00.999666 27609 tablet_service.cc:1917] Received RequestConsensusVote() RPC: tablet_id: "13989602693e462bb067e8620087ce91" candidate_uuid: "b8bfaa4967324bbeb21d01ccc951c5e4" candidate_term: 3 candidate_status { last_received { term: 2 index: 2 } } ignore_live_leader: true dest_uuid: "778cd8ff9f024c6a9696f151d501eca9"
I20260710 13:24:00.999790 27461 raft_consensus.cc:740] T 13989602693e462bb067e8620087ce91 P dd6be77522ff4ac2aec92a03bcce4d32 [term 2 LEADER]: Becoming Follower/Learner. State: Replica: dd6be77522ff4ac2aec92a03bcce4d32, State: Running, Role: LEADER
I20260710 13:24:01.000265 27609 raft_consensus.cc:3060] T 13989602693e462bb067e8620087ce91 P 778cd8ff9f024c6a9696f151d501eca9 [term 2 FOLLOWER]: Advancing to term 3
I20260710 13:24:01.000734 27461 consensus_queue.cc:260] T 13989602693e462bb067e8620087ce91 P dd6be77522ff4ac2aec92a03bcce4d32 [NON_LEADER]: Queue going to NON_LEADER mode. State: All replicated index: 0, Majority replicated index: 2, Committed index: 2, Last appended: 2.2, Last appended by leader: 2, Current term: 2, Majority size: -1, State: 0, Mode: NON_LEADER, active raft config: opid_index: -1 OBSOLETE_local: false peers { permanent_uuid: "dd6be77522ff4ac2aec92a03bcce4d32" member_type: VOTER last_known_addr { host: "127.26.175.193" port: 33679 } } peers { permanent_uuid: "b8bfaa4967324bbeb21d01ccc951c5e4" member_type: VOTER last_known_addr { host: "127.26.175.194" port: 46117 } } peers { permanent_uuid: "778cd8ff9f024c6a9696f151d501eca9" member_type: VOTER last_known_addr { host: "127.26.175.195" port: 46075 } }
I20260710 13:24:01.001931 27461 raft_consensus.cc:3060] T 13989602693e462bb067e8620087ce91 P dd6be77522ff4ac2aec92a03bcce4d32 [term 2 FOLLOWER]: Advancing to term 3
I20260710 13:24:01.002027 27358 catalog_manager.cc:5697] T 63301ac66626497db82dc67bd1173dda P b8bfaa4967324bbeb21d01ccc951c5e4 reported cstate change: term changed from 2 to 3, leader changed from 778cd8ff9f024c6a9696f151d501eca9 (127.26.175.195) to b8bfaa4967324bbeb21d01ccc951c5e4 (127.26.175.194). New cstate: current_term: 3 leader_uuid: "b8bfaa4967324bbeb21d01ccc951c5e4" committed_config { opid_index: -1 OBSOLETE_local: false peers { permanent_uuid: "dd6be77522ff4ac2aec92a03bcce4d32" member_type: VOTER last_known_addr { host: "127.26.175.193" port: 33679 } health_report { overall_health: UNKNOWN } } peers { permanent_uuid: "778cd8ff9f024c6a9696f151d501eca9" member_type: VOTER last_known_addr { host: "127.26.175.195" port: 46075 } health_report { overall_health: UNKNOWN } } peers { permanent_uuid: "b8bfaa4967324bbeb21d01ccc951c5e4" member_type: VOTER last_known_addr { host: "127.26.175.194" port: 46117 } health_report { overall_health: HEALTHY } } }
I20260710 13:24:01.005359 27609 raft_consensus.cc:2468] T 13989602693e462bb067e8620087ce91 P 778cd8ff9f024c6a9696f151d501eca9 [term 3 FOLLOWER]: Leader election vote request: Granting yes vote for candidate b8bfaa4967324bbeb21d01ccc951c5e4 in term 3.
I20260710 13:24:01.006400 27501 leader_election.cc:304] T 13989602693e462bb067e8620087ce91 P b8bfaa4967324bbeb21d01ccc951c5e4 [CANDIDATE]: Term 3 election: Election decided. Result: candidate won. Election summary: received 2 responses out of 3 voters: 2 yes votes; 0 no votes. yes voters: 778cd8ff9f024c6a9696f151d501eca9, b8bfaa4967324bbeb21d01ccc951c5e4; no voters: 
I20260710 13:24:01.007220 27748 raft_consensus.cc:2804] T 13989602693e462bb067e8620087ce91 P b8bfaa4967324bbeb21d01ccc951c5e4 [term 3 FOLLOWER]: Leader election won for term 3
I20260710 13:24:01.007757 27748 raft_consensus.cc:697] T 13989602693e462bb067e8620087ce91 P b8bfaa4967324bbeb21d01ccc951c5e4 [term 3 LEADER]: Becoming Leader. State: Replica: b8bfaa4967324bbeb21d01ccc951c5e4, State: Running, Role: LEADER
I20260710 13:24:01.008531 27461 raft_consensus.cc:2468] T 13989602693e462bb067e8620087ce91 P dd6be77522ff4ac2aec92a03bcce4d32 [term 3 FOLLOWER]: Leader election vote request: Granting yes vote for candidate b8bfaa4967324bbeb21d01ccc951c5e4 in term 3.
I20260710 13:24:01.008605 27748 consensus_queue.cc:237] T 13989602693e462bb067e8620087ce91 P b8bfaa4967324bbeb21d01ccc951c5e4 [LEADER]: Queue going to LEADER mode. State: All replicated index: 0, Majority replicated index: 2, Committed index: 2, Last appended: 2.2, Last appended by leader: 2, Current term: 3, Majority size: 2, State: 0, Mode: LEADER, active raft config: opid_index: -1 OBSOLETE_local: false peers { permanent_uuid: "dd6be77522ff4ac2aec92a03bcce4d32" member_type: VOTER last_known_addr { host: "127.26.175.193" port: 33679 } } peers { permanent_uuid: "b8bfaa4967324bbeb21d01ccc951c5e4" member_type: VOTER last_known_addr { host: "127.26.175.194" port: 46117 } } peers { permanent_uuid: "778cd8ff9f024c6a9696f151d501eca9" member_type: VOTER last_known_addr { host: "127.26.175.195" port: 46075 } }
I20260710 13:24:01.016673 27358 catalog_manager.cc:5697] T 13989602693e462bb067e8620087ce91 P b8bfaa4967324bbeb21d01ccc951c5e4 reported cstate change: term changed from 2 to 3, leader changed from dd6be77522ff4ac2aec92a03bcce4d32 (127.26.175.193) to b8bfaa4967324bbeb21d01ccc951c5e4 (127.26.175.194). New cstate: current_term: 3 leader_uuid: "b8bfaa4967324bbeb21d01ccc951c5e4" committed_config { opid_index: -1 OBSOLETE_local: false peers { permanent_uuid: "dd6be77522ff4ac2aec92a03bcce4d32" member_type: VOTER last_known_addr { host: "127.26.175.193" port: 33679 } health_report { overall_health: UNKNOWN } } peers { permanent_uuid: "b8bfaa4967324bbeb21d01ccc951c5e4" member_type: VOTER last_known_addr { host: "127.26.175.194" port: 46117 } health_report { overall_health: HEALTHY } } peers { permanent_uuid: "778cd8ff9f024c6a9696f151d501eca9" member_type: VOTER last_known_addr { host: "127.26.175.195" port: 46075 } health_report { overall_health: UNKNOWN } } }
I20260710 13:24:01.284224 27763 raft_consensus.cc:993] T 15c50e06a39d417cae46d70fc1948939 P 778cd8ff9f024c6a9696f151d501eca9: : Instructing follower b8bfaa4967324bbeb21d01ccc951c5e4 to start an election
I20260710 13:24:01.284632 27747 raft_consensus.cc:1081] T 15c50e06a39d417cae46d70fc1948939 P 778cd8ff9f024c6a9696f151d501eca9 [term 3 LEADER]: Signalling peer b8bfaa4967324bbeb21d01ccc951c5e4 to start an election
I20260710 13:24:01.285974 27536 tablet_service.cc:2044] Received Run Leader Election RPC: tablet_id: "15c50e06a39d417cae46d70fc1948939"
dest_uuid: "b8bfaa4967324bbeb21d01ccc951c5e4"
 from {username='slave'} at 127.0.0.1:41546
I20260710 13:24:01.286393 27536 raft_consensus.cc:493] T 15c50e06a39d417cae46d70fc1948939 P b8bfaa4967324bbeb21d01ccc951c5e4 [term 3 FOLLOWER]: Starting forced leader election (received explicit request)
I20260710 13:24:01.286674 27536 raft_consensus.cc:3060] T 15c50e06a39d417cae46d70fc1948939 P b8bfaa4967324bbeb21d01ccc951c5e4 [term 3 FOLLOWER]: Advancing to term 4
I20260710 13:24:01.291168 27536 raft_consensus.cc:515] T 15c50e06a39d417cae46d70fc1948939 P b8bfaa4967324bbeb21d01ccc951c5e4 [term 4 FOLLOWER]: Starting forced leader election with config: opid_index: -1 OBSOLETE_local: false peers { permanent_uuid: "dd6be77522ff4ac2aec92a03bcce4d32" member_type: VOTER last_known_addr { host: "127.26.175.193" port: 33679 } } peers { permanent_uuid: "b8bfaa4967324bbeb21d01ccc951c5e4" member_type: VOTER last_known_addr { host: "127.26.175.194" port: 46117 } } peers { permanent_uuid: "778cd8ff9f024c6a9696f151d501eca9" member_type: VOTER last_known_addr { host: "127.26.175.195" port: 46075 } }
I20260710 13:24:01.292580 27536 leader_election.cc:290] T 15c50e06a39d417cae46d70fc1948939 P b8bfaa4967324bbeb21d01ccc951c5e4 [CANDIDATE]: Term 4 election: Requested vote from peers dd6be77522ff4ac2aec92a03bcce4d32 (127.26.175.193:33679), 778cd8ff9f024c6a9696f151d501eca9 (127.26.175.195:46075)
I20260710 13:24:01.293452 27461 tablet_service.cc:1917] Received RequestConsensusVote() RPC: tablet_id: "15c50e06a39d417cae46d70fc1948939" candidate_uuid: "b8bfaa4967324bbeb21d01ccc951c5e4" candidate_term: 4 candidate_status { last_received { term: 3 index: 3 } } ignore_live_leader: true dest_uuid: "dd6be77522ff4ac2aec92a03bcce4d32"
I20260710 13:24:01.293751 27611 tablet_service.cc:1917] Received RequestConsensusVote() RPC: tablet_id: "15c50e06a39d417cae46d70fc1948939" candidate_uuid: "b8bfaa4967324bbeb21d01ccc951c5e4" candidate_term: 4 candidate_status { last_received { term: 3 index: 3 } } ignore_live_leader: true dest_uuid: "778cd8ff9f024c6a9696f151d501eca9"
I20260710 13:24:01.294036 27461 raft_consensus.cc:3060] T 15c50e06a39d417cae46d70fc1948939 P dd6be77522ff4ac2aec92a03bcce4d32 [term 3 FOLLOWER]: Advancing to term 4
I20260710 13:24:01.294287 27611 raft_consensus.cc:3055] T 15c50e06a39d417cae46d70fc1948939 P 778cd8ff9f024c6a9696f151d501eca9 [term 3 LEADER]: Stepping down as leader of term 3
I20260710 13:24:01.294624 27611 raft_consensus.cc:740] T 15c50e06a39d417cae46d70fc1948939 P 778cd8ff9f024c6a9696f151d501eca9 [term 3 LEADER]: Becoming Follower/Learner. State: Replica: 778cd8ff9f024c6a9696f151d501eca9, State: Running, Role: LEADER
I20260710 13:24:01.295404 27611 consensus_queue.cc:260] T 15c50e06a39d417cae46d70fc1948939 P 778cd8ff9f024c6a9696f151d501eca9 [NON_LEADER]: Queue going to NON_LEADER mode. State: All replicated index: 0, Majority replicated index: 3, Committed index: 3, Last appended: 3.3, Last appended by leader: 3, Current term: 3, Majority size: -1, State: 0, Mode: NON_LEADER, active raft config: opid_index: -1 OBSOLETE_local: false peers { permanent_uuid: "dd6be77522ff4ac2aec92a03bcce4d32" member_type: VOTER last_known_addr { host: "127.26.175.193" port: 33679 } } peers { permanent_uuid: "b8bfaa4967324bbeb21d01ccc951c5e4" member_type: VOTER last_known_addr { host: "127.26.175.194" port: 46117 } } peers { permanent_uuid: "778cd8ff9f024c6a9696f151d501eca9" member_type: VOTER last_known_addr { host: "127.26.175.195" port: 46075 } }
I20260710 13:24:01.296574 27611 raft_consensus.cc:3060] T 15c50e06a39d417cae46d70fc1948939 P 778cd8ff9f024c6a9696f151d501eca9 [term 3 FOLLOWER]: Advancing to term 4
I20260710 13:24:01.300786 27461 raft_consensus.cc:2468] T 15c50e06a39d417cae46d70fc1948939 P dd6be77522ff4ac2aec92a03bcce4d32 [term 4 FOLLOWER]: Leader election vote request: Granting yes vote for candidate b8bfaa4967324bbeb21d01ccc951c5e4 in term 4.
I20260710 13:24:01.301945 27501 leader_election.cc:304] T 15c50e06a39d417cae46d70fc1948939 P b8bfaa4967324bbeb21d01ccc951c5e4 [CANDIDATE]: Term 4 election: Election decided. Result: candidate won. Election summary: received 2 responses out of 3 voters: 2 yes votes; 0 no votes. yes voters: b8bfaa4967324bbeb21d01ccc951c5e4, dd6be77522ff4ac2aec92a03bcce4d32; no voters: 
I20260710 13:24:01.302745 27611 raft_consensus.cc:2468] T 15c50e06a39d417cae46d70fc1948939 P 778cd8ff9f024c6a9696f151d501eca9 [term 4 FOLLOWER]: Leader election vote request: Granting yes vote for candidate b8bfaa4967324bbeb21d01ccc951c5e4 in term 4.
I20260710 13:24:01.302752 27748 raft_consensus.cc:2804] T 15c50e06a39d417cae46d70fc1948939 P b8bfaa4967324bbeb21d01ccc951c5e4 [term 4 FOLLOWER]: Leader election won for term 4
I20260710 13:24:01.303334 27748 raft_consensus.cc:697] T 15c50e06a39d417cae46d70fc1948939 P b8bfaa4967324bbeb21d01ccc951c5e4 [term 4 LEADER]: Becoming Leader. State: Replica: b8bfaa4967324bbeb21d01ccc951c5e4, State: Running, Role: LEADER
I20260710 13:24:01.304204 27748 consensus_queue.cc:237] T 15c50e06a39d417cae46d70fc1948939 P b8bfaa4967324bbeb21d01ccc951c5e4 [LEADER]: Queue going to LEADER mode. State: All replicated index: 0, Majority replicated index: 3, Committed index: 3, Last appended: 3.3, Last appended by leader: 3, Current term: 4, Majority size: 2, State: 0, Mode: LEADER, active raft config: opid_index: -1 OBSOLETE_local: false peers { permanent_uuid: "dd6be77522ff4ac2aec92a03bcce4d32" member_type: VOTER last_known_addr { host: "127.26.175.193" port: 33679 } } peers { permanent_uuid: "b8bfaa4967324bbeb21d01ccc951c5e4" member_type: VOTER last_known_addr { host: "127.26.175.194" port: 46117 } } peers { permanent_uuid: "778cd8ff9f024c6a9696f151d501eca9" member_type: VOTER last_known_addr { host: "127.26.175.195" port: 46075 } }
I20260710 13:24:01.311378 27611 raft_consensus.cc:1275] T 74ed17d71a484bda801d931799721d83 P 778cd8ff9f024c6a9696f151d501eca9 [term 3 FOLLOWER]: Refusing update from remote peer b8bfaa4967324bbeb21d01ccc951c5e4: Log matching property violated. Preceding OpId in replica: term: 2 index: 2. Preceding OpId from leader: term: 3 index: 3. (index mismatch)
I20260710 13:24:01.310783 27358 catalog_manager.cc:5697] T 15c50e06a39d417cae46d70fc1948939 P b8bfaa4967324bbeb21d01ccc951c5e4 reported cstate change: term changed from 3 to 4, leader changed from 778cd8ff9f024c6a9696f151d501eca9 (127.26.175.195) to b8bfaa4967324bbeb21d01ccc951c5e4 (127.26.175.194). New cstate: current_term: 4 leader_uuid: "b8bfaa4967324bbeb21d01ccc951c5e4" committed_config { opid_index: -1 OBSOLETE_local: false peers { permanent_uuid: "dd6be77522ff4ac2aec92a03bcce4d32" member_type: VOTER last_known_addr { host: "127.26.175.193" port: 33679 } health_report { overall_health: UNKNOWN } } peers { permanent_uuid: "b8bfaa4967324bbeb21d01ccc951c5e4" member_type: VOTER last_known_addr { host: "127.26.175.194" port: 46117 } health_report { overall_health: HEALTHY } } peers { permanent_uuid: "778cd8ff9f024c6a9696f151d501eca9" member_type: VOTER last_known_addr { host: "127.26.175.195" port: 46075 } health_report { overall_health: UNKNOWN } } }
I20260710 13:24:01.312705 27748 consensus_queue.cc:1048] T 74ed17d71a484bda801d931799721d83 P b8bfaa4967324bbeb21d01ccc951c5e4 [LEADER]: Connected to new peer: Peer: permanent_uuid: "778cd8ff9f024c6a9696f151d501eca9" member_type: VOTER last_known_addr { host: "127.26.175.195" port: 46075 }, Status: LMP_MISMATCH, Last received: 0.0, Next index: 3, Last known committed idx: 2, Time since last communication: 0.000s
I20260710 13:24:01.324304 27461 raft_consensus.cc:1275] T 74ed17d71a484bda801d931799721d83 P dd6be77522ff4ac2aec92a03bcce4d32 [term 3 FOLLOWER]: Refusing update from remote peer b8bfaa4967324bbeb21d01ccc951c5e4: Log matching property violated. Preceding OpId in replica: term: 2 index: 2. Preceding OpId from leader: term: 3 index: 3. (index mismatch)
I20260710 13:24:01.325834 27748 consensus_queue.cc:1048] T 74ed17d71a484bda801d931799721d83 P b8bfaa4967324bbeb21d01ccc951c5e4 [LEADER]: Connected to new peer: Peer: permanent_uuid: "dd6be77522ff4ac2aec92a03bcce4d32" member_type: VOTER last_known_addr { host: "127.26.175.193" port: 33679 }, Status: LMP_MISMATCH, Last received: 0.0, Next index: 3, Last known committed idx: 2, Time since last communication: 0.000s
I20260710 13:24:01.412777 27461 raft_consensus.cc:1275] T 63301ac66626497db82dc67bd1173dda P dd6be77522ff4ac2aec92a03bcce4d32 [term 3 FOLLOWER]: Refusing update from remote peer b8bfaa4967324bbeb21d01ccc951c5e4: Log matching property violated. Preceding OpId in replica: term: 2 index: 2. Preceding OpId from leader: term: 3 index: 3. (index mismatch)
I20260710 13:24:01.414037 27748 consensus_queue.cc:1048] T 63301ac66626497db82dc67bd1173dda P b8bfaa4967324bbeb21d01ccc951c5e4 [LEADER]: Connected to new peer: Peer: permanent_uuid: "dd6be77522ff4ac2aec92a03bcce4d32" member_type: VOTER last_known_addr { host: "127.26.175.193" port: 33679 }, Status: LMP_MISMATCH, Last received: 0.0, Next index: 3, Last known committed idx: 2, Time since last communication: 0.000s
I20260710 13:24:01.422593 27611 raft_consensus.cc:1275] T 63301ac66626497db82dc67bd1173dda P 778cd8ff9f024c6a9696f151d501eca9 [term 3 FOLLOWER]: Refusing update from remote peer b8bfaa4967324bbeb21d01ccc951c5e4: Log matching property violated. Preceding OpId in replica: term: 2 index: 2. Preceding OpId from leader: term: 3 index: 3. (index mismatch)
I20260710 13:24:01.425230 27748 consensus_queue.cc:1048] T 63301ac66626497db82dc67bd1173dda P b8bfaa4967324bbeb21d01ccc951c5e4 [LEADER]: Connected to new peer: Peer: permanent_uuid: "778cd8ff9f024c6a9696f151d501eca9" member_type: VOTER last_known_addr { host: "127.26.175.195" port: 46075 }, Status: LMP_MISMATCH, Last received: 0.0, Next index: 3, Last known committed idx: 2, Time since last communication: 0.000s
I20260710 13:24:01.432440 27609 raft_consensus.cc:1275] T 4ef4e8cc8ea34295ae458f0833be18ff P 778cd8ff9f024c6a9696f151d501eca9 [term 2 FOLLOWER]: Refusing update from remote peer b8bfaa4967324bbeb21d01ccc951c5e4: Log matching property violated. Preceding OpId in replica: term: 1 index: 1. Preceding OpId from leader: term: 2 index: 2. (index mismatch)
I20260710 13:24:01.434587 27761 consensus_queue.cc:1048] T 4ef4e8cc8ea34295ae458f0833be18ff P b8bfaa4967324bbeb21d01ccc951c5e4 [LEADER]: Connected to new peer: Peer: permanent_uuid: "778cd8ff9f024c6a9696f151d501eca9" member_type: VOTER last_known_addr { host: "127.26.175.195" port: 46075 }, Status: LMP_MISMATCH, Last received: 0.0, Next index: 2, Last known committed idx: 1, Time since last communication: 0.000s
I20260710 13:24:01.434311 27461 raft_consensus.cc:1275] T 13989602693e462bb067e8620087ce91 P dd6be77522ff4ac2aec92a03bcce4d32 [term 3 FOLLOWER]: Refusing update from remote peer b8bfaa4967324bbeb21d01ccc951c5e4: Log matching property violated. Preceding OpId in replica: term: 2 index: 2. Preceding OpId from leader: term: 3 index: 3. (index mismatch)
I20260710 13:24:01.436849 27761 consensus_queue.cc:1048] T 13989602693e462bb067e8620087ce91 P b8bfaa4967324bbeb21d01ccc951c5e4 [LEADER]: Connected to new peer: Peer: permanent_uuid: "dd6be77522ff4ac2aec92a03bcce4d32" member_type: VOTER last_known_addr { host: "127.26.175.193" port: 33679 }, Status: LMP_MISMATCH, Last received: 0.0, Next index: 3, Last known committed idx: 2, Time since last communication: 0.000s
I20260710 13:24:01.450361 27609 raft_consensus.cc:1275] T 13989602693e462bb067e8620087ce91 P 778cd8ff9f024c6a9696f151d501eca9 [term 3 FOLLOWER]: Refusing update from remote peer b8bfaa4967324bbeb21d01ccc951c5e4: Log matching property violated. Preceding OpId in replica: term: 2 index: 2. Preceding OpId from leader: term: 3 index: 3. (index mismatch)
I20260710 13:24:01.450361 27461 raft_consensus.cc:1275] T 4ef4e8cc8ea34295ae458f0833be18ff P dd6be77522ff4ac2aec92a03bcce4d32 [term 2 FOLLOWER]: Refusing update from remote peer b8bfaa4967324bbeb21d01ccc951c5e4: Log matching property violated. Preceding OpId in replica: term: 1 index: 1. Preceding OpId from leader: term: 2 index: 2. (index mismatch)
I20260710 13:24:01.457405 27761 consensus_queue.cc:1048] T 13989602693e462bb067e8620087ce91 P b8bfaa4967324bbeb21d01ccc951c5e4 [LEADER]: Connected to new peer: Peer: permanent_uuid: "778cd8ff9f024c6a9696f151d501eca9" member_type: VOTER last_known_addr { host: "127.26.175.195" port: 46075 }, Status: LMP_MISMATCH, Last received: 0.0, Next index: 3, Last known committed idx: 2, Time since last communication: 0.000s
I20260710 13:24:01.458137 27748 consensus_queue.cc:1048] T 4ef4e8cc8ea34295ae458f0833be18ff P b8bfaa4967324bbeb21d01ccc951c5e4 [LEADER]: Connected to new peer: Peer: permanent_uuid: "dd6be77522ff4ac2aec92a03bcce4d32" member_type: VOTER last_known_addr { host: "127.26.175.193" port: 33679 }, Status: LMP_MISMATCH, Last received: 0.0, Next index: 2, Last known committed idx: 1, Time since last communication: 0.000s
I20260710 13:24:01.840842 27461 raft_consensus.cc:1275] T 15c50e06a39d417cae46d70fc1948939 P dd6be77522ff4ac2aec92a03bcce4d32 [term 4 FOLLOWER]: Refusing update from remote peer b8bfaa4967324bbeb21d01ccc951c5e4: Log matching property violated. Preceding OpId in replica: term: 3 index: 3. Preceding OpId from leader: term: 4 index: 4. (index mismatch)
I20260710 13:24:01.842000 27748 consensus_queue.cc:1048] T 15c50e06a39d417cae46d70fc1948939 P b8bfaa4967324bbeb21d01ccc951c5e4 [LEADER]: Connected to new peer: Peer: permanent_uuid: "dd6be77522ff4ac2aec92a03bcce4d32" member_type: VOTER last_known_addr { host: "127.26.175.193" port: 33679 }, Status: LMP_MISMATCH, Last received: 0.0, Next index: 4, Last known committed idx: 3, Time since last communication: 0.000s
I20260710 13:24:01.849910 27609 raft_consensus.cc:1275] T 15c50e06a39d417cae46d70fc1948939 P 778cd8ff9f024c6a9696f151d501eca9 [term 4 FOLLOWER]: Refusing update from remote peer b8bfaa4967324bbeb21d01ccc951c5e4: Log matching property violated. Preceding OpId in replica: term: 3 index: 3. Preceding OpId from leader: term: 4 index: 4. (index mismatch)
I20260710 13:24:01.852571 27790 consensus_queue.cc:1048] T 15c50e06a39d417cae46d70fc1948939 P b8bfaa4967324bbeb21d01ccc951c5e4 [LEADER]: Connected to new peer: Peer: permanent_uuid: "778cd8ff9f024c6a9696f151d501eca9" member_type: VOTER last_known_addr { host: "127.26.175.195" port: 46075 }, Status: LMP_MISMATCH, Last received: 0.0, Next index: 4, Last known committed idx: 3, Time since last communication: 0.000s
I20260710 13:24:03.703186 27327 auto_leader_rebalancer.cc:141] leader rebalance for table test-workload
I20260710 13:24:03.710333 27536 tablet_service.cc:2072] Received LeaderStepDown RPC: tablet_id: "31e8360ae871402298d9a34fb907b047"
dest_uuid: "b8bfaa4967324bbeb21d01ccc951c5e4"
mode: GRACEFUL
new_leader_uuid: "778cd8ff9f024c6a9696f151d501eca9"
 from {username='slave'} at 127.0.0.1:41558
I20260710 13:24:03.711000 27536 raft_consensus.cc:606] T 31e8360ae871402298d9a34fb907b047 P b8bfaa4967324bbeb21d01ccc951c5e4 [term 1 LEADER]: Received request to transfer leadership to TS 778cd8ff9f024c6a9696f151d501eca9
I20260710 13:24:03.713557 27536 tablet_service.cc:2072] Received LeaderStepDown RPC: tablet_id: "4ef4e8cc8ea34295ae458f0833be18ff"
dest_uuid: "b8bfaa4967324bbeb21d01ccc951c5e4"
mode: GRACEFUL
new_leader_uuid: "778cd8ff9f024c6a9696f151d501eca9"
 from {username='slave'} at 127.0.0.1:41558
I20260710 13:24:03.714076 27536 raft_consensus.cc:606] T 4ef4e8cc8ea34295ae458f0833be18ff P b8bfaa4967324bbeb21d01ccc951c5e4 [term 2 LEADER]: Received request to transfer leadership to TS 778cd8ff9f024c6a9696f151d501eca9
I20260710 13:24:03.716415 27536 tablet_service.cc:2072] Received LeaderStepDown RPC: tablet_id: "63301ac66626497db82dc67bd1173dda"
dest_uuid: "b8bfaa4967324bbeb21d01ccc951c5e4"
mode: GRACEFUL
new_leader_uuid: "dd6be77522ff4ac2aec92a03bcce4d32"
 from {username='slave'} at 127.0.0.1:41558
I20260710 13:24:03.716827 27536 raft_consensus.cc:606] T 63301ac66626497db82dc67bd1173dda P b8bfaa4967324bbeb21d01ccc951c5e4 [term 3 LEADER]: Received request to transfer leadership to TS dd6be77522ff4ac2aec92a03bcce4d32
I20260710 13:24:03.719201 27536 tablet_service.cc:2072] Received LeaderStepDown RPC: tablet_id: "74ed17d71a484bda801d931799721d83"
dest_uuid: "b8bfaa4967324bbeb21d01ccc951c5e4"
mode: GRACEFUL
new_leader_uuid: "dd6be77522ff4ac2aec92a03bcce4d32"
 from {username='slave'} at 127.0.0.1:41558
I20260710 13:24:03.719671 27536 raft_consensus.cc:606] T 74ed17d71a484bda801d931799721d83 P b8bfaa4967324bbeb21d01ccc951c5e4 [term 3 LEADER]: Received request to transfer leadership to TS dd6be77522ff4ac2aec92a03bcce4d32
I20260710 13:24:03.721822 27536 tablet_service.cc:2072] Received LeaderStepDown RPC: tablet_id: "941e0868f09b418abb7f9313f1e7106d"
dest_uuid: "b8bfaa4967324bbeb21d01ccc951c5e4"
mode: GRACEFUL
new_leader_uuid: "dd6be77522ff4ac2aec92a03bcce4d32"
 from {username='slave'} at 127.0.0.1:41558
I20260710 13:24:03.722254 27536 raft_consensus.cc:606] T 941e0868f09b418abb7f9313f1e7106d P b8bfaa4967324bbeb21d01ccc951c5e4 [term 2 LEADER]: Received request to transfer leadership to TS dd6be77522ff4ac2aec92a03bcce4d32
I20260710 13:24:03.723289 27327 auto_leader_rebalancer.cc:479] table: test-workload, leader rebalance finish, leader transfer count: 5
I20260710 13:24:03.723663 27327 auto_leader_rebalancer.cc:554] All tables' leader rebalancing finished this round
I20260710 13:24:03.729739 27778 raft_consensus.cc:993] T 941e0868f09b418abb7f9313f1e7106d P b8bfaa4967324bbeb21d01ccc951c5e4: : Instructing follower dd6be77522ff4ac2aec92a03bcce4d32 to start an election
I20260710 13:24:03.730306 27790 raft_consensus.cc:1081] T 941e0868f09b418abb7f9313f1e7106d P b8bfaa4967324bbeb21d01ccc951c5e4 [term 2 LEADER]: Signalling peer dd6be77522ff4ac2aec92a03bcce4d32 to start an election
I20260710 13:24:03.732016 27462 tablet_service.cc:2044] Received Run Leader Election RPC: tablet_id: "941e0868f09b418abb7f9313f1e7106d"
dest_uuid: "dd6be77522ff4ac2aec92a03bcce4d32"
 from {username='slave'} at 127.0.0.1:58590
I20260710 13:24:03.732630 27462 raft_consensus.cc:493] T 941e0868f09b418abb7f9313f1e7106d P dd6be77522ff4ac2aec92a03bcce4d32 [term 2 FOLLOWER]: Starting forced leader election (received explicit request)
I20260710 13:24:03.732954 27462 raft_consensus.cc:3060] T 941e0868f09b418abb7f9313f1e7106d P dd6be77522ff4ac2aec92a03bcce4d32 [term 2 FOLLOWER]: Advancing to term 3
I20260710 13:24:03.738126 27462 raft_consensus.cc:515] T 941e0868f09b418abb7f9313f1e7106d P dd6be77522ff4ac2aec92a03bcce4d32 [term 3 FOLLOWER]: Starting forced leader election with config: opid_index: -1 OBSOLETE_local: false peers { permanent_uuid: "dd6be77522ff4ac2aec92a03bcce4d32" member_type: VOTER last_known_addr { host: "127.26.175.193" port: 33679 } } peers { permanent_uuid: "b8bfaa4967324bbeb21d01ccc951c5e4" member_type: VOTER last_known_addr { host: "127.26.175.194" port: 46117 } } peers { permanent_uuid: "778cd8ff9f024c6a9696f151d501eca9" member_type: VOTER last_known_addr { host: "127.26.175.195" port: 46075 } }
I20260710 13:24:03.739986 27462 leader_election.cc:290] T 941e0868f09b418abb7f9313f1e7106d P dd6be77522ff4ac2aec92a03bcce4d32 [CANDIDATE]: Term 3 election: Requested vote from peers b8bfaa4967324bbeb21d01ccc951c5e4 (127.26.175.194:46117), 778cd8ff9f024c6a9696f151d501eca9 (127.26.175.195:46075)
I20260710 13:24:03.741127 27536 tablet_service.cc:1917] Received RequestConsensusVote() RPC: tablet_id: "941e0868f09b418abb7f9313f1e7106d" candidate_uuid: "dd6be77522ff4ac2aec92a03bcce4d32" candidate_term: 3 candidate_status { last_received { term: 2 index: 2 } } ignore_live_leader: true dest_uuid: "b8bfaa4967324bbeb21d01ccc951c5e4"
I20260710 13:24:03.741601 27609 tablet_service.cc:1917] Received RequestConsensusVote() RPC: tablet_id: "941e0868f09b418abb7f9313f1e7106d" candidate_uuid: "dd6be77522ff4ac2aec92a03bcce4d32" candidate_term: 3 candidate_status { last_received { term: 2 index: 2 } } ignore_live_leader: true dest_uuid: "778cd8ff9f024c6a9696f151d501eca9"
I20260710 13:24:03.741873 27536 raft_consensus.cc:3055] T 941e0868f09b418abb7f9313f1e7106d P b8bfaa4967324bbeb21d01ccc951c5e4 [term 2 LEADER]: Stepping down as leader of term 2
I20260710 13:24:03.742115 27609 raft_consensus.cc:3060] T 941e0868f09b418abb7f9313f1e7106d P 778cd8ff9f024c6a9696f151d501eca9 [term 2 FOLLOWER]: Advancing to term 3
I20260710 13:24:03.742228 27536 raft_consensus.cc:740] T 941e0868f09b418abb7f9313f1e7106d P b8bfaa4967324bbeb21d01ccc951c5e4 [term 2 LEADER]: Becoming Follower/Learner. State: Replica: b8bfaa4967324bbeb21d01ccc951c5e4, State: Running, Role: LEADER
I20260710 13:24:03.743265 27536 consensus_queue.cc:260] T 941e0868f09b418abb7f9313f1e7106d P b8bfaa4967324bbeb21d01ccc951c5e4 [NON_LEADER]: Queue going to NON_LEADER mode. State: All replicated index: 0, Majority replicated index: 2, Committed index: 2, Last appended: 2.2, Last appended by leader: 2, Current term: 2, Majority size: -1, State: 0, Mode: NON_LEADER, active raft config: opid_index: -1 OBSOLETE_local: false peers { permanent_uuid: "dd6be77522ff4ac2aec92a03bcce4d32" member_type: VOTER last_known_addr { host: "127.26.175.193" port: 33679 } } peers { permanent_uuid: "b8bfaa4967324bbeb21d01ccc951c5e4" member_type: VOTER last_known_addr { host: "127.26.175.194" port: 46117 } } peers { permanent_uuid: "778cd8ff9f024c6a9696f151d501eca9" member_type: VOTER last_known_addr { host: "127.26.175.195" port: 46075 } }
I20260710 13:24:03.744525 27536 raft_consensus.cc:3060] T 941e0868f09b418abb7f9313f1e7106d P b8bfaa4967324bbeb21d01ccc951c5e4 [term 2 FOLLOWER]: Advancing to term 3
I20260710 13:24:03.747330 27609 raft_consensus.cc:2468] T 941e0868f09b418abb7f9313f1e7106d P 778cd8ff9f024c6a9696f151d501eca9 [term 3 FOLLOWER]: Leader election vote request: Granting yes vote for candidate dd6be77522ff4ac2aec92a03bcce4d32 in term 3.
I20260710 13:24:03.748626 27426 leader_election.cc:304] T 941e0868f09b418abb7f9313f1e7106d P dd6be77522ff4ac2aec92a03bcce4d32 [CANDIDATE]: Term 3 election: Election decided. Result: candidate won. Election summary: received 2 responses out of 3 voters: 2 yes votes; 0 no votes. yes voters: 778cd8ff9f024c6a9696f151d501eca9, dd6be77522ff4ac2aec92a03bcce4d32; no voters: 
I20260710 13:24:03.750187 27536 raft_consensus.cc:2468] T 941e0868f09b418abb7f9313f1e7106d P b8bfaa4967324bbeb21d01ccc951c5e4 [term 3 FOLLOWER]: Leader election vote request: Granting yes vote for candidate dd6be77522ff4ac2aec92a03bcce4d32 in term 3.
I20260710 13:24:03.750250 27797 raft_consensus.cc:2804] T 941e0868f09b418abb7f9313f1e7106d P dd6be77522ff4ac2aec92a03bcce4d32 [term 3 FOLLOWER]: Leader election won for term 3
I20260710 13:24:03.751389 27797 raft_consensus.cc:697] T 941e0868f09b418abb7f9313f1e7106d P dd6be77522ff4ac2aec92a03bcce4d32 [term 3 LEADER]: Becoming Leader. State: Replica: dd6be77522ff4ac2aec92a03bcce4d32, State: Running, Role: LEADER
I20260710 13:24:03.752312 27797 consensus_queue.cc:237] T 941e0868f09b418abb7f9313f1e7106d P dd6be77522ff4ac2aec92a03bcce4d32 [LEADER]: Queue going to LEADER mode. State: All replicated index: 0, Majority replicated index: 2, Committed index: 2, Last appended: 2.2, Last appended by leader: 2, Current term: 3, Majority size: 2, State: 0, Mode: LEADER, active raft config: opid_index: -1 OBSOLETE_local: false peers { permanent_uuid: "dd6be77522ff4ac2aec92a03bcce4d32" member_type: VOTER last_known_addr { host: "127.26.175.193" port: 33679 } } peers { permanent_uuid: "b8bfaa4967324bbeb21d01ccc951c5e4" member_type: VOTER last_known_addr { host: "127.26.175.194" port: 46117 } } peers { permanent_uuid: "778cd8ff9f024c6a9696f151d501eca9" member_type: VOTER last_known_addr { host: "127.26.175.195" port: 46075 } }
I20260710 13:24:03.759477 27359 catalog_manager.cc:5697] T 941e0868f09b418abb7f9313f1e7106d P dd6be77522ff4ac2aec92a03bcce4d32 reported cstate change: term changed from 2 to 3, leader changed from b8bfaa4967324bbeb21d01ccc951c5e4 (127.26.175.194) to dd6be77522ff4ac2aec92a03bcce4d32 (127.26.175.193). New cstate: current_term: 3 leader_uuid: "dd6be77522ff4ac2aec92a03bcce4d32" committed_config { opid_index: -1 OBSOLETE_local: false peers { permanent_uuid: "dd6be77522ff4ac2aec92a03bcce4d32" member_type: VOTER last_known_addr { host: "127.26.175.193" port: 33679 } health_report { overall_health: HEALTHY } } peers { permanent_uuid: "b8bfaa4967324bbeb21d01ccc951c5e4" member_type: VOTER last_known_addr { host: "127.26.175.194" port: 46117 } health_report { overall_health: UNKNOWN } } peers { permanent_uuid: "778cd8ff9f024c6a9696f151d501eca9" member_type: VOTER last_known_addr { host: "127.26.175.195" port: 46075 } health_report { overall_health: UNKNOWN } } }
I20260710 13:24:03.925297 27778 raft_consensus.cc:993] T 4ef4e8cc8ea34295ae458f0833be18ff P b8bfaa4967324bbeb21d01ccc951c5e4: : Instructing follower 778cd8ff9f024c6a9696f151d501eca9 to start an election
I20260710 13:24:03.925724 27790 raft_consensus.cc:1081] T 4ef4e8cc8ea34295ae458f0833be18ff P b8bfaa4967324bbeb21d01ccc951c5e4 [term 2 LEADER]: Signalling peer 778cd8ff9f024c6a9696f151d501eca9 to start an election
I20260710 13:24:03.927125 27609 tablet_service.cc:2044] Received Run Leader Election RPC: tablet_id: "4ef4e8cc8ea34295ae458f0833be18ff"
dest_uuid: "778cd8ff9f024c6a9696f151d501eca9"
 from {username='slave'} at 127.0.0.1:42670
I20260710 13:24:03.927565 27609 raft_consensus.cc:493] T 4ef4e8cc8ea34295ae458f0833be18ff P 778cd8ff9f024c6a9696f151d501eca9 [term 2 FOLLOWER]: Starting forced leader election (received explicit request)
I20260710 13:24:03.927835 27609 raft_consensus.cc:3060] T 4ef4e8cc8ea34295ae458f0833be18ff P 778cd8ff9f024c6a9696f151d501eca9 [term 2 FOLLOWER]: Advancing to term 3
I20260710 13:24:03.931851 27609 raft_consensus.cc:515] T 4ef4e8cc8ea34295ae458f0833be18ff P 778cd8ff9f024c6a9696f151d501eca9 [term 3 FOLLOWER]: Starting forced leader election with config: opid_index: -1 OBSOLETE_local: false peers { permanent_uuid: "dd6be77522ff4ac2aec92a03bcce4d32" member_type: VOTER last_known_addr { host: "127.26.175.193" port: 33679 } } peers { permanent_uuid: "b8bfaa4967324bbeb21d01ccc951c5e4" member_type: VOTER last_known_addr { host: "127.26.175.194" port: 46117 } } peers { permanent_uuid: "778cd8ff9f024c6a9696f151d501eca9" member_type: VOTER last_known_addr { host: "127.26.175.195" port: 46075 } }
I20260710 13:24:03.933344 27609 leader_election.cc:290] T 4ef4e8cc8ea34295ae458f0833be18ff P 778cd8ff9f024c6a9696f151d501eca9 [CANDIDATE]: Term 3 election: Requested vote from peers dd6be77522ff4ac2aec92a03bcce4d32 (127.26.175.193:33679), b8bfaa4967324bbeb21d01ccc951c5e4 (127.26.175.194:46117)
I20260710 13:24:03.934319 27462 tablet_service.cc:1917] Received RequestConsensusVote() RPC: tablet_id: "4ef4e8cc8ea34295ae458f0833be18ff" candidate_uuid: "778cd8ff9f024c6a9696f151d501eca9" candidate_term: 3 candidate_status { last_received { term: 2 index: 2 } } ignore_live_leader: true dest_uuid: "dd6be77522ff4ac2aec92a03bcce4d32"
I20260710 13:24:03.934369 27536 tablet_service.cc:1917] Received RequestConsensusVote() RPC: tablet_id: "4ef4e8cc8ea34295ae458f0833be18ff" candidate_uuid: "778cd8ff9f024c6a9696f151d501eca9" candidate_term: 3 candidate_status { last_received { term: 2 index: 2 } } ignore_live_leader: true dest_uuid: "b8bfaa4967324bbeb21d01ccc951c5e4"
I20260710 13:24:03.935031 27462 raft_consensus.cc:3060] T 4ef4e8cc8ea34295ae458f0833be18ff P dd6be77522ff4ac2aec92a03bcce4d32 [term 2 FOLLOWER]: Advancing to term 3
I20260710 13:24:03.935060 27536 raft_consensus.cc:3055] T 4ef4e8cc8ea34295ae458f0833be18ff P b8bfaa4967324bbeb21d01ccc951c5e4 [term 2 LEADER]: Stepping down as leader of term 2
I20260710 13:24:03.935557 27536 raft_consensus.cc:740] T 4ef4e8cc8ea34295ae458f0833be18ff P b8bfaa4967324bbeb21d01ccc951c5e4 [term 2 LEADER]: Becoming Follower/Learner. State: Replica: b8bfaa4967324bbeb21d01ccc951c5e4, State: Running, Role: LEADER
I20260710 13:24:03.936343 27536 consensus_queue.cc:260] T 4ef4e8cc8ea34295ae458f0833be18ff P b8bfaa4967324bbeb21d01ccc951c5e4 [NON_LEADER]: Queue going to NON_LEADER mode. State: All replicated index: 0, Majority replicated index: 2, Committed index: 2, Last appended: 2.2, Last appended by leader: 2, Current term: 2, Majority size: -1, State: 0, Mode: NON_LEADER, active raft config: opid_index: -1 OBSOLETE_local: false peers { permanent_uuid: "dd6be77522ff4ac2aec92a03bcce4d32" member_type: VOTER last_known_addr { host: "127.26.175.193" port: 33679 } } peers { permanent_uuid: "b8bfaa4967324bbeb21d01ccc951c5e4" member_type: VOTER last_known_addr { host: "127.26.175.194" port: 46117 } } peers { permanent_uuid: "778cd8ff9f024c6a9696f151d501eca9" member_type: VOTER last_known_addr { host: "127.26.175.195" port: 46075 } }
I20260710 13:24:03.937565 27536 raft_consensus.cc:3060] T 4ef4e8cc8ea34295ae458f0833be18ff P b8bfaa4967324bbeb21d01ccc951c5e4 [term 2 FOLLOWER]: Advancing to term 3
I20260710 13:24:03.941359 27462 raft_consensus.cc:2468] T 4ef4e8cc8ea34295ae458f0833be18ff P dd6be77522ff4ac2aec92a03bcce4d32 [term 3 FOLLOWER]: Leader election vote request: Granting yes vote for candidate 778cd8ff9f024c6a9696f151d501eca9 in term 3.
I20260710 13:24:03.942735 27575 leader_election.cc:304] T 4ef4e8cc8ea34295ae458f0833be18ff P 778cd8ff9f024c6a9696f151d501eca9 [CANDIDATE]: Term 3 election: Election decided. Result: candidate won. Election summary: received 2 responses out of 3 voters: 2 yes votes; 0 no votes. yes voters: 778cd8ff9f024c6a9696f151d501eca9, dd6be77522ff4ac2aec92a03bcce4d32; no voters: 
I20260710 13:24:03.943513 27794 raft_consensus.cc:2804] T 4ef4e8cc8ea34295ae458f0833be18ff P 778cd8ff9f024c6a9696f151d501eca9 [term 3 FOLLOWER]: Leader election won for term 3
