I20260710 13:24:17.078840 28655 tablet_bootstrap.cc:492] T f67aab2d59784c5fa5d7454ad16f9c0e P 6aab105474de4f10af9f40994986a338: No bootstrap required, opened a new log
I20260710 13:24:17.079538 28655 ts_tablet_manager.cc:1403] T f67aab2d59784c5fa5d7454ad16f9c0e P 6aab105474de4f10af9f40994986a338: Time spent bootstrapping tablet: real 0.110s	user 0.015s	sys 0.000s
I20260710 13:24:17.083477 28655 raft_consensus.cc:359] T f67aab2d59784c5fa5d7454ad16f9c0e P 6aab105474de4f10af9f40994986a338 [term 0 FOLLOWER]: Replica starting. Triggering 0 pending ops. Active config: opid_index: -1 OBSOLETE_local: false peers { permanent_uuid: "74b3073bdd214f12b4a9ebcf578fc5d3" member_type: VOTER last_known_addr { host: "127.26.182.194" port: 42489 } } peers { permanent_uuid: "6aab105474de4f10af9f40994986a338" member_type: VOTER last_known_addr { host: "127.26.182.195" port: 33991 } } peers { permanent_uuid: "f1bd2b15d38b4169b0f8e1a60531684d" member_type: VOTER last_known_addr { host: "127.26.182.193" port: 38163 } }
I20260710 13:24:17.086520 28655 raft_consensus.cc:385] T f67aab2d59784c5fa5d7454ad16f9c0e P 6aab105474de4f10af9f40994986a338 [term 0 FOLLOWER]: Consensus starting up: Expiring failure detector timer to make a prompt election more likely
I20260710 13:24:17.084883 28662 raft_consensus.cc:697] T b307c64cab4346429199b259c0b9f547 P 6aab105474de4f10af9f40994986a338 [term 1 LEADER]: Becoming Leader. State: Replica: 6aab105474de4f10af9f40994986a338, State: Running, Role: LEADER
I20260710 13:24:17.087545 28653 tablet_bootstrap.cc:492] T 8e1bea4937384e20bb4ae885ff12c4a8 P 74b3073bdd214f12b4a9ebcf578fc5d3: No bootstrap required, opened a new log
I20260710 13:24:17.088336 28655 raft_consensus.cc:740] T f67aab2d59784c5fa5d7454ad16f9c0e P 6aab105474de4f10af9f40994986a338 [term 0 FOLLOWER]: Becoming Follower/Learner. State: Replica: 6aab105474de4f10af9f40994986a338, State: Initialized, Role: FOLLOWER
I20260710 13:24:17.089010 28662 consensus_queue.cc:237] T b307c64cab4346429199b259c0b9f547 P 6aab105474de4f10af9f40994986a338 [LEADER]: Queue going to LEADER mode. State: All replicated index: 0, Majority replicated index: 0, Committed index: 0, Last appended: 0.0, Last appended by leader: 0, Current term: 1, Majority size: 2, State: 0, Mode: LEADER, active raft config: opid_index: -1 OBSOLETE_local: false peers { permanent_uuid: "f1bd2b15d38b4169b0f8e1a60531684d" member_type: VOTER last_known_addr { host: "127.26.182.193" port: 38163 } } peers { permanent_uuid: "74b3073bdd214f12b4a9ebcf578fc5d3" member_type: VOTER last_known_addr { host: "127.26.182.194" port: 42489 } } peers { permanent_uuid: "6aab105474de4f10af9f40994986a338" member_type: VOTER last_known_addr { host: "127.26.182.195" port: 33991 } }
I20260710 13:24:17.089840 28655 consensus_queue.cc:260] T f67aab2d59784c5fa5d7454ad16f9c0e P 6aab105474de4f10af9f40994986a338 [NON_LEADER]: Queue going to NON_LEADER mode. State: All replicated index: 0, Majority replicated index: 0, Committed index: 0, Last appended: 0.0, Last appended by leader: 0, Current term: 0, Majority size: -1, State: 0, Mode: NON_LEADER, active raft config: opid_index: -1 OBSOLETE_local: false peers { permanent_uuid: "74b3073bdd214f12b4a9ebcf578fc5d3" member_type: VOTER last_known_addr { host: "127.26.182.194" port: 42489 } } peers { permanent_uuid: "6aab105474de4f10af9f40994986a338" member_type: VOTER last_known_addr { host: "127.26.182.195" port: 33991 } } peers { permanent_uuid: "f1bd2b15d38b4169b0f8e1a60531684d" member_type: VOTER last_known_addr { host: "127.26.182.193" port: 38163 } }
I20260710 13:24:17.088868 28653 ts_tablet_manager.cc:1403] T 8e1bea4937384e20bb4ae885ff12c4a8 P 74b3073bdd214f12b4a9ebcf578fc5d3: Time spent bootstrapping tablet: real 0.045s	user 0.013s	sys 0.003s
I20260710 13:24:17.092038 28655 ts_tablet_manager.cc:1434] T f67aab2d59784c5fa5d7454ad16f9c0e P 6aab105474de4f10af9f40994986a338: Time spent starting tablet: real 0.012s	user 0.007s	sys 0.000s
I20260710 13:24:17.092993 28655 tablet_bootstrap.cc:492] T 40621223f4a2447991fedb746fa83483 P 6aab105474de4f10af9f40994986a338: Bootstrap starting.
I20260710 13:24:17.094421 28540 tablet_service.cc:1917] Received RequestConsensusVote() RPC: tablet_id: "b307c64cab4346429199b259c0b9f547" candidate_uuid: "6aab105474de4f10af9f40994986a338" candidate_term: 1 candidate_status { last_received { term: 0 index: 0 } } ignore_live_leader: false dest_uuid: "74b3073bdd214f12b4a9ebcf578fc5d3" is_pre_election: true
I20260710 13:24:17.094262 28653 raft_consensus.cc:359] T 8e1bea4937384e20bb4ae885ff12c4a8 P 74b3073bdd214f12b4a9ebcf578fc5d3 [term 0 FOLLOWER]: Replica starting. Triggering 0 pending ops. Active config: opid_index: -1 OBSOLETE_local: false peers { permanent_uuid: "f1bd2b15d38b4169b0f8e1a60531684d" member_type: VOTER last_known_addr { host: "127.26.182.193" port: 38163 } } peers { permanent_uuid: "74b3073bdd214f12b4a9ebcf578fc5d3" member_type: VOTER last_known_addr { host: "127.26.182.194" port: 42489 } } peers { permanent_uuid: "6aab105474de4f10af9f40994986a338" member_type: VOTER last_known_addr { host: "127.26.182.195" port: 33991 } }
I20260710 13:24:17.095120 28653 raft_consensus.cc:385] T 8e1bea4937384e20bb4ae885ff12c4a8 P 74b3073bdd214f12b4a9ebcf578fc5d3 [term 0 FOLLOWER]: Consensus starting up: Expiring failure detector timer to make a prompt election more likely
I20260710 13:24:17.095667 28653 raft_consensus.cc:740] T 8e1bea4937384e20bb4ae885ff12c4a8 P 74b3073bdd214f12b4a9ebcf578fc5d3 [term 0 FOLLOWER]: Becoming Follower/Learner. State: Replica: 74b3073bdd214f12b4a9ebcf578fc5d3, State: Initialized, Role: FOLLOWER
I20260710 13:24:17.095888 28539 tablet_service.cc:1917] Received RequestConsensusVote() RPC: tablet_id: "b307c64cab4346429199b259c0b9f547" candidate_uuid: "6aab105474de4f10af9f40994986a338" candidate_term: 1 candidate_status { last_received { term: 0 index: 0 } } ignore_live_leader: false dest_uuid: "74b3073bdd214f12b4a9ebcf578fc5d3"
I20260710 13:24:17.096171 28654 tablet_bootstrap.cc:492] T f67aab2d59784c5fa5d7454ad16f9c0e P f1bd2b15d38b4169b0f8e1a60531684d: No bootstrap required, opened a new log
I20260710 13:24:17.096695 28654 ts_tablet_manager.cc:1403] T f67aab2d59784c5fa5d7454ad16f9c0e P f1bd2b15d38b4169b0f8e1a60531684d: Time spent bootstrapping tablet: real 0.069s	user 0.027s	sys 0.030s
I20260710 13:24:17.096642 28653 consensus_queue.cc:260] T 8e1bea4937384e20bb4ae885ff12c4a8 P 74b3073bdd214f12b4a9ebcf578fc5d3 [NON_LEADER]: Queue going to NON_LEADER mode. State: All replicated index: 0, Majority replicated index: 0, Committed index: 0, Last appended: 0.0, Last appended by leader: 0, Current term: 0, Majority size: -1, State: 0, Mode: NON_LEADER, active raft config: opid_index: -1 OBSOLETE_local: false peers { permanent_uuid: "f1bd2b15d38b4169b0f8e1a60531684d" member_type: VOTER last_known_addr { host: "127.26.182.193" port: 38163 } } peers { permanent_uuid: "74b3073bdd214f12b4a9ebcf578fc5d3" member_type: VOTER last_known_addr { host: "127.26.182.194" port: 42489 } } peers { permanent_uuid: "6aab105474de4f10af9f40994986a338" member_type: VOTER last_known_addr { host: "127.26.182.195" port: 33991 } }
I20260710 13:24:17.097483 28538 tablet_service.cc:1917] Received RequestConsensusVote() RPC: tablet_id: "60c7df68f8434b78a2ab3d35d74970a0" candidate_uuid: "6aab105474de4f10af9f40994986a338" candidate_term: 1 candidate_status { last_received { term: 0 index: 0 } } ignore_live_leader: false dest_uuid: "74b3073bdd214f12b4a9ebcf578fc5d3" is_pre_election: true
I20260710 13:24:17.095057 28540 raft_consensus.cc:2468] T b307c64cab4346429199b259c0b9f547 P 74b3073bdd214f12b4a9ebcf578fc5d3 [term 0 FOLLOWER]: Leader pre-election vote request: Granting yes vote for candidate 6aab105474de4f10af9f40994986a338 in term 0.
I20260710 13:24:17.099304 28653 ts_tablet_manager.cc:1434] T 8e1bea4937384e20bb4ae885ff12c4a8 P 74b3073bdd214f12b4a9ebcf578fc5d3: Time spent starting tablet: real 0.008s	user 0.006s	sys 0.000s
W20260710 13:24:17.100035 28580 leader_election.cc:343] T 60c7df68f8434b78a2ab3d35d74970a0 P 6aab105474de4f10af9f40994986a338 [CANDIDATE]: Term 1 pre-election: Tablet error from VoteRequest() call to peer 74b3073bdd214f12b4a9ebcf578fc5d3 (127.26.182.194:42489): Illegal state: must be running to vote when last-logged opid is not known
I20260710 13:24:17.099896 28654 raft_consensus.cc:359] T f67aab2d59784c5fa5d7454ad16f9c0e P f1bd2b15d38b4169b0f8e1a60531684d [term 0 FOLLOWER]: Replica starting. Triggering 0 pending ops. Active config: opid_index: -1 OBSOLETE_local: false peers { permanent_uuid: "74b3073bdd214f12b4a9ebcf578fc5d3" member_type: VOTER last_known_addr { host: "127.26.182.194" port: 42489 } } peers { permanent_uuid: "6aab105474de4f10af9f40994986a338" member_type: VOTER last_known_addr { host: "127.26.182.195" port: 33991 } } peers { permanent_uuid: "f1bd2b15d38b4169b0f8e1a60531684d" member_type: VOTER last_known_addr { host: "127.26.182.193" port: 38163 } }
I20260710 13:24:17.100638 28654 raft_consensus.cc:385] T f67aab2d59784c5fa5d7454ad16f9c0e P f1bd2b15d38b4169b0f8e1a60531684d [term 0 FOLLOWER]: Consensus starting up: Expiring failure detector timer to make a prompt election more likely
I20260710 13:24:17.100520 28580 leader_election.cc:304] T 60c7df68f8434b78a2ab3d35d74970a0 P 6aab105474de4f10af9f40994986a338 [CANDIDATE]: Term 1 pre-election: Election decided. Result: candidate lost. Election summary: received 3 responses out of 3 voters: 1 yes votes; 2 no votes. yes voters: 6aab105474de4f10af9f40994986a338; no voters: 74b3073bdd214f12b4a9ebcf578fc5d3, f1bd2b15d38b4169b0f8e1a60531684d
I20260710 13:24:17.101043 28654 raft_consensus.cc:740] T f67aab2d59784c5fa5d7454ad16f9c0e P f1bd2b15d38b4169b0f8e1a60531684d [term 0 FOLLOWER]: Becoming Follower/Learner. State: Replica: f1bd2b15d38b4169b0f8e1a60531684d, State: Initialized, Role: FOLLOWER
I20260710 13:24:17.101783 28654 consensus_queue.cc:260] T f67aab2d59784c5fa5d7454ad16f9c0e P f1bd2b15d38b4169b0f8e1a60531684d [NON_LEADER]: Queue going to NON_LEADER mode. State: All replicated index: 0, Majority replicated index: 0, Committed index: 0, Last appended: 0.0, Last appended by leader: 0, Current term: 0, Majority size: -1, State: 0, Mode: NON_LEADER, active raft config: opid_index: -1 OBSOLETE_local: false peers { permanent_uuid: "74b3073bdd214f12b4a9ebcf578fc5d3" member_type: VOTER last_known_addr { host: "127.26.182.194" port: 42489 } } peers { permanent_uuid: "6aab105474de4f10af9f40994986a338" member_type: VOTER last_known_addr { host: "127.26.182.195" port: 33991 } } peers { permanent_uuid: "f1bd2b15d38b4169b0f8e1a60531684d" member_type: VOTER last_known_addr { host: "127.26.182.193" port: 38163 } }
I20260710 13:24:17.102425 28676 raft_consensus.cc:2749] T 60c7df68f8434b78a2ab3d35d74970a0 P 6aab105474de4f10af9f40994986a338 [term 0 FOLLOWER]: Leader pre-election lost for term 1. Reason: could not achieve majority
I20260710 13:24:17.102839 28655 tablet_bootstrap.cc:654] T 40621223f4a2447991fedb746fa83483 P 6aab105474de4f10af9f40994986a338: Neither blocks nor log segments found. Creating new log.
I20260710 13:24:17.103988 28654 ts_tablet_manager.cc:1434] T f67aab2d59784c5fa5d7454ad16f9c0e P f1bd2b15d38b4169b0f8e1a60531684d: Time spent starting tablet: real 0.007s	user 0.003s	sys 0.000s
I20260710 13:24:17.105158 28654 tablet_bootstrap.cc:492] T 5ff38f86175b4b018800c829c943d4db P f1bd2b15d38b4169b0f8e1a60531684d: Bootstrap starting.
I20260710 13:24:17.112366 28653 tablet_bootstrap.cc:492] T 8c2fb1e40df24037a9375a729c910adf P 74b3073bdd214f12b4a9ebcf578fc5d3: Bootstrap starting.
I20260710 13:24:17.112757 28654 tablet_bootstrap.cc:654] T 5ff38f86175b4b018800c829c943d4db P f1bd2b15d38b4169b0f8e1a60531684d: Neither blocks nor log segments found. Creating new log.
I20260710 13:24:17.118836 28653 tablet_bootstrap.cc:654] T 8c2fb1e40df24037a9375a729c910adf P 74b3073bdd214f12b4a9ebcf578fc5d3: Neither blocks nor log segments found. Creating new log.
I20260710 13:24:17.121649 28363 catalog_manager.cc:5697] T b307c64cab4346429199b259c0b9f547 P 6aab105474de4f10af9f40994986a338 reported cstate change: term changed from 0 to 1, leader changed from <none> to 6aab105474de4f10af9f40994986a338 (127.26.182.195). New cstate: current_term: 1 leader_uuid: "6aab105474de4f10af9f40994986a338" committed_config { opid_index: -1 OBSOLETE_local: false peers { permanent_uuid: "f1bd2b15d38b4169b0f8e1a60531684d" member_type: VOTER last_known_addr { host: "127.26.182.193" port: 38163 } health_report { overall_health: UNKNOWN } } peers { permanent_uuid: "74b3073bdd214f12b4a9ebcf578fc5d3" member_type: VOTER last_known_addr { host: "127.26.182.194" port: 42489 } health_report { overall_health: UNKNOWN } } peers { permanent_uuid: "6aab105474de4f10af9f40994986a338" member_type: VOTER last_known_addr { host: "127.26.182.195" port: 33991 } health_report { overall_health: HEALTHY } } }
I20260710 13:24:17.129866 28668 raft_consensus.cc:493] T 8e1bea4937384e20bb4ae885ff12c4a8 P 74b3073bdd214f12b4a9ebcf578fc5d3 [term 0 FOLLOWER]: Starting pre-election (no leader contacted us within the election timeout)
I20260710 13:24:17.132004 28668 raft_consensus.cc:515] T 8e1bea4937384e20bb4ae885ff12c4a8 P 74b3073bdd214f12b4a9ebcf578fc5d3 [term 0 FOLLOWER]: Starting pre-election with config: opid_index: -1 OBSOLETE_local: false peers { permanent_uuid: "f1bd2b15d38b4169b0f8e1a60531684d" member_type: VOTER last_known_addr { host: "127.26.182.193" port: 38163 } } peers { permanent_uuid: "74b3073bdd214f12b4a9ebcf578fc5d3" member_type: VOTER last_known_addr { host: "127.26.182.194" port: 42489 } } peers { permanent_uuid: "6aab105474de4f10af9f40994986a338" member_type: VOTER last_known_addr { host: "127.26.182.195" port: 33991 } }
I20260710 13:24:17.133654 28654 tablet_bootstrap.cc:492] T 5ff38f86175b4b018800c829c943d4db P f1bd2b15d38b4169b0f8e1a60531684d: No bootstrap required, opened a new log
I20260710 13:24:17.134222 28654 ts_tablet_manager.cc:1403] T 5ff38f86175b4b018800c829c943d4db P f1bd2b15d38b4169b0f8e1a60531684d: Time spent bootstrapping tablet: real 0.029s	user 0.010s	sys 0.015s
I20260710 13:24:17.133647 28655 tablet_bootstrap.cc:492] T 40621223f4a2447991fedb746fa83483 P 6aab105474de4f10af9f40994986a338: No bootstrap required, opened a new log
I20260710 13:24:17.134639 28668 leader_election.cc:290] T 8e1bea4937384e20bb4ae885ff12c4a8 P 74b3073bdd214f12b4a9ebcf578fc5d3 [CANDIDATE]: Term 1 pre-election: Requested pre-vote from peers f1bd2b15d38b4169b0f8e1a60531684d (127.26.182.193:38163), 6aab105474de4f10af9f40994986a338 (127.26.182.195:33991)
I20260710 13:24:17.135504 28655 ts_tablet_manager.cc:1403] T 40621223f4a2447991fedb746fa83483 P 6aab105474de4f10af9f40994986a338: Time spent bootstrapping tablet: real 0.043s	user 0.021s	sys 0.009s
I20260710 13:24:17.138075 28614 tablet_service.cc:1917] Received RequestConsensusVote() RPC: tablet_id: "8e1bea4937384e20bb4ae885ff12c4a8" candidate_uuid: "74b3073bdd214f12b4a9ebcf578fc5d3" candidate_term: 1 candidate_status { last_received { term: 0 index: 0 } } ignore_live_leader: false dest_uuid: "6aab105474de4f10af9f40994986a338" is_pre_election: true
I20260710 13:24:17.138847 28654 raft_consensus.cc:359] T 5ff38f86175b4b018800c829c943d4db P f1bd2b15d38b4169b0f8e1a60531684d [term 0 FOLLOWER]: Replica starting. Triggering 0 pending ops. Active config: opid_index: -1 OBSOLETE_local: false peers { permanent_uuid: "f1bd2b15d38b4169b0f8e1a60531684d" member_type: VOTER last_known_addr { host: "127.26.182.193" port: 38163 } } peers { permanent_uuid: "74b3073bdd214f12b4a9ebcf578fc5d3" member_type: VOTER last_known_addr { host: "127.26.182.194" port: 42489 } } peers { permanent_uuid: "6aab105474de4f10af9f40994986a338" member_type: VOTER last_known_addr { host: "127.26.182.195" port: 33991 } }
I20260710 13:24:17.139194 28465 tablet_service.cc:1917] Received RequestConsensusVote() RPC: tablet_id: "8e1bea4937384e20bb4ae885ff12c4a8" candidate_uuid: "74b3073bdd214f12b4a9ebcf578fc5d3" candidate_term: 1 candidate_status { last_received { term: 0 index: 0 } } ignore_live_leader: false dest_uuid: "f1bd2b15d38b4169b0f8e1a60531684d" is_pre_election: true
I20260710 13:24:17.139034 28655 raft_consensus.cc:359] T 40621223f4a2447991fedb746fa83483 P 6aab105474de4f10af9f40994986a338 [term 0 FOLLOWER]: Replica starting. Triggering 0 pending ops. Active config: opid_index: -1 OBSOLETE_local: false peers { permanent_uuid: "f1bd2b15d38b4169b0f8e1a60531684d" member_type: VOTER last_known_addr { host: "127.26.182.193" port: 38163 } } peers { permanent_uuid: "74b3073bdd214f12b4a9ebcf578fc5d3" member_type: VOTER last_known_addr { host: "127.26.182.194" port: 42489 } } peers { permanent_uuid: "6aab105474de4f10af9f40994986a338" member_type: VOTER last_known_addr { host: "127.26.182.195" port: 33991 } }
I20260710 13:24:17.139418 28653 tablet_bootstrap.cc:492] T 8c2fb1e40df24037a9375a729c910adf P 74b3073bdd214f12b4a9ebcf578fc5d3: No bootstrap required, opened a new log
I20260710 13:24:17.139619 28654 raft_consensus.cc:385] T 5ff38f86175b4b018800c829c943d4db P f1bd2b15d38b4169b0f8e1a60531684d [term 0 FOLLOWER]: Consensus starting up: Expiring failure detector timer to make a prompt election more likely
I20260710 13:24:17.139811 28655 raft_consensus.cc:385] T 40621223f4a2447991fedb746fa83483 P 6aab105474de4f10af9f40994986a338 [term 0 FOLLOWER]: Consensus starting up: Expiring failure detector timer to make a prompt election more likely
I20260710 13:24:17.140007 28654 raft_consensus.cc:740] T 5ff38f86175b4b018800c829c943d4db P f1bd2b15d38b4169b0f8e1a60531684d [term 0 FOLLOWER]: Becoming Follower/Learner. State: Replica: f1bd2b15d38b4169b0f8e1a60531684d, State: Initialized, Role: FOLLOWER
I20260710 13:24:17.140170 28653 ts_tablet_manager.cc:1403] T 8c2fb1e40df24037a9375a729c910adf P 74b3073bdd214f12b4a9ebcf578fc5d3: Time spent bootstrapping tablet: real 0.040s	user 0.016s	sys 0.004s
I20260710 13:24:17.140147 28655 raft_consensus.cc:740] T 40621223f4a2447991fedb746fa83483 P 6aab105474de4f10af9f40994986a338 [term 0 FOLLOWER]: Becoming Follower/Learner. State: Replica: 6aab105474de4f10af9f40994986a338, State: Initialized, Role: FOLLOWER
W20260710 13:24:17.140280 28506 leader_election.cc:343] T 8e1bea4937384e20bb4ae885ff12c4a8 P 74b3073bdd214f12b4a9ebcf578fc5d3 [CANDIDATE]: Term 1 pre-election: Tablet error from VoteRequest() call to peer 6aab105474de4f10af9f40994986a338 (127.26.182.195:33991): Illegal state: must be running to vote when last-logged opid is not known
I20260710 13:24:17.140884 28654 consensus_queue.cc:260] T 5ff38f86175b4b018800c829c943d4db P f1bd2b15d38b4169b0f8e1a60531684d [NON_LEADER]: Queue going to NON_LEADER mode. State: All replicated index: 0, Majority replicated index: 0, Committed index: 0, Last appended: 0.0, Last appended by leader: 0, Current term: 0, Majority size: -1, State: 0, Mode: NON_LEADER, active raft config: opid_index: -1 OBSOLETE_local: false peers { permanent_uuid: "f1bd2b15d38b4169b0f8e1a60531684d" member_type: VOTER last_known_addr { host: "127.26.182.193" port: 38163 } } peers { permanent_uuid: "74b3073bdd214f12b4a9ebcf578fc5d3" member_type: VOTER last_known_addr { host: "127.26.182.194" port: 42489 } } peers { permanent_uuid: "6aab105474de4f10af9f40994986a338" member_type: VOTER last_known_addr { host: "127.26.182.195" port: 33991 } }
W20260710 13:24:17.141415 28506 leader_election.cc:343] T 8e1bea4937384e20bb4ae885ff12c4a8 P 74b3073bdd214f12b4a9ebcf578fc5d3 [CANDIDATE]: Term 1 pre-election: Tablet error from VoteRequest() call to peer f1bd2b15d38b4169b0f8e1a60531684d (127.26.182.193:38163): Illegal state: must be running to vote when last-logged opid is not known
I20260710 13:24:17.141497 28655 consensus_queue.cc:260] T 40621223f4a2447991fedb746fa83483 P 6aab105474de4f10af9f40994986a338 [NON_LEADER]: Queue going to NON_LEADER mode. State: All replicated index: 0, Majority replicated index: 0, Committed index: 0, Last appended: 0.0, Last appended by leader: 0, Current term: 0, Majority size: -1, State: 0, Mode: NON_LEADER, active raft config: opid_index: -1 OBSOLETE_local: false peers { permanent_uuid: "f1bd2b15d38b4169b0f8e1a60531684d" member_type: VOTER last_known_addr { host: "127.26.182.193" port: 38163 } } peers { permanent_uuid: "74b3073bdd214f12b4a9ebcf578fc5d3" member_type: VOTER last_known_addr { host: "127.26.182.194" port: 42489 } } peers { permanent_uuid: "6aab105474de4f10af9f40994986a338" member_type: VOTER last_known_addr { host: "127.26.182.195" port: 33991 } }
I20260710 13:24:17.141909 28506 leader_election.cc:304] T 8e1bea4937384e20bb4ae885ff12c4a8 P 74b3073bdd214f12b4a9ebcf578fc5d3 [CANDIDATE]: Term 1 pre-election: Election decided. Result: candidate lost. Election summary: received 3 responses out of 3 voters: 1 yes votes; 2 no votes. yes voters: 74b3073bdd214f12b4a9ebcf578fc5d3; no voters: 6aab105474de4f10af9f40994986a338, f1bd2b15d38b4169b0f8e1a60531684d
I20260710 13:24:17.142983 28668 raft_consensus.cc:2749] T 8e1bea4937384e20bb4ae885ff12c4a8 P 74b3073bdd214f12b4a9ebcf578fc5d3 [term 0 FOLLOWER]: Leader pre-election lost for term 1. Reason: could not achieve majority
I20260710 13:24:17.144186 28655 ts_tablet_manager.cc:1434] T 40621223f4a2447991fedb746fa83483 P 6aab105474de4f10af9f40994986a338: Time spent starting tablet: real 0.008s	user 0.005s	sys 0.003s
I20260710 13:24:17.145154 28655 tablet_bootstrap.cc:492] T 16e1da1a71cb423d8aefa6f92aefd1f4 P 6aab105474de4f10af9f40994986a338: Bootstrap starting.
I20260710 13:24:17.145222 28654 ts_tablet_manager.cc:1434] T 5ff38f86175b4b018800c829c943d4db P f1bd2b15d38b4169b0f8e1a60531684d: Time spent starting tablet: real 0.011s	user 0.004s	sys 0.005s
I20260710 13:24:17.146308 28654 tablet_bootstrap.cc:492] T 60c7df68f8434b78a2ab3d35d74970a0 P f1bd2b15d38b4169b0f8e1a60531684d: Bootstrap starting.
I20260710 13:24:17.147955 28661 raft_consensus.cc:493] T 8c2fb1e40df24037a9375a729c910adf P f1bd2b15d38b4169b0f8e1a60531684d [term 0 FOLLOWER]: Starting pre-election (no leader contacted us within the election timeout)
I20260710 13:24:17.148398 28661 raft_consensus.cc:515] T 8c2fb1e40df24037a9375a729c910adf P f1bd2b15d38b4169b0f8e1a60531684d [term 0 FOLLOWER]: Starting pre-election with config: opid_index: -1 OBSOLETE_local: false peers { permanent_uuid: "f1bd2b15d38b4169b0f8e1a60531684d" member_type: VOTER last_known_addr { host: "127.26.182.193" port: 38163 } } peers { permanent_uuid: "74b3073bdd214f12b4a9ebcf578fc5d3" member_type: VOTER last_known_addr { host: "127.26.182.194" port: 42489 } } peers { permanent_uuid: "6aab105474de4f10af9f40994986a338" member_type: VOTER last_known_addr { host: "127.26.182.195" port: 33991 } }
I20260710 13:24:17.152033 28655 tablet_bootstrap.cc:654] T 16e1da1a71cb423d8aefa6f92aefd1f4 P 6aab105474de4f10af9f40994986a338: Neither blocks nor log segments found. Creating new log.
I20260710 13:24:17.152645 28661 leader_election.cc:290] T 8c2fb1e40df24037a9375a729c910adf P f1bd2b15d38b4169b0f8e1a60531684d [CANDIDATE]: Term 1 pre-election: Requested pre-vote from peers 74b3073bdd214f12b4a9ebcf578fc5d3 (127.26.182.194:42489), 6aab105474de4f10af9f40994986a338 (127.26.182.195:33991)
I20260710 13:24:17.153831 28654 tablet_bootstrap.cc:654] T 60c7df68f8434b78a2ab3d35d74970a0 P f1bd2b15d38b4169b0f8e1a60531684d: Neither blocks nor log segments found. Creating new log.
I20260710 13:24:17.156179 28653 raft_consensus.cc:359] T 8c2fb1e40df24037a9375a729c910adf P 74b3073bdd214f12b4a9ebcf578fc5d3 [term 0 FOLLOWER]: Replica starting. Triggering 0 pending ops. Active config: opid_index: -1 OBSOLETE_local: false peers { permanent_uuid: "f1bd2b15d38b4169b0f8e1a60531684d" member_type: VOTER last_known_addr { host: "127.26.182.193" port: 38163 } } peers { permanent_uuid: "74b3073bdd214f12b4a9ebcf578fc5d3" member_type: VOTER last_known_addr { host: "127.26.182.194" port: 42489 } } peers { permanent_uuid: "6aab105474de4f10af9f40994986a338" member_type: VOTER last_known_addr { host: "127.26.182.195" port: 33991 } }
I20260710 13:24:17.157647 28653 raft_consensus.cc:385] T 8c2fb1e40df24037a9375a729c910adf P 74b3073bdd214f12b4a9ebcf578fc5d3 [term 0 FOLLOWER]: Consensus starting up: Expiring failure detector timer to make a prompt election more likely
I20260710 13:24:17.158030 28653 raft_consensus.cc:740] T 8c2fb1e40df24037a9375a729c910adf P 74b3073bdd214f12b4a9ebcf578fc5d3 [term 0 FOLLOWER]: Becoming Follower/Learner. State: Replica: 74b3073bdd214f12b4a9ebcf578fc5d3, State: Initialized, Role: FOLLOWER
I20260710 13:24:17.162542 28653 consensus_queue.cc:260] T 8c2fb1e40df24037a9375a729c910adf P 74b3073bdd214f12b4a9ebcf578fc5d3 [NON_LEADER]: Queue going to NON_LEADER mode. State: All replicated index: 0, Majority replicated index: 0, Committed index: 0, Last appended: 0.0, Last appended by leader: 0, Current term: 0, Majority size: -1, State: 0, Mode: NON_LEADER, active raft config: opid_index: -1 OBSOLETE_local: false peers { permanent_uuid: "f1bd2b15d38b4169b0f8e1a60531684d" member_type: VOTER last_known_addr { host: "127.26.182.193" port: 38163 } } peers { permanent_uuid: "74b3073bdd214f12b4a9ebcf578fc5d3" member_type: VOTER last_known_addr { host: "127.26.182.194" port: 42489 } } peers { permanent_uuid: "6aab105474de4f10af9f40994986a338" member_type: VOTER last_known_addr { host: "127.26.182.195" port: 33991 } }
I20260710 13:24:17.164376 28655 tablet_bootstrap.cc:492] T 16e1da1a71cb423d8aefa6f92aefd1f4 P 6aab105474de4f10af9f40994986a338: No bootstrap required, opened a new log
I20260710 13:24:17.164889 28655 ts_tablet_manager.cc:1403] T 16e1da1a71cb423d8aefa6f92aefd1f4 P 6aab105474de4f10af9f40994986a338: Time spent bootstrapping tablet: real 0.020s	user 0.003s	sys 0.015s
I20260710 13:24:17.167785 28655 raft_consensus.cc:359] T 16e1da1a71cb423d8aefa6f92aefd1f4 P 6aab105474de4f10af9f40994986a338 [term 0 FOLLOWER]: Replica starting. Triggering 0 pending ops. Active config: opid_index: -1 OBSOLETE_local: false peers { permanent_uuid: "f1bd2b15d38b4169b0f8e1a60531684d" member_type: VOTER last_known_addr { host: "127.26.182.193" port: 38163 } } peers { permanent_uuid: "74b3073bdd214f12b4a9ebcf578fc5d3" member_type: VOTER last_known_addr { host: "127.26.182.194" port: 42489 } } peers { permanent_uuid: "6aab105474de4f10af9f40994986a338" member_type: VOTER last_known_addr { host: "127.26.182.195" port: 33991 } }
I20260710 13:24:17.168516 28655 raft_consensus.cc:385] T 16e1da1a71cb423d8aefa6f92aefd1f4 P 6aab105474de4f10af9f40994986a338 [term 0 FOLLOWER]: Consensus starting up: Expiring failure detector timer to make a prompt election more likely
I20260710 13:24:17.168938 28655 raft_consensus.cc:740] T 16e1da1a71cb423d8aefa6f92aefd1f4 P 6aab105474de4f10af9f40994986a338 [term 0 FOLLOWER]: Becoming Follower/Learner. State: Replica: 6aab105474de4f10af9f40994986a338, State: Initialized, Role: FOLLOWER
I20260710 13:24:17.169692 28655 consensus_queue.cc:260] T 16e1da1a71cb423d8aefa6f92aefd1f4 P 6aab105474de4f10af9f40994986a338 [NON_LEADER]: Queue going to NON_LEADER mode. State: All replicated index: 0, Majority replicated index: 0, Committed index: 0, Last appended: 0.0, Last appended by leader: 0, Current term: 0, Majority size: -1, State: 0, Mode: NON_LEADER, active raft config: opid_index: -1 OBSOLETE_local: false peers { permanent_uuid: "f1bd2b15d38b4169b0f8e1a60531684d" member_type: VOTER last_known_addr { host: "127.26.182.193" port: 38163 } } peers { permanent_uuid: "74b3073bdd214f12b4a9ebcf578fc5d3" member_type: VOTER last_known_addr { host: "127.26.182.194" port: 42489 } } peers { permanent_uuid: "6aab105474de4f10af9f40994986a338" member_type: VOTER last_known_addr { host: "127.26.182.195" port: 33991 } }
I20260710 13:24:17.172124 28655 ts_tablet_manager.cc:1434] T 16e1da1a71cb423d8aefa6f92aefd1f4 P 6aab105474de4f10af9f40994986a338: Time spent starting tablet: real 0.007s	user 0.006s	sys 0.000s
I20260710 13:24:17.170409 28653 ts_tablet_manager.cc:1434] T 8c2fb1e40df24037a9375a729c910adf P 74b3073bdd214f12b4a9ebcf578fc5d3: Time spent starting tablet: real 0.030s	user 0.005s	sys 0.001s
I20260710 13:24:17.173218 28655 tablet_bootstrap.cc:492] T d10e7e7c194b4f9d95dc81e7b5e9a256 P 6aab105474de4f10af9f40994986a338: Bootstrap starting.
I20260710 13:24:17.174296 28653 tablet_bootstrap.cc:492] T 60c7df68f8434b78a2ab3d35d74970a0 P 74b3073bdd214f12b4a9ebcf578fc5d3: Bootstrap starting.
I20260710 13:24:17.184234 28655 tablet_bootstrap.cc:654] T d10e7e7c194b4f9d95dc81e7b5e9a256 P 6aab105474de4f10af9f40994986a338: Neither blocks nor log segments found. Creating new log.
I20260710 13:24:17.197307 28654 tablet_bootstrap.cc:492] T 60c7df68f8434b78a2ab3d35d74970a0 P f1bd2b15d38b4169b0f8e1a60531684d: No bootstrap required, opened a new log
I20260710 13:24:17.197880 28654 ts_tablet_manager.cc:1403] T 60c7df68f8434b78a2ab3d35d74970a0 P f1bd2b15d38b4169b0f8e1a60531684d: Time spent bootstrapping tablet: real 0.052s	user 0.015s	sys 0.031s
I20260710 13:24:17.198510 28653 tablet_bootstrap.cc:654] T 60c7df68f8434b78a2ab3d35d74970a0 P 74b3073bdd214f12b4a9ebcf578fc5d3: Neither blocks nor log segments found. Creating new log.
I20260710 13:24:17.199484 28655 tablet_bootstrap.cc:492] T d10e7e7c194b4f9d95dc81e7b5e9a256 P 6aab105474de4f10af9f40994986a338: No bootstrap required, opened a new log
I20260710 13:24:17.199949 28655 ts_tablet_manager.cc:1403] T d10e7e7c194b4f9d95dc81e7b5e9a256 P 6aab105474de4f10af9f40994986a338: Time spent bootstrapping tablet: real 0.027s	user 0.007s	sys 0.010s
I20260710 13:24:17.200335 28540 tablet_service.cc:1917] Received RequestConsensusVote() RPC: tablet_id: "8c2fb1e40df24037a9375a729c910adf" candidate_uuid: "f1bd2b15d38b4169b0f8e1a60531684d" candidate_term: 1 candidate_status { last_received { term: 0 index: 0 } } ignore_live_leader: false dest_uuid: "74b3073bdd214f12b4a9ebcf578fc5d3" is_pre_election: true
I20260710 13:24:17.201037 28540 raft_consensus.cc:2468] T 8c2fb1e40df24037a9375a729c910adf P 74b3073bdd214f12b4a9ebcf578fc5d3 [term 0 FOLLOWER]: Leader pre-election vote request: Granting yes vote for candidate f1bd2b15d38b4169b0f8e1a60531684d in term 0.
I20260710 13:24:17.201208 28654 raft_consensus.cc:359] T 60c7df68f8434b78a2ab3d35d74970a0 P f1bd2b15d38b4169b0f8e1a60531684d [term 0 FOLLOWER]: Replica starting. Triggering 0 pending ops. Active config: opid_index: -1 OBSOLETE_local: false peers { permanent_uuid: "f1bd2b15d38b4169b0f8e1a60531684d" member_type: VOTER last_known_addr { host: "127.26.182.193" port: 38163 } } peers { permanent_uuid: "74b3073bdd214f12b4a9ebcf578fc5d3" member_type: VOTER last_known_addr { host: "127.26.182.194" port: 42489 } } peers { permanent_uuid: "6aab105474de4f10af9f40994986a338" member_type: VOTER last_known_addr { host: "127.26.182.195" port: 33991 } }
I20260710 13:24:17.202351 28654 raft_consensus.cc:385] T 60c7df68f8434b78a2ab3d35d74970a0 P f1bd2b15d38b4169b0f8e1a60531684d [term 0 FOLLOWER]: Consensus starting up: Expiring failure detector timer to make a prompt election more likely
I20260710 13:24:17.202389 28431 leader_election.cc:304] T 8c2fb1e40df24037a9375a729c910adf P f1bd2b15d38b4169b0f8e1a60531684d [CANDIDATE]: Term 1 pre-election: Election decided. Result: candidate won. Election summary: received 2 responses out of 3 voters: 2 yes votes; 0 no votes. yes voters: 74b3073bdd214f12b4a9ebcf578fc5d3, f1bd2b15d38b4169b0f8e1a60531684d; no voters: 
I20260710 13:24:17.202702 28655 raft_consensus.cc:359] T d10e7e7c194b4f9d95dc81e7b5e9a256 P 6aab105474de4f10af9f40994986a338 [term 0 FOLLOWER]: Replica starting. Triggering 0 pending ops. Active config: opid_index: -1 OBSOLETE_local: false peers { permanent_uuid: "f1bd2b15d38b4169b0f8e1a60531684d" member_type: VOTER last_known_addr { host: "127.26.182.193" port: 38163 } } peers { permanent_uuid: "74b3073bdd214f12b4a9ebcf578fc5d3" member_type: VOTER last_known_addr { host: "127.26.182.194" port: 42489 } } peers { permanent_uuid: "6aab105474de4f10af9f40994986a338" member_type: VOTER last_known_addr { host: "127.26.182.195" port: 33991 } }
I20260710 13:24:17.203033 28654 raft_consensus.cc:740] T 60c7df68f8434b78a2ab3d35d74970a0 P f1bd2b15d38b4169b0f8e1a60531684d [term 0 FOLLOWER]: Becoming Follower/Learner. State: Replica: f1bd2b15d38b4169b0f8e1a60531684d, State: Initialized, Role: FOLLOWER
I20260710 13:24:17.203356 28661 raft_consensus.cc:2804] T 8c2fb1e40df24037a9375a729c910adf P f1bd2b15d38b4169b0f8e1a60531684d [term 0 FOLLOWER]: Leader pre-election won for term 1
I20260710 13:24:17.203823 28661 raft_consensus.cc:493] T 8c2fb1e40df24037a9375a729c910adf P f1bd2b15d38b4169b0f8e1a60531684d [term 0 FOLLOWER]: Starting leader election (no leader contacted us within the election timeout)
I20260710 13:24:17.204149 28661 raft_consensus.cc:3060] T 8c2fb1e40df24037a9375a729c910adf P f1bd2b15d38b4169b0f8e1a60531684d [term 0 FOLLOWER]: Advancing to term 1
I20260710 13:24:17.204272 28654 consensus_queue.cc:260] T 60c7df68f8434b78a2ab3d35d74970a0 P f1bd2b15d38b4169b0f8e1a60531684d [NON_LEADER]: Queue going to NON_LEADER mode. State: All replicated index: 0, Majority replicated index: 0, Committed index: 0, Last appended: 0.0, Last appended by leader: 0, Current term: 0, Majority size: -1, State: 0, Mode: NON_LEADER, active raft config: opid_index: -1 OBSOLETE_local: false peers { permanent_uuid: "f1bd2b15d38b4169b0f8e1a60531684d" member_type: VOTER last_known_addr { host: "127.26.182.193" port: 38163 } } peers { permanent_uuid: "74b3073bdd214f12b4a9ebcf578fc5d3" member_type: VOTER last_known_addr { host: "127.26.182.194" port: 42489 } } peers { permanent_uuid: "6aab105474de4f10af9f40994986a338" member_type: VOTER last_known_addr { host: "127.26.182.195" port: 33991 } }
I20260710 13:24:17.203441 28655 raft_consensus.cc:385] T d10e7e7c194b4f9d95dc81e7b5e9a256 P 6aab105474de4f10af9f40994986a338 [term 0 FOLLOWER]: Consensus starting up: Expiring failure detector timer to make a prompt election more likely
I20260710 13:24:17.207366 28655 raft_consensus.cc:740] T d10e7e7c194b4f9d95dc81e7b5e9a256 P 6aab105474de4f10af9f40994986a338 [term 0 FOLLOWER]: Becoming Follower/Learner. State: Replica: 6aab105474de4f10af9f40994986a338, State: Initialized, Role: FOLLOWER
I20260710 13:24:17.208227 28655 consensus_queue.cc:260] T d10e7e7c194b4f9d95dc81e7b5e9a256 P 6aab105474de4f10af9f40994986a338 [NON_LEADER]: Queue going to NON_LEADER mode. State: All replicated index: 0, Majority replicated index: 0, Committed index: 0, Last appended: 0.0, Last appended by leader: 0, Current term: 0, Majority size: -1, State: 0, Mode: NON_LEADER, active raft config: opid_index: -1 OBSOLETE_local: false peers { permanent_uuid: "f1bd2b15d38b4169b0f8e1a60531684d" member_type: VOTER last_known_addr { host: "127.26.182.193" port: 38163 } } peers { permanent_uuid: "74b3073bdd214f12b4a9ebcf578fc5d3" member_type: VOTER last_known_addr { host: "127.26.182.194" port: 42489 } } peers { permanent_uuid: "6aab105474de4f10af9f40994986a338" member_type: VOTER last_known_addr { host: "127.26.182.195" port: 33991 } }
I20260710 13:24:17.210656 28655 ts_tablet_manager.cc:1434] T d10e7e7c194b4f9d95dc81e7b5e9a256 P 6aab105474de4f10af9f40994986a338: Time spent starting tablet: real 0.010s	user 0.004s	sys 0.004s
I20260710 13:24:17.211622 28655 tablet_bootstrap.cc:492] T abc8dc03e69a489db0b3a0892d075502 P 6aab105474de4f10af9f40994986a338: Bootstrap starting.
I20260710 13:24:17.211592 28614 tablet_service.cc:1917] Received RequestConsensusVote() RPC: tablet_id: "8c2fb1e40df24037a9375a729c910adf" candidate_uuid: "f1bd2b15d38b4169b0f8e1a60531684d" candidate_term: 1 candidate_status { last_received { term: 0 index: 0 } } ignore_live_leader: false dest_uuid: "6aab105474de4f10af9f40994986a338" is_pre_election: true
I20260710 13:24:17.215066 28668 raft_consensus.cc:493] T 5ff38f86175b4b018800c829c943d4db P 74b3073bdd214f12b4a9ebcf578fc5d3 [term 0 FOLLOWER]: Starting pre-election (no leader contacted us within the election timeout)
I20260710 13:24:17.215529 28668 raft_consensus.cc:515] T 5ff38f86175b4b018800c829c943d4db P 74b3073bdd214f12b4a9ebcf578fc5d3 [term 0 FOLLOWER]: Starting pre-election with config: opid_index: -1 OBSOLETE_local: false peers { permanent_uuid: "f1bd2b15d38b4169b0f8e1a60531684d" member_type: VOTER last_known_addr { host: "127.26.182.193" port: 38163 } } peers { permanent_uuid: "74b3073bdd214f12b4a9ebcf578fc5d3" member_type: VOTER last_known_addr { host: "127.26.182.194" port: 42489 } } peers { permanent_uuid: "6aab105474de4f10af9f40994986a338" member_type: VOTER last_known_addr { host: "127.26.182.195" port: 33991 } }
I20260710 13:24:17.217487 28668 leader_election.cc:290] T 5ff38f86175b4b018800c829c943d4db P 74b3073bdd214f12b4a9ebcf578fc5d3 [CANDIDATE]: Term 1 pre-election: Requested pre-vote from peers f1bd2b15d38b4169b0f8e1a60531684d (127.26.182.193:38163), 6aab105474de4f10af9f40994986a338 (127.26.182.195:33991)
I20260710 13:24:17.219275 28465 tablet_service.cc:1917] Received RequestConsensusVote() RPC: tablet_id: "5ff38f86175b4b018800c829c943d4db" candidate_uuid: "74b3073bdd214f12b4a9ebcf578fc5d3" candidate_term: 1 candidate_status { last_received { term: 0 index: 0 } } ignore_live_leader: false dest_uuid: "f1bd2b15d38b4169b0f8e1a60531684d" is_pre_election: true
I20260710 13:24:17.219555 28614 tablet_service.cc:1917] Received RequestConsensusVote() RPC: tablet_id: "5ff38f86175b4b018800c829c943d4db" candidate_uuid: "74b3073bdd214f12b4a9ebcf578fc5d3" candidate_term: 1 candidate_status { last_received { term: 0 index: 0 } } ignore_live_leader: false dest_uuid: "6aab105474de4f10af9f40994986a338" is_pre_election: true
I20260710 13:24:17.220085 28465 raft_consensus.cc:2468] T 5ff38f86175b4b018800c829c943d4db P f1bd2b15d38b4169b0f8e1a60531684d [term 0 FOLLOWER]: Leader pre-election vote request: Granting yes vote for candidate 74b3073bdd214f12b4a9ebcf578fc5d3 in term 0.
I20260710 13:24:17.221822 28506 leader_election.cc:304] T 5ff38f86175b4b018800c829c943d4db P 74b3073bdd214f12b4a9ebcf578fc5d3 [CANDIDATE]: Term 1 pre-election: Election decided. Result: candidate won. Election summary: received 2 responses out of 3 voters: 2 yes votes; 0 no votes. yes voters: 74b3073bdd214f12b4a9ebcf578fc5d3, f1bd2b15d38b4169b0f8e1a60531684d; no voters: 
W20260710 13:24:17.222669 28506 leader_election.cc:343] T 5ff38f86175b4b018800c829c943d4db P 74b3073bdd214f12b4a9ebcf578fc5d3 [CANDIDATE]: Term 1 pre-election: Tablet error from VoteRequest() call to peer 6aab105474de4f10af9f40994986a338 (127.26.182.195:33991): Illegal state: must be running to vote when last-logged opid is not known
I20260710 13:24:17.222878 28655 tablet_bootstrap.cc:654] T abc8dc03e69a489db0b3a0892d075502 P 6aab105474de4f10af9f40994986a338: Neither blocks nor log segments found. Creating new log.
I20260710 13:24:17.223489 28668 raft_consensus.cc:2804] T 5ff38f86175b4b018800c829c943d4db P 74b3073bdd214f12b4a9ebcf578fc5d3 [term 0 FOLLOWER]: Leader pre-election won for term 1
I20260710 13:24:17.223901 28668 raft_consensus.cc:493] T 5ff38f86175b4b018800c829c943d4db P 74b3073bdd214f12b4a9ebcf578fc5d3 [term 0 FOLLOWER]: Starting leader election (no leader contacted us within the election timeout)
I20260710 13:24:17.224244 28668 raft_consensus.cc:3060] T 5ff38f86175b4b018800c829c943d4db P 74b3073bdd214f12b4a9ebcf578fc5d3 [term 0 FOLLOWER]: Advancing to term 1
W20260710 13:24:17.233701 28431 leader_election.cc:343] T 8c2fb1e40df24037a9375a729c910adf P f1bd2b15d38b4169b0f8e1a60531684d [CANDIDATE]: Term 1 pre-election: Tablet error from VoteRequest() call to peer 6aab105474de4f10af9f40994986a338 (127.26.182.195:33991): Illegal state: must be running to vote when last-logged opid is not known
I20260710 13:24:17.236908 28661 raft_consensus.cc:515] T 8c2fb1e40df24037a9375a729c910adf P f1bd2b15d38b4169b0f8e1a60531684d [term 1 FOLLOWER]: Starting leader election with config: opid_index: -1 OBSOLETE_local: false peers { permanent_uuid: "f1bd2b15d38b4169b0f8e1a60531684d" member_type: VOTER last_known_addr { host: "127.26.182.193" port: 38163 } } peers { permanent_uuid: "74b3073bdd214f12b4a9ebcf578fc5d3" member_type: VOTER last_known_addr { host: "127.26.182.194" port: 42489 } } peers { permanent_uuid: "6aab105474de4f10af9f40994986a338" member_type: VOTER last_known_addr { host: "127.26.182.195" port: 33991 } }
I20260710 13:24:17.237882 28655 tablet_bootstrap.cc:492] T abc8dc03e69a489db0b3a0892d075502 P 6aab105474de4f10af9f40994986a338: No bootstrap required, opened a new log
I20260710 13:24:17.238349 28655 ts_tablet_manager.cc:1403] T abc8dc03e69a489db0b3a0892d075502 P 6aab105474de4f10af9f40994986a338: Time spent bootstrapping tablet: real 0.027s	user 0.013s	sys 0.008s
I20260710 13:24:17.239833 28540 tablet_service.cc:1917] Received RequestConsensusVote() RPC: tablet_id: "8c2fb1e40df24037a9375a729c910adf" candidate_uuid: "f1bd2b15d38b4169b0f8e1a60531684d" candidate_term: 1 candidate_status { last_received { term: 0 index: 0 } } ignore_live_leader: false dest_uuid: "74b3073bdd214f12b4a9ebcf578fc5d3"
I20260710 13:24:17.240512 28540 raft_consensus.cc:3060] T 8c2fb1e40df24037a9375a729c910adf P 74b3073bdd214f12b4a9ebcf578fc5d3 [term 0 FOLLOWER]: Advancing to term 1
I20260710 13:24:17.241458 28655 raft_consensus.cc:359] T abc8dc03e69a489db0b3a0892d075502 P 6aab105474de4f10af9f40994986a338 [term 0 FOLLOWER]: Replica starting. Triggering 0 pending ops. Active config: opid_index: -1 OBSOLETE_local: false peers { permanent_uuid: "f1bd2b15d38b4169b0f8e1a60531684d" member_type: VOTER last_known_addr { host: "127.26.182.193" port: 38163 } } peers { permanent_uuid: "74b3073bdd214f12b4a9ebcf578fc5d3" member_type: VOTER last_known_addr { host: "127.26.182.194" port: 42489 } } peers { permanent_uuid: "6aab105474de4f10af9f40994986a338" member_type: VOTER last_known_addr { host: "127.26.182.195" port: 33991 } }
I20260710 13:24:17.242268 28655 raft_consensus.cc:385] T abc8dc03e69a489db0b3a0892d075502 P 6aab105474de4f10af9f40994986a338 [term 0 FOLLOWER]: Consensus starting up: Expiring failure detector timer to make a prompt election more likely
I20260710 13:24:17.242558 28655 raft_consensus.cc:740] T abc8dc03e69a489db0b3a0892d075502 P 6aab105474de4f10af9f40994986a338 [term 0 FOLLOWER]: Becoming Follower/Learner. State: Replica: 6aab105474de4f10af9f40994986a338, State: Initialized, Role: FOLLOWER
I20260710 13:24:17.243419 28655 consensus_queue.cc:260] T abc8dc03e69a489db0b3a0892d075502 P 6aab105474de4f10af9f40994986a338 [NON_LEADER]: Queue going to NON_LEADER mode. State: All replicated index: 0, Majority replicated index: 0, Committed index: 0, Last appended: 0.0, Last appended by leader: 0, Current term: 0, Majority size: -1, State: 0, Mode: NON_LEADER, active raft config: opid_index: -1 OBSOLETE_local: false peers { permanent_uuid: "f1bd2b15d38b4169b0f8e1a60531684d" member_type: VOTER last_known_addr { host: "127.26.182.193" port: 38163 } } peers { permanent_uuid: "74b3073bdd214f12b4a9ebcf578fc5d3" member_type: VOTER last_known_addr { host: "127.26.182.194" port: 42489 } } peers { permanent_uuid: "6aab105474de4f10af9f40994986a338" member_type: VOTER last_known_addr { host: "127.26.182.195" port: 33991 } }
I20260710 13:24:17.246021 28655 ts_tablet_manager.cc:1434] T abc8dc03e69a489db0b3a0892d075502 P 6aab105474de4f10af9f40994986a338: Time spent starting tablet: real 0.007s	user 0.007s	sys 0.000s
I20260710 13:24:17.247021 28655 tablet_bootstrap.cc:492] T 8c2fb1e40df24037a9375a729c910adf P 6aab105474de4f10af9f40994986a338: Bootstrap starting.
I20260710 13:24:17.253440 28655 tablet_bootstrap.cc:654] T 8c2fb1e40df24037a9375a729c910adf P 6aab105474de4f10af9f40994986a338: Neither blocks nor log segments found. Creating new log.
I20260710 13:24:17.256937 28540 raft_consensus.cc:2468] T 8c2fb1e40df24037a9375a729c910adf P 74b3073bdd214f12b4a9ebcf578fc5d3 [term 1 FOLLOWER]: Leader election vote request: Granting yes vote for candidate f1bd2b15d38b4169b0f8e1a60531684d in term 1.
I20260710 13:24:17.258836 28431 leader_election.cc:304] T 8c2fb1e40df24037a9375a729c910adf P f1bd2b15d38b4169b0f8e1a60531684d [CANDIDATE]: Term 1 election: Election decided. Result: candidate won. Election summary: received 2 responses out of 3 voters: 2 yes votes; 0 no votes. yes voters: 74b3073bdd214f12b4a9ebcf578fc5d3, f1bd2b15d38b4169b0f8e1a60531684d; no voters: 
I20260710 13:24:17.263839 28694 raft_consensus.cc:2804] T 8c2fb1e40df24037a9375a729c910adf P f1bd2b15d38b4169b0f8e1a60531684d [term 1 FOLLOWER]: Leader election won for term 1
I20260710 13:24:17.264499 28662 raft_consensus.cc:493] T d10e7e7c194b4f9d95dc81e7b5e9a256 P 6aab105474de4f10af9f40994986a338 [term 0 FOLLOWER]: Starting pre-election (no leader contacted us within the election timeout)
I20260710 13:24:17.265892 28662 raft_consensus.cc:515] T d10e7e7c194b4f9d95dc81e7b5e9a256 P 6aab105474de4f10af9f40994986a338 [term 0 FOLLOWER]: Starting pre-election with config: opid_index: -1 OBSOLETE_local: false peers { permanent_uuid: "f1bd2b15d38b4169b0f8e1a60531684d" member_type: VOTER last_known_addr { host: "127.26.182.193" port: 38163 } } peers { permanent_uuid: "74b3073bdd214f12b4a9ebcf578fc5d3" member_type: VOTER last_known_addr { host: "127.26.182.194" port: 42489 } } peers { permanent_uuid: "6aab105474de4f10af9f40994986a338" member_type: VOTER last_known_addr { host: "127.26.182.195" port: 33991 } }
I20260710 13:24:17.267972 28662 leader_election.cc:290] T d10e7e7c194b4f9d95dc81e7b5e9a256 P 6aab105474de4f10af9f40994986a338 [CANDIDATE]: Term 1 pre-election: Requested pre-vote from peers f1bd2b15d38b4169b0f8e1a60531684d (127.26.182.193:38163), 74b3073bdd214f12b4a9ebcf578fc5d3 (127.26.182.194:42489)
I20260710 13:24:17.269466 28465 tablet_service.cc:1917] Received RequestConsensusVote() RPC: tablet_id: "d10e7e7c194b4f9d95dc81e7b5e9a256" candidate_uuid: "6aab105474de4f10af9f40994986a338" candidate_term: 1 candidate_status { last_received { term: 0 index: 0 } } ignore_live_leader: false dest_uuid: "f1bd2b15d38b4169b0f8e1a60531684d" is_pre_election: true
W20260710 13:24:17.271163 28580 leader_election.cc:343] T d10e7e7c194b4f9d95dc81e7b5e9a256 P 6aab105474de4f10af9f40994986a338 [CANDIDATE]: Term 1 pre-election: Tablet error from VoteRequest() call to peer f1bd2b15d38b4169b0f8e1a60531684d (127.26.182.193:38163): Illegal state: must be running to vote when last-logged opid is not known
I20260710 13:24:17.264343 28694 raft_consensus.cc:697] T 8c2fb1e40df24037a9375a729c910adf P f1bd2b15d38b4169b0f8e1a60531684d [term 1 LEADER]: Becoming Leader. State: Replica: f1bd2b15d38b4169b0f8e1a60531684d, State: Running, Role: LEADER
I20260710 13:24:17.272712 28538 tablet_service.cc:1917] Received RequestConsensusVote() RPC: tablet_id: "d10e7e7c194b4f9d95dc81e7b5e9a256" candidate_uuid: "6aab105474de4f10af9f40994986a338" candidate_term: 1 candidate_status { last_received { term: 0 index: 0 } } ignore_live_leader: false dest_uuid: "74b3073bdd214f12b4a9ebcf578fc5d3" is_pre_election: true
I20260710 13:24:17.273171 28694 consensus_queue.cc:237] T 8c2fb1e40df24037a9375a729c910adf P f1bd2b15d38b4169b0f8e1a60531684d [LEADER]: Queue going to LEADER mode. State: All replicated index: 0, Majority replicated index: 0, Committed index: 0, Last appended: 0.0, Last appended by leader: 0, Current term: 1, Majority size: 2, State: 0, Mode: LEADER, active raft config: opid_index: -1 OBSOLETE_local: false peers { permanent_uuid: "f1bd2b15d38b4169b0f8e1a60531684d" member_type: VOTER last_known_addr { host: "127.26.182.193" port: 38163 } } peers { permanent_uuid: "74b3073bdd214f12b4a9ebcf578fc5d3" member_type: VOTER last_known_addr { host: "127.26.182.194" port: 42489 } } peers { permanent_uuid: "6aab105474de4f10af9f40994986a338" member_type: VOTER last_known_addr { host: "127.26.182.195" port: 33991 } }
W20260710 13:24:17.275022 28580 leader_election.cc:343] T d10e7e7c194b4f9d95dc81e7b5e9a256 P 6aab105474de4f10af9f40994986a338 [CANDIDATE]: Term 1 pre-election: Tablet error from VoteRequest() call to peer 74b3073bdd214f12b4a9ebcf578fc5d3 (127.26.182.194:42489): Illegal state: must be running to vote when last-logged opid is not known
I20260710 13:24:17.275705 28580 leader_election.cc:304] T d10e7e7c194b4f9d95dc81e7b5e9a256 P 6aab105474de4f10af9f40994986a338 [CANDIDATE]: Term 1 pre-election: Election decided. Result: candidate lost. Election summary: received 3 responses out of 3 voters: 1 yes votes; 2 no votes. yes voters: 6aab105474de4f10af9f40994986a338; no voters: 74b3073bdd214f12b4a9ebcf578fc5d3, f1bd2b15d38b4169b0f8e1a60531684d
I20260710 13:24:17.276872 28662 raft_consensus.cc:2749] T d10e7e7c194b4f9d95dc81e7b5e9a256 P 6aab105474de4f10af9f40994986a338 [term 0 FOLLOWER]: Leader pre-election lost for term 1. Reason: could not achieve majority
I20260710 13:24:17.280519 28661 leader_election.cc:290] T 8c2fb1e40df24037a9375a729c910adf P f1bd2b15d38b4169b0f8e1a60531684d [CANDIDATE]: Term 1 election: Requested vote from peers 74b3073bdd214f12b4a9ebcf578fc5d3 (127.26.182.194:42489), 6aab105474de4f10af9f40994986a338 (127.26.182.195:33991)
I20260710 13:24:17.281214 28655 tablet_bootstrap.cc:492] T 8c2fb1e40df24037a9375a729c910adf P 6aab105474de4f10af9f40994986a338: No bootstrap required, opened a new log
I20260710 13:24:17.281718 28655 ts_tablet_manager.cc:1403] T 8c2fb1e40df24037a9375a729c910adf P 6aab105474de4f10af9f40994986a338: Time spent bootstrapping tablet: real 0.035s	user 0.004s	sys 0.013s
I20260710 13:24:17.281430 28614 tablet_service.cc:1917] Received RequestConsensusVote() RPC: tablet_id: "8c2fb1e40df24037a9375a729c910adf" candidate_uuid: "f1bd2b15d38b4169b0f8e1a60531684d" candidate_term: 1 candidate_status { last_received { term: 0 index: 0 } } ignore_live_leader: false dest_uuid: "6aab105474de4f10af9f40994986a338"
I20260710 13:24:17.281966 28668 raft_consensus.cc:515] T 5ff38f86175b4b018800c829c943d4db P 74b3073bdd214f12b4a9ebcf578fc5d3 [term 1 FOLLOWER]: Starting leader election with config: opid_index: -1 OBSOLETE_local: false peers { permanent_uuid: "f1bd2b15d38b4169b0f8e1a60531684d" member_type: VOTER last_known_addr { host: "127.26.182.193" port: 38163 } } peers { permanent_uuid: "74b3073bdd214f12b4a9ebcf578fc5d3" member_type: VOTER last_known_addr { host: "127.26.182.194" port: 42489 } } peers { permanent_uuid: "6aab105474de4f10af9f40994986a338" member_type: VOTER last_known_addr { host: "127.26.182.195" port: 33991 } }
