I20260710 13:15:42.355742  1617 tablet_service.cc:1917] Received RequestConsensusVote() RPC: tablet_id: "c77d39e9db374c26b3262f65c2cc91af" candidate_uuid: "eb9d5c7a3b654325aa42e1a81762e8c1" candidate_term: 1 candidate_status { last_received { term: 0 index: 0 } } ignore_live_leader: false dest_uuid: "3fcd618d2db04914955070e5b53c7e56" is_pre_election: true
W20260710 13:15:42.356312  1583 leader_election.cc:343] T d63fbaacf0f04c8d8c262b9fb0af2743 P 3fcd618d2db04914955070e5b53c7e56 [CANDIDATE]: Term 1 pre-election: Tablet error from VoteRequest() call to peer eb9d5c7a3b654325aa42e1a81762e8c1 (127.0.107.195:45959): Illegal state: must be running to vote when last-logged opid is not known
I20260710 13:15:42.356576  1617 raft_consensus.cc:2393] T c77d39e9db374c26b3262f65c2cc91af P 3fcd618d2db04914955070e5b53c7e56 [term 1 FOLLOWER]: Leader pre-election vote request: Denying vote to candidate eb9d5c7a3b654325aa42e1a81762e8c1 in current term 1: Already voted for candidate 6e557552159748b88ee6f47decdfbe9a in this term.
I20260710 13:15:42.356705  1619 tablet_service.cc:1917] Received RequestConsensusVote() RPC: tablet_id: "8160ada85e2744a38ed4bf7d6e59c216" candidate_uuid: "6e557552159748b88ee6f47decdfbe9a" candidate_term: 2 candidate_status { last_received { term: 0 index: 0 } } ignore_live_leader: false dest_uuid: "3fcd618d2db04914955070e5b53c7e56" is_pre_election: true
I20260710 13:15:42.357321  1619 raft_consensus.cc:2468] T 8160ada85e2744a38ed4bf7d6e59c216 P 3fcd618d2db04914955070e5b53c7e56 [term 1 FOLLOWER]: Leader pre-election vote request: Granting yes vote for candidate 6e557552159748b88ee6f47decdfbe9a in term 1.
I20260710 13:15:42.343268  1738 raft_consensus.cc:359] T bcb6f514279a407890d899d84bdab8e3 P eb9d5c7a3b654325aa42e1a81762e8c1 [term 0 FOLLOWER]: Replica starting. Triggering 0 pending ops. Active config: opid_index: -1 OBSOLETE_local: false peers { permanent_uuid: "6e557552159748b88ee6f47decdfbe9a" member_type: VOTER last_known_addr { host: "127.0.107.193" port: 39191 } } peers { permanent_uuid: "3fcd618d2db04914955070e5b53c7e56" member_type: VOTER last_known_addr { host: "127.0.107.194" port: 46549 } } peers { permanent_uuid: "eb9d5c7a3b654325aa42e1a81762e8c1" member_type: VOTER last_known_addr { host: "127.0.107.195" port: 45959 } }
I20260710 13:15:42.356734  1583 leader_election.cc:304] T d63fbaacf0f04c8d8c262b9fb0af2743 P 3fcd618d2db04914955070e5b53c7e56 [CANDIDATE]: Term 1 pre-election: Election decided. Result: candidate lost. Election summary: received 3 responses out of 3 voters: 1 yes votes; 2 no votes. yes voters: 3fcd618d2db04914955070e5b53c7e56; no voters: 6e557552159748b88ee6f47decdfbe9a, eb9d5c7a3b654325aa42e1a81762e8c1
I20260710 13:15:42.351670  1735 tablet_bootstrap.cc:654] T d63fbaacf0f04c8d8c262b9fb0af2743 P 6e557552159748b88ee6f47decdfbe9a: Neither blocks nor log segments found. Creating new log.
I20260710 13:15:42.358070  1738 raft_consensus.cc:385] T bcb6f514279a407890d899d84bdab8e3 P eb9d5c7a3b654325aa42e1a81762e8c1 [term 0 FOLLOWER]: Consensus starting up: Expiring failure detector timer to make a prompt election more likely
I20260710 13:15:42.365360  1740 raft_consensus.cc:2749] T d63fbaacf0f04c8d8c262b9fb0af2743 P 3fcd618d2db04914955070e5b53c7e56 [term 0 FOLLOWER]: Leader pre-election lost for term 1. Reason: could not achieve majority
I20260710 13:15:42.359465  1543 tablet_service.cc:1917] Received RequestConsensusVote() RPC: tablet_id: "c77d39e9db374c26b3262f65c2cc91af" candidate_uuid: "eb9d5c7a3b654325aa42e1a81762e8c1" candidate_term: 1 candidate_status { last_received { term: 0 index: 0 } } ignore_live_leader: false dest_uuid: "6e557552159748b88ee6f47decdfbe9a" is_pre_election: true
I20260710 13:15:42.377576  1738 raft_consensus.cc:740] T bcb6f514279a407890d899d84bdab8e3 P eb9d5c7a3b654325aa42e1a81762e8c1 [term 0 FOLLOWER]: Becoming Follower/Learner. State: Replica: eb9d5c7a3b654325aa42e1a81762e8c1, State: Initialized, Role: FOLLOWER
I20260710 13:15:42.346937  1811 leader_election.cc:290] T 08bb2508f56940ef9d46091fd65c453f P 3fcd618d2db04914955070e5b53c7e56 [CANDIDATE]: Term 1 pre-election: Requested pre-vote from peers 6e557552159748b88ee6f47decdfbe9a (127.0.107.193:39191), eb9d5c7a3b654325aa42e1a81762e8c1 (127.0.107.195:45959)
I20260710 13:15:42.378575  1746 raft_consensus.cc:493] T ab5cca1132c34326a074d9e981141175 P eb9d5c7a3b654325aa42e1a81762e8c1 [term 0 FOLLOWER]: Starting pre-election (no leader contacted us within the election timeout)
I20260710 13:15:42.378342  1738 consensus_queue.cc:260] T bcb6f514279a407890d899d84bdab8e3 P eb9d5c7a3b654325aa42e1a81762e8c1 [NON_LEADER]: Queue going to NON_LEADER mode. State: All replicated index: 0, Majority replicated index: 0, Committed index: 0, Last appended: 0.0, Last appended by leader: 0, Current term: 0, Majority size: -1, State: 0, Mode: NON_LEADER, active raft config: opid_index: -1 OBSOLETE_local: false peers { permanent_uuid: "6e557552159748b88ee6f47decdfbe9a" member_type: VOTER last_known_addr { host: "127.0.107.193" port: 39191 } } peers { permanent_uuid: "3fcd618d2db04914955070e5b53c7e56" member_type: VOTER last_known_addr { host: "127.0.107.194" port: 46549 } } peers { permanent_uuid: "eb9d5c7a3b654325aa42e1a81762e8c1" member_type: VOTER last_known_addr { host: "127.0.107.195" port: 45959 } }
I20260710 13:15:42.379243  1746 raft_consensus.cc:515] T ab5cca1132c34326a074d9e981141175 P eb9d5c7a3b654325aa42e1a81762e8c1 [term 0 FOLLOWER]: Starting pre-election with config: opid_index: -1 OBSOLETE_local: false peers { permanent_uuid: "6e557552159748b88ee6f47decdfbe9a" member_type: VOTER last_known_addr { host: "127.0.107.193" port: 39191 } } peers { permanent_uuid: "3fcd618d2db04914955070e5b53c7e56" member_type: VOTER last_known_addr { host: "127.0.107.194" port: 46549 } } peers { permanent_uuid: "eb9d5c7a3b654325aa42e1a81762e8c1" member_type: VOTER last_known_addr { host: "127.0.107.195" port: 45959 } }
I20260710 13:15:42.358040  1694 tablet_service.cc:1917] Received RequestConsensusVote() RPC: tablet_id: "8160ada85e2744a38ed4bf7d6e59c216" candidate_uuid: "6e557552159748b88ee6f47decdfbe9a" candidate_term: 2 candidate_status { last_received { term: 0 index: 0 } } ignore_live_leader: false dest_uuid: "eb9d5c7a3b654325aa42e1a81762e8c1" is_pre_election: true
I20260710 13:15:42.380741  1738 ts_tablet_manager.cc:1434] T bcb6f514279a407890d899d84bdab8e3 P eb9d5c7a3b654325aa42e1a81762e8c1: Time spent starting tablet: real 0.040s	user 0.006s	sys 0.002s
I20260710 13:15:42.380935  1694 raft_consensus.cc:2468] T 8160ada85e2744a38ed4bf7d6e59c216 P eb9d5c7a3b654325aa42e1a81762e8c1 [term 1 FOLLOWER]: Leader pre-election vote request: Granting yes vote for candidate 6e557552159748b88ee6f47decdfbe9a in term 1.
I20260710 13:15:42.359936  1509 leader_election.cc:304] T 8160ada85e2744a38ed4bf7d6e59c216 P 6e557552159748b88ee6f47decdfbe9a [CANDIDATE]: Term 2 pre-election: Election decided. Result: candidate won. Election summary: received 2 responses out of 3 voters: 2 yes votes; 0 no votes. yes voters: 3fcd618d2db04914955070e5b53c7e56, 6e557552159748b88ee6f47decdfbe9a; no voters: 
I20260710 13:15:42.381856  1840 raft_consensus.cc:2804] T 8160ada85e2744a38ed4bf7d6e59c216 P 6e557552159748b88ee6f47decdfbe9a [term 1 FOLLOWER]: Leader pre-election won for term 2
I20260710 13:15:42.379020  1659 leader_election.cc:304] T c77d39e9db374c26b3262f65c2cc91af P eb9d5c7a3b654325aa42e1a81762e8c1 [CANDIDATE]: Term 1 pre-election: Election decided. Result: candidate lost. Election summary: received 3 responses out of 3 voters: 1 yes votes; 2 no votes. yes voters: eb9d5c7a3b654325aa42e1a81762e8c1; no voters: 3fcd618d2db04914955070e5b53c7e56, 6e557552159748b88ee6f47decdfbe9a
I20260710 13:15:42.382225  1840 raft_consensus.cc:493] T 8160ada85e2744a38ed4bf7d6e59c216 P 6e557552159748b88ee6f47decdfbe9a [term 1 FOLLOWER]: Starting leader election (no leader contacted us within the election timeout)
I20260710 13:15:42.382546  1771 raft_consensus.cc:3060] T c77d39e9db374c26b3262f65c2cc91af P eb9d5c7a3b654325aa42e1a81762e8c1 [term 0 FOLLOWER]: Advancing to term 1
I20260710 13:15:42.382655  1840 raft_consensus.cc:3060] T 8160ada85e2744a38ed4bf7d6e59c216 P 6e557552159748b88ee6f47decdfbe9a [term 1 FOLLOWER]: Advancing to term 2
I20260710 13:15:42.383903  1617 tablet_service.cc:1917] Received RequestConsensusVote() RPC: tablet_id: "ab5cca1132c34326a074d9e981141175" candidate_uuid: "eb9d5c7a3b654325aa42e1a81762e8c1" candidate_term: 1 candidate_status { last_received { term: 0 index: 0 } } ignore_live_leader: false dest_uuid: "3fcd618d2db04914955070e5b53c7e56" is_pre_election: true
I20260710 13:15:42.384506  1617 raft_consensus.cc:2468] T ab5cca1132c34326a074d9e981141175 P 3fcd618d2db04914955070e5b53c7e56 [term 0 FOLLOWER]: Leader pre-election vote request: Granting yes vote for candidate eb9d5c7a3b654325aa42e1a81762e8c1 in term 0.
I20260710 13:15:42.385759  1658 leader_election.cc:304] T ab5cca1132c34326a074d9e981141175 P eb9d5c7a3b654325aa42e1a81762e8c1 [CANDIDATE]: Term 1 pre-election: Election decided. Result: candidate won. Election summary: received 2 responses out of 3 voters: 2 yes votes; 0 no votes. yes voters: 3fcd618d2db04914955070e5b53c7e56, eb9d5c7a3b654325aa42e1a81762e8c1; no voters: 
I20260710 13:15:42.386032  1738 tablet_bootstrap.cc:492] T 5a843e6ccf534592b921f7ebbb589d80 P eb9d5c7a3b654325aa42e1a81762e8c1: Bootstrap starting.
I20260710 13:15:42.386732  1784 raft_consensus.cc:2804] T ab5cca1132c34326a074d9e981141175 P eb9d5c7a3b654325aa42e1a81762e8c1 [term 0 FOLLOWER]: Leader pre-election won for term 1
I20260710 13:15:42.387079  1784 raft_consensus.cc:493] T ab5cca1132c34326a074d9e981141175 P eb9d5c7a3b654325aa42e1a81762e8c1 [term 0 FOLLOWER]: Starting leader election (no leader contacted us within the election timeout)
I20260710 13:15:42.387380  1784 raft_consensus.cc:3060] T ab5cca1132c34326a074d9e981141175 P eb9d5c7a3b654325aa42e1a81762e8c1 [term 0 FOLLOWER]: Advancing to term 1
I20260710 13:15:42.389991  1771 raft_consensus.cc:2749] T c77d39e9db374c26b3262f65c2cc91af P eb9d5c7a3b654325aa42e1a81762e8c1 [term 1 FOLLOWER]: Leader pre-election lost for term 1. Reason: could not achieve majority
I20260710 13:15:42.358451  1848 raft_consensus.cc:2804] T 08bb2508f56940ef9d46091fd65c453f P 3fcd618d2db04914955070e5b53c7e56 [term 0 FOLLOWER]: Leader pre-election won for term 1
I20260710 13:15:42.390846  1840 raft_consensus.cc:515] T 8160ada85e2744a38ed4bf7d6e59c216 P 6e557552159748b88ee6f47decdfbe9a [term 2 FOLLOWER]: Starting leader election with config: opid_index: -1 OBSOLETE_local: false peers { permanent_uuid: "6e557552159748b88ee6f47decdfbe9a" member_type: VOTER last_known_addr { host: "127.0.107.193" port: 39191 } } peers { permanent_uuid: "3fcd618d2db04914955070e5b53c7e56" member_type: VOTER last_known_addr { host: "127.0.107.194" port: 46549 } } peers { permanent_uuid: "eb9d5c7a3b654325aa42e1a81762e8c1" member_type: VOTER last_known_addr { host: "127.0.107.195" port: 45959 } }
I20260710 13:15:42.399187  1784 raft_consensus.cc:515] T ab5cca1132c34326a074d9e981141175 P eb9d5c7a3b654325aa42e1a81762e8c1 [term 1 FOLLOWER]: Starting leader election with config: opid_index: -1 OBSOLETE_local: false peers { permanent_uuid: "6e557552159748b88ee6f47decdfbe9a" member_type: VOTER last_known_addr { host: "127.0.107.193" port: 39191 } } peers { permanent_uuid: "3fcd618d2db04914955070e5b53c7e56" member_type: VOTER last_known_addr { host: "127.0.107.194" port: 46549 } } peers { permanent_uuid: "eb9d5c7a3b654325aa42e1a81762e8c1" member_type: VOTER last_known_addr { host: "127.0.107.195" port: 45959 } }
I20260710 13:15:42.399643  1617 tablet_service.cc:1917] Received RequestConsensusVote() RPC: tablet_id: "8160ada85e2744a38ed4bf7d6e59c216" candidate_uuid: "6e557552159748b88ee6f47decdfbe9a" candidate_term: 2 candidate_status { last_received { term: 0 index: 0 } } ignore_live_leader: false dest_uuid: "3fcd618d2db04914955070e5b53c7e56"
I20260710 13:15:42.400245  1617 raft_consensus.cc:3060] T 8160ada85e2744a38ed4bf7d6e59c216 P 3fcd618d2db04914955070e5b53c7e56 [term 1 FOLLOWER]: Advancing to term 2
I20260710 13:15:42.402613  1784 leader_election.cc:290] T ab5cca1132c34326a074d9e981141175 P eb9d5c7a3b654325aa42e1a81762e8c1 [CANDIDATE]: Term 1 election: Requested vote from peers 6e557552159748b88ee6f47decdfbe9a (127.0.107.193:39191), 3fcd618d2db04914955070e5b53c7e56 (127.0.107.194:46549)
I20260710 13:15:42.403266  1619 tablet_service.cc:1917] Received RequestConsensusVote() RPC: tablet_id: "ab5cca1132c34326a074d9e981141175" candidate_uuid: "eb9d5c7a3b654325aa42e1a81762e8c1" candidate_term: 1 candidate_status { last_received { term: 0 index: 0 } } ignore_live_leader: false dest_uuid: "3fcd618d2db04914955070e5b53c7e56"
I20260710 13:15:42.403920  1619 raft_consensus.cc:3060] T ab5cca1132c34326a074d9e981141175 P 3fcd618d2db04914955070e5b53c7e56 [term 0 FOLLOWER]: Advancing to term 1
I20260710 13:15:42.409344  1617 raft_consensus.cc:2468] T 8160ada85e2744a38ed4bf7d6e59c216 P 3fcd618d2db04914955070e5b53c7e56 [term 2 FOLLOWER]: Leader election vote request: Granting yes vote for candidate 6e557552159748b88ee6f47decdfbe9a in term 2.
I20260710 13:15:42.391877  1746 leader_election.cc:290] T ab5cca1132c34326a074d9e981141175 P eb9d5c7a3b654325aa42e1a81762e8c1 [CANDIDATE]: Term 1 pre-election: Requested pre-vote from peers 6e557552159748b88ee6f47decdfbe9a (127.0.107.193:39191), 3fcd618d2db04914955070e5b53c7e56 (127.0.107.194:46549)
I20260710 13:15:42.392374  1738 tablet_bootstrap.cc:654] T 5a843e6ccf534592b921f7ebbb589d80 P eb9d5c7a3b654325aa42e1a81762e8c1: Neither blocks nor log segments found. Creating new log.
I20260710 13:15:42.410589  1509 leader_election.cc:304] T 8160ada85e2744a38ed4bf7d6e59c216 P 6e557552159748b88ee6f47decdfbe9a [CANDIDATE]: Term 2 election: Election decided. Result: candidate won. Election summary: received 2 responses out of 3 voters: 2 yes votes; 0 no votes. yes voters: 3fcd618d2db04914955070e5b53c7e56, 6e557552159748b88ee6f47decdfbe9a; no voters: 
I20260710 13:15:42.410907  1848 raft_consensus.cc:493] T 08bb2508f56940ef9d46091fd65c453f P 3fcd618d2db04914955070e5b53c7e56 [term 0 FOLLOWER]: Starting leader election (no leader contacted us within the election timeout)
I20260710 13:15:42.410985  1544 tablet_service.cc:1917] Received RequestConsensusVote() RPC: tablet_id: "ab5cca1132c34326a074d9e981141175" candidate_uuid: "eb9d5c7a3b654325aa42e1a81762e8c1" candidate_term: 1 candidate_status { last_received { term: 0 index: 0 } } ignore_live_leader: false dest_uuid: "6e557552159748b88ee6f47decdfbe9a"
I20260710 13:15:42.411542  1841 raft_consensus.cc:2804] T 8160ada85e2744a38ed4bf7d6e59c216 P 6e557552159748b88ee6f47decdfbe9a [term 2 FOLLOWER]: Leader election won for term 2
I20260710 13:15:42.411731  1544 raft_consensus.cc:3060] T ab5cca1132c34326a074d9e981141175 P 6e557552159748b88ee6f47decdfbe9a [term 0 FOLLOWER]: Advancing to term 1
I20260710 13:15:42.394248  1545 tablet_service.cc:1917] Received RequestConsensusVote() RPC: tablet_id: "ab5cca1132c34326a074d9e981141175" candidate_uuid: "eb9d5c7a3b654325aa42e1a81762e8c1" candidate_term: 1 candidate_status { last_received { term: 0 index: 0 } } ignore_live_leader: false dest_uuid: "6e557552159748b88ee6f47decdfbe9a" is_pre_election: true
I20260710 13:15:42.412149  1841 raft_consensus.cc:697] T 8160ada85e2744a38ed4bf7d6e59c216 P 6e557552159748b88ee6f47decdfbe9a [term 2 LEADER]: Becoming Leader. State: Replica: 6e557552159748b88ee6f47decdfbe9a, State: Running, Role: LEADER
I20260710 13:15:42.412046  1840 leader_election.cc:290] T 8160ada85e2744a38ed4bf7d6e59c216 P 6e557552159748b88ee6f47decdfbe9a [CANDIDATE]: Term 2 election: Requested vote from peers 3fcd618d2db04914955070e5b53c7e56 (127.0.107.194:46549), eb9d5c7a3b654325aa42e1a81762e8c1 (127.0.107.195:45959)
I20260710 13:15:42.414000  1841 consensus_queue.cc:237] T 8160ada85e2744a38ed4bf7d6e59c216 P 6e557552159748b88ee6f47decdfbe9a [LEADER]: Queue going to LEADER mode. State: All replicated index: 0, Majority replicated index: 0, Committed index: 0, Last appended: 0.0, Last appended by leader: 0, Current term: 2, Majority size: 2, State: 0, Mode: LEADER, active raft config: opid_index: -1 OBSOLETE_local: false peers { permanent_uuid: "6e557552159748b88ee6f47decdfbe9a" member_type: VOTER last_known_addr { host: "127.0.107.193" port: 39191 } } peers { permanent_uuid: "3fcd618d2db04914955070e5b53c7e56" member_type: VOTER last_known_addr { host: "127.0.107.194" port: 46549 } } peers { permanent_uuid: "eb9d5c7a3b654325aa42e1a81762e8c1" member_type: VOTER last_known_addr { host: "127.0.107.195" port: 45959 } }
I20260710 13:15:42.415217  1619 raft_consensus.cc:2468] T ab5cca1132c34326a074d9e981141175 P 3fcd618d2db04914955070e5b53c7e56 [term 1 FOLLOWER]: Leader election vote request: Granting yes vote for candidate eb9d5c7a3b654325aa42e1a81762e8c1 in term 1.
I20260710 13:15:42.415724  1694 tablet_service.cc:1917] Received RequestConsensusVote() RPC: tablet_id: "8160ada85e2744a38ed4bf7d6e59c216" candidate_uuid: "6e557552159748b88ee6f47decdfbe9a" candidate_term: 2 candidate_status { last_received { term: 0 index: 0 } } ignore_live_leader: false dest_uuid: "eb9d5c7a3b654325aa42e1a81762e8c1"
I20260710 13:15:42.416307  1694 raft_consensus.cc:3060] T 8160ada85e2744a38ed4bf7d6e59c216 P eb9d5c7a3b654325aa42e1a81762e8c1 [term 1 FOLLOWER]: Advancing to term 2
I20260710 13:15:42.418076  1658 leader_election.cc:304] T ab5cca1132c34326a074d9e981141175 P eb9d5c7a3b654325aa42e1a81762e8c1 [CANDIDATE]: Term 1 election: Election decided. Result: candidate won. Election summary: received 2 responses out of 3 voters: 2 yes votes; 0 no votes. yes voters: 3fcd618d2db04914955070e5b53c7e56, eb9d5c7a3b654325aa42e1a81762e8c1; no voters: 
I20260710 13:15:42.419303  1746 raft_consensus.cc:2804] T ab5cca1132c34326a074d9e981141175 P eb9d5c7a3b654325aa42e1a81762e8c1 [term 1 FOLLOWER]: Leader election won for term 1
I20260710 13:15:42.419723  1544 raft_consensus.cc:2468] T ab5cca1132c34326a074d9e981141175 P 6e557552159748b88ee6f47decdfbe9a [term 1 FOLLOWER]: Leader election vote request: Granting yes vote for candidate eb9d5c7a3b654325aa42e1a81762e8c1 in term 1.
I20260710 13:15:42.419806  1746 raft_consensus.cc:697] T ab5cca1132c34326a074d9e981141175 P eb9d5c7a3b654325aa42e1a81762e8c1 [term 1 LEADER]: Becoming Leader. State: Replica: eb9d5c7a3b654325aa42e1a81762e8c1, State: Running, Role: LEADER
I20260710 13:15:42.420827  1746 consensus_queue.cc:237] T ab5cca1132c34326a074d9e981141175 P eb9d5c7a3b654325aa42e1a81762e8c1 [LEADER]: Queue going to LEADER mode. State: All replicated index: 0, Majority replicated index: 0, Committed index: 0, Last appended: 0.0, Last appended by leader: 0, Current term: 1, Majority size: 2, State: 0, Mode: LEADER, active raft config: opid_index: -1 OBSOLETE_local: false peers { permanent_uuid: "6e557552159748b88ee6f47decdfbe9a" member_type: VOTER last_known_addr { host: "127.0.107.193" port: 39191 } } peers { permanent_uuid: "3fcd618d2db04914955070e5b53c7e56" member_type: VOTER last_known_addr { host: "127.0.107.194" port: 46549 } } peers { permanent_uuid: "eb9d5c7a3b654325aa42e1a81762e8c1" member_type: VOTER last_known_addr { host: "127.0.107.195" port: 45959 } }
I20260710 13:15:42.422673  1694 raft_consensus.cc:2468] T 8160ada85e2744a38ed4bf7d6e59c216 P eb9d5c7a3b654325aa42e1a81762e8c1 [term 2 FOLLOWER]: Leader election vote request: Granting yes vote for candidate 6e557552159748b88ee6f47decdfbe9a in term 2.
I20260710 13:15:42.411758  1848 raft_consensus.cc:3060] T 08bb2508f56940ef9d46091fd65c453f P 3fcd618d2db04914955070e5b53c7e56 [term 0 FOLLOWER]: Advancing to term 1
I20260710 13:15:42.425249  1840 raft_consensus.cc:493] T b529d258bc904b5892b2a985381b2e02 P 6e557552159748b88ee6f47decdfbe9a [term 0 FOLLOWER]: Starting pre-election (no leader contacted us within the election timeout)
I20260710 13:15:42.425707  1840 raft_consensus.cc:515] T b529d258bc904b5892b2a985381b2e02 P 6e557552159748b88ee6f47decdfbe9a [term 0 FOLLOWER]: Starting pre-election with config: opid_index: -1 OBSOLETE_local: false peers { permanent_uuid: "6e557552159748b88ee6f47decdfbe9a" member_type: VOTER last_known_addr { host: "127.0.107.193" port: 39191 } } peers { permanent_uuid: "3fcd618d2db04914955070e5b53c7e56" member_type: VOTER last_known_addr { host: "127.0.107.194" port: 46549 } } peers { permanent_uuid: "eb9d5c7a3b654325aa42e1a81762e8c1" member_type: VOTER last_known_addr { host: "127.0.107.195" port: 45959 } }
I20260710 13:15:42.426792  1738 tablet_bootstrap.cc:492] T 5a843e6ccf534592b921f7ebbb589d80 P eb9d5c7a3b654325aa42e1a81762e8c1: No bootstrap required, opened a new log
I20260710 13:15:42.427326  1738 ts_tablet_manager.cc:1403] T 5a843e6ccf534592b921f7ebbb589d80 P eb9d5c7a3b654325aa42e1a81762e8c1: Time spent bootstrapping tablet: real 0.042s	user 0.012s	sys 0.000s
I20260710 13:15:42.427750  1840 leader_election.cc:290] T b529d258bc904b5892b2a985381b2e02 P 6e557552159748b88ee6f47decdfbe9a [CANDIDATE]: Term 1 pre-election: Requested pre-vote from peers 3fcd618d2db04914955070e5b53c7e56 (127.0.107.194:46549), eb9d5c7a3b654325aa42e1a81762e8c1 (127.0.107.195:45959)
I20260710 13:15:42.430012  1617 tablet_service.cc:1917] Received RequestConsensusVote() RPC: tablet_id: "b529d258bc904b5892b2a985381b2e02" candidate_uuid: "6e557552159748b88ee6f47decdfbe9a" candidate_term: 1 candidate_status { last_received { term: 0 index: 0 } } ignore_live_leader: false dest_uuid: "3fcd618d2db04914955070e5b53c7e56" is_pre_election: true
I20260710 13:15:42.430553  1694 tablet_service.cc:1917] Received RequestConsensusVote() RPC: tablet_id: "b529d258bc904b5892b2a985381b2e02" candidate_uuid: "6e557552159748b88ee6f47decdfbe9a" candidate_term: 1 candidate_status { last_received { term: 0 index: 0 } } ignore_live_leader: false dest_uuid: "eb9d5c7a3b654325aa42e1a81762e8c1" is_pre_election: true
I20260710 13:15:42.430938  1617 raft_consensus.cc:2468] T b529d258bc904b5892b2a985381b2e02 P 3fcd618d2db04914955070e5b53c7e56 [term 0 FOLLOWER]: Leader pre-election vote request: Granting yes vote for candidate 6e557552159748b88ee6f47decdfbe9a in term 0.
I20260710 13:15:42.431171  1694 raft_consensus.cc:2468] T b529d258bc904b5892b2a985381b2e02 P eb9d5c7a3b654325aa42e1a81762e8c1 [term 0 FOLLOWER]: Leader pre-election vote request: Granting yes vote for candidate 6e557552159748b88ee6f47decdfbe9a in term 0.
I20260710 13:15:42.432380  1508 leader_election.cc:304] T b529d258bc904b5892b2a985381b2e02 P 6e557552159748b88ee6f47decdfbe9a [CANDIDATE]: Term 1 pre-election: Election decided. Result: candidate won. Election summary: received 2 responses out of 3 voters: 2 yes votes; 0 no votes. yes voters: 6e557552159748b88ee6f47decdfbe9a, eb9d5c7a3b654325aa42e1a81762e8c1; no voters: 
I20260710 13:15:42.433194  1840 raft_consensus.cc:2804] T b529d258bc904b5892b2a985381b2e02 P 6e557552159748b88ee6f47decdfbe9a [term 0 FOLLOWER]: Leader pre-election won for term 1
I20260710 13:15:42.433025  1738 raft_consensus.cc:359] T 5a843e6ccf534592b921f7ebbb589d80 P eb9d5c7a3b654325aa42e1a81762e8c1 [term 0 FOLLOWER]: Replica starting. Triggering 0 pending ops. Active config: opid_index: -1 OBSOLETE_local: false peers { permanent_uuid: "6e557552159748b88ee6f47decdfbe9a" member_type: VOTER last_known_addr { host: "127.0.107.193" port: 39191 } } peers { permanent_uuid: "3fcd618d2db04914955070e5b53c7e56" member_type: VOTER last_known_addr { host: "127.0.107.194" port: 46549 } } peers { permanent_uuid: "eb9d5c7a3b654325aa42e1a81762e8c1" member_type: VOTER last_known_addr { host: "127.0.107.195" port: 45959 } }
I20260710 13:15:42.433604  1840 raft_consensus.cc:493] T b529d258bc904b5892b2a985381b2e02 P 6e557552159748b88ee6f47decdfbe9a [term 0 FOLLOWER]: Starting leader election (no leader contacted us within the election timeout)
I20260710 13:15:42.434098  1840 raft_consensus.cc:3060] T b529d258bc904b5892b2a985381b2e02 P 6e557552159748b88ee6f47decdfbe9a [term 0 FOLLOWER]: Advancing to term 1
I20260710 13:15:42.434567  1848 raft_consensus.cc:515] T 08bb2508f56940ef9d46091fd65c453f P 3fcd618d2db04914955070e5b53c7e56 [term 1 FOLLOWER]: Starting leader election with config: opid_index: -1 OBSOLETE_local: false peers { permanent_uuid: "6e557552159748b88ee6f47decdfbe9a" member_type: VOTER last_known_addr { host: "127.0.107.193" port: 39191 } } peers { permanent_uuid: "3fcd618d2db04914955070e5b53c7e56" member_type: VOTER last_known_addr { host: "127.0.107.194" port: 46549 } } peers { permanent_uuid: "eb9d5c7a3b654325aa42e1a81762e8c1" member_type: VOTER last_known_addr { host: "127.0.107.195" port: 45959 } }
I20260710 13:15:42.433956  1738 raft_consensus.cc:385] T 5a843e6ccf534592b921f7ebbb589d80 P eb9d5c7a3b654325aa42e1a81762e8c1 [term 0 FOLLOWER]: Consensus starting up: Expiring failure detector timer to make a prompt election more likely
I20260710 13:15:42.436116  1738 raft_consensus.cc:740] T 5a843e6ccf534592b921f7ebbb589d80 P eb9d5c7a3b654325aa42e1a81762e8c1 [term 0 FOLLOWER]: Becoming Follower/Learner. State: Replica: eb9d5c7a3b654325aa42e1a81762e8c1, State: Initialized, Role: FOLLOWER
I20260710 13:15:42.437053  1738 consensus_queue.cc:260] T 5a843e6ccf534592b921f7ebbb589d80 P eb9d5c7a3b654325aa42e1a81762e8c1 [NON_LEADER]: Queue going to NON_LEADER mode. State: All replicated index: 0, Majority replicated index: 0, Committed index: 0, Last appended: 0.0, Last appended by leader: 0, Current term: 0, Majority size: -1, State: 0, Mode: NON_LEADER, active raft config: opid_index: -1 OBSOLETE_local: false peers { permanent_uuid: "6e557552159748b88ee6f47decdfbe9a" member_type: VOTER last_known_addr { host: "127.0.107.193" port: 39191 } } peers { permanent_uuid: "3fcd618d2db04914955070e5b53c7e56" member_type: VOTER last_known_addr { host: "127.0.107.194" port: 46549 } } peers { permanent_uuid: "eb9d5c7a3b654325aa42e1a81762e8c1" member_type: VOTER last_known_addr { host: "127.0.107.195" port: 45959 } }
I20260710 13:15:42.438730  1545 tablet_service.cc:1917] Received RequestConsensusVote() RPC: tablet_id: "08bb2508f56940ef9d46091fd65c453f" candidate_uuid: "3fcd618d2db04914955070e5b53c7e56" candidate_term: 1 candidate_status { last_received { term: 0 index: 0 } } ignore_live_leader: false dest_uuid: "6e557552159748b88ee6f47decdfbe9a"
I20260710 13:15:42.439962  1738 ts_tablet_manager.cc:1434] T 5a843e6ccf534592b921f7ebbb589d80 P eb9d5c7a3b654325aa42e1a81762e8c1: Time spent starting tablet: real 0.012s	user 0.006s	sys 0.000s
I20260710 13:15:42.438374  1694 tablet_service.cc:1917] Received RequestConsensusVote() RPC: tablet_id: "08bb2508f56940ef9d46091fd65c453f" candidate_uuid: "3fcd618d2db04914955070e5b53c7e56" candidate_term: 1 candidate_status { last_received { term: 0 index: 0 } } ignore_live_leader: false dest_uuid: "eb9d5c7a3b654325aa42e1a81762e8c1"
W20260710 13:15:42.440021  1585 leader_election.cc:343] T 08bb2508f56940ef9d46091fd65c453f P 3fcd618d2db04914955070e5b53c7e56 [CANDIDATE]: Term 1 election: Tablet error from VoteRequest() call to peer 6e557552159748b88ee6f47decdfbe9a (127.0.107.193:39191): Illegal state: must be running to vote when last-logged opid is not known
I20260710 13:15:42.441011  1694 raft_consensus.cc:3060] T 08bb2508f56940ef9d46091fd65c453f P eb9d5c7a3b654325aa42e1a81762e8c1 [term 0 FOLLOWER]: Advancing to term 1
I20260710 13:15:42.441921  1738 tablet_bootstrap.cc:492] T d63fbaacf0f04c8d8c262b9fb0af2743 P eb9d5c7a3b654325aa42e1a81762e8c1: Bootstrap starting.
I20260710 13:15:42.442377  1848 leader_election.cc:290] T 08bb2508f56940ef9d46091fd65c453f P 3fcd618d2db04914955070e5b53c7e56 [CANDIDATE]: Term 1 election: Requested vote from peers 6e557552159748b88ee6f47decdfbe9a (127.0.107.193:39191), eb9d5c7a3b654325aa42e1a81762e8c1 (127.0.107.195:45959)
I20260710 13:15:42.445413  1735 tablet_bootstrap.cc:492] T d63fbaacf0f04c8d8c262b9fb0af2743 P 6e557552159748b88ee6f47decdfbe9a: No bootstrap required, opened a new log
I20260710 13:15:42.445848  1735 ts_tablet_manager.cc:1403] T d63fbaacf0f04c8d8c262b9fb0af2743 P 6e557552159748b88ee6f47decdfbe9a: Time spent bootstrapping tablet: real 0.102s	user 0.022s	sys 0.013s
I20260710 13:15:42.448491  1694 raft_consensus.cc:2468] T 08bb2508f56940ef9d46091fd65c453f P eb9d5c7a3b654325aa42e1a81762e8c1 [term 1 FOLLOWER]: Leader election vote request: Granting yes vote for candidate 3fcd618d2db04914955070e5b53c7e56 in term 1.
I20260710 13:15:42.448911  1735 raft_consensus.cc:359] T d63fbaacf0f04c8d8c262b9fb0af2743 P 6e557552159748b88ee6f47decdfbe9a [term 0 FOLLOWER]: Replica starting. Triggering 0 pending ops. Active config: opid_index: -1 OBSOLETE_local: false peers { permanent_uuid: "6e557552159748b88ee6f47decdfbe9a" member_type: VOTER last_known_addr { host: "127.0.107.193" port: 39191 } } peers { permanent_uuid: "3fcd618d2db04914955070e5b53c7e56" member_type: VOTER last_known_addr { host: "127.0.107.194" port: 46549 } } peers { permanent_uuid: "eb9d5c7a3b654325aa42e1a81762e8c1" member_type: VOTER last_known_addr { host: "127.0.107.195" port: 45959 } }
I20260710 13:15:42.449627  1583 leader_election.cc:304] T 08bb2508f56940ef9d46091fd65c453f P 3fcd618d2db04914955070e5b53c7e56 [CANDIDATE]: Term 1 election: Election decided. Result: candidate won. Election summary: received 3 responses out of 3 voters: 2 yes votes; 1 no votes. yes voters: 3fcd618d2db04914955070e5b53c7e56, eb9d5c7a3b654325aa42e1a81762e8c1; no voters: 6e557552159748b88ee6f47decdfbe9a
I20260710 13:15:42.443934  1840 raft_consensus.cc:515] T b529d258bc904b5892b2a985381b2e02 P 6e557552159748b88ee6f47decdfbe9a [term 1 FOLLOWER]: Starting leader election with config: opid_index: -1 OBSOLETE_local: false peers { permanent_uuid: "6e557552159748b88ee6f47decdfbe9a" member_type: VOTER last_known_addr { host: "127.0.107.193" port: 39191 } } peers { permanent_uuid: "3fcd618d2db04914955070e5b53c7e56" member_type: VOTER last_known_addr { host: "127.0.107.194" port: 46549 } } peers { permanent_uuid: "eb9d5c7a3b654325aa42e1a81762e8c1" member_type: VOTER last_known_addr { host: "127.0.107.195" port: 45959 } }
I20260710 13:15:42.450615  1738 tablet_bootstrap.cc:654] T d63fbaacf0f04c8d8c262b9fb0af2743 P eb9d5c7a3b654325aa42e1a81762e8c1: Neither blocks nor log segments found. Creating new log.
I20260710 13:15:42.452401  1619 tablet_service.cc:1917] Received RequestConsensusVote() RPC: tablet_id: "b529d258bc904b5892b2a985381b2e02" candidate_uuid: "6e557552159748b88ee6f47decdfbe9a" candidate_term: 1 candidate_status { last_received { term: 0 index: 0 } } ignore_live_leader: false dest_uuid: "3fcd618d2db04914955070e5b53c7e56"
I20260710 13:15:42.452960  1619 raft_consensus.cc:3060] T b529d258bc904b5892b2a985381b2e02 P 3fcd618d2db04914955070e5b53c7e56 [term 0 FOLLOWER]: Advancing to term 1
I20260710 13:15:42.454960  1848 raft_consensus.cc:2804] T 08bb2508f56940ef9d46091fd65c453f P 3fcd618d2db04914955070e5b53c7e56 [term 1 FOLLOWER]: Leader election won for term 1
I20260710 13:15:42.455454  1848 raft_consensus.cc:697] T 08bb2508f56940ef9d46091fd65c453f P 3fcd618d2db04914955070e5b53c7e56 [term 1 LEADER]: Becoming Leader. State: Replica: 3fcd618d2db04914955070e5b53c7e56, State: Running, Role: LEADER
I20260710 13:15:42.456254  1848 consensus_queue.cc:237] T 08bb2508f56940ef9d46091fd65c453f P 3fcd618d2db04914955070e5b53c7e56 [LEADER]: Queue going to LEADER mode. State: All replicated index: 0, Majority replicated index: 0, Committed index: 0, Last appended: 0.0, Last appended by leader: 0, Current term: 1, Majority size: 2, State: 0, Mode: LEADER, active raft config: opid_index: -1 OBSOLETE_local: false peers { permanent_uuid: "6e557552159748b88ee6f47decdfbe9a" member_type: VOTER last_known_addr { host: "127.0.107.193" port: 39191 } } peers { permanent_uuid: "3fcd618d2db04914955070e5b53c7e56" member_type: VOTER last_known_addr { host: "127.0.107.194" port: 46549 } } peers { permanent_uuid: "eb9d5c7a3b654325aa42e1a81762e8c1" member_type: VOTER last_known_addr { host: "127.0.107.195" port: 45959 } }
I20260710 13:15:42.449572  1735 raft_consensus.cc:385] T d63fbaacf0f04c8d8c262b9fb0af2743 P 6e557552159748b88ee6f47decdfbe9a [term 0 FOLLOWER]: Consensus starting up: Expiring failure detector timer to make a prompt election more likely
I20260710 13:15:42.458494  1735 raft_consensus.cc:740] T d63fbaacf0f04c8d8c262b9fb0af2743 P 6e557552159748b88ee6f47decdfbe9a [term 0 FOLLOWER]: Becoming Follower/Learner. State: Replica: 6e557552159748b88ee6f47decdfbe9a, State: Initialized, Role: FOLLOWER
I20260710 13:15:42.459120  1735 consensus_queue.cc:260] T d63fbaacf0f04c8d8c262b9fb0af2743 P 6e557552159748b88ee6f47decdfbe9a [NON_LEADER]: Queue going to NON_LEADER mode. State: All replicated index: 0, Majority replicated index: 0, Committed index: 0, Last appended: 0.0, Last appended by leader: 0, Current term: 0, Majority size: -1, State: 0, Mode: NON_LEADER, active raft config: opid_index: -1 OBSOLETE_local: false peers { permanent_uuid: "6e557552159748b88ee6f47decdfbe9a" member_type: VOTER last_known_addr { host: "127.0.107.193" port: 39191 } } peers { permanent_uuid: "3fcd618d2db04914955070e5b53c7e56" member_type: VOTER last_known_addr { host: "127.0.107.194" port: 46549 } } peers { permanent_uuid: "eb9d5c7a3b654325aa42e1a81762e8c1" member_type: VOTER last_known_addr { host: "127.0.107.195" port: 45959 } }
I20260710 13:15:42.461448  1735 ts_tablet_manager.cc:1434] T d63fbaacf0f04c8d8c262b9fb0af2743 P 6e557552159748b88ee6f47decdfbe9a: Time spent starting tablet: real 0.015s	user 0.002s	sys 0.006s
I20260710 13:15:42.463857  1692 tablet_service.cc:1917] Received RequestConsensusVote() RPC: tablet_id: "b529d258bc904b5892b2a985381b2e02" candidate_uuid: "6e557552159748b88ee6f47decdfbe9a" candidate_term: 1 candidate_status { last_received { term: 0 index: 0 } } ignore_live_leader: false dest_uuid: "eb9d5c7a3b654325aa42e1a81762e8c1"
I20260710 13:15:42.464570  1692 raft_consensus.cc:3060] T b529d258bc904b5892b2a985381b2e02 P eb9d5c7a3b654325aa42e1a81762e8c1 [term 0 FOLLOWER]: Advancing to term 1
I20260710 13:15:42.464279  1441 catalog_manager.cc:5697] T ab5cca1132c34326a074d9e981141175 P eb9d5c7a3b654325aa42e1a81762e8c1 reported cstate change: term changed from 0 to 1, leader changed from <none> to eb9d5c7a3b654325aa42e1a81762e8c1 (127.0.107.195). New cstate: current_term: 1 leader_uuid: "eb9d5c7a3b654325aa42e1a81762e8c1" committed_config { opid_index: -1 OBSOLETE_local: false peers { permanent_uuid: "6e557552159748b88ee6f47decdfbe9a" member_type: VOTER last_known_addr { host: "127.0.107.193" port: 39191 } health_report { overall_health: UNKNOWN } } peers { permanent_uuid: "3fcd618d2db04914955070e5b53c7e56" member_type: VOTER last_known_addr { host: "127.0.107.194" port: 46549 } health_report { overall_health: UNKNOWN } } peers { permanent_uuid: "eb9d5c7a3b654325aa42e1a81762e8c1" member_type: VOTER last_known_addr { host: "127.0.107.195" port: 45959 } health_report { overall_health: HEALTHY } } }
I20260710 13:15:42.471601  1443 catalog_manager.cc:5697] T 8160ada85e2744a38ed4bf7d6e59c216 P 6e557552159748b88ee6f47decdfbe9a reported cstate change: term changed from 0 to 2, leader changed from <none> to 6e557552159748b88ee6f47decdfbe9a (127.0.107.193). New cstate: current_term: 2 leader_uuid: "6e557552159748b88ee6f47decdfbe9a" committed_config { opid_index: -1 OBSOLETE_local: false peers { permanent_uuid: "6e557552159748b88ee6f47decdfbe9a" member_type: VOTER last_known_addr { host: "127.0.107.193" port: 39191 } health_report { overall_health: HEALTHY } } peers { permanent_uuid: "3fcd618d2db04914955070e5b53c7e56" member_type: VOTER last_known_addr { host: "127.0.107.194" port: 46549 } health_report { overall_health: UNKNOWN } } peers { permanent_uuid: "eb9d5c7a3b654325aa42e1a81762e8c1" member_type: VOTER last_known_addr { host: "127.0.107.195" port: 45959 } health_report { overall_health: UNKNOWN } } }
I20260710 13:15:42.472759  1692 raft_consensus.cc:2468] T b529d258bc904b5892b2a985381b2e02 P eb9d5c7a3b654325aa42e1a81762e8c1 [term 1 FOLLOWER]: Leader election vote request: Granting yes vote for candidate 6e557552159748b88ee6f47decdfbe9a in term 1.
I20260710 13:15:42.475441  1508 leader_election.cc:304] T b529d258bc904b5892b2a985381b2e02 P 6e557552159748b88ee6f47decdfbe9a [CANDIDATE]: Term 1 election: Election decided. Result: candidate won. Election summary: received 2 responses out of 3 voters: 2 yes votes; 0 no votes. yes voters: 6e557552159748b88ee6f47decdfbe9a, eb9d5c7a3b654325aa42e1a81762e8c1; no voters: 
I20260710 13:15:42.476148  1735 tablet_bootstrap.cc:492] T d7d2dd6f604541f3bc3a86fef3ba201d P 6e557552159748b88ee6f47decdfbe9a: Bootstrap starting.
I20260710 13:15:42.476404  1838 raft_consensus.cc:2804] T b529d258bc904b5892b2a985381b2e02 P 6e557552159748b88ee6f47decdfbe9a [term 1 FOLLOWER]: Leader election won for term 1
I20260710 13:15:42.476850  1838 raft_consensus.cc:697] T b529d258bc904b5892b2a985381b2e02 P 6e557552159748b88ee6f47decdfbe9a [term 1 LEADER]: Becoming Leader. State: Replica: 6e557552159748b88ee6f47decdfbe9a, State: Running, Role: LEADER
I20260710 13:15:42.477691  1838 consensus_queue.cc:237] T b529d258bc904b5892b2a985381b2e02 P 6e557552159748b88ee6f47decdfbe9a [LEADER]: Queue going to LEADER mode. State: All replicated index: 0, Majority replicated index: 0, Committed index: 0, Last appended: 0.0, Last appended by leader: 0, Current term: 1, Majority size: 2, State: 0, Mode: LEADER, active raft config: opid_index: -1 OBSOLETE_local: false peers { permanent_uuid: "6e557552159748b88ee6f47decdfbe9a" member_type: VOTER last_known_addr { host: "127.0.107.193" port: 39191 } } peers { permanent_uuid: "3fcd618d2db04914955070e5b53c7e56" member_type: VOTER last_known_addr { host: "127.0.107.194" port: 46549 } } peers { permanent_uuid: "eb9d5c7a3b654325aa42e1a81762e8c1" member_type: VOTER last_known_addr { host: "127.0.107.195" port: 45959 } }
I20260710 13:15:42.478874  1840 leader_election.cc:290] T b529d258bc904b5892b2a985381b2e02 P 6e557552159748b88ee6f47decdfbe9a [CANDIDATE]: Term 1 election: Requested vote from peers 3fcd618d2db04914955070e5b53c7e56 (127.0.107.194:46549), eb9d5c7a3b654325aa42e1a81762e8c1 (127.0.107.195:45959)
I20260710 13:15:42.478950  1789 raft_consensus.cc:493] T bcb6f514279a407890d899d84bdab8e3 P 6e557552159748b88ee6f47decdfbe9a [term 0 FOLLOWER]: Starting pre-election (no leader contacted us within the election timeout)
I20260710 13:15:42.479535  1789 raft_consensus.cc:515] T bcb6f514279a407890d899d84bdab8e3 P 6e557552159748b88ee6f47decdfbe9a [term 0 FOLLOWER]: Starting pre-election with config: opid_index: -1 OBSOLETE_local: false peers { permanent_uuid: "6e557552159748b88ee6f47decdfbe9a" member_type: VOTER last_known_addr { host: "127.0.107.193" port: 39191 } } peers { permanent_uuid: "3fcd618d2db04914955070e5b53c7e56" member_type: VOTER last_known_addr { host: "127.0.107.194" port: 46549 } } peers { permanent_uuid: "eb9d5c7a3b654325aa42e1a81762e8c1" member_type: VOTER last_known_addr { host: "127.0.107.195" port: 45959 } }
I20260710 13:15:42.481551  1789 leader_election.cc:290] T bcb6f514279a407890d899d84bdab8e3 P 6e557552159748b88ee6f47decdfbe9a [CANDIDATE]: Term 1 pre-election: Requested pre-vote from peers 3fcd618d2db04914955070e5b53c7e56 (127.0.107.194:46549), eb9d5c7a3b654325aa42e1a81762e8c1 (127.0.107.195:45959)
I20260710 13:15:42.483274  1617 tablet_service.cc:1917] Received RequestConsensusVote() RPC: tablet_id: "bcb6f514279a407890d899d84bdab8e3" candidate_uuid: "6e557552159748b88ee6f47decdfbe9a" candidate_term: 1 candidate_status { last_received { term: 0 index: 0 } } ignore_live_leader: false dest_uuid: "3fcd618d2db04914955070e5b53c7e56" is_pre_election: true
I20260710 13:15:42.483901  1617 raft_consensus.cc:2468] T bcb6f514279a407890d899d84bdab8e3 P 3fcd618d2db04914955070e5b53c7e56 [term 0 FOLLOWER]: Leader pre-election vote request: Granting yes vote for candidate 6e557552159748b88ee6f47decdfbe9a in term 0.
I20260710 13:15:42.484119  1619 raft_consensus.cc:2468] T b529d258bc904b5892b2a985381b2e02 P 3fcd618d2db04914955070e5b53c7e56 [term 1 FOLLOWER]: Leader election vote request: Granting yes vote for candidate 6e557552159748b88ee6f47decdfbe9a in term 1.
I20260710 13:15:42.485618  1509 leader_election.cc:304] T bcb6f514279a407890d899d84bdab8e3 P 6e557552159748b88ee6f47decdfbe9a [CANDIDATE]: Term 1 pre-election: Election decided. Result: candidate won. Election summary: received 2 responses out of 3 voters: 2 yes votes; 0 no votes. yes voters: 3fcd618d2db04914955070e5b53c7e56, 6e557552159748b88ee6f47decdfbe9a; no voters: 
I20260710 13:15:42.486732  1735 tablet_bootstrap.cc:654] T d7d2dd6f604541f3bc3a86fef3ba201d P 6e557552159748b88ee6f47decdfbe9a: Neither blocks nor log segments found. Creating new log.
I20260710 13:15:42.488221  1840 raft_consensus.cc:2804] T bcb6f514279a407890d899d84bdab8e3 P 6e557552159748b88ee6f47decdfbe9a [term 0 FOLLOWER]: Leader pre-election won for term 1
I20260710 13:15:42.488564  1692 tablet_service.cc:1917] Received RequestConsensusVote() RPC: tablet_id: "bcb6f514279a407890d899d84bdab8e3" candidate_uuid: "6e557552159748b88ee6f47decdfbe9a" candidate_term: 1 candidate_status { last_received { term: 0 index: 0 } } ignore_live_leader: false dest_uuid: "eb9d5c7a3b654325aa42e1a81762e8c1" is_pre_election: true
I20260710 13:15:42.488729  1840 raft_consensus.cc:493] T bcb6f514279a407890d899d84bdab8e3 P 6e557552159748b88ee6f47decdfbe9a [term 0 FOLLOWER]: Starting leader election (no leader contacted us within the election timeout)
I20260710 13:15:42.489167  1692 raft_consensus.cc:2468] T bcb6f514279a407890d899d84bdab8e3 P eb9d5c7a3b654325aa42e1a81762e8c1 [term 0 FOLLOWER]: Leader pre-election vote request: Granting yes vote for candidate 6e557552159748b88ee6f47decdfbe9a in term 0.
I20260710 13:15:42.489192  1840 raft_consensus.cc:3060] T bcb6f514279a407890d899d84bdab8e3 P 6e557552159748b88ee6f47decdfbe9a [term 0 FOLLOWER]: Advancing to term 1
I20260710 13:15:42.492334  1738 tablet_bootstrap.cc:492] T d63fbaacf0f04c8d8c262b9fb0af2743 P eb9d5c7a3b654325aa42e1a81762e8c1: No bootstrap required, opened a new log
I20260710 13:15:42.492753  1738 ts_tablet_manager.cc:1403] T d63fbaacf0f04c8d8c262b9fb0af2743 P eb9d5c7a3b654325aa42e1a81762e8c1: Time spent bootstrapping tablet: real 0.051s	user 0.009s	sys 0.009s
I20260710 13:15:42.495622  1442 catalog_manager.cc:5697] T 08bb2508f56940ef9d46091fd65c453f P 3fcd618d2db04914955070e5b53c7e56 reported cstate change: term changed from 0 to 1, leader changed from <none> to 3fcd618d2db04914955070e5b53c7e56 (127.0.107.194). New cstate: current_term: 1 leader_uuid: "3fcd618d2db04914955070e5b53c7e56" committed_config { opid_index: -1 OBSOLETE_local: false peers { permanent_uuid: "6e557552159748b88ee6f47decdfbe9a" member_type: VOTER last_known_addr { host: "127.0.107.193" port: 39191 } health_report { overall_health: UNKNOWN } } peers { permanent_uuid: "3fcd618d2db04914955070e5b53c7e56" member_type: VOTER last_known_addr { host: "127.0.107.194" port: 46549 } health_report { overall_health: HEALTHY } } peers { permanent_uuid: "eb9d5c7a3b654325aa42e1a81762e8c1" member_type: VOTER last_known_addr { host: "127.0.107.195" port: 45959 } health_report { overall_health: UNKNOWN } } }
I20260710 13:15:42.497399  1840 raft_consensus.cc:515] T bcb6f514279a407890d899d84bdab8e3 P 6e557552159748b88ee6f47decdfbe9a [term 1 FOLLOWER]: Starting leader election with config: opid_index: -1 OBSOLETE_local: false peers { permanent_uuid: "6e557552159748b88ee6f47decdfbe9a" member_type: VOTER last_known_addr { host: "127.0.107.193" port: 39191 } } peers { permanent_uuid: "3fcd618d2db04914955070e5b53c7e56" member_type: VOTER last_known_addr { host: "127.0.107.194" port: 46549 } } peers { permanent_uuid: "eb9d5c7a3b654325aa42e1a81762e8c1" member_type: VOTER last_known_addr { host: "127.0.107.195" port: 45959 } }
I20260710 13:15:42.497511  1838 consensus_queue.cc:1048] T c77d39e9db374c26b3262f65c2cc91af P 6e557552159748b88ee6f47decdfbe9a [LEADER]: Connected to new peer: Peer: permanent_uuid: "eb9d5c7a3b654325aa42e1a81762e8c1" member_type: VOTER last_known_addr { host: "127.0.107.195" port: 45959 }, Status: LMP_MISMATCH, Last received: 0.0, Next index: 1, Last known committed idx: 0, Time since last communication: 0.001s
I20260710 13:15:42.500008  1618 tablet_service.cc:1917] Received RequestConsensusVote() RPC: tablet_id: "bcb6f514279a407890d899d84bdab8e3" candidate_uuid: "6e557552159748b88ee6f47decdfbe9a" candidate_term: 1 candidate_status { last_received { term: 0 index: 0 } } ignore_live_leader: false dest_uuid: "3fcd618d2db04914955070e5b53c7e56"
I20260710 13:15:42.500556  1618 raft_consensus.cc:3060] T bcb6f514279a407890d899d84bdab8e3 P 3fcd618d2db04914955070e5b53c7e56 [term 0 FOLLOWER]: Advancing to term 1
I20260710 13:15:42.508143  1618 raft_consensus.cc:2468] T bcb6f514279a407890d899d84bdab8e3 P 3fcd618d2db04914955070e5b53c7e56 [term 1 FOLLOWER]: Leader election vote request: Granting yes vote for candidate 6e557552159748b88ee6f47decdfbe9a in term 1.
I20260710 13:15:42.508777  1738 raft_consensus.cc:359] T d63fbaacf0f04c8d8c262b9fb0af2743 P eb9d5c7a3b654325aa42e1a81762e8c1 [term 0 FOLLOWER]: Replica starting. Triggering 0 pending ops. Active config: opid_index: -1 OBSOLETE_local: false peers { permanent_uuid: "6e557552159748b88ee6f47decdfbe9a" member_type: VOTER last_known_addr { host: "127.0.107.193" port: 39191 } } peers { permanent_uuid: "3fcd618d2db04914955070e5b53c7e56" member_type: VOTER last_known_addr { host: "127.0.107.194" port: 46549 } } peers { permanent_uuid: "eb9d5c7a3b654325aa42e1a81762e8c1" member_type: VOTER last_known_addr { host: "127.0.107.195" port: 45959 } }
I20260710 13:15:42.509537  1738 raft_consensus.cc:385] T d63fbaacf0f04c8d8c262b9fb0af2743 P eb9d5c7a3b654325aa42e1a81762e8c1 [term 0 FOLLOWER]: Consensus starting up: Expiring failure detector timer to make a prompt election more likely
I20260710 13:15:42.510592  1738 raft_consensus.cc:740] T d63fbaacf0f04c8d8c262b9fb0af2743 P eb9d5c7a3b654325aa42e1a81762e8c1 [term 0 FOLLOWER]: Becoming Follower/Learner. State: Replica: eb9d5c7a3b654325aa42e1a81762e8c1, State: Initialized, Role: FOLLOWER
I20260710 13:15:42.511502  1738 consensus_queue.cc:260] T d63fbaacf0f04c8d8c262b9fb0af2743 P eb9d5c7a3b654325aa42e1a81762e8c1 [NON_LEADER]: Queue going to NON_LEADER mode. State: All replicated index: 0, Majority replicated index: 0, Committed index: 0, Last appended: 0.0, Last appended by leader: 0, Current term: 0, Majority size: -1, State: 0, Mode: NON_LEADER, active raft config: opid_index: -1 OBSOLETE_local: false peers { permanent_uuid: "6e557552159748b88ee6f47decdfbe9a" member_type: VOTER last_known_addr { host: "127.0.107.193" port: 39191 } } peers { permanent_uuid: "3fcd618d2db04914955070e5b53c7e56" member_type: VOTER last_known_addr { host: "127.0.107.194" port: 46549 } } peers { permanent_uuid: "eb9d5c7a3b654325aa42e1a81762e8c1" member_type: VOTER last_known_addr { host: "127.0.107.195" port: 45959 } }
I20260710 13:15:42.511435  1441 catalog_manager.cc:5697] T b529d258bc904b5892b2a985381b2e02 P 6e557552159748b88ee6f47decdfbe9a reported cstate change: term changed from 0 to 1, leader changed from <none> to 6e557552159748b88ee6f47decdfbe9a (127.0.107.193). New cstate: current_term: 1 leader_uuid: "6e557552159748b88ee6f47decdfbe9a" committed_config { opid_index: -1 OBSOLETE_local: false peers { permanent_uuid: "6e557552159748b88ee6f47decdfbe9a" member_type: VOTER last_known_addr { host: "127.0.107.193" port: 39191 } health_report { overall_health: HEALTHY } } peers { permanent_uuid: "3fcd618d2db04914955070e5b53c7e56" member_type: VOTER last_known_addr { host: "127.0.107.194" port: 46549 } health_report { overall_health: UNKNOWN } } peers { permanent_uuid: "eb9d5c7a3b654325aa42e1a81762e8c1" member_type: VOTER last_known_addr { host: "127.0.107.195" port: 45959 } health_report { overall_health: UNKNOWN } } }
I20260710 13:15:42.512534  1509 leader_election.cc:304] T bcb6f514279a407890d899d84bdab8e3 P 6e557552159748b88ee6f47decdfbe9a [CANDIDATE]: Term 1 election: Election decided. Result: candidate won. Election summary: received 2 responses out of 3 voters: 2 yes votes; 0 no votes. yes voters: 3fcd618d2db04914955070e5b53c7e56, 6e557552159748b88ee6f47decdfbe9a; no voters: 
I20260710 13:15:42.513680  1838 raft_consensus.cc:2804] T bcb6f514279a407890d899d84bdab8e3 P 6e557552159748b88ee6f47decdfbe9a [term 1 FOLLOWER]: Leader election won for term 1
I20260710 13:15:42.514115  1838 raft_consensus.cc:697] T bcb6f514279a407890d899d84bdab8e3 P 6e557552159748b88ee6f47decdfbe9a [term 1 LEADER]: Becoming Leader. State: Replica: 6e557552159748b88ee6f47decdfbe9a, State: Running, Role: LEADER
I20260710 13:15:42.514909  1838 consensus_queue.cc:237] T bcb6f514279a407890d899d84bdab8e3 P 6e557552159748b88ee6f47decdfbe9a [LEADER]: Queue going to LEADER mode. State: All replicated index: 0, Majority replicated index: 0, Committed index: 0, Last appended: 0.0, Last appended by leader: 0, Current term: 1, Majority size: 2, State: 0, Mode: LEADER, active raft config: opid_index: -1 OBSOLETE_local: false peers { permanent_uuid: "6e557552159748b88ee6f47decdfbe9a" member_type: VOTER last_known_addr { host: "127.0.107.193" port: 39191 } } peers { permanent_uuid: "3fcd618d2db04914955070e5b53c7e56" member_type: VOTER last_known_addr { host: "127.0.107.194" port: 46549 } } peers { permanent_uuid: "eb9d5c7a3b654325aa42e1a81762e8c1" member_type: VOTER last_known_addr { host: "127.0.107.195" port: 45959 } }
I20260710 13:15:42.516435  1738 ts_tablet_manager.cc:1434] T d63fbaacf0f04c8d8c262b9fb0af2743 P eb9d5c7a3b654325aa42e1a81762e8c1: Time spent starting tablet: real 0.023s	user 0.007s	sys 0.002s
I20260710 13:15:42.518064  1840 leader_election.cc:290] T bcb6f514279a407890d899d84bdab8e3 P 6e557552159748b88ee6f47decdfbe9a [CANDIDATE]: Term 1 election: Requested vote from peers 3fcd618d2db04914955070e5b53c7e56 (127.0.107.194:46549), eb9d5c7a3b654325aa42e1a81762e8c1 (127.0.107.195:45959)
