I20260710 13:24:04.497728 27934 raft_consensus.cc:515] T 0f04c23e3dc147689c4f9c022178dede P 78218437a52b4245bbe4820da12039ea [term 2 FOLLOWER]: Starting forced leader election with config: opid_index: -1 OBSOLETE_local: false peers { permanent_uuid: "78218437a52b4245bbe4820da12039ea" member_type: VOTER last_known_addr { host: "127.26.161.65" port: 43445 } } peers { permanent_uuid: "cbfd70cf2738482b9b8c81e76cf27e8f" member_type: VOTER last_known_addr { host: "127.26.161.66" port: 41315 } } peers { permanent_uuid: "0516ec8030ec4a62a6de327166db07d3" member_type: VOTER last_known_addr { host: "127.26.161.67" port: 33515 } }
I20260710 13:24:04.498643 28158 raft_consensus.cc:697] T 8a9d336724f84f05bec9bba091ab9452 P cbfd70cf2738482b9b8c81e76cf27e8f [term 2 LEADER]: Becoming Leader. State: Replica: cbfd70cf2738482b9b8c81e76cf27e8f, State: Running, Role: LEADER
I20260710 13:24:04.498972 28083 raft_consensus.cc:2468] T 8a9d336724f84f05bec9bba091ab9452 P 0516ec8030ec4a62a6de327166db07d3 [term 2 FOLLOWER]: Leader election vote request: Granting yes vote for candidate cbfd70cf2738482b9b8c81e76cf27e8f in term 2.
I20260710 13:24:04.499571 28158 consensus_queue.cc:237] T 8a9d336724f84f05bec9bba091ab9452 P cbfd70cf2738482b9b8c81e76cf27e8f [LEADER]: Queue going to LEADER mode. State: All replicated index: 0, Majority replicated index: 0, Committed index: 0, Last appended: 1.1, Last appended by leader: 1, Current term: 2, Majority size: 2, State: 0, Mode: LEADER, active raft config: opid_index: -1 OBSOLETE_local: false peers { permanent_uuid: "78218437a52b4245bbe4820da12039ea" member_type: VOTER last_known_addr { host: "127.26.161.65" port: 43445 } } peers { permanent_uuid: "cbfd70cf2738482b9b8c81e76cf27e8f" member_type: VOTER last_known_addr { host: "127.26.161.66" port: 41315 } } peers { permanent_uuid: "0516ec8030ec4a62a6de327166db07d3" member_type: VOTER last_known_addr { host: "127.26.161.67" port: 33515 } }
I20260710 13:24:04.502323 28008 tablet_service.cc:1917] Received RequestConsensusVote() RPC: tablet_id: "0f04c23e3dc147689c4f9c022178dede" candidate_uuid: "78218437a52b4245bbe4820da12039ea" candidate_term: 2 candidate_status { last_received { term: 1 index: 1 } } ignore_live_leader: true dest_uuid: "cbfd70cf2738482b9b8c81e76cf27e8f"
I20260710 13:24:04.502861 28008 raft_consensus.cc:3060] T 0f04c23e3dc147689c4f9c022178dede P cbfd70cf2738482b9b8c81e76cf27e8f [term 1 FOLLOWER]: Advancing to term 2
I20260710 13:24:04.505695 27832 catalog_manager.cc:5697] T 4324c3b70f234c6bac3044b470212475 P 78218437a52b4245bbe4820da12039ea reported cstate change: term changed from 1 to 2, leader changed from 0516ec8030ec4a62a6de327166db07d3 (127.26.161.67) to 78218437a52b4245bbe4820da12039ea (127.26.161.65). New cstate: current_term: 2 leader_uuid: "78218437a52b4245bbe4820da12039ea" committed_config { opid_index: -1 OBSOLETE_local: false peers { permanent_uuid: "cbfd70cf2738482b9b8c81e76cf27e8f" member_type: VOTER last_known_addr { host: "127.26.161.66" port: 41315 } health_report { overall_health: UNKNOWN } } peers { permanent_uuid: "78218437a52b4245bbe4820da12039ea" member_type: VOTER last_known_addr { host: "127.26.161.65" port: 43445 } health_report { overall_health: HEALTHY } } peers { permanent_uuid: "0516ec8030ec4a62a6de327166db07d3" member_type: VOTER last_known_addr { host: "127.26.161.67" port: 33515 } health_report { overall_health: UNKNOWN } } }
I20260710 13:24:04.501299 27934 leader_election.cc:290] T 0f04c23e3dc147689c4f9c022178dede P 78218437a52b4245bbe4820da12039ea [CANDIDATE]: Term 2 election: Requested vote from peers cbfd70cf2738482b9b8c81e76cf27e8f (127.26.161.66:41315), 0516ec8030ec4a62a6de327166db07d3 (127.26.161.67:33515)
I20260710 13:24:04.508230 28083 tablet_service.cc:1917] Received RequestConsensusVote() RPC: tablet_id: "0f04c23e3dc147689c4f9c022178dede" candidate_uuid: "78218437a52b4245bbe4820da12039ea" candidate_term: 2 candidate_status { last_received { term: 1 index: 1 } } ignore_live_leader: true dest_uuid: "0516ec8030ec4a62a6de327166db07d3"
I20260710 13:24:04.508984 28083 raft_consensus.cc:3055] T 0f04c23e3dc147689c4f9c022178dede P 0516ec8030ec4a62a6de327166db07d3 [term 1 LEADER]: Stepping down as leader of term 1
I20260710 13:24:04.509357 28083 raft_consensus.cc:740] T 0f04c23e3dc147689c4f9c022178dede P 0516ec8030ec4a62a6de327166db07d3 [term 1 LEADER]: Becoming Follower/Learner. State: Replica: 0516ec8030ec4a62a6de327166db07d3, State: Running, Role: LEADER
I20260710 13:24:04.509685 28008 raft_consensus.cc:2468] T 0f04c23e3dc147689c4f9c022178dede P cbfd70cf2738482b9b8c81e76cf27e8f [term 2 FOLLOWER]: Leader election vote request: Granting yes vote for candidate 78218437a52b4245bbe4820da12039ea in term 2.
I20260710 13:24:04.510277 28083 consensus_queue.cc:260] T 0f04c23e3dc147689c4f9c022178dede P 0516ec8030ec4a62a6de327166db07d3 [NON_LEADER]: Queue going to NON_LEADER mode. State: All replicated index: 0, Majority replicated index: 1, Committed index: 1, Last appended: 1.1, Last appended by leader: 1, Current term: 1, Majority size: -1, State: 0, Mode: NON_LEADER, active raft config: opid_index: -1 OBSOLETE_local: false peers { permanent_uuid: "78218437a52b4245bbe4820da12039ea" member_type: VOTER last_known_addr { host: "127.26.161.65" port: 43445 } } peers { permanent_uuid: "cbfd70cf2738482b9b8c81e76cf27e8f" member_type: VOTER last_known_addr { host: "127.26.161.66" port: 41315 } } peers { permanent_uuid: "0516ec8030ec4a62a6de327166db07d3" member_type: VOTER last_known_addr { host: "127.26.161.67" port: 33515 } }
I20260710 13:24:04.511039 27900 leader_election.cc:304] T 0f04c23e3dc147689c4f9c022178dede P 78218437a52b4245bbe4820da12039ea [CANDIDATE]: Term 2 election: Election decided. Result: candidate won. Election summary: received 2 responses out of 3 voters: 2 yes votes; 0 no votes. yes voters: 78218437a52b4245bbe4820da12039ea, cbfd70cf2738482b9b8c81e76cf27e8f; no voters: 
I20260710 13:24:04.511264 28083 raft_consensus.cc:3060] T 0f04c23e3dc147689c4f9c022178dede P 0516ec8030ec4a62a6de327166db07d3 [term 1 FOLLOWER]: Advancing to term 2
I20260710 13:24:04.512066 28176 raft_consensus.cc:2804] T 0f04c23e3dc147689c4f9c022178dede P 78218437a52b4245bbe4820da12039ea [term 2 FOLLOWER]: Leader election won for term 2
I20260710 13:24:04.512585 28176 raft_consensus.cc:697] T 0f04c23e3dc147689c4f9c022178dede P 78218437a52b4245bbe4820da12039ea [term 2 LEADER]: Becoming Leader. State: Replica: 78218437a52b4245bbe4820da12039ea, State: Running, Role: LEADER
I20260710 13:24:04.513448 28176 consensus_queue.cc:237] T 0f04c23e3dc147689c4f9c022178dede P 78218437a52b4245bbe4820da12039ea [LEADER]: Queue going to LEADER mode. State: All replicated index: 0, Majority replicated index: 1, Committed index: 1, Last appended: 1.1, Last appended by leader: 1, Current term: 2, Majority size: 2, State: 0, Mode: LEADER, active raft config: opid_index: -1 OBSOLETE_local: false peers { permanent_uuid: "78218437a52b4245bbe4820da12039ea" member_type: VOTER last_known_addr { host: "127.26.161.65" port: 43445 } } peers { permanent_uuid: "cbfd70cf2738482b9b8c81e76cf27e8f" member_type: VOTER last_known_addr { host: "127.26.161.66" port: 41315 } } peers { permanent_uuid: "0516ec8030ec4a62a6de327166db07d3" member_type: VOTER last_known_addr { host: "127.26.161.67" port: 33515 } }
I20260710 13:24:04.514079 27829 catalog_manager.cc:5697] T 8a9d336724f84f05bec9bba091ab9452 P cbfd70cf2738482b9b8c81e76cf27e8f reported cstate change: term changed from 1 to 2, leader changed from 78218437a52b4245bbe4820da12039ea (127.26.161.65) to cbfd70cf2738482b9b8c81e76cf27e8f (127.26.161.66). New cstate: current_term: 2 leader_uuid: "cbfd70cf2738482b9b8c81e76cf27e8f" committed_config { opid_index: -1 OBSOLETE_local: false peers { permanent_uuid: "78218437a52b4245bbe4820da12039ea" member_type: VOTER last_known_addr { host: "127.26.161.65" port: 43445 } health_report { overall_health: UNKNOWN } } peers { permanent_uuid: "cbfd70cf2738482b9b8c81e76cf27e8f" member_type: VOTER last_known_addr { host: "127.26.161.66" port: 41315 } health_report { overall_health: HEALTHY } } peers { permanent_uuid: "0516ec8030ec4a62a6de327166db07d3" member_type: VOTER last_known_addr { host: "127.26.161.67" port: 33515 } health_report { overall_health: UNKNOWN } } }
I20260710 13:24:04.518332 28083 raft_consensus.cc:2468] T 0f04c23e3dc147689c4f9c022178dede P 0516ec8030ec4a62a6de327166db07d3 [term 2 FOLLOWER]: Leader election vote request: Granting yes vote for candidate 78218437a52b4245bbe4820da12039ea in term 2.
I20260710 13:24:04.523811 27829 catalog_manager.cc:5697] T 0f04c23e3dc147689c4f9c022178dede P 78218437a52b4245bbe4820da12039ea reported cstate change: term changed from 1 to 2, leader changed from 0516ec8030ec4a62a6de327166db07d3 (127.26.161.67) to 78218437a52b4245bbe4820da12039ea (127.26.161.65). New cstate: current_term: 2 leader_uuid: "78218437a52b4245bbe4820da12039ea" committed_config { opid_index: -1 OBSOLETE_local: false peers { permanent_uuid: "78218437a52b4245bbe4820da12039ea" member_type: VOTER last_known_addr { host: "127.26.161.65" port: 43445 } health_report { overall_health: HEALTHY } } peers { permanent_uuid: "cbfd70cf2738482b9b8c81e76cf27e8f" member_type: VOTER last_known_addr { host: "127.26.161.66" port: 41315 } health_report { overall_health: UNKNOWN } } peers { permanent_uuid: "0516ec8030ec4a62a6de327166db07d3" member_type: VOTER last_known_addr { host: "127.26.161.67" port: 33515 } health_report { overall_health: UNKNOWN } } }
I20260710 13:24:04.623159 28158 raft_consensus.cc:993] T ac56fb875a2d46489c97db81e18237b4 P cbfd70cf2738482b9b8c81e76cf27e8f: : Instructing follower 78218437a52b4245bbe4820da12039ea to start an election
I20260710 13:24:04.623623 28159 raft_consensus.cc:1081] T ac56fb875a2d46489c97db81e18237b4 P cbfd70cf2738482b9b8c81e76cf27e8f [term 1 LEADER]: Signalling peer 78218437a52b4245bbe4820da12039ea to start an election
I20260710 13:24:04.625312 27934 tablet_service.cc:2044] Received Run Leader Election RPC: tablet_id: "ac56fb875a2d46489c97db81e18237b4"
dest_uuid: "78218437a52b4245bbe4820da12039ea"
 from {username='slave'} at 127.0.0.1:55436
I20260710 13:24:04.625821 27934 raft_consensus.cc:493] T ac56fb875a2d46489c97db81e18237b4 P 78218437a52b4245bbe4820da12039ea [term 1 FOLLOWER]: Starting forced leader election (received explicit request)
I20260710 13:24:04.626189 27934 raft_consensus.cc:3060] T ac56fb875a2d46489c97db81e18237b4 P 78218437a52b4245bbe4820da12039ea [term 1 FOLLOWER]: Advancing to term 2
I20260710 13:24:04.631201 27934 raft_consensus.cc:515] T ac56fb875a2d46489c97db81e18237b4 P 78218437a52b4245bbe4820da12039ea [term 2 FOLLOWER]: Starting forced leader election with config: opid_index: -1 OBSOLETE_local: false peers { permanent_uuid: "78218437a52b4245bbe4820da12039ea" member_type: VOTER last_known_addr { host: "127.26.161.65" port: 43445 } } peers { permanent_uuid: "cbfd70cf2738482b9b8c81e76cf27e8f" member_type: VOTER last_known_addr { host: "127.26.161.66" port: 41315 } } peers { permanent_uuid: "0516ec8030ec4a62a6de327166db07d3" member_type: VOTER last_known_addr { host: "127.26.161.67" port: 33515 } }
I20260710 13:24:04.633074 27934 leader_election.cc:290] T ac56fb875a2d46489c97db81e18237b4 P 78218437a52b4245bbe4820da12039ea [CANDIDATE]: Term 2 election: Requested vote from peers cbfd70cf2738482b9b8c81e76cf27e8f (127.26.161.66:41315), 0516ec8030ec4a62a6de327166db07d3 (127.26.161.67:33515)
I20260710 13:24:04.633747 28008 tablet_service.cc:1917] Received RequestConsensusVote() RPC: tablet_id: "ac56fb875a2d46489c97db81e18237b4" candidate_uuid: "78218437a52b4245bbe4820da12039ea" candidate_term: 2 candidate_status { last_received { term: 1 index: 1 } } ignore_live_leader: true dest_uuid: "cbfd70cf2738482b9b8c81e76cf27e8f"
I20260710 13:24:04.634069 28083 tablet_service.cc:1917] Received RequestConsensusVote() RPC: tablet_id: "ac56fb875a2d46489c97db81e18237b4" candidate_uuid: "78218437a52b4245bbe4820da12039ea" candidate_term: 2 candidate_status { last_received { term: 1 index: 1 } } ignore_live_leader: true dest_uuid: "0516ec8030ec4a62a6de327166db07d3"
I20260710 13:24:04.634349 28008 raft_consensus.cc:3055] T ac56fb875a2d46489c97db81e18237b4 P cbfd70cf2738482b9b8c81e76cf27e8f [term 1 LEADER]: Stepping down as leader of term 1
I20260710 13:24:04.634605 28083 raft_consensus.cc:3060] T ac56fb875a2d46489c97db81e18237b4 P 0516ec8030ec4a62a6de327166db07d3 [term 1 FOLLOWER]: Advancing to term 2
I20260710 13:24:04.634701 28008 raft_consensus.cc:740] T ac56fb875a2d46489c97db81e18237b4 P cbfd70cf2738482b9b8c81e76cf27e8f [term 1 LEADER]: Becoming Follower/Learner. State: Replica: cbfd70cf2738482b9b8c81e76cf27e8f, State: Running, Role: LEADER
I20260710 13:24:04.635753 28008 consensus_queue.cc:260] T ac56fb875a2d46489c97db81e18237b4 P cbfd70cf2738482b9b8c81e76cf27e8f [NON_LEADER]: Queue going to NON_LEADER mode. State: All replicated index: 0, Majority replicated index: 1, Committed index: 1, Last appended: 1.1, Last appended by leader: 1, Current term: 1, Majority size: -1, State: 0, Mode: NON_LEADER, active raft config: opid_index: -1 OBSOLETE_local: false peers { permanent_uuid: "78218437a52b4245bbe4820da12039ea" member_type: VOTER last_known_addr { host: "127.26.161.65" port: 43445 } } peers { permanent_uuid: "cbfd70cf2738482b9b8c81e76cf27e8f" member_type: VOTER last_known_addr { host: "127.26.161.66" port: 41315 } } peers { permanent_uuid: "0516ec8030ec4a62a6de327166db07d3" member_type: VOTER last_known_addr { host: "127.26.161.67" port: 33515 } }
I20260710 13:24:04.636936 28008 raft_consensus.cc:3060] T ac56fb875a2d46489c97db81e18237b4 P cbfd70cf2738482b9b8c81e76cf27e8f [term 1 FOLLOWER]: Advancing to term 2
I20260710 13:24:04.641449 28083 raft_consensus.cc:2468] T ac56fb875a2d46489c97db81e18237b4 P 0516ec8030ec4a62a6de327166db07d3 [term 2 FOLLOWER]: Leader election vote request: Granting yes vote for candidate 78218437a52b4245bbe4820da12039ea in term 2.
I20260710 13:24:04.642647 27900 leader_election.cc:304] T ac56fb875a2d46489c97db81e18237b4 P 78218437a52b4245bbe4820da12039ea [CANDIDATE]: Term 2 election: Election decided. Result: candidate won. Election summary: received 2 responses out of 3 voters: 2 yes votes; 0 no votes. yes voters: 0516ec8030ec4a62a6de327166db07d3, 78218437a52b4245bbe4820da12039ea; no voters: 
I20260710 13:24:04.643141 28008 raft_consensus.cc:2468] T ac56fb875a2d46489c97db81e18237b4 P cbfd70cf2738482b9b8c81e76cf27e8f [term 2 FOLLOWER]: Leader election vote request: Granting yes vote for candidate 78218437a52b4245bbe4820da12039ea in term 2.
I20260710 13:24:04.643378 28176 raft_consensus.cc:2804] T ac56fb875a2d46489c97db81e18237b4 P 78218437a52b4245bbe4820da12039ea [term 2 FOLLOWER]: Leader election won for term 2
I20260710 13:24:04.643908 28176 raft_consensus.cc:697] T ac56fb875a2d46489c97db81e18237b4 P 78218437a52b4245bbe4820da12039ea [term 2 LEADER]: Becoming Leader. State: Replica: 78218437a52b4245bbe4820da12039ea, State: Running, Role: LEADER
I20260710 13:24:04.644690 28176 consensus_queue.cc:237] T ac56fb875a2d46489c97db81e18237b4 P 78218437a52b4245bbe4820da12039ea [LEADER]: Queue going to LEADER mode. State: All replicated index: 0, Majority replicated index: 1, Committed index: 1, Last appended: 1.1, Last appended by leader: 1, Current term: 2, Majority size: 2, State: 0, Mode: LEADER, active raft config: opid_index: -1 OBSOLETE_local: false peers { permanent_uuid: "78218437a52b4245bbe4820da12039ea" member_type: VOTER last_known_addr { host: "127.26.161.65" port: 43445 } } peers { permanent_uuid: "cbfd70cf2738482b9b8c81e76cf27e8f" member_type: VOTER last_known_addr { host: "127.26.161.66" port: 41315 } } peers { permanent_uuid: "0516ec8030ec4a62a6de327166db07d3" member_type: VOTER last_known_addr { host: "127.26.161.67" port: 33515 } }
I20260710 13:24:04.650580 27829 catalog_manager.cc:5697] T ac56fb875a2d46489c97db81e18237b4 P 78218437a52b4245bbe4820da12039ea reported cstate change: term changed from 1 to 2, leader changed from cbfd70cf2738482b9b8c81e76cf27e8f (127.26.161.66) to 78218437a52b4245bbe4820da12039ea (127.26.161.65). New cstate: current_term: 2 leader_uuid: "78218437a52b4245bbe4820da12039ea" committed_config { opid_index: -1 OBSOLETE_local: false peers { permanent_uuid: "78218437a52b4245bbe4820da12039ea" member_type: VOTER last_known_addr { host: "127.26.161.65" port: 43445 } health_report { overall_health: HEALTHY } } peers { permanent_uuid: "cbfd70cf2738482b9b8c81e76cf27e8f" member_type: VOTER last_known_addr { host: "127.26.161.66" port: 41315 } health_report { overall_health: UNKNOWN } } peers { permanent_uuid: "0516ec8030ec4a62a6de327166db07d3" member_type: VOTER last_known_addr { host: "127.26.161.67" port: 33515 } health_report { overall_health: UNKNOWN } } }
I20260710 13:24:04.677404 28155 raft_consensus.cc:993] T bfdd6cfa58cb48aba5eac130302a35c5 P cbfd70cf2738482b9b8c81e76cf27e8f: : Instructing follower 78218437a52b4245bbe4820da12039ea to start an election
I20260710 13:24:04.677906 28158 raft_consensus.cc:1081] T bfdd6cfa58cb48aba5eac130302a35c5 P cbfd70cf2738482b9b8c81e76cf27e8f [term 1 LEADER]: Signalling peer 78218437a52b4245bbe4820da12039ea to start an election
I20260710 13:24:04.679483 27934 tablet_service.cc:2044] Received Run Leader Election RPC: tablet_id: "bfdd6cfa58cb48aba5eac130302a35c5"
dest_uuid: "78218437a52b4245bbe4820da12039ea"
 from {username='slave'} at 127.0.0.1:55436
I20260710 13:24:04.680047 27934 raft_consensus.cc:493] T bfdd6cfa58cb48aba5eac130302a35c5 P 78218437a52b4245bbe4820da12039ea [term 1 FOLLOWER]: Starting forced leader election (received explicit request)
I20260710 13:24:04.680359 27934 raft_consensus.cc:3060] T bfdd6cfa58cb48aba5eac130302a35c5 P 78218437a52b4245bbe4820da12039ea [term 1 FOLLOWER]: Advancing to term 2
I20260710 13:24:04.684913 27934 raft_consensus.cc:515] T bfdd6cfa58cb48aba5eac130302a35c5 P 78218437a52b4245bbe4820da12039ea [term 2 FOLLOWER]: Starting forced leader election with config: opid_index: -1 OBSOLETE_local: false peers { permanent_uuid: "78218437a52b4245bbe4820da12039ea" member_type: VOTER last_known_addr { host: "127.26.161.65" port: 43445 } } peers { permanent_uuid: "cbfd70cf2738482b9b8c81e76cf27e8f" member_type: VOTER last_known_addr { host: "127.26.161.66" port: 41315 } } peers { permanent_uuid: "0516ec8030ec4a62a6de327166db07d3" member_type: VOTER last_known_addr { host: "127.26.161.67" port: 33515 } }
I20260710 13:24:04.686383 27934 leader_election.cc:290] T bfdd6cfa58cb48aba5eac130302a35c5 P 78218437a52b4245bbe4820da12039ea [CANDIDATE]: Term 2 election: Requested vote from peers cbfd70cf2738482b9b8c81e76cf27e8f (127.26.161.66:41315), 0516ec8030ec4a62a6de327166db07d3 (127.26.161.67:33515)
I20260710 13:24:04.687193 28008 tablet_service.cc:1917] Received RequestConsensusVote() RPC: tablet_id: "bfdd6cfa58cb48aba5eac130302a35c5" candidate_uuid: "78218437a52b4245bbe4820da12039ea" candidate_term: 2 candidate_status { last_received { term: 1 index: 1 } } ignore_live_leader: true dest_uuid: "cbfd70cf2738482b9b8c81e76cf27e8f"
I20260710 13:24:04.687536 28083 tablet_service.cc:1917] Received RequestConsensusVote() RPC: tablet_id: "bfdd6cfa58cb48aba5eac130302a35c5" candidate_uuid: "78218437a52b4245bbe4820da12039ea" candidate_term: 2 candidate_status { last_received { term: 1 index: 1 } } ignore_live_leader: true dest_uuid: "0516ec8030ec4a62a6de327166db07d3"
I20260710 13:24:04.687820 28008 raft_consensus.cc:3055] T bfdd6cfa58cb48aba5eac130302a35c5 P cbfd70cf2738482b9b8c81e76cf27e8f [term 1 LEADER]: Stepping down as leader of term 1
I20260710 13:24:04.688041 28083 raft_consensus.cc:3060] T bfdd6cfa58cb48aba5eac130302a35c5 P 0516ec8030ec4a62a6de327166db07d3 [term 1 FOLLOWER]: Advancing to term 2
I20260710 13:24:04.688206 28008 raft_consensus.cc:740] T bfdd6cfa58cb48aba5eac130302a35c5 P cbfd70cf2738482b9b8c81e76cf27e8f [term 1 LEADER]: Becoming Follower/Learner. State: Replica: cbfd70cf2738482b9b8c81e76cf27e8f, State: Running, Role: LEADER
I20260710 13:24:04.689007 28008 consensus_queue.cc:260] T bfdd6cfa58cb48aba5eac130302a35c5 P cbfd70cf2738482b9b8c81e76cf27e8f [NON_LEADER]: Queue going to NON_LEADER mode. State: All replicated index: 0, Majority replicated index: 1, Committed index: 1, Last appended: 1.1, Last appended by leader: 1, Current term: 1, Majority size: -1, State: 0, Mode: NON_LEADER, active raft config: opid_index: -1 OBSOLETE_local: false peers { permanent_uuid: "78218437a52b4245bbe4820da12039ea" member_type: VOTER last_known_addr { host: "127.26.161.65" port: 43445 } } peers { permanent_uuid: "cbfd70cf2738482b9b8c81e76cf27e8f" member_type: VOTER last_known_addr { host: "127.26.161.66" port: 41315 } } peers { permanent_uuid: "0516ec8030ec4a62a6de327166db07d3" member_type: VOTER last_known_addr { host: "127.26.161.67" port: 33515 } }
I20260710 13:24:04.689869 28008 raft_consensus.cc:3060] T bfdd6cfa58cb48aba5eac130302a35c5 P cbfd70cf2738482b9b8c81e76cf27e8f [term 1 FOLLOWER]: Advancing to term 2
I20260710 13:24:04.692320 28083 raft_consensus.cc:2468] T bfdd6cfa58cb48aba5eac130302a35c5 P 0516ec8030ec4a62a6de327166db07d3 [term 2 FOLLOWER]: Leader election vote request: Granting yes vote for candidate 78218437a52b4245bbe4820da12039ea in term 2.
I20260710 13:24:04.693202 27900 leader_election.cc:304] T bfdd6cfa58cb48aba5eac130302a35c5 P 78218437a52b4245bbe4820da12039ea [CANDIDATE]: Term 2 election: Election decided. Result: candidate won. Election summary: received 2 responses out of 3 voters: 2 yes votes; 0 no votes. yes voters: 0516ec8030ec4a62a6de327166db07d3, 78218437a52b4245bbe4820da12039ea; no voters: 
I20260710 13:24:04.693845 28176 raft_consensus.cc:2804] T bfdd6cfa58cb48aba5eac130302a35c5 P 78218437a52b4245bbe4820da12039ea [term 2 FOLLOWER]: Leader election won for term 2
I20260710 13:24:04.694322 28176 raft_consensus.cc:697] T bfdd6cfa58cb48aba5eac130302a35c5 P 78218437a52b4245bbe4820da12039ea [term 2 LEADER]: Becoming Leader. State: Replica: 78218437a52b4245bbe4820da12039ea, State: Running, Role: LEADER
I20260710 13:24:04.694835 28008 raft_consensus.cc:2468] T bfdd6cfa58cb48aba5eac130302a35c5 P cbfd70cf2738482b9b8c81e76cf27e8f [term 2 FOLLOWER]: Leader election vote request: Granting yes vote for candidate 78218437a52b4245bbe4820da12039ea in term 2.
I20260710 13:24:04.695129 28176 consensus_queue.cc:237] T bfdd6cfa58cb48aba5eac130302a35c5 P 78218437a52b4245bbe4820da12039ea [LEADER]: Queue going to LEADER mode. State: All replicated index: 0, Majority replicated index: 1, Committed index: 1, Last appended: 1.1, Last appended by leader: 1, Current term: 2, Majority size: 2, State: 0, Mode: LEADER, active raft config: opid_index: -1 OBSOLETE_local: false peers { permanent_uuid: "78218437a52b4245bbe4820da12039ea" member_type: VOTER last_known_addr { host: "127.26.161.65" port: 43445 } } peers { permanent_uuid: "cbfd70cf2738482b9b8c81e76cf27e8f" member_type: VOTER last_known_addr { host: "127.26.161.66" port: 41315 } } peers { permanent_uuid: "0516ec8030ec4a62a6de327166db07d3" member_type: VOTER last_known_addr { host: "127.26.161.67" port: 33515 } }
I20260710 13:24:04.701838 27829 catalog_manager.cc:5697] T bfdd6cfa58cb48aba5eac130302a35c5 P 78218437a52b4245bbe4820da12039ea reported cstate change: term changed from 1 to 2, leader changed from cbfd70cf2738482b9b8c81e76cf27e8f (127.26.161.66) to 78218437a52b4245bbe4820da12039ea (127.26.161.65). New cstate: current_term: 2 leader_uuid: "78218437a52b4245bbe4820da12039ea" committed_config { opid_index: -1 OBSOLETE_local: false peers { permanent_uuid: "78218437a52b4245bbe4820da12039ea" member_type: VOTER last_known_addr { host: "127.26.161.65" port: 43445 } health_report { overall_health: HEALTHY } } peers { permanent_uuid: "cbfd70cf2738482b9b8c81e76cf27e8f" member_type: VOTER last_known_addr { host: "127.26.161.66" port: 41315 } health_report { overall_health: UNKNOWN } } peers { permanent_uuid: "0516ec8030ec4a62a6de327166db07d3" member_type: VOTER last_known_addr { host: "127.26.161.67" port: 33515 } health_report { overall_health: UNKNOWN } } }
I20260710 13:24:04.721372 28008 raft_consensus.cc:1275] T df9f7c9350f646bcaa560463a374d3bd P cbfd70cf2738482b9b8c81e76cf27e8f [term 2 FOLLOWER]: Refusing update from remote peer 78218437a52b4245bbe4820da12039ea: Log matching property violated. Preceding OpId in replica: term: 1 index: 1. Preceding OpId from leader: term: 2 index: 2. (index mismatch)
I20260710 13:24:04.722617 28176 consensus_queue.cc:1048] T df9f7c9350f646bcaa560463a374d3bd P 78218437a52b4245bbe4820da12039ea [LEADER]: Connected to new peer: Peer: permanent_uuid: "cbfd70cf2738482b9b8c81e76cf27e8f" member_type: VOTER last_known_addr { host: "127.26.161.66" port: 41315 }, Status: LMP_MISMATCH, Last received: 0.0, Next index: 2, Last known committed idx: 1, Time since last communication: 0.000s
I20260710 13:24:04.731539 28083 raft_consensus.cc:1275] T df9f7c9350f646bcaa560463a374d3bd P 0516ec8030ec4a62a6de327166db07d3 [term 2 FOLLOWER]: Refusing update from remote peer 78218437a52b4245bbe4820da12039ea: Log matching property violated. Preceding OpId in replica: term: 1 index: 1. Preceding OpId from leader: term: 2 index: 2. (index mismatch)
I20260710 13:24:04.732856 28212 consensus_queue.cc:1048] T df9f7c9350f646bcaa560463a374d3bd P 78218437a52b4245bbe4820da12039ea [LEADER]: Connected to new peer: Peer: permanent_uuid: "0516ec8030ec4a62a6de327166db07d3" member_type: VOTER last_known_addr { host: "127.26.161.67" port: 33515 }, Status: LMP_MISMATCH, Last received: 0.0, Next index: 2, Last known committed idx: 1, Time since last communication: 0.000s
I20260710 13:24:04.880185 27934 raft_consensus.cc:1275] T e7c91f7373c54f47ba329486849644b9 P 78218437a52b4245bbe4820da12039ea [term 2 FOLLOWER]: Refusing update from remote peer cbfd70cf2738482b9b8c81e76cf27e8f: Log matching property violated. Preceding OpId in replica: term: 1 index: 1. Preceding OpId from leader: term: 2 index: 2. (index mismatch)
I20260710 13:24:04.881948 28158 consensus_queue.cc:1048] T e7c91f7373c54f47ba329486849644b9 P cbfd70cf2738482b9b8c81e76cf27e8f [LEADER]: Connected to new peer: Peer: permanent_uuid: "78218437a52b4245bbe4820da12039ea" member_type: VOTER last_known_addr { host: "127.26.161.65" port: 43445 }, Status: LMP_MISMATCH, Last received: 0.0, Next index: 2, Last known committed idx: 1, Time since last communication: 0.000s
I20260710 13:24:04.894202 28083 raft_consensus.cc:1275] T e7c91f7373c54f47ba329486849644b9 P 0516ec8030ec4a62a6de327166db07d3 [term 2 FOLLOWER]: Refusing update from remote peer cbfd70cf2738482b9b8c81e76cf27e8f: Log matching property violated. Preceding OpId in replica: term: 1 index: 1. Preceding OpId from leader: term: 2 index: 2. (index mismatch)
I20260710 13:24:04.895820 28158 consensus_queue.cc:1048] T e7c91f7373c54f47ba329486849644b9 P cbfd70cf2738482b9b8c81e76cf27e8f [LEADER]: Connected to new peer: Peer: permanent_uuid: "0516ec8030ec4a62a6de327166db07d3" member_type: VOTER last_known_addr { host: "127.26.161.67" port: 33515 }, Status: LMP_MISMATCH, Last received: 0.0, Next index: 2, Last known committed idx: 1, Time since last communication: 0.000s
I20260710 13:24:04.949551 28008 raft_consensus.cc:1275] T 4324c3b70f234c6bac3044b470212475 P cbfd70cf2738482b9b8c81e76cf27e8f [term 2 FOLLOWER]: Refusing update from remote peer 78218437a52b4245bbe4820da12039ea: Log matching property violated. Preceding OpId in replica: term: 1 index: 1. Preceding OpId from leader: term: 2 index: 2. (index mismatch)
I20260710 13:24:04.951303 28212 consensus_queue.cc:1048] T 4324c3b70f234c6bac3044b470212475 P 78218437a52b4245bbe4820da12039ea [LEADER]: Connected to new peer: Peer: permanent_uuid: "cbfd70cf2738482b9b8c81e76cf27e8f" member_type: VOTER last_known_addr { host: "127.26.161.66" port: 41315 }, Status: LMP_MISMATCH, Last received: 0.0, Next index: 2, Last known committed idx: 1, Time since last communication: 0.000s
I20260710 13:24:04.958319 27934 raft_consensus.cc:1275] T 3da321ced5074716b5714bb1eb0ae0ec P 78218437a52b4245bbe4820da12039ea [term 2 FOLLOWER]: Refusing update from remote peer 0516ec8030ec4a62a6de327166db07d3: Log matching property violated. Preceding OpId in replica: term: 1 index: 1. Preceding OpId from leader: term: 2 index: 2. (index mismatch)
I20260710 13:24:04.961674 28180 consensus_queue.cc:1048] T 3da321ced5074716b5714bb1eb0ae0ec P 0516ec8030ec4a62a6de327166db07d3 [LEADER]: Connected to new peer: Peer: permanent_uuid: "78218437a52b4245bbe4820da12039ea" member_type: VOTER last_known_addr { host: "127.26.161.65" port: 43445 }, Status: LMP_MISMATCH, Last received: 0.0, Next index: 2, Last known committed idx: 1, Time since last communication: 0.000s
I20260710 13:24:04.962070 28083 raft_consensus.cc:1275] T 4324c3b70f234c6bac3044b470212475 P 0516ec8030ec4a62a6de327166db07d3 [term 2 FOLLOWER]: Refusing update from remote peer 78218437a52b4245bbe4820da12039ea: Log matching property violated. Preceding OpId in replica: term: 1 index: 1. Preceding OpId from leader: term: 2 index: 2. (index mismatch)
I20260710 13:24:04.964264 28176 consensus_queue.cc:1048] T 4324c3b70f234c6bac3044b470212475 P 78218437a52b4245bbe4820da12039ea [LEADER]: Connected to new peer: Peer: permanent_uuid: "0516ec8030ec4a62a6de327166db07d3" member_type: VOTER last_known_addr { host: "127.26.161.67" port: 33515 }, Status: LMP_MISMATCH, Last received: 0.0, Next index: 2, Last known committed idx: 1, Time since last communication: 0.000s
I20260710 13:24:04.968506 28008 raft_consensus.cc:1275] T 3da321ced5074716b5714bb1eb0ae0ec P cbfd70cf2738482b9b8c81e76cf27e8f [term 2 FOLLOWER]: Refusing update from remote peer 0516ec8030ec4a62a6de327166db07d3: Log matching property violated. Preceding OpId in replica: term: 1 index: 1. Preceding OpId from leader: term: 2 index: 2. (index mismatch)
I20260710 13:24:04.969887 28180 consensus_queue.cc:1048] T 3da321ced5074716b5714bb1eb0ae0ec P 0516ec8030ec4a62a6de327166db07d3 [LEADER]: Connected to new peer: Peer: permanent_uuid: "cbfd70cf2738482b9b8c81e76cf27e8f" member_type: VOTER last_known_addr { host: "127.26.161.66" port: 41315 }, Status: LMP_MISMATCH, Last received: 0.0, Next index: 2, Last known committed idx: 1, Time since last communication: 0.000s
I20260710 13:24:05.056416 28083 raft_consensus.cc:1275] T 8a9d336724f84f05bec9bba091ab9452 P 0516ec8030ec4a62a6de327166db07d3 [term 2 FOLLOWER]: Refusing update from remote peer cbfd70cf2738482b9b8c81e76cf27e8f: Log matching property violated. Preceding OpId in replica: term: 1 index: 1. Preceding OpId from leader: term: 2 index: 2. (index mismatch)
I20260710 13:24:05.057709 28159 consensus_queue.cc:1048] T 8a9d336724f84f05bec9bba091ab9452 P cbfd70cf2738482b9b8c81e76cf27e8f [LEADER]: Connected to new peer: Peer: permanent_uuid: "0516ec8030ec4a62a6de327166db07d3" member_type: VOTER last_known_addr { host: "127.26.161.67" port: 33515 }, Status: LMP_MISMATCH, Last received: 0.0, Next index: 2, Last known committed idx: 1, Time since last communication: 0.000s
I20260710 13:24:05.066401 27934 raft_consensus.cc:1275] T 8a9d336724f84f05bec9bba091ab9452 P 78218437a52b4245bbe4820da12039ea [term 2 FOLLOWER]: Refusing update from remote peer cbfd70cf2738482b9b8c81e76cf27e8f: Log matching property violated. Preceding OpId in replica: term: 1 index: 1. Preceding OpId from leader: term: 2 index: 2. (index mismatch)
I20260710 13:24:05.068089 28158 consensus_queue.cc:1048] T 8a9d336724f84f05bec9bba091ab9452 P cbfd70cf2738482b9b8c81e76cf27e8f [LEADER]: Connected to new peer: Peer: permanent_uuid: "78218437a52b4245bbe4820da12039ea" member_type: VOTER last_known_addr { host: "127.26.161.65" port: 43445 }, Status: LMP_MISMATCH, Last received: 0.0, Next index: 2, Last known committed idx: 1, Time since last communication: 0.000s
I20260710 13:24:05.074158 28010 raft_consensus.cc:1275] T 0f04c23e3dc147689c4f9c022178dede P cbfd70cf2738482b9b8c81e76cf27e8f [term 2 FOLLOWER]: Refusing update from remote peer 78218437a52b4245bbe4820da12039ea: Log matching property violated. Preceding OpId in replica: term: 1 index: 1. Preceding OpId from leader: term: 2 index: 2. (index mismatch)
I20260710 13:24:05.075721 28212 consensus_queue.cc:1048] T 0f04c23e3dc147689c4f9c022178dede P 78218437a52b4245bbe4820da12039ea [LEADER]: Connected to new peer: Peer: permanent_uuid: "cbfd70cf2738482b9b8c81e76cf27e8f" member_type: VOTER last_known_addr { host: "127.26.161.66" port: 41315 }, Status: LMP_MISMATCH, Last received: 0.0, Next index: 2, Last known committed idx: 1, Time since last communication: 0.000s
I20260710 13:24:05.084241 28083 raft_consensus.cc:1275] T 0f04c23e3dc147689c4f9c022178dede P 0516ec8030ec4a62a6de327166db07d3 [term 2 FOLLOWER]: Refusing update from remote peer 78218437a52b4245bbe4820da12039ea: Log matching property violated. Preceding OpId in replica: term: 1 index: 1. Preceding OpId from leader: term: 2 index: 2. (index mismatch)
I20260710 13:24:05.085825 28182 consensus_queue.cc:1048] T 0f04c23e3dc147689c4f9c022178dede P 78218437a52b4245bbe4820da12039ea [LEADER]: Connected to new peer: Peer: permanent_uuid: "0516ec8030ec4a62a6de327166db07d3" member_type: VOTER last_known_addr { host: "127.26.161.67" port: 33515 }, Status: LMP_MISMATCH, Last received: 0.0, Next index: 2, Last known committed idx: 1, Time since last communication: 0.001s
I20260710 13:24:05.110275 28010 raft_consensus.cc:1275] T ac56fb875a2d46489c97db81e18237b4 P cbfd70cf2738482b9b8c81e76cf27e8f [term 2 FOLLOWER]: Refusing update from remote peer 78218437a52b4245bbe4820da12039ea: Log matching property violated. Preceding OpId in replica: term: 1 index: 1. Preceding OpId from leader: term: 2 index: 2. (index mismatch)
I20260710 13:24:05.110402 28083 raft_consensus.cc:1275] T bfdd6cfa58cb48aba5eac130302a35c5 P 0516ec8030ec4a62a6de327166db07d3 [term 2 FOLLOWER]: Refusing update from remote peer 78218437a52b4245bbe4820da12039ea: Log matching property violated. Preceding OpId in replica: term: 1 index: 1. Preceding OpId from leader: term: 2 index: 2. (index mismatch)
I20260710 13:24:05.111745 28129 consensus_queue.cc:1048] T ac56fb875a2d46489c97db81e18237b4 P 78218437a52b4245bbe4820da12039ea [LEADER]: Connected to new peer: Peer: permanent_uuid: "cbfd70cf2738482b9b8c81e76cf27e8f" member_type: VOTER last_known_addr { host: "127.26.161.66" port: 41315 }, Status: LMP_MISMATCH, Last received: 0.0, Next index: 2, Last known committed idx: 1, Time since last communication: 0.000s
I20260710 13:24:05.112109 28182 consensus_queue.cc:1048] T bfdd6cfa58cb48aba5eac130302a35c5 P 78218437a52b4245bbe4820da12039ea [LEADER]: Connected to new peer: Peer: permanent_uuid: "0516ec8030ec4a62a6de327166db07d3" member_type: VOTER last_known_addr { host: "127.26.161.67" port: 33515 }, Status: LMP_MISMATCH, Last received: 0.0, Next index: 2, Last known committed idx: 1, Time since last communication: 0.000s
I20260710 13:24:05.120543 28083 raft_consensus.cc:1275] T ac56fb875a2d46489c97db81e18237b4 P 0516ec8030ec4a62a6de327166db07d3 [term 2 FOLLOWER]: Refusing update from remote peer 78218437a52b4245bbe4820da12039ea: Log matching property violated. Preceding OpId in replica: term: 1 index: 1. Preceding OpId from leader: term: 2 index: 2. (index mismatch)
I20260710 13:24:05.124504 28176 consensus_queue.cc:1048] T ac56fb875a2d46489c97db81e18237b4 P 78218437a52b4245bbe4820da12039ea [LEADER]: Connected to new peer: Peer: permanent_uuid: "0516ec8030ec4a62a6de327166db07d3" member_type: VOTER last_known_addr { host: "127.26.161.67" port: 33515 }, Status: LMP_MISMATCH, Last received: 0.0, Next index: 2, Last known committed idx: 1, Time since last communication: 0.000s
I20260710 13:24:05.127161 28008 raft_consensus.cc:1275] T bfdd6cfa58cb48aba5eac130302a35c5 P cbfd70cf2738482b9b8c81e76cf27e8f [term 2 FOLLOWER]: Refusing update from remote peer 78218437a52b4245bbe4820da12039ea: Log matching property violated. Preceding OpId in replica: term: 1 index: 1. Preceding OpId from leader: term: 2 index: 2. (index mismatch)
I20260710 13:24:05.132534 28176 consensus_queue.cc:1048] T bfdd6cfa58cb48aba5eac130302a35c5 P 78218437a52b4245bbe4820da12039ea [LEADER]: Connected to new peer: Peer: permanent_uuid: "cbfd70cf2738482b9b8c81e76cf27e8f" member_type: VOTER last_known_addr { host: "127.26.161.66" port: 41315 }, Status: LMP_MISMATCH, Last received: 0.0, Next index: 2, Last known committed idx: 1, Time since last communication: 0.001s
I20260710 13:24:07.266278 27269 auto_leader_rebalancer-test.cc:348] The leader distribution is 
I20260710 13:24:07.267076 27269 auto_leader_rebalancer.cc:141] leader rebalance for table test-workload
I20260710 13:24:07.291100 27935 tablet_service.cc:2072] Received LeaderStepDown RPC: tablet_id: "0f04c23e3dc147689c4f9c022178dede"
dest_uuid: "78218437a52b4245bbe4820da12039ea"
mode: GRACEFUL
new_leader_uuid: "0516ec8030ec4a62a6de327166db07d3"
 from {username='slave'} at 127.0.0.1:44848
I20260710 13:24:07.291836 27935 raft_consensus.cc:606] T 0f04c23e3dc147689c4f9c022178dede P 78218437a52b4245bbe4820da12039ea [term 2 LEADER]: Received request to transfer leadership to TS 0516ec8030ec4a62a6de327166db07d3
I20260710 13:24:07.294371 27935 tablet_service.cc:2072] Received LeaderStepDown RPC: tablet_id: "4324c3b70f234c6bac3044b470212475"
dest_uuid: "78218437a52b4245bbe4820da12039ea"
mode: GRACEFUL
new_leader_uuid: "0516ec8030ec4a62a6de327166db07d3"
 from {username='slave'} at 127.0.0.1:44848
I20260710 13:24:07.294845 27935 raft_consensus.cc:606] T 4324c3b70f234c6bac3044b470212475 P 78218437a52b4245bbe4820da12039ea [term 2 LEADER]: Received request to transfer leadership to TS 0516ec8030ec4a62a6de327166db07d3
I20260710 13:24:07.296047 27269 auto_leader_rebalancer.cc:479] table: test-workload, leader rebalance finish, leader transfer count: 2
I20260710 13:24:07.296485 27269 auto_leader_rebalancer.cc:554] All tables' leader rebalancing finished this round
I20260710 13:24:07.391644 28222 raft_consensus.cc:993] T 0f04c23e3dc147689c4f9c022178dede P 78218437a52b4245bbe4820da12039ea: : Instructing follower 0516ec8030ec4a62a6de327166db07d3 to start an election
I20260710 13:24:07.392176 28225 raft_consensus.cc:1081] T 0f04c23e3dc147689c4f9c022178dede P 78218437a52b4245bbe4820da12039ea [term 2 LEADER]: Signalling peer 0516ec8030ec4a62a6de327166db07d3 to start an election
I20260710 13:24:07.393695 28083 tablet_service.cc:2044] Received Run Leader Election RPC: tablet_id: "0f04c23e3dc147689c4f9c022178dede"
dest_uuid: "0516ec8030ec4a62a6de327166db07d3"
 from {username='slave'} at 127.0.0.1:50306
I20260710 13:24:07.394127 28083 raft_consensus.cc:493] T 0f04c23e3dc147689c4f9c022178dede P 0516ec8030ec4a62a6de327166db07d3 [term 2 FOLLOWER]: Starting forced leader election (received explicit request)
I20260710 13:24:07.394373 28083 raft_consensus.cc:3060] T 0f04c23e3dc147689c4f9c022178dede P 0516ec8030ec4a62a6de327166db07d3 [term 2 FOLLOWER]: Advancing to term 3
I20260710 13:24:07.399174 28083 raft_consensus.cc:515] T 0f04c23e3dc147689c4f9c022178dede P 0516ec8030ec4a62a6de327166db07d3 [term 3 FOLLOWER]: Starting forced leader election with config: opid_index: -1 OBSOLETE_local: false peers { permanent_uuid: "78218437a52b4245bbe4820da12039ea" member_type: VOTER last_known_addr { host: "127.26.161.65" port: 43445 } } peers { permanent_uuid: "cbfd70cf2738482b9b8c81e76cf27e8f" member_type: VOTER last_known_addr { host: "127.26.161.66" port: 41315 } } peers { permanent_uuid: "0516ec8030ec4a62a6de327166db07d3" member_type: VOTER last_known_addr { host: "127.26.161.67" port: 33515 } }
I20260710 13:24:07.400760 28083 leader_election.cc:290] T 0f04c23e3dc147689c4f9c022178dede P 0516ec8030ec4a62a6de327166db07d3 [CANDIDATE]: Term 3 election: Requested vote from peers 78218437a52b4245bbe4820da12039ea (127.26.161.65:43445), cbfd70cf2738482b9b8c81e76cf27e8f (127.26.161.66:41315)
I20260710 13:24:07.401612 27935 tablet_service.cc:1917] Received RequestConsensusVote() RPC: tablet_id: "0f04c23e3dc147689c4f9c022178dede" candidate_uuid: "0516ec8030ec4a62a6de327166db07d3" candidate_term: 3 candidate_status { last_received { term: 2 index: 2 } } ignore_live_leader: true dest_uuid: "78218437a52b4245bbe4820da12039ea"
I20260710 13:24:07.402010 28010 tablet_service.cc:1917] Received RequestConsensusVote() RPC: tablet_id: "0f04c23e3dc147689c4f9c022178dede" candidate_uuid: "0516ec8030ec4a62a6de327166db07d3" candidate_term: 3 candidate_status { last_received { term: 2 index: 2 } } ignore_live_leader: true dest_uuid: "cbfd70cf2738482b9b8c81e76cf27e8f"
I20260710 13:24:07.402268 27935 raft_consensus.cc:3055] T 0f04c23e3dc147689c4f9c022178dede P 78218437a52b4245bbe4820da12039ea [term 2 LEADER]: Stepping down as leader of term 2
I20260710 13:24:07.402562 28010 raft_consensus.cc:3060] T 0f04c23e3dc147689c4f9c022178dede P cbfd70cf2738482b9b8c81e76cf27e8f [term 2 FOLLOWER]: Advancing to term 3
I20260710 13:24:07.402585 27935 raft_consensus.cc:740] T 0f04c23e3dc147689c4f9c022178dede P 78218437a52b4245bbe4820da12039ea [term 2 LEADER]: Becoming Follower/Learner. State: Replica: 78218437a52b4245bbe4820da12039ea, State: Running, Role: LEADER
I20260710 13:24:07.403563 27935 consensus_queue.cc:260] T 0f04c23e3dc147689c4f9c022178dede P 78218437a52b4245bbe4820da12039ea [NON_LEADER]: Queue going to NON_LEADER mode. State: All replicated index: 0, Majority replicated index: 2, Committed index: 2, Last appended: 2.2, Last appended by leader: 2, Current term: 2, Majority size: -1, State: 0, Mode: NON_LEADER, active raft config: opid_index: -1 OBSOLETE_local: false peers { permanent_uuid: "78218437a52b4245bbe4820da12039ea" member_type: VOTER last_known_addr { host: "127.26.161.65" port: 43445 } } peers { permanent_uuid: "cbfd70cf2738482b9b8c81e76cf27e8f" member_type: VOTER last_known_addr { host: "127.26.161.66" port: 41315 } } peers { permanent_uuid: "0516ec8030ec4a62a6de327166db07d3" member_type: VOTER last_known_addr { host: "127.26.161.67" port: 33515 } }
I20260710 13:24:07.404560 27935 raft_consensus.cc:3060] T 0f04c23e3dc147689c4f9c022178dede P 78218437a52b4245bbe4820da12039ea [term 2 FOLLOWER]: Advancing to term 3
I20260710 13:24:07.407569 28010 raft_consensus.cc:2468] T 0f04c23e3dc147689c4f9c022178dede P cbfd70cf2738482b9b8c81e76cf27e8f [term 3 FOLLOWER]: Leader election vote request: Granting yes vote for candidate 0516ec8030ec4a62a6de327166db07d3 in term 3.
I20260710 13:24:07.408805 28049 leader_election.cc:304] T 0f04c23e3dc147689c4f9c022178dede P 0516ec8030ec4a62a6de327166db07d3 [CANDIDATE]: Term 3 election: Election decided. Result: candidate won. Election summary: received 2 responses out of 3 voters: 2 yes votes; 0 no votes. yes voters: 0516ec8030ec4a62a6de327166db07d3, cbfd70cf2738482b9b8c81e76cf27e8f; no voters: 
I20260710 13:24:07.409726 28217 raft_consensus.cc:2804] T 0f04c23e3dc147689c4f9c022178dede P 0516ec8030ec4a62a6de327166db07d3 [term 3 FOLLOWER]: Leader election won for term 3
I20260710 13:24:07.410187 27935 raft_consensus.cc:2468] T 0f04c23e3dc147689c4f9c022178dede P 78218437a52b4245bbe4820da12039ea [term 3 FOLLOWER]: Leader election vote request: Granting yes vote for candidate 0516ec8030ec4a62a6de327166db07d3 in term 3.
I20260710 13:24:07.411092 28217 raft_consensus.cc:697] T 0f04c23e3dc147689c4f9c022178dede P 0516ec8030ec4a62a6de327166db07d3 [term 3 LEADER]: Becoming Leader. State: Replica: 0516ec8030ec4a62a6de327166db07d3, State: Running, Role: LEADER
I20260710 13:24:07.412147 28217 consensus_queue.cc:237] T 0f04c23e3dc147689c4f9c022178dede P 0516ec8030ec4a62a6de327166db07d3 [LEADER]: Queue going to LEADER mode. State: All replicated index: 0, Majority replicated index: 2, Committed index: 2, Last appended: 2.2, Last appended by leader: 2, Current term: 3, Majority size: 2, State: 0, Mode: LEADER, active raft config: opid_index: -1 OBSOLETE_local: false peers { permanent_uuid: "78218437a52b4245bbe4820da12039ea" member_type: VOTER last_known_addr { host: "127.26.161.65" port: 43445 } } peers { permanent_uuid: "cbfd70cf2738482b9b8c81e76cf27e8f" member_type: VOTER last_known_addr { host: "127.26.161.66" port: 41315 } } peers { permanent_uuid: "0516ec8030ec4a62a6de327166db07d3" member_type: VOTER last_known_addr { host: "127.26.161.67" port: 33515 } }
I20260710 13:24:07.418988 27829 catalog_manager.cc:5697] T 0f04c23e3dc147689c4f9c022178dede P 0516ec8030ec4a62a6de327166db07d3 reported cstate change: term changed from 2 to 3, leader changed from 78218437a52b4245bbe4820da12039ea (127.26.161.65) to 0516ec8030ec4a62a6de327166db07d3 (127.26.161.67). New cstate: current_term: 3 leader_uuid: "0516ec8030ec4a62a6de327166db07d3" committed_config { opid_index: -1 OBSOLETE_local: false peers { permanent_uuid: "78218437a52b4245bbe4820da12039ea" member_type: VOTER last_known_addr { host: "127.26.161.65" port: 43445 } health_report { overall_health: UNKNOWN } } peers { permanent_uuid: "cbfd70cf2738482b9b8c81e76cf27e8f" member_type: VOTER last_known_addr { host: "127.26.161.66" port: 41315 } health_report { overall_health: UNKNOWN } } peers { permanent_uuid: "0516ec8030ec4a62a6de327166db07d3" member_type: VOTER last_known_addr { host: "127.26.161.67" port: 33515 } health_report { overall_health: HEALTHY } } }
I20260710 13:24:07.662627 28222 raft_consensus.cc:993] T 4324c3b70f234c6bac3044b470212475 P 78218437a52b4245bbe4820da12039ea: : Instructing follower 0516ec8030ec4a62a6de327166db07d3 to start an election
I20260710 13:24:07.663070 28225 raft_consensus.cc:1081] T 4324c3b70f234c6bac3044b470212475 P 78218437a52b4245bbe4820da12039ea [term 2 LEADER]: Signalling peer 0516ec8030ec4a62a6de327166db07d3 to start an election
I20260710 13:24:07.664461 28084 tablet_service.cc:2044] Received Run Leader Election RPC: tablet_id: "4324c3b70f234c6bac3044b470212475"
dest_uuid: "0516ec8030ec4a62a6de327166db07d3"
 from {username='slave'} at 127.0.0.1:50306
I20260710 13:24:07.664897 28084 raft_consensus.cc:493] T 4324c3b70f234c6bac3044b470212475 P 0516ec8030ec4a62a6de327166db07d3 [term 2 FOLLOWER]: Starting forced leader election (received explicit request)
I20260710 13:24:07.665208 28084 raft_consensus.cc:3060] T 4324c3b70f234c6bac3044b470212475 P 0516ec8030ec4a62a6de327166db07d3 [term 2 FOLLOWER]: Advancing to term 3
I20260710 13:24:07.669872 28084 raft_consensus.cc:515] T 4324c3b70f234c6bac3044b470212475 P 0516ec8030ec4a62a6de327166db07d3 [term 3 FOLLOWER]: Starting forced leader election with config: opid_index: -1 OBSOLETE_local: false peers { permanent_uuid: "cbfd70cf2738482b9b8c81e76cf27e8f" member_type: VOTER last_known_addr { host: "127.26.161.66" port: 41315 } } peers { permanent_uuid: "78218437a52b4245bbe4820da12039ea" member_type: VOTER last_known_addr { host: "127.26.161.65" port: 43445 } } peers { permanent_uuid: "0516ec8030ec4a62a6de327166db07d3" member_type: VOTER last_known_addr { host: "127.26.161.67" port: 33515 } }
I20260710 13:24:07.671386 28084 leader_election.cc:290] T 4324c3b70f234c6bac3044b470212475 P 0516ec8030ec4a62a6de327166db07d3 [CANDIDATE]: Term 3 election: Requested vote from peers cbfd70cf2738482b9b8c81e76cf27e8f (127.26.161.66:41315), 78218437a52b4245bbe4820da12039ea (127.26.161.65:43445)
I20260710 13:24:07.672304 28010 tablet_service.cc:1917] Received RequestConsensusVote() RPC: tablet_id: "4324c3b70f234c6bac3044b470212475" candidate_uuid: "0516ec8030ec4a62a6de327166db07d3" candidate_term: 3 candidate_status { last_received { term: 2 index: 2 } } ignore_live_leader: true dest_uuid: "cbfd70cf2738482b9b8c81e76cf27e8f"
I20260710 13:24:07.672397 27935 tablet_service.cc:1917] Received RequestConsensusVote() RPC: tablet_id: "4324c3b70f234c6bac3044b470212475" candidate_uuid: "0516ec8030ec4a62a6de327166db07d3" candidate_term: 3 candidate_status { last_received { term: 2 index: 2 } } ignore_live_leader: true dest_uuid: "78218437a52b4245bbe4820da12039ea"
I20260710 13:24:07.672848 28010 raft_consensus.cc:3060] T 4324c3b70f234c6bac3044b470212475 P cbfd70cf2738482b9b8c81e76cf27e8f [term 2 FOLLOWER]: Advancing to term 3
I20260710 13:24:07.673044 27935 raft_consensus.cc:3055] T 4324c3b70f234c6bac3044b470212475 P 78218437a52b4245bbe4820da12039ea [term 2 LEADER]: Stepping down as leader of term 2
I20260710 13:24:07.673405 27935 raft_consensus.cc:740] T 4324c3b70f234c6bac3044b470212475 P 78218437a52b4245bbe4820da12039ea [term 2 LEADER]: Becoming Follower/Learner. State: Replica: 78218437a52b4245bbe4820da12039ea, State: Running, Role: LEADER
I20260710 13:24:07.674111 27935 consensus_queue.cc:260] T 4324c3b70f234c6bac3044b470212475 P 78218437a52b4245bbe4820da12039ea [NON_LEADER]: Queue going to NON_LEADER mode. State: All replicated index: 0, Majority replicated index: 2, Committed index: 2, Last appended: 2.2, Last appended by leader: 2, Current term: 2, Majority size: -1, State: 0, Mode: NON_LEADER, active raft config: opid_index: -1 OBSOLETE_local: false peers { permanent_uuid: "cbfd70cf2738482b9b8c81e76cf27e8f" member_type: VOTER last_known_addr { host: "127.26.161.66" port: 41315 } } peers { permanent_uuid: "78218437a52b4245bbe4820da12039ea" member_type: VOTER last_known_addr { host: "127.26.161.65" port: 43445 } } peers { permanent_uuid: "0516ec8030ec4a62a6de327166db07d3" member_type: VOTER last_known_addr { host: "127.26.161.67" port: 33515 } }
I20260710 13:24:07.674994 27935 raft_consensus.cc:3060] T 4324c3b70f234c6bac3044b470212475 P 78218437a52b4245bbe4820da12039ea [term 2 FOLLOWER]: Advancing to term 3
I20260710 13:24:07.677455 28010 raft_consensus.cc:2468] T 4324c3b70f234c6bac3044b470212475 P cbfd70cf2738482b9b8c81e76cf27e8f [term 3 FOLLOWER]: Leader election vote request: Granting yes vote for candidate 0516ec8030ec4a62a6de327166db07d3 in term 3.
I20260710 13:24:07.678457 28049 leader_election.cc:304] T 4324c3b70f234c6bac3044b470212475 P 0516ec8030ec4a62a6de327166db07d3 [CANDIDATE]: Term 3 election: Election decided. Result: candidate won. Election summary: received 2 responses out of 3 voters: 2 yes votes; 0 no votes. yes voters: 0516ec8030ec4a62a6de327166db07d3, cbfd70cf2738482b9b8c81e76cf27e8f; no voters: 
I20260710 13:24:07.679185 28217 raft_consensus.cc:2804] T 4324c3b70f234c6bac3044b470212475 P 0516ec8030ec4a62a6de327166db07d3 [term 3 FOLLOWER]: Leader election won for term 3
