I20260710 13:24:09.022924 23038 consensus_queue.cc:260] T ff874dc3a6194b8387b27e9c1b4c5d6c P 7deb4f14ca114d0db3e50193a19e6ef7 [NON_LEADER]: Queue going to NON_LEADER mode. State: All replicated index: 0, Majority replicated index: 0, Committed index: 0, Last appended: 0.0, Last appended by leader: 0, Current term: 0, Majority size: -1, State: 0, Mode: NON_LEADER, active raft config: opid_index: -1 OBSOLETE_local: false peers { permanent_uuid: "b97cd1259fe84259bd5dfbd0f0563028" member_type: VOTER last_known_addr { host: "127.21.57.65" port: 39151 } } peers { permanent_uuid: "e5f811357acb438496e97ab199b4d243" member_type: VOTER last_known_addr { host: "127.21.57.66" port: 36121 } } peers { permanent_uuid: "7deb4f14ca114d0db3e50193a19e6ef7" member_type: VOTER last_known_addr { host: "127.21.57.67" port: 34699 } }
I20260710 13:24:09.033908 23038 ts_tablet_manager.cc:1434] T ff874dc3a6194b8387b27e9c1b4c5d6c P 7deb4f14ca114d0db3e50193a19e6ef7: Time spent starting tablet: real 0.014s	user 0.006s	sys 0.000s
I20260710 13:24:09.035295 23038 tablet_bootstrap.cc:492] T 72803b943e3b47e8b8a0771a150e96be P 7deb4f14ca114d0db3e50193a19e6ef7: Bootstrap starting.
I20260710 13:24:09.040815 23038 tablet_bootstrap.cc:654] T 72803b943e3b47e8b8a0771a150e96be P 7deb4f14ca114d0db3e50193a19e6ef7: Neither blocks nor log segments found. Creating new log.
I20260710 13:24:09.047286 23037 tablet_bootstrap.cc:492] T ff874dc3a6194b8387b27e9c1b4c5d6c P b97cd1259fe84259bd5dfbd0f0563028: No bootstrap required, opened a new log
I20260710 13:24:09.047839 23037 ts_tablet_manager.cc:1403] T ff874dc3a6194b8387b27e9c1b4c5d6c P b97cd1259fe84259bd5dfbd0f0563028: Time spent bootstrapping tablet: real 0.022s	user 0.015s	sys 0.002s
I20260710 13:24:09.049212 23038 tablet_bootstrap.cc:492] T 72803b943e3b47e8b8a0771a150e96be P 7deb4f14ca114d0db3e50193a19e6ef7: No bootstrap required, opened a new log
I20260710 13:24:09.049659 23038 ts_tablet_manager.cc:1403] T 72803b943e3b47e8b8a0771a150e96be P 7deb4f14ca114d0db3e50193a19e6ef7: Time spent bootstrapping tablet: real 0.015s	user 0.008s	sys 0.004s
I20260710 13:24:09.050182 23036 tablet_bootstrap.cc:492] T 733aedf689c9412dad435995eaadc849 P e5f811357acb438496e97ab199b4d243: No bootstrap required, opened a new log
I20260710 13:24:09.050107 23037 raft_consensus.cc:359] T ff874dc3a6194b8387b27e9c1b4c5d6c P b97cd1259fe84259bd5dfbd0f0563028 [term 0 FOLLOWER]: Replica starting. Triggering 0 pending ops. Active config: opid_index: -1 OBSOLETE_local: false peers { permanent_uuid: "b97cd1259fe84259bd5dfbd0f0563028" member_type: VOTER last_known_addr { host: "127.21.57.65" port: 39151 } } peers { permanent_uuid: "e5f811357acb438496e97ab199b4d243" member_type: VOTER last_known_addr { host: "127.21.57.66" port: 36121 } } peers { permanent_uuid: "7deb4f14ca114d0db3e50193a19e6ef7" member_type: VOTER last_known_addr { host: "127.21.57.67" port: 34699 } }
I20260710 13:24:09.050623 23036 ts_tablet_manager.cc:1403] T 733aedf689c9412dad435995eaadc849 P e5f811357acb438496e97ab199b4d243: Time spent bootstrapping tablet: real 0.024s	user 0.008s	sys 0.010s
I20260710 13:24:09.050863 23037 raft_consensus.cc:385] T ff874dc3a6194b8387b27e9c1b4c5d6c P b97cd1259fe84259bd5dfbd0f0563028 [term 0 FOLLOWER]: Consensus starting up: Expiring failure detector timer to make a prompt election more likely
I20260710 13:24:09.051131 23037 raft_consensus.cc:740] T ff874dc3a6194b8387b27e9c1b4c5d6c P b97cd1259fe84259bd5dfbd0f0563028 [term 0 FOLLOWER]: Becoming Follower/Learner. State: Replica: b97cd1259fe84259bd5dfbd0f0563028, State: Initialized, Role: FOLLOWER
I20260710 13:24:09.051779 23037 consensus_queue.cc:260] T ff874dc3a6194b8387b27e9c1b4c5d6c P b97cd1259fe84259bd5dfbd0f0563028 [NON_LEADER]: Queue going to NON_LEADER mode. State: All replicated index: 0, Majority replicated index: 0, Committed index: 0, Last appended: 0.0, Last appended by leader: 0, Current term: 0, Majority size: -1, State: 0, Mode: NON_LEADER, active raft config: opid_index: -1 OBSOLETE_local: false peers { permanent_uuid: "b97cd1259fe84259bd5dfbd0f0563028" member_type: VOTER last_known_addr { host: "127.21.57.65" port: 39151 } } peers { permanent_uuid: "e5f811357acb438496e97ab199b4d243" member_type: VOTER last_known_addr { host: "127.21.57.66" port: 36121 } } peers { permanent_uuid: "7deb4f14ca114d0db3e50193a19e6ef7" member_type: VOTER last_known_addr { host: "127.21.57.67" port: 34699 } }
I20260710 13:24:09.052506 23038 raft_consensus.cc:359] T 72803b943e3b47e8b8a0771a150e96be P 7deb4f14ca114d0db3e50193a19e6ef7 [term 0 FOLLOWER]: Replica starting. Triggering 0 pending ops. Active config: opid_index: -1 OBSOLETE_local: false peers { permanent_uuid: "b97cd1259fe84259bd5dfbd0f0563028" member_type: VOTER last_known_addr { host: "127.21.57.65" port: 39151 } } peers { permanent_uuid: "e5f811357acb438496e97ab199b4d243" member_type: VOTER last_known_addr { host: "127.21.57.66" port: 36121 } } peers { permanent_uuid: "7deb4f14ca114d0db3e50193a19e6ef7" member_type: VOTER last_known_addr { host: "127.21.57.67" port: 34699 } }
I20260710 13:24:09.053113 23038 raft_consensus.cc:385] T 72803b943e3b47e8b8a0771a150e96be P 7deb4f14ca114d0db3e50193a19e6ef7 [term 0 FOLLOWER]: Consensus starting up: Expiring failure detector timer to make a prompt election more likely
I20260710 13:24:09.053459 23038 raft_consensus.cc:740] T 72803b943e3b47e8b8a0771a150e96be P 7deb4f14ca114d0db3e50193a19e6ef7 [term 0 FOLLOWER]: Becoming Follower/Learner. State: Replica: 7deb4f14ca114d0db3e50193a19e6ef7, State: Initialized, Role: FOLLOWER
I20260710 13:24:09.053205 23036 raft_consensus.cc:359] T 733aedf689c9412dad435995eaadc849 P e5f811357acb438496e97ab199b4d243 [term 0 FOLLOWER]: Replica starting. Triggering 0 pending ops. Active config: opid_index: -1 OBSOLETE_local: false peers { permanent_uuid: "b97cd1259fe84259bd5dfbd0f0563028" member_type: VOTER last_known_addr { host: "127.21.57.65" port: 39151 } } peers { permanent_uuid: "e5f811357acb438496e97ab199b4d243" member_type: VOTER last_known_addr { host: "127.21.57.66" port: 36121 } } peers { permanent_uuid: "7deb4f14ca114d0db3e50193a19e6ef7" member_type: VOTER last_known_addr { host: "127.21.57.67" port: 34699 } }
I20260710 13:24:09.053552 23037 ts_tablet_manager.cc:1434] T ff874dc3a6194b8387b27e9c1b4c5d6c P b97cd1259fe84259bd5dfbd0f0563028: Time spent starting tablet: real 0.005s	user 0.002s	sys 0.001s
I20260710 13:24:09.053874 23036 raft_consensus.cc:385] T 733aedf689c9412dad435995eaadc849 P e5f811357acb438496e97ab199b4d243 [term 0 FOLLOWER]: Consensus starting up: Expiring failure detector timer to make a prompt election more likely
I20260710 13:24:09.054078 23036 raft_consensus.cc:740] T 733aedf689c9412dad435995eaadc849 P e5f811357acb438496e97ab199b4d243 [term 0 FOLLOWER]: Becoming Follower/Learner. State: Replica: e5f811357acb438496e97ab199b4d243, State: Initialized, Role: FOLLOWER
I20260710 13:24:09.054205 23038 consensus_queue.cc:260] T 72803b943e3b47e8b8a0771a150e96be P 7deb4f14ca114d0db3e50193a19e6ef7 [NON_LEADER]: Queue going to NON_LEADER mode. State: All replicated index: 0, Majority replicated index: 0, Committed index: 0, Last appended: 0.0, Last appended by leader: 0, Current term: 0, Majority size: -1, State: 0, Mode: NON_LEADER, active raft config: opid_index: -1 OBSOLETE_local: false peers { permanent_uuid: "b97cd1259fe84259bd5dfbd0f0563028" member_type: VOTER last_known_addr { host: "127.21.57.65" port: 39151 } } peers { permanent_uuid: "e5f811357acb438496e97ab199b4d243" member_type: VOTER last_known_addr { host: "127.21.57.66" port: 36121 } } peers { permanent_uuid: "7deb4f14ca114d0db3e50193a19e6ef7" member_type: VOTER last_known_addr { host: "127.21.57.67" port: 34699 } }
I20260710 13:24:09.054775 23036 consensus_queue.cc:260] T 733aedf689c9412dad435995eaadc849 P e5f811357acb438496e97ab199b4d243 [NON_LEADER]: Queue going to NON_LEADER mode. State: All replicated index: 0, Majority replicated index: 0, Committed index: 0, Last appended: 0.0, Last appended by leader: 0, Current term: 0, Majority size: -1, State: 0, Mode: NON_LEADER, active raft config: opid_index: -1 OBSOLETE_local: false peers { permanent_uuid: "b97cd1259fe84259bd5dfbd0f0563028" member_type: VOTER last_known_addr { host: "127.21.57.65" port: 39151 } } peers { permanent_uuid: "e5f811357acb438496e97ab199b4d243" member_type: VOTER last_known_addr { host: "127.21.57.66" port: 36121 } } peers { permanent_uuid: "7deb4f14ca114d0db3e50193a19e6ef7" member_type: VOTER last_known_addr { host: "127.21.57.67" port: 34699 } }
I20260710 13:24:09.054774 23037 tablet_bootstrap.cc:492] T d96831c83b23459f9646f38a009349fc P b97cd1259fe84259bd5dfbd0f0563028: Bootstrap starting.
I20260710 13:24:09.056202 23038 ts_tablet_manager.cc:1434] T 72803b943e3b47e8b8a0771a150e96be P 7deb4f14ca114d0db3e50193a19e6ef7: Time spent starting tablet: real 0.006s	user 0.000s	sys 0.005s
I20260710 13:24:09.057196 23038 tablet_bootstrap.cc:492] T d72f05dc1ad64264b9cabb7b01abb700 P 7deb4f14ca114d0db3e50193a19e6ef7: Bootstrap starting.
I20260710 13:24:09.058871 23041 raft_consensus.cc:493] T 1518a6538ce149719b1be3ddc0ab50df P b97cd1259fe84259bd5dfbd0f0563028 [term 0 FOLLOWER]: Starting pre-election (no leader contacted us within the election timeout)
I20260710 13:24:09.059232 23036 ts_tablet_manager.cc:1434] T 733aedf689c9412dad435995eaadc849 P e5f811357acb438496e97ab199b4d243: Time spent starting tablet: real 0.008s	user 0.005s	sys 0.000s
I20260710 13:24:09.059301 23041 raft_consensus.cc:515] T 1518a6538ce149719b1be3ddc0ab50df P b97cd1259fe84259bd5dfbd0f0563028 [term 0 FOLLOWER]: Starting pre-election with config: opid_index: -1 OBSOLETE_local: false peers { permanent_uuid: "b97cd1259fe84259bd5dfbd0f0563028" member_type: VOTER last_known_addr { host: "127.21.57.65" port: 39151 } } peers { permanent_uuid: "e5f811357acb438496e97ab199b4d243" member_type: VOTER last_known_addr { host: "127.21.57.66" port: 36121 } } peers { permanent_uuid: "7deb4f14ca114d0db3e50193a19e6ef7" member_type: VOTER last_known_addr { host: "127.21.57.67" port: 34699 } }
I20260710 13:24:09.060149 23036 tablet_bootstrap.cc:492] T 72803b943e3b47e8b8a0771a150e96be P e5f811357acb438496e97ab199b4d243: Bootstrap starting.
I20260710 13:24:09.061364 23041 leader_election.cc:290] T 1518a6538ce149719b1be3ddc0ab50df P b97cd1259fe84259bd5dfbd0f0563028 [CANDIDATE]: Term 1 pre-election: Requested pre-vote from peers e5f811357acb438496e97ab199b4d243 (127.21.57.66:36121), 7deb4f14ca114d0db3e50193a19e6ef7 (127.21.57.67:34699)
I20260710 13:24:09.062423 23038 tablet_bootstrap.cc:654] T d72f05dc1ad64264b9cabb7b01abb700 P 7deb4f14ca114d0db3e50193a19e6ef7: Neither blocks nor log segments found. Creating new log.
I20260710 13:24:09.063058 22920 tablet_service.cc:1917] Received RequestConsensusVote() RPC: tablet_id: "1518a6538ce149719b1be3ddc0ab50df" candidate_uuid: "b97cd1259fe84259bd5dfbd0f0563028" candidate_term: 1 candidate_status { last_received { term: 0 index: 0 } } ignore_live_leader: false dest_uuid: "e5f811357acb438496e97ab199b4d243" is_pre_election: true
I20260710 13:24:09.063624 22920 raft_consensus.cc:2468] T 1518a6538ce149719b1be3ddc0ab50df P e5f811357acb438496e97ab199b4d243 [term 0 FOLLOWER]: Leader pre-election vote request: Granting yes vote for candidate b97cd1259fe84259bd5dfbd0f0563028 in term 0.
I20260710 13:24:09.065161 22996 tablet_service.cc:1917] Received RequestConsensusVote() RPC: tablet_id: "1518a6538ce149719b1be3ddc0ab50df" candidate_uuid: "b97cd1259fe84259bd5dfbd0f0563028" candidate_term: 1 candidate_status { last_received { term: 0 index: 0 } } ignore_live_leader: false dest_uuid: "7deb4f14ca114d0db3e50193a19e6ef7" is_pre_election: true
I20260710 13:24:09.065510 23037 tablet_bootstrap.cc:654] T d96831c83b23459f9646f38a009349fc P b97cd1259fe84259bd5dfbd0f0563028: Neither blocks nor log segments found. Creating new log.
I20260710 13:24:09.066143 23036 tablet_bootstrap.cc:654] T 72803b943e3b47e8b8a0771a150e96be P e5f811357acb438496e97ab199b4d243: Neither blocks nor log segments found. Creating new log.
W20260710 13:24:09.066452 22813 leader_election.cc:343] T 1518a6538ce149719b1be3ddc0ab50df P b97cd1259fe84259bd5dfbd0f0563028 [CANDIDATE]: Term 1 pre-election: Tablet error from VoteRequest() call to peer 7deb4f14ca114d0db3e50193a19e6ef7 (127.21.57.67:34699): Illegal state: must be running to vote when last-logged opid is not known
I20260710 13:24:09.066946 22810 leader_election.cc:304] T 1518a6538ce149719b1be3ddc0ab50df P b97cd1259fe84259bd5dfbd0f0563028 [CANDIDATE]: Term 1 pre-election: Election decided. Result: candidate won. Election summary: received 3 responses out of 3 voters: 2 yes votes; 1 no votes. yes voters: b97cd1259fe84259bd5dfbd0f0563028, e5f811357acb438496e97ab199b4d243; no voters: 7deb4f14ca114d0db3e50193a19e6ef7
I20260710 13:24:09.073549 23036 tablet_bootstrap.cc:492] T 72803b943e3b47e8b8a0771a150e96be P e5f811357acb438496e97ab199b4d243: No bootstrap required, opened a new log
I20260710 13:24:09.073993 23036 ts_tablet_manager.cc:1403] T 72803b943e3b47e8b8a0771a150e96be P e5f811357acb438496e97ab199b4d243: Time spent bootstrapping tablet: real 0.014s	user 0.009s	sys 0.003s
I20260710 13:24:09.074617 23080 raft_consensus.cc:493] T 10c85f10ed3e45d9b9031756f277bf72 P 7deb4f14ca114d0db3e50193a19e6ef7 [term 0 FOLLOWER]: Starting pre-election (no leader contacted us within the election timeout)
I20260710 13:24:09.075038 23080 raft_consensus.cc:515] T 10c85f10ed3e45d9b9031756f277bf72 P 7deb4f14ca114d0db3e50193a19e6ef7 [term 0 FOLLOWER]: Starting pre-election with config: opid_index: -1 OBSOLETE_local: false peers { permanent_uuid: "b97cd1259fe84259bd5dfbd0f0563028" member_type: VOTER last_known_addr { host: "127.21.57.65" port: 39151 } } peers { permanent_uuid: "e5f811357acb438496e97ab199b4d243" member_type: VOTER last_known_addr { host: "127.21.57.66" port: 36121 } } peers { permanent_uuid: "7deb4f14ca114d0db3e50193a19e6ef7" member_type: VOTER last_known_addr { host: "127.21.57.67" port: 34699 } }
I20260710 13:24:09.076422 23036 raft_consensus.cc:359] T 72803b943e3b47e8b8a0771a150e96be P e5f811357acb438496e97ab199b4d243 [term 0 FOLLOWER]: Replica starting. Triggering 0 pending ops. Active config: opid_index: -1 OBSOLETE_local: false peers { permanent_uuid: "b97cd1259fe84259bd5dfbd0f0563028" member_type: VOTER last_known_addr { host: "127.21.57.65" port: 39151 } } peers { permanent_uuid: "e5f811357acb438496e97ab199b4d243" member_type: VOTER last_known_addr { host: "127.21.57.66" port: 36121 } } peers { permanent_uuid: "7deb4f14ca114d0db3e50193a19e6ef7" member_type: VOTER last_known_addr { host: "127.21.57.67" port: 34699 } }
I20260710 13:24:09.077001 23036 raft_consensus.cc:385] T 72803b943e3b47e8b8a0771a150e96be P e5f811357acb438496e97ab199b4d243 [term 0 FOLLOWER]: Consensus starting up: Expiring failure detector timer to make a prompt election more likely
I20260710 13:24:09.077198 23037 tablet_bootstrap.cc:492] T d96831c83b23459f9646f38a009349fc P b97cd1259fe84259bd5dfbd0f0563028: No bootstrap required, opened a new log
I20260710 13:24:09.077818 23036 raft_consensus.cc:740] T 72803b943e3b47e8b8a0771a150e96be P e5f811357acb438496e97ab199b4d243 [term 0 FOLLOWER]: Becoming Follower/Learner. State: Replica: e5f811357acb438496e97ab199b4d243, State: Initialized, Role: FOLLOWER
I20260710 13:24:09.078095 23037 ts_tablet_manager.cc:1403] T d96831c83b23459f9646f38a009349fc P b97cd1259fe84259bd5dfbd0f0563028: Time spent bootstrapping tablet: real 0.024s	user 0.012s	sys 0.004s
I20260710 13:24:09.078431 22847 tablet_service.cc:1917] Received RequestConsensusVote() RPC: tablet_id: "10c85f10ed3e45d9b9031756f277bf72" candidate_uuid: "7deb4f14ca114d0db3e50193a19e6ef7" candidate_term: 1 candidate_status { last_received { term: 0 index: 0 } } ignore_live_leader: false dest_uuid: "b97cd1259fe84259bd5dfbd0f0563028" is_pre_election: true
I20260710 13:24:09.078557 23036 consensus_queue.cc:260] T 72803b943e3b47e8b8a0771a150e96be P e5f811357acb438496e97ab199b4d243 [NON_LEADER]: Queue going to NON_LEADER mode. State: All replicated index: 0, Majority replicated index: 0, Committed index: 0, Last appended: 0.0, Last appended by leader: 0, Current term: 0, Majority size: -1, State: 0, Mode: NON_LEADER, active raft config: opid_index: -1 OBSOLETE_local: false peers { permanent_uuid: "b97cd1259fe84259bd5dfbd0f0563028" member_type: VOTER last_known_addr { host: "127.21.57.65" port: 39151 } } peers { permanent_uuid: "e5f811357acb438496e97ab199b4d243" member_type: VOTER last_known_addr { host: "127.21.57.66" port: 36121 } } peers { permanent_uuid: "7deb4f14ca114d0db3e50193a19e6ef7" member_type: VOTER last_known_addr { host: "127.21.57.67" port: 34699 } }
I20260710 13:24:09.079010 22847 raft_consensus.cc:2468] T 10c85f10ed3e45d9b9031756f277bf72 P b97cd1259fe84259bd5dfbd0f0563028 [term 0 FOLLOWER]: Leader pre-election vote request: Granting yes vote for candidate 7deb4f14ca114d0db3e50193a19e6ef7 in term 0.
I20260710 13:24:09.079981 22920 tablet_service.cc:1917] Received RequestConsensusVote() RPC: tablet_id: "10c85f10ed3e45d9b9031756f277bf72" candidate_uuid: "7deb4f14ca114d0db3e50193a19e6ef7" candidate_term: 1 candidate_status { last_received { term: 0 index: 0 } } ignore_live_leader: false dest_uuid: "e5f811357acb438496e97ab199b4d243" is_pre_election: true
I20260710 13:24:09.080104 22960 leader_election.cc:304] T 10c85f10ed3e45d9b9031756f277bf72 P 7deb4f14ca114d0db3e50193a19e6ef7 [CANDIDATE]: Term 1 pre-election: Election decided. Result: candidate won. Election summary: received 2 responses out of 3 voters: 2 yes votes; 0 no votes. yes voters: 7deb4f14ca114d0db3e50193a19e6ef7, b97cd1259fe84259bd5dfbd0f0563028; no voters: 
I20260710 13:24:09.080659 23036 ts_tablet_manager.cc:1434] T 72803b943e3b47e8b8a0771a150e96be P e5f811357acb438496e97ab199b4d243: Time spent starting tablet: real 0.006s	user 0.006s	sys 0.001s
I20260710 13:24:09.080420 23037 raft_consensus.cc:359] T d96831c83b23459f9646f38a009349fc P b97cd1259fe84259bd5dfbd0f0563028 [term 0 FOLLOWER]: Replica starting. Triggering 0 pending ops. Active config: opid_index: -1 OBSOLETE_local: false peers { permanent_uuid: "b97cd1259fe84259bd5dfbd0f0563028" member_type: VOTER last_known_addr { host: "127.21.57.65" port: 39151 } } peers { permanent_uuid: "e5f811357acb438496e97ab199b4d243" member_type: VOTER last_known_addr { host: "127.21.57.66" port: 36121 } } peers { permanent_uuid: "7deb4f14ca114d0db3e50193a19e6ef7" member_type: VOTER last_known_addr { host: "127.21.57.67" port: 34699 } }
I20260710 13:24:09.080607 22920 raft_consensus.cc:2468] T 10c85f10ed3e45d9b9031756f277bf72 P e5f811357acb438496e97ab199b4d243 [term 0 FOLLOWER]: Leader pre-election vote request: Granting yes vote for candidate 7deb4f14ca114d0db3e50193a19e6ef7 in term 0.
I20260710 13:24:09.080981 23078 raft_consensus.cc:2804] T 10c85f10ed3e45d9b9031756f277bf72 P 7deb4f14ca114d0db3e50193a19e6ef7 [term 0 FOLLOWER]: Leader pre-election won for term 1
I20260710 13:24:09.081139 23037 raft_consensus.cc:385] T d96831c83b23459f9646f38a009349fc P b97cd1259fe84259bd5dfbd0f0563028 [term 0 FOLLOWER]: Consensus starting up: Expiring failure detector timer to make a prompt election more likely
I20260710 13:24:09.081358 23037 raft_consensus.cc:740] T d96831c83b23459f9646f38a009349fc P b97cd1259fe84259bd5dfbd0f0563028 [term 0 FOLLOWER]: Becoming Follower/Learner. State: Replica: b97cd1259fe84259bd5dfbd0f0563028, State: Initialized, Role: FOLLOWER
I20260710 13:24:09.081343 23078 raft_consensus.cc:493] T 10c85f10ed3e45d9b9031756f277bf72 P 7deb4f14ca114d0db3e50193a19e6ef7 [term 0 FOLLOWER]: Starting leader election (no leader contacted us within the election timeout)
I20260710 13:24:09.081816 23078 raft_consensus.cc:3060] T 10c85f10ed3e45d9b9031756f277bf72 P 7deb4f14ca114d0db3e50193a19e6ef7 [term 0 FOLLOWER]: Advancing to term 1
I20260710 13:24:09.081980 23037 consensus_queue.cc:260] T d96831c83b23459f9646f38a009349fc P b97cd1259fe84259bd5dfbd0f0563028 [NON_LEADER]: Queue going to NON_LEADER mode. State: All replicated index: 0, Majority replicated index: 0, Committed index: 0, Last appended: 0.0, Last appended by leader: 0, Current term: 0, Majority size: -1, State: 0, Mode: NON_LEADER, active raft config: opid_index: -1 OBSOLETE_local: false peers { permanent_uuid: "b97cd1259fe84259bd5dfbd0f0563028" member_type: VOTER last_known_addr { host: "127.21.57.65" port: 39151 } } peers { permanent_uuid: "e5f811357acb438496e97ab199b4d243" member_type: VOTER last_known_addr { host: "127.21.57.66" port: 36121 } } peers { permanent_uuid: "7deb4f14ca114d0db3e50193a19e6ef7" member_type: VOTER last_known_addr { host: "127.21.57.67" port: 34699 } }
I20260710 13:24:09.076951 23080 leader_election.cc:290] T 10c85f10ed3e45d9b9031756f277bf72 P 7deb4f14ca114d0db3e50193a19e6ef7 [CANDIDATE]: Term 1 pre-election: Requested pre-vote from peers b97cd1259fe84259bd5dfbd0f0563028 (127.21.57.65:39151), e5f811357acb438496e97ab199b4d243 (127.21.57.66:36121)
I20260710 13:24:09.082808 23075 raft_consensus.cc:2804] T 1518a6538ce149719b1be3ddc0ab50df P b97cd1259fe84259bd5dfbd0f0563028 [term 0 FOLLOWER]: Leader pre-election won for term 1
I20260710 13:24:09.083149 23075 raft_consensus.cc:493] T 1518a6538ce149719b1be3ddc0ab50df P b97cd1259fe84259bd5dfbd0f0563028 [term 0 FOLLOWER]: Starting leader election (no leader contacted us within the election timeout)
I20260710 13:24:09.083487 23075 raft_consensus.cc:3060] T 1518a6538ce149719b1be3ddc0ab50df P b97cd1259fe84259bd5dfbd0f0563028 [term 0 FOLLOWER]: Advancing to term 1
I20260710 13:24:09.089242 23078 raft_consensus.cc:515] T 10c85f10ed3e45d9b9031756f277bf72 P 7deb4f14ca114d0db3e50193a19e6ef7 [term 1 FOLLOWER]: Starting leader election with config: opid_index: -1 OBSOLETE_local: false peers { permanent_uuid: "b97cd1259fe84259bd5dfbd0f0563028" member_type: VOTER last_known_addr { host: "127.21.57.65" port: 39151 } } peers { permanent_uuid: "e5f811357acb438496e97ab199b4d243" member_type: VOTER last_known_addr { host: "127.21.57.66" port: 36121 } } peers { permanent_uuid: "7deb4f14ca114d0db3e50193a19e6ef7" member_type: VOTER last_known_addr { host: "127.21.57.67" port: 34699 } }
I20260710 13:24:09.089754 23075 raft_consensus.cc:515] T 1518a6538ce149719b1be3ddc0ab50df P b97cd1259fe84259bd5dfbd0f0563028 [term 1 FOLLOWER]: Starting leader election with config: opid_index: -1 OBSOLETE_local: false peers { permanent_uuid: "b97cd1259fe84259bd5dfbd0f0563028" member_type: VOTER last_known_addr { host: "127.21.57.65" port: 39151 } } peers { permanent_uuid: "e5f811357acb438496e97ab199b4d243" member_type: VOTER last_known_addr { host: "127.21.57.66" port: 36121 } } peers { permanent_uuid: "7deb4f14ca114d0db3e50193a19e6ef7" member_type: VOTER last_known_addr { host: "127.21.57.67" port: 34699 } }
I20260710 13:24:09.092109 23038 tablet_bootstrap.cc:492] T d72f05dc1ad64264b9cabb7b01abb700 P 7deb4f14ca114d0db3e50193a19e6ef7: No bootstrap required, opened a new log
I20260710 13:24:09.091996 22847 tablet_service.cc:1917] Received RequestConsensusVote() RPC: tablet_id: "10c85f10ed3e45d9b9031756f277bf72" candidate_uuid: "7deb4f14ca114d0db3e50193a19e6ef7" candidate_term: 1 candidate_status { last_received { term: 0 index: 0 } } ignore_live_leader: false dest_uuid: "b97cd1259fe84259bd5dfbd0f0563028"
I20260710 13:24:09.092496 22847 raft_consensus.cc:3060] T 10c85f10ed3e45d9b9031756f277bf72 P b97cd1259fe84259bd5dfbd0f0563028 [term 0 FOLLOWER]: Advancing to term 1
I20260710 13:24:09.093730 23075 leader_election.cc:290] T 1518a6538ce149719b1be3ddc0ab50df P b97cd1259fe84259bd5dfbd0f0563028 [CANDIDATE]: Term 1 election: Requested vote from peers e5f811357acb438496e97ab199b4d243 (127.21.57.66:36121), 7deb4f14ca114d0db3e50193a19e6ef7 (127.21.57.67:34699)
I20260710 13:24:09.095348 23037 ts_tablet_manager.cc:1434] T d96831c83b23459f9646f38a009349fc P b97cd1259fe84259bd5dfbd0f0563028: Time spent starting tablet: real 0.017s	user 0.005s	sys 0.000s
I20260710 13:24:09.095499 23078 leader_election.cc:290] T 10c85f10ed3e45d9b9031756f277bf72 P 7deb4f14ca114d0db3e50193a19e6ef7 [CANDIDATE]: Term 1 election: Requested vote from peers b97cd1259fe84259bd5dfbd0f0563028 (127.21.57.65:39151), e5f811357acb438496e97ab199b4d243 (127.21.57.66:36121)
I20260710 13:24:09.096195 23037 tablet_bootstrap.cc:492] T 9baad8442a1c4a3f8989b218ade76870 P b97cd1259fe84259bd5dfbd0f0563028: Bootstrap starting.
I20260710 13:24:09.096428 22922 tablet_service.cc:1917] Received RequestConsensusVote() RPC: tablet_id: "10c85f10ed3e45d9b9031756f277bf72" candidate_uuid: "7deb4f14ca114d0db3e50193a19e6ef7" candidate_term: 1 candidate_status { last_received { term: 0 index: 0 } } ignore_live_leader: false dest_uuid: "e5f811357acb438496e97ab199b4d243"
I20260710 13:24:09.096952 22922 raft_consensus.cc:3060] T 10c85f10ed3e45d9b9031756f277bf72 P e5f811357acb438496e97ab199b4d243 [term 0 FOLLOWER]: Advancing to term 1
I20260710 13:24:09.099748 22996 tablet_service.cc:1917] Received RequestConsensusVote() RPC: tablet_id: "1518a6538ce149719b1be3ddc0ab50df" candidate_uuid: "b97cd1259fe84259bd5dfbd0f0563028" candidate_term: 1 candidate_status { last_received { term: 0 index: 0 } } ignore_live_leader: false dest_uuid: "7deb4f14ca114d0db3e50193a19e6ef7"
I20260710 13:24:09.101836 23037 tablet_bootstrap.cc:654] T 9baad8442a1c4a3f8989b218ade76870 P b97cd1259fe84259bd5dfbd0f0563028: Neither blocks nor log segments found. Creating new log.
I20260710 13:24:09.102703 22920 tablet_service.cc:1917] Received RequestConsensusVote() RPC: tablet_id: "1518a6538ce149719b1be3ddc0ab50df" candidate_uuid: "b97cd1259fe84259bd5dfbd0f0563028" candidate_term: 1 candidate_status { last_received { term: 0 index: 0 } } ignore_live_leader: false dest_uuid: "e5f811357acb438496e97ab199b4d243"
I20260710 13:24:09.103229 22920 raft_consensus.cc:3060] T 1518a6538ce149719b1be3ddc0ab50df P e5f811357acb438496e97ab199b4d243 [term 0 FOLLOWER]: Advancing to term 1
I20260710 13:24:09.104064 22922 raft_consensus.cc:2468] T 10c85f10ed3e45d9b9031756f277bf72 P e5f811357acb438496e97ab199b4d243 [term 1 FOLLOWER]: Leader election vote request: Granting yes vote for candidate 7deb4f14ca114d0db3e50193a19e6ef7 in term 1.
W20260710 13:24:09.105041 22813 leader_election.cc:343] T 1518a6538ce149719b1be3ddc0ab50df P b97cd1259fe84259bd5dfbd0f0563028 [CANDIDATE]: Term 1 election: Tablet error from VoteRequest() call to peer 7deb4f14ca114d0db3e50193a19e6ef7 (127.21.57.67:34699): Illegal state: must be running to vote when last-logged opid is not known
I20260710 13:24:09.105392 22959 leader_election.cc:304] T 10c85f10ed3e45d9b9031756f277bf72 P 7deb4f14ca114d0db3e50193a19e6ef7 [CANDIDATE]: Term 1 election: Election decided. Result: candidate won. Election summary: received 2 responses out of 3 voters: 2 yes votes; 0 no votes. yes voters: 7deb4f14ca114d0db3e50193a19e6ef7, e5f811357acb438496e97ab199b4d243; no voters: 
I20260710 13:24:09.106156 23080 raft_consensus.cc:493] T d96831c83b23459f9646f38a009349fc P 7deb4f14ca114d0db3e50193a19e6ef7 [term 0 FOLLOWER]: Starting pre-election (no leader contacted us within the election timeout)
I20260710 13:24:09.106585 23080 raft_consensus.cc:515] T d96831c83b23459f9646f38a009349fc P 7deb4f14ca114d0db3e50193a19e6ef7 [term 0 FOLLOWER]: Starting pre-election with config: opid_index: -1 OBSOLETE_local: false peers { permanent_uuid: "b97cd1259fe84259bd5dfbd0f0563028" member_type: VOTER last_known_addr { host: "127.21.57.65" port: 39151 } } peers { permanent_uuid: "e5f811357acb438496e97ab199b4d243" member_type: VOTER last_known_addr { host: "127.21.57.66" port: 36121 } } peers { permanent_uuid: "7deb4f14ca114d0db3e50193a19e6ef7" member_type: VOTER last_known_addr { host: "127.21.57.67" port: 34699 } }
I20260710 13:24:09.108459 23080 leader_election.cc:290] T d96831c83b23459f9646f38a009349fc P 7deb4f14ca114d0db3e50193a19e6ef7 [CANDIDATE]: Term 1 pre-election: Requested pre-vote from peers b97cd1259fe84259bd5dfbd0f0563028 (127.21.57.65:39151), e5f811357acb438496e97ab199b4d243 (127.21.57.66:36121)
I20260710 13:24:09.108901 23080 raft_consensus.cc:2804] T 10c85f10ed3e45d9b9031756f277bf72 P 7deb4f14ca114d0db3e50193a19e6ef7 [term 1 FOLLOWER]: Leader election won for term 1
I20260710 13:24:09.110110 22920 raft_consensus.cc:2468] T 1518a6538ce149719b1be3ddc0ab50df P e5f811357acb438496e97ab199b4d243 [term 1 FOLLOWER]: Leader election vote request: Granting yes vote for candidate b97cd1259fe84259bd5dfbd0f0563028 in term 1.
I20260710 13:24:09.110531 22846 tablet_service.cc:1917] Received RequestConsensusVote() RPC: tablet_id: "d96831c83b23459f9646f38a009349fc" candidate_uuid: "7deb4f14ca114d0db3e50193a19e6ef7" candidate_term: 1 candidate_status { last_received { term: 0 index: 0 } } ignore_live_leader: false dest_uuid: "b97cd1259fe84259bd5dfbd0f0563028" is_pre_election: true
I20260710 13:24:09.111086 22846 raft_consensus.cc:2468] T d96831c83b23459f9646f38a009349fc P b97cd1259fe84259bd5dfbd0f0563028 [term 0 FOLLOWER]: Leader pre-election vote request: Granting yes vote for candidate 7deb4f14ca114d0db3e50193a19e6ef7 in term 0.
I20260710 13:24:09.111207 22810 leader_election.cc:304] T 1518a6538ce149719b1be3ddc0ab50df P b97cd1259fe84259bd5dfbd0f0563028 [CANDIDATE]: Term 1 election: Election decided. Result: candidate won. Election summary: received 3 responses out of 3 voters: 2 yes votes; 1 no votes. yes voters: b97cd1259fe84259bd5dfbd0f0563028, e5f811357acb438496e97ab199b4d243; no voters: 7deb4f14ca114d0db3e50193a19e6ef7
I20260710 13:24:09.112190 23075 raft_consensus.cc:2804] T 1518a6538ce149719b1be3ddc0ab50df P b97cd1259fe84259bd5dfbd0f0563028 [term 1 FOLLOWER]: Leader election won for term 1
I20260710 13:24:09.112430 22921 tablet_service.cc:1917] Received RequestConsensusVote() RPC: tablet_id: "d96831c83b23459f9646f38a009349fc" candidate_uuid: "7deb4f14ca114d0db3e50193a19e6ef7" candidate_term: 1 candidate_status { last_received { term: 0 index: 0 } } ignore_live_leader: false dest_uuid: "e5f811357acb438496e97ab199b4d243" is_pre_election: true
I20260710 13:24:09.112632 23075 raft_consensus.cc:697] T 1518a6538ce149719b1be3ddc0ab50df P b97cd1259fe84259bd5dfbd0f0563028 [term 1 LEADER]: Becoming Leader. State: Replica: b97cd1259fe84259bd5dfbd0f0563028, State: Running, Role: LEADER
I20260710 13:24:09.113390 23075 consensus_queue.cc:237] T 1518a6538ce149719b1be3ddc0ab50df P b97cd1259fe84259bd5dfbd0f0563028 [LEADER]: Queue going to LEADER mode. State: All replicated index: 0, Majority replicated index: 0, Committed index: 0, Last appended: 0.0, Last appended by leader: 0, Current term: 1, Majority size: 2, State: 0, Mode: LEADER, active raft config: opid_index: -1 OBSOLETE_local: false peers { permanent_uuid: "b97cd1259fe84259bd5dfbd0f0563028" member_type: VOTER last_known_addr { host: "127.21.57.65" port: 39151 } } peers { permanent_uuid: "e5f811357acb438496e97ab199b4d243" member_type: VOTER last_known_addr { host: "127.21.57.66" port: 36121 } } peers { permanent_uuid: "7deb4f14ca114d0db3e50193a19e6ef7" member_type: VOTER last_known_addr { host: "127.21.57.67" port: 34699 } }
I20260710 13:24:09.092509 23038 ts_tablet_manager.cc:1403] T d72f05dc1ad64264b9cabb7b01abb700 P 7deb4f14ca114d0db3e50193a19e6ef7: Time spent bootstrapping tablet: real 0.035s	user 0.012s	sys 0.002s
W20260710 13:24:09.113759 22959 leader_election.cc:343] T d96831c83b23459f9646f38a009349fc P 7deb4f14ca114d0db3e50193a19e6ef7 [CANDIDATE]: Term 1 pre-election: Tablet error from VoteRequest() call to peer e5f811357acb438496e97ab199b4d243 (127.21.57.66:36121): Illegal state: must be running to vote when last-logged opid is not known
I20260710 13:24:09.114135 23080 raft_consensus.cc:697] T 10c85f10ed3e45d9b9031756f277bf72 P 7deb4f14ca114d0db3e50193a19e6ef7 [term 1 LEADER]: Becoming Leader. State: Replica: 7deb4f14ca114d0db3e50193a19e6ef7, State: Running, Role: LEADER
I20260710 13:24:09.114939 23080 consensus_queue.cc:237] T 10c85f10ed3e45d9b9031756f277bf72 P 7deb4f14ca114d0db3e50193a19e6ef7 [LEADER]: Queue going to LEADER mode. State: All replicated index: 0, Majority replicated index: 0, Committed index: 0, Last appended: 0.0, Last appended by leader: 0, Current term: 1, Majority size: 2, State: 0, Mode: LEADER, active raft config: opid_index: -1 OBSOLETE_local: false peers { permanent_uuid: "b97cd1259fe84259bd5dfbd0f0563028" member_type: VOTER last_known_addr { host: "127.21.57.65" port: 39151 } } peers { permanent_uuid: "e5f811357acb438496e97ab199b4d243" member_type: VOTER last_known_addr { host: "127.21.57.66" port: 36121 } } peers { permanent_uuid: "7deb4f14ca114d0db3e50193a19e6ef7" member_type: VOTER last_known_addr { host: "127.21.57.67" port: 34699 } }
I20260710 13:24:09.116842 23038 raft_consensus.cc:359] T d72f05dc1ad64264b9cabb7b01abb700 P 7deb4f14ca114d0db3e50193a19e6ef7 [term 0 FOLLOWER]: Replica starting. Triggering 0 pending ops. Active config: opid_index: -1 OBSOLETE_local: false peers { permanent_uuid: "b97cd1259fe84259bd5dfbd0f0563028" member_type: VOTER last_known_addr { host: "127.21.57.65" port: 39151 } } peers { permanent_uuid: "e5f811357acb438496e97ab199b4d243" member_type: VOTER last_known_addr { host: "127.21.57.66" port: 36121 } } peers { permanent_uuid: "7deb4f14ca114d0db3e50193a19e6ef7" member_type: VOTER last_known_addr { host: "127.21.57.67" port: 34699 } }
I20260710 13:24:09.117537 23038 raft_consensus.cc:385] T d72f05dc1ad64264b9cabb7b01abb700 P 7deb4f14ca114d0db3e50193a19e6ef7 [term 0 FOLLOWER]: Consensus starting up: Expiring failure detector timer to make a prompt election more likely
I20260710 13:24:09.117803 23038 raft_consensus.cc:740] T d72f05dc1ad64264b9cabb7b01abb700 P 7deb4f14ca114d0db3e50193a19e6ef7 [term 0 FOLLOWER]: Becoming Follower/Learner. State: Replica: 7deb4f14ca114d0db3e50193a19e6ef7, State: Initialized, Role: FOLLOWER
I20260710 13:24:09.118459 23038 consensus_queue.cc:260] T d72f05dc1ad64264b9cabb7b01abb700 P 7deb4f14ca114d0db3e50193a19e6ef7 [NON_LEADER]: Queue going to NON_LEADER mode. State: All replicated index: 0, Majority replicated index: 0, Committed index: 0, Last appended: 0.0, Last appended by leader: 0, Current term: 0, Majority size: -1, State: 0, Mode: NON_LEADER, active raft config: opid_index: -1 OBSOLETE_local: false peers { permanent_uuid: "b97cd1259fe84259bd5dfbd0f0563028" member_type: VOTER last_known_addr { host: "127.21.57.65" port: 39151 } } peers { permanent_uuid: "e5f811357acb438496e97ab199b4d243" member_type: VOTER last_known_addr { host: "127.21.57.66" port: 36121 } } peers { permanent_uuid: "7deb4f14ca114d0db3e50193a19e6ef7" member_type: VOTER last_known_addr { host: "127.21.57.67" port: 34699 } }
I20260710 13:24:09.118906 23036 tablet_bootstrap.cc:492] T 90ad85dc3b0d4589abd603e8cd6e0c84 P e5f811357acb438496e97ab199b4d243: Bootstrap starting.
I20260710 13:24:09.118933 22960 leader_election.cc:304] T d96831c83b23459f9646f38a009349fc P 7deb4f14ca114d0db3e50193a19e6ef7 [CANDIDATE]: Term 1 pre-election: Election decided. Result: candidate won. Election summary: received 3 responses out of 3 voters: 2 yes votes; 1 no votes. yes voters: 7deb4f14ca114d0db3e50193a19e6ef7, b97cd1259fe84259bd5dfbd0f0563028; no voters: e5f811357acb438496e97ab199b4d243
I20260710 13:24:09.121021 22847 raft_consensus.cc:2468] T 10c85f10ed3e45d9b9031756f277bf72 P b97cd1259fe84259bd5dfbd0f0563028 [term 1 FOLLOWER]: Leader election vote request: Granting yes vote for candidate 7deb4f14ca114d0db3e50193a19e6ef7 in term 1.
I20260710 13:24:09.128676 23038 ts_tablet_manager.cc:1434] T d72f05dc1ad64264b9cabb7b01abb700 P 7deb4f14ca114d0db3e50193a19e6ef7: Time spent starting tablet: real 0.014s	user 0.006s	sys 0.000s
I20260710 13:24:09.129773 23038 tablet_bootstrap.cc:492] T f38105abf61049ccbf9febce1e05769a P 7deb4f14ca114d0db3e50193a19e6ef7: Bootstrap starting.
I20260710 13:24:09.127074 23078 raft_consensus.cc:2804] T d96831c83b23459f9646f38a009349fc P 7deb4f14ca114d0db3e50193a19e6ef7 [term 0 FOLLOWER]: Leader pre-election won for term 1
I20260710 13:24:09.130916 23078 raft_consensus.cc:493] T d96831c83b23459f9646f38a009349fc P 7deb4f14ca114d0db3e50193a19e6ef7 [term 0 FOLLOWER]: Starting leader election (no leader contacted us within the election timeout)
I20260710 13:24:09.131242 23078 raft_consensus.cc:3060] T d96831c83b23459f9646f38a009349fc P 7deb4f14ca114d0db3e50193a19e6ef7 [term 0 FOLLOWER]: Advancing to term 1
I20260710 13:24:09.141826 23075 raft_consensus.cc:493] T dd35f31896674d9b81e8cbb0fbae77a9 P b97cd1259fe84259bd5dfbd0f0563028 [term 0 FOLLOWER]: Starting pre-election (no leader contacted us within the election timeout)
I20260710 13:24:09.142294 23075 raft_consensus.cc:515] T dd35f31896674d9b81e8cbb0fbae77a9 P b97cd1259fe84259bd5dfbd0f0563028 [term 0 FOLLOWER]: Starting pre-election with config: opid_index: -1 OBSOLETE_local: false peers { permanent_uuid: "b97cd1259fe84259bd5dfbd0f0563028" member_type: VOTER last_known_addr { host: "127.21.57.65" port: 39151 } } peers { permanent_uuid: "e5f811357acb438496e97ab199b4d243" member_type: VOTER last_known_addr { host: "127.21.57.66" port: 36121 } } peers { permanent_uuid: "7deb4f14ca114d0db3e50193a19e6ef7" member_type: VOTER last_known_addr { host: "127.21.57.67" port: 34699 } }
I20260710 13:24:09.142683 23078 raft_consensus.cc:515] T d96831c83b23459f9646f38a009349fc P 7deb4f14ca114d0db3e50193a19e6ef7 [term 1 FOLLOWER]: Starting leader election with config: opid_index: -1 OBSOLETE_local: false peers { permanent_uuid: "b97cd1259fe84259bd5dfbd0f0563028" member_type: VOTER last_known_addr { host: "127.21.57.65" port: 39151 } } peers { permanent_uuid: "e5f811357acb438496e97ab199b4d243" member_type: VOTER last_known_addr { host: "127.21.57.66" port: 36121 } } peers { permanent_uuid: "7deb4f14ca114d0db3e50193a19e6ef7" member_type: VOTER last_known_addr { host: "127.21.57.67" port: 34699 } }
I20260710 13:24:09.142807 22744 catalog_manager.cc:5697] T 1518a6538ce149719b1be3ddc0ab50df P b97cd1259fe84259bd5dfbd0f0563028 reported cstate change: term changed from 0 to 1, leader changed from <none> to b97cd1259fe84259bd5dfbd0f0563028 (127.21.57.65). New cstate: current_term: 1 leader_uuid: "b97cd1259fe84259bd5dfbd0f0563028" committed_config { opid_index: -1 OBSOLETE_local: false peers { permanent_uuid: "b97cd1259fe84259bd5dfbd0f0563028" member_type: VOTER last_known_addr { host: "127.21.57.65" port: 39151 } health_report { overall_health: HEALTHY } } peers { permanent_uuid: "e5f811357acb438496e97ab199b4d243" member_type: VOTER last_known_addr { host: "127.21.57.66" port: 36121 } health_report { overall_health: UNKNOWN } } peers { permanent_uuid: "7deb4f14ca114d0db3e50193a19e6ef7" member_type: VOTER last_known_addr { host: "127.21.57.67" port: 34699 } health_report { overall_health: UNKNOWN } } }
I20260710 13:24:09.140700 22743 catalog_manager.cc:5697] T 10c85f10ed3e45d9b9031756f277bf72 P 7deb4f14ca114d0db3e50193a19e6ef7 reported cstate change: term changed from 0 to 1, leader changed from <none> to 7deb4f14ca114d0db3e50193a19e6ef7 (127.21.57.67). New cstate: current_term: 1 leader_uuid: "7deb4f14ca114d0db3e50193a19e6ef7" committed_config { opid_index: -1 OBSOLETE_local: false peers { permanent_uuid: "b97cd1259fe84259bd5dfbd0f0563028" member_type: VOTER last_known_addr { host: "127.21.57.65" port: 39151 } health_report { overall_health: UNKNOWN } } peers { permanent_uuid: "e5f811357acb438496e97ab199b4d243" member_type: VOTER last_known_addr { host: "127.21.57.66" port: 36121 } health_report { overall_health: UNKNOWN } } peers { permanent_uuid: "7deb4f14ca114d0db3e50193a19e6ef7" member_type: VOTER last_known_addr { host: "127.21.57.67" port: 34699 } health_report { overall_health: HEALTHY } } }
I20260710 13:24:09.146788 22847 tablet_service.cc:1917] Received RequestConsensusVote() RPC: tablet_id: "d96831c83b23459f9646f38a009349fc" candidate_uuid: "7deb4f14ca114d0db3e50193a19e6ef7" candidate_term: 1 candidate_status { last_received { term: 0 index: 0 } } ignore_live_leader: false dest_uuid: "b97cd1259fe84259bd5dfbd0f0563028"
I20260710 13:24:09.145987 23041 raft_consensus.cc:493] T 3bd9ca660aaa44b1b11617572e872880 P b97cd1259fe84259bd5dfbd0f0563028 [term 0 FOLLOWER]: Starting pre-election (no leader contacted us within the election timeout)
I20260710 13:24:09.147326 22847 raft_consensus.cc:3060] T d96831c83b23459f9646f38a009349fc P b97cd1259fe84259bd5dfbd0f0563028 [term 0 FOLLOWER]: Advancing to term 1
I20260710 13:24:09.147552 23041 raft_consensus.cc:515] T 3bd9ca660aaa44b1b11617572e872880 P b97cd1259fe84259bd5dfbd0f0563028 [term 0 FOLLOWER]: Starting pre-election with config: opid_index: -1 OBSOLETE_local: false peers { permanent_uuid: "b97cd1259fe84259bd5dfbd0f0563028" member_type: VOTER last_known_addr { host: "127.21.57.65" port: 39151 } } peers { permanent_uuid: "e5f811357acb438496e97ab199b4d243" member_type: VOTER last_known_addr { host: "127.21.57.66" port: 36121 } } peers { permanent_uuid: "7deb4f14ca114d0db3e50193a19e6ef7" member_type: VOTER last_known_addr { host: "127.21.57.67" port: 34699 } }
I20260710 13:24:09.151970 22920 tablet_service.cc:1917] Received RequestConsensusVote() RPC: tablet_id: "d96831c83b23459f9646f38a009349fc" candidate_uuid: "7deb4f14ca114d0db3e50193a19e6ef7" candidate_term: 1 candidate_status { last_received { term: 0 index: 0 } } ignore_live_leader: false dest_uuid: "e5f811357acb438496e97ab199b4d243"
W20260710 13:24:09.153153 22959 leader_election.cc:343] T d96831c83b23459f9646f38a009349fc P 7deb4f14ca114d0db3e50193a19e6ef7 [CANDIDATE]: Term 1 election: Tablet error from VoteRequest() call to peer e5f811357acb438496e97ab199b4d243 (127.21.57.66:36121): Illegal state: must be running to vote when last-logged opid is not known
I20260710 13:24:09.154441 23072 raft_consensus.cc:493] T 985c4e3fdcf3413abd072c2149c508be P 7deb4f14ca114d0db3e50193a19e6ef7 [term 0 FOLLOWER]: Starting pre-election (no leader contacted us within the election timeout)
I20260710 13:24:09.154881 23072 raft_consensus.cc:515] T 985c4e3fdcf3413abd072c2149c508be P 7deb4f14ca114d0db3e50193a19e6ef7 [term 0 FOLLOWER]: Starting pre-election with config: opid_index: -1 OBSOLETE_local: false peers { permanent_uuid: "b97cd1259fe84259bd5dfbd0f0563028" member_type: VOTER last_known_addr { host: "127.21.57.65" port: 39151 } } peers { permanent_uuid: "e5f811357acb438496e97ab199b4d243" member_type: VOTER last_known_addr { host: "127.21.57.66" port: 36121 } } peers { permanent_uuid: "7deb4f14ca114d0db3e50193a19e6ef7" member_type: VOTER last_known_addr { host: "127.21.57.67" port: 34699 } }
I20260710 13:24:09.146039 23078 leader_election.cc:290] T d96831c83b23459f9646f38a009349fc P 7deb4f14ca114d0db3e50193a19e6ef7 [CANDIDATE]: Term 1 election: Requested vote from peers b97cd1259fe84259bd5dfbd0f0563028 (127.21.57.65:39151), e5f811357acb438496e97ab199b4d243 (127.21.57.66:36121)
I20260710 13:24:09.163599 23037 tablet_bootstrap.cc:492] T 9baad8442a1c4a3f8989b218ade76870 P b97cd1259fe84259bd5dfbd0f0563028: No bootstrap required, opened a new log
I20260710 13:24:09.163928 23037 ts_tablet_manager.cc:1403] T 9baad8442a1c4a3f8989b218ade76870 P b97cd1259fe84259bd5dfbd0f0563028: Time spent bootstrapping tablet: real 0.068s	user 0.030s	sys 0.019s
I20260710 13:24:09.164525 22847 raft_consensus.cc:2468] T d96831c83b23459f9646f38a009349fc P b97cd1259fe84259bd5dfbd0f0563028 [term 1 FOLLOWER]: Leader election vote request: Granting yes vote for candidate 7deb4f14ca114d0db3e50193a19e6ef7 in term 1.
I20260710 13:24:09.165248 22846 tablet_service.cc:1917] Received RequestConsensusVote() RPC: tablet_id: "985c4e3fdcf3413abd072c2149c508be" candidate_uuid: "7deb4f14ca114d0db3e50193a19e6ef7" candidate_term: 1 candidate_status { last_received { term: 0 index: 0 } } ignore_live_leader: false dest_uuid: "b97cd1259fe84259bd5dfbd0f0563028" is_pre_election: true
I20260710 13:24:09.165741 22960 leader_election.cc:304] T d96831c83b23459f9646f38a009349fc P 7deb4f14ca114d0db3e50193a19e6ef7 [CANDIDATE]: Term 1 election: Election decided. Result: candidate won. Election summary: received 3 responses out of 3 voters: 2 yes votes; 1 no votes. yes voters: 7deb4f14ca114d0db3e50193a19e6ef7, b97cd1259fe84259bd5dfbd0f0563028; no voters: e5f811357acb438496e97ab199b4d243
I20260710 13:24:09.166051 22846 raft_consensus.cc:2393] T 985c4e3fdcf3413abd072c2149c508be P b97cd1259fe84259bd5dfbd0f0563028 [term 1 FOLLOWER]: Leader pre-election vote request: Denying vote to candidate 7deb4f14ca114d0db3e50193a19e6ef7 in current term 1: Already voted for candidate e5f811357acb438496e97ab199b4d243 in this term.
I20260710 13:24:09.166818 23078 raft_consensus.cc:2804] T d96831c83b23459f9646f38a009349fc P 7deb4f14ca114d0db3e50193a19e6ef7 [term 1 FOLLOWER]: Leader election won for term 1
I20260710 13:24:09.167748 23072 leader_election.cc:290] T 985c4e3fdcf3413abd072c2149c508be P 7deb4f14ca114d0db3e50193a19e6ef7 [CANDIDATE]: Term 1 pre-election: Requested pre-vote from peers b97cd1259fe84259bd5dfbd0f0563028 (127.21.57.65:39151), e5f811357acb438496e97ab199b4d243 (127.21.57.66:36121)
I20260710 13:24:09.168109 23078 raft_consensus.cc:697] T d96831c83b23459f9646f38a009349fc P 7deb4f14ca114d0db3e50193a19e6ef7 [term 1 LEADER]: Becoming Leader. State: Replica: 7deb4f14ca114d0db3e50193a19e6ef7, State: Running, Role: LEADER
I20260710 13:24:09.168895 23078 consensus_queue.cc:237] T d96831c83b23459f9646f38a009349fc P 7deb4f14ca114d0db3e50193a19e6ef7 [LEADER]: Queue going to LEADER mode. State: All replicated index: 0, Majority replicated index: 0, Committed index: 0, Last appended: 0.0, Last appended by leader: 0, Current term: 1, Majority size: 2, State: 0, Mode: LEADER, active raft config: opid_index: -1 OBSOLETE_local: false peers { permanent_uuid: "b97cd1259fe84259bd5dfbd0f0563028" member_type: VOTER last_known_addr { host: "127.21.57.65" port: 39151 } } peers { permanent_uuid: "e5f811357acb438496e97ab199b4d243" member_type: VOTER last_known_addr { host: "127.21.57.66" port: 36121 } } peers { permanent_uuid: "7deb4f14ca114d0db3e50193a19e6ef7" member_type: VOTER last_known_addr { host: "127.21.57.67" port: 34699 } }
I20260710 13:24:09.169166 23037 raft_consensus.cc:359] T 9baad8442a1c4a3f8989b218ade76870 P b97cd1259fe84259bd5dfbd0f0563028 [term 0 FOLLOWER]: Replica starting. Triggering 0 pending ops. Active config: opid_index: -1 OBSOLETE_local: false peers { permanent_uuid: "b97cd1259fe84259bd5dfbd0f0563028" member_type: VOTER last_known_addr { host: "127.21.57.65" port: 39151 } } peers { permanent_uuid: "e5f811357acb438496e97ab199b4d243" member_type: VOTER last_known_addr { host: "127.21.57.66" port: 36121 } } peers { permanent_uuid: "7deb4f14ca114d0db3e50193a19e6ef7" member_type: VOTER last_known_addr { host: "127.21.57.67" port: 34699 } }
I20260710 13:24:09.169749 23037 raft_consensus.cc:385] T 9baad8442a1c4a3f8989b218ade76870 P b97cd1259fe84259bd5dfbd0f0563028 [term 0 FOLLOWER]: Consensus starting up: Expiring failure detector timer to make a prompt election more likely
I20260710 13:24:09.169999 23037 raft_consensus.cc:740] T 9baad8442a1c4a3f8989b218ade76870 P b97cd1259fe84259bd5dfbd0f0563028 [term 0 FOLLOWER]: Becoming Follower/Learner. State: Replica: b97cd1259fe84259bd5dfbd0f0563028, State: Initialized, Role: FOLLOWER
I20260710 13:24:09.170631 22921 tablet_service.cc:1917] Received RequestConsensusVote() RPC: tablet_id: "3bd9ca660aaa44b1b11617572e872880" candidate_uuid: "b97cd1259fe84259bd5dfbd0f0563028" candidate_term: 1 candidate_status { last_received { term: 0 index: 0 } } ignore_live_leader: false dest_uuid: "e5f811357acb438496e97ab199b4d243" is_pre_election: true
I20260710 13:24:09.170955 23075 leader_election.cc:290] T dd35f31896674d9b81e8cbb0fbae77a9 P b97cd1259fe84259bd5dfbd0f0563028 [CANDIDATE]: Term 1 pre-election: Requested pre-vote from peers e5f811357acb438496e97ab199b4d243 (127.21.57.66:36121), 7deb4f14ca114d0db3e50193a19e6ef7 (127.21.57.67:34699)
I20260710 13:24:09.171394 23041 leader_election.cc:290] T 3bd9ca660aaa44b1b11617572e872880 P b97cd1259fe84259bd5dfbd0f0563028 [CANDIDATE]: Term 1 pre-election: Requested pre-vote from peers e5f811357acb438496e97ab199b4d243 (127.21.57.66:36121), 7deb4f14ca114d0db3e50193a19e6ef7 (127.21.57.67:34699)
I20260710 13:24:09.170228 22922 tablet_service.cc:1917] Received RequestConsensusVote() RPC: tablet_id: "dd35f31896674d9b81e8cbb0fbae77a9" candidate_uuid: "b97cd1259fe84259bd5dfbd0f0563028" candidate_term: 1 candidate_status { last_received { term: 0 index: 0 } } ignore_live_leader: false dest_uuid: "e5f811357acb438496e97ab199b4d243" is_pre_election: true
I20260710 13:24:09.172087 22920 tablet_service.cc:1917] Received RequestConsensusVote() RPC: tablet_id: "985c4e3fdcf3413abd072c2149c508be" candidate_uuid: "7deb4f14ca114d0db3e50193a19e6ef7" candidate_term: 1 candidate_status { last_received { term: 0 index: 0 } } ignore_live_leader: false dest_uuid: "e5f811357acb438496e97ab199b4d243" is_pre_election: true
I20260710 13:24:09.173343 22959 leader_election.cc:304] T 985c4e3fdcf3413abd072c2149c508be P 7deb4f14ca114d0db3e50193a19e6ef7 [CANDIDATE]: Term 1 pre-election: Election decided. Result: candidate lost. Election summary: received 3 responses out of 3 voters: 1 yes votes; 2 no votes. yes voters: 7deb4f14ca114d0db3e50193a19e6ef7; no voters: b97cd1259fe84259bd5dfbd0f0563028, e5f811357acb438496e97ab199b4d243
I20260710 13:24:09.173621 22996 tablet_service.cc:1917] Received RequestConsensusVote() RPC: tablet_id: "dd35f31896674d9b81e8cbb0fbae77a9" candidate_uuid: "b97cd1259fe84259bd5dfbd0f0563028" candidate_term: 1 candidate_status { last_received { term: 0 index: 0 } } ignore_live_leader: false dest_uuid: "7deb4f14ca114d0db3e50193a19e6ef7" is_pre_election: true
