I20260710 13:24:21.061777 22797 catalog_manager.cc:5697] T ec62a34683bc48b9907e1c1197a23a1e P 00c229667b0549ea970d9689b7f32869 reported cstate change: config changed from index -1 to 2, NON_VOTER 4652dffee8684816a8b453092e53cd98 (127.21.65.132) added. New cstate: current_term: 1 leader_uuid: "a9fc1ddcb6014bab905118c033e59e3e" committed_config { opid_index: 2 OBSOLETE_local: false peers { permanent_uuid: "35142699d9f24689a9c8698177194e88" member_type: VOTER last_known_addr { host: "127.21.65.129" port: 37609 } attrs { replace: true } } peers { permanent_uuid: "a9fc1ddcb6014bab905118c033e59e3e" member_type: VOTER last_known_addr { host: "127.21.65.130" port: 34413 } } peers { permanent_uuid: "00c229667b0549ea970d9689b7f32869" member_type: VOTER last_known_addr { host: "127.21.65.131" port: 38093 } } peers { permanent_uuid: "4652dffee8684816a8b453092e53cd98" member_type: NON_VOTER last_known_addr { host: "127.21.65.132" port: 42563 } attrs { promote: true } } }
I20260710 13:24:21.386570 23579 ts_tablet_manager.cc:933] T df039c0a614d4adf9e9ba5cb2d497c9d P 4652dffee8684816a8b453092e53cd98: Initiating tablet copy from peer a9fc1ddcb6014bab905118c033e59e3e (127.21.65.130:34413)
I20260710 13:24:21.389559 23579 tablet_copy_client.cc:323] T df039c0a614d4adf9e9ba5cb2d497c9d P 4652dffee8684816a8b453092e53cd98: tablet copy: Beginning tablet copy session from remote peer at address 127.21.65.130:34413
I20260710 13:24:21.391667 22988 tablet_copy_service.cc:140] P a9fc1ddcb6014bab905118c033e59e3e: Received BeginTabletCopySession request for tablet df039c0a614d4adf9e9ba5cb2d497c9d from peer 4652dffee8684816a8b453092e53cd98 ({username='slave'} at 127.0.0.1:34744)
I20260710 13:24:21.392110 22988 tablet_copy_service.cc:161] P a9fc1ddcb6014bab905118c033e59e3e: Beginning new tablet copy session on tablet df039c0a614d4adf9e9ba5cb2d497c9d from peer 4652dffee8684816a8b453092e53cd98 at {username='slave'} at 127.0.0.1:34744: session id = 4652dffee8684816a8b453092e53cd98-df039c0a614d4adf9e9ba5cb2d497c9d
I20260710 13:24:21.393491 23581 ts_tablet_manager.cc:933] T 3c0b1c94e6e8435d9fafebf98ccad343 P 4652dffee8684816a8b453092e53cd98: Initiating tablet copy from peer 35142699d9f24689a9c8698177194e88 (127.21.65.129:37609)
I20260710 13:24:21.395543 23581 tablet_copy_client.cc:323] T 3c0b1c94e6e8435d9fafebf98ccad343 P 4652dffee8684816a8b453092e53cd98: tablet copy: Beginning tablet copy session from remote peer at address 127.21.65.129:37609
I20260710 13:24:21.397305 22913 tablet_copy_service.cc:140] P 35142699d9f24689a9c8698177194e88: Received BeginTabletCopySession request for tablet 3c0b1c94e6e8435d9fafebf98ccad343 from peer 4652dffee8684816a8b453092e53cd98 ({username='slave'} at 127.0.0.1:44380)
I20260710 13:24:21.397853 22913 tablet_copy_service.cc:161] P 35142699d9f24689a9c8698177194e88: Beginning new tablet copy session on tablet 3c0b1c94e6e8435d9fafebf98ccad343 from peer 4652dffee8684816a8b453092e53cd98 at {username='slave'} at 127.0.0.1:44380: session id = 4652dffee8684816a8b453092e53cd98-3c0b1c94e6e8435d9fafebf98ccad343
I20260710 13:24:21.399510 22988 tablet_copy_source_session.cc:215] T df039c0a614d4adf9e9ba5cb2d497c9d P a9fc1ddcb6014bab905118c033e59e3e: Tablet Copy: opened 0 blocks and 1 log segments
I20260710 13:24:21.406908 23579 data_dirs.cc:400] Could only allocate 1 dirs of requested 3 for tablet df039c0a614d4adf9e9ba5cb2d497c9d. 1 dirs total, 0 dirs full, 0 dirs failed
I20260710 13:24:21.407972 22913 tablet_copy_source_session.cc:215] T 3c0b1c94e6e8435d9fafebf98ccad343 P 35142699d9f24689a9c8698177194e88: Tablet Copy: opened 0 blocks and 1 log segments
I20260710 13:24:21.411513 23581 data_dirs.cc:400] Could only allocate 1 dirs of requested 3 for tablet 3c0b1c94e6e8435d9fafebf98ccad343. 1 dirs total, 0 dirs full, 0 dirs failed
I20260710 13:24:21.421509 23579 tablet_copy_client.cc:806] T df039c0a614d4adf9e9ba5cb2d497c9d P 4652dffee8684816a8b453092e53cd98: tablet copy: Starting download of 0 data blocks...
I20260710 13:24:21.422114 23579 tablet_copy_client.cc:670] T df039c0a614d4adf9e9ba5cb2d497c9d P 4652dffee8684816a8b453092e53cd98: tablet copy: Starting download of 1 WAL segments...
I20260710 13:24:21.425881 23579 tablet_copy_client.cc:538] T df039c0a614d4adf9e9ba5cb2d497c9d P 4652dffee8684816a8b453092e53cd98: tablet copy: Tablet Copy complete. Replacing tablet superblock.
I20260710 13:24:21.429548 23581 tablet_copy_client.cc:806] T 3c0b1c94e6e8435d9fafebf98ccad343 P 4652dffee8684816a8b453092e53cd98: tablet copy: Starting download of 0 data blocks...
I20260710 13:24:21.430243 23581 tablet_copy_client.cc:670] T 3c0b1c94e6e8435d9fafebf98ccad343 P 4652dffee8684816a8b453092e53cd98: tablet copy: Starting download of 1 WAL segments...
I20260710 13:24:21.434731 23581 tablet_copy_client.cc:538] T 3c0b1c94e6e8435d9fafebf98ccad343 P 4652dffee8684816a8b453092e53cd98: tablet copy: Tablet Copy complete. Replacing tablet superblock.
I20260710 13:24:21.439709 23579 tablet_bootstrap.cc:492] T df039c0a614d4adf9e9ba5cb2d497c9d P 4652dffee8684816a8b453092e53cd98: Bootstrap starting.
I20260710 13:24:21.448694 23581 tablet_bootstrap.cc:492] T 3c0b1c94e6e8435d9fafebf98ccad343 P 4652dffee8684816a8b453092e53cd98: Bootstrap starting.
I20260710 13:24:21.467690 23584 ts_tablet_manager.cc:933] T 08f26cfab2fd49e79715d28e50bbad56 P 4652dffee8684816a8b453092e53cd98: Initiating tablet copy from peer 00c229667b0549ea970d9689b7f32869 (127.21.65.131:38093)
I20260710 13:24:21.492496 23581 tablet_bootstrap.cc:492] T 3c0b1c94e6e8435d9fafebf98ccad343 P 4652dffee8684816a8b453092e53cd98: Bootstrap replayed 1/1 log segments. Stats: ops{read=2 overwritten=0 applied=2 ignored=0} inserts{seen=0 ignored=0} mutations{seen=0 ignored=0} orphaned_commits=0. Pending: 0 replicates
I20260710 13:24:21.493571 23581 tablet_bootstrap.cc:492] T 3c0b1c94e6e8435d9fafebf98ccad343 P 4652dffee8684816a8b453092e53cd98: Bootstrap complete.
I20260710 13:24:21.494379 23581 ts_tablet_manager.cc:1403] T 3c0b1c94e6e8435d9fafebf98ccad343 P 4652dffee8684816a8b453092e53cd98: Time spent bootstrapping tablet: real 0.047s	user 0.018s	sys 0.016s
I20260710 13:24:21.497375 23581 raft_consensus.cc:359] T 3c0b1c94e6e8435d9fafebf98ccad343 P 4652dffee8684816a8b453092e53cd98 [term 1 LEARNER]: Replica starting. Triggering 0 pending ops. Active config: opid_index: 2 OBSOLETE_local: false peers { permanent_uuid: "35142699d9f24689a9c8698177194e88" member_type: VOTER last_known_addr { host: "127.21.65.129" port: 37609 } } peers { permanent_uuid: "a9fc1ddcb6014bab905118c033e59e3e" member_type: VOTER last_known_addr { host: "127.21.65.130" port: 34413 } attrs { replace: true } } peers { permanent_uuid: "00c229667b0549ea970d9689b7f32869" member_type: VOTER last_known_addr { host: "127.21.65.131" port: 38093 } } peers { permanent_uuid: "4652dffee8684816a8b453092e53cd98" member_type: NON_VOTER last_known_addr { host: "127.21.65.132" port: 42563 } attrs { promote: true } }
I20260710 13:24:21.498327 23581 raft_consensus.cc:740] T 3c0b1c94e6e8435d9fafebf98ccad343 P 4652dffee8684816a8b453092e53cd98 [term 1 LEARNER]: Becoming Follower/Learner. State: Replica: 4652dffee8684816a8b453092e53cd98, State: Initialized, Role: LEARNER
I20260710 13:24:21.499042 23581 consensus_queue.cc:260] T 3c0b1c94e6e8435d9fafebf98ccad343 P 4652dffee8684816a8b453092e53cd98 [NON_LEADER]: Queue going to NON_LEADER mode. State: All replicated index: 0, Majority replicated index: 0, Committed index: 2, Last appended: 1.2, Last appended by leader: 2, Current term: 0, Majority size: -1, State: 0, Mode: NON_LEADER, active raft config: opid_index: 2 OBSOLETE_local: false peers { permanent_uuid: "35142699d9f24689a9c8698177194e88" member_type: VOTER last_known_addr { host: "127.21.65.129" port: 37609 } } peers { permanent_uuid: "a9fc1ddcb6014bab905118c033e59e3e" member_type: VOTER last_known_addr { host: "127.21.65.130" port: 34413 } attrs { replace: true } } peers { permanent_uuid: "00c229667b0549ea970d9689b7f32869" member_type: VOTER last_known_addr { host: "127.21.65.131" port: 38093 } } peers { permanent_uuid: "4652dffee8684816a8b453092e53cd98" member_type: NON_VOTER last_known_addr { host: "127.21.65.132" port: 42563 } attrs { promote: true } }
I20260710 13:24:21.508626 23581 ts_tablet_manager.cc:1434] T 3c0b1c94e6e8435d9fafebf98ccad343 P 4652dffee8684816a8b453092e53cd98: Time spent starting tablet: real 0.014s	user 0.012s	sys 0.000s
I20260710 13:24:21.516719 22913 tablet_copy_service.cc:342] P 35142699d9f24689a9c8698177194e88: Request end of tablet copy session 4652dffee8684816a8b453092e53cd98-3c0b1c94e6e8435d9fafebf98ccad343 received from {username='slave'} at 127.0.0.1:44380
I20260710 13:24:21.517494 22913 tablet_copy_service.cc:434] P 35142699d9f24689a9c8698177194e88: ending tablet copy session 4652dffee8684816a8b453092e53cd98-3c0b1c94e6e8435d9fafebf98ccad343 on tablet 3c0b1c94e6e8435d9fafebf98ccad343 with peer 4652dffee8684816a8b453092e53cd98
I20260710 13:24:21.522840 23581 ts_tablet_manager.cc:933] T ec62a34683bc48b9907e1c1197a23a1e P 4652dffee8684816a8b453092e53cd98: Initiating tablet copy from peer a9fc1ddcb6014bab905118c033e59e3e (127.21.65.130:34413)
I20260710 13:24:21.530359 23581 tablet_copy_client.cc:323] T ec62a34683bc48b9907e1c1197a23a1e P 4652dffee8684816a8b453092e53cd98: tablet copy: Beginning tablet copy session from remote peer at address 127.21.65.130:34413
I20260710 13:24:21.532032 22988 tablet_copy_service.cc:140] P a9fc1ddcb6014bab905118c033e59e3e: Received BeginTabletCopySession request for tablet ec62a34683bc48b9907e1c1197a23a1e from peer 4652dffee8684816a8b453092e53cd98 ({username='slave'} at 127.0.0.1:34744)
I20260710 13:24:21.532630 22988 tablet_copy_service.cc:161] P a9fc1ddcb6014bab905118c033e59e3e: Beginning new tablet copy session on tablet ec62a34683bc48b9907e1c1197a23a1e from peer 4652dffee8684816a8b453092e53cd98 at {username='slave'} at 127.0.0.1:34744: session id = 4652dffee8684816a8b453092e53cd98-ec62a34683bc48b9907e1c1197a23a1e
I20260710 13:24:21.532893 23579 tablet_bootstrap.cc:492] T df039c0a614d4adf9e9ba5cb2d497c9d P 4652dffee8684816a8b453092e53cd98: Bootstrap replayed 1/1 log segments. Stats: ops{read=2 overwritten=0 applied=2 ignored=0} inserts{seen=0 ignored=0} mutations{seen=0 ignored=0} orphaned_commits=0. Pending: 0 replicates
I20260710 13:24:21.533893 23579 tablet_bootstrap.cc:492] T df039c0a614d4adf9e9ba5cb2d497c9d P 4652dffee8684816a8b453092e53cd98: Bootstrap complete.
I20260710 13:24:21.534590 23579 ts_tablet_manager.cc:1403] T df039c0a614d4adf9e9ba5cb2d497c9d P 4652dffee8684816a8b453092e53cd98: Time spent bootstrapping tablet: real 0.095s	user 0.014s	sys 0.033s
I20260710 13:24:21.537698 23579 raft_consensus.cc:359] T df039c0a614d4adf9e9ba5cb2d497c9d P 4652dffee8684816a8b453092e53cd98 [term 1 LEARNER]: Replica starting. Triggering 0 pending ops. Active config: opid_index: 2 OBSOLETE_local: false peers { permanent_uuid: "35142699d9f24689a9c8698177194e88" member_type: VOTER last_known_addr { host: "127.21.65.129" port: 37609 } } peers { permanent_uuid: "a9fc1ddcb6014bab905118c033e59e3e" member_type: VOTER last_known_addr { host: "127.21.65.130" port: 34413 } } peers { permanent_uuid: "00c229667b0549ea970d9689b7f32869" member_type: VOTER last_known_addr { host: "127.21.65.131" port: 38093 } attrs { replace: true } } peers { permanent_uuid: "4652dffee8684816a8b453092e53cd98" member_type: NON_VOTER last_known_addr { host: "127.21.65.132" port: 42563 } attrs { promote: true } }
I20260710 13:24:21.538528 23579 raft_consensus.cc:740] T df039c0a614d4adf9e9ba5cb2d497c9d P 4652dffee8684816a8b453092e53cd98 [term 1 LEARNER]: Becoming Follower/Learner. State: Replica: 4652dffee8684816a8b453092e53cd98, State: Initialized, Role: LEARNER
I20260710 13:24:21.545168 22988 tablet_copy_source_session.cc:215] T ec62a34683bc48b9907e1c1197a23a1e P a9fc1ddcb6014bab905118c033e59e3e: Tablet Copy: opened 0 blocks and 1 log segments
I20260710 13:24:21.539186 23579 consensus_queue.cc:260] T df039c0a614d4adf9e9ba5cb2d497c9d P 4652dffee8684816a8b453092e53cd98 [NON_LEADER]: Queue going to NON_LEADER mode. State: All replicated index: 0, Majority replicated index: 0, Committed index: 2, Last appended: 1.2, Last appended by leader: 2, Current term: 0, Majority size: -1, State: 0, Mode: NON_LEADER, active raft config: opid_index: 2 OBSOLETE_local: false peers { permanent_uuid: "35142699d9f24689a9c8698177194e88" member_type: VOTER last_known_addr { host: "127.21.65.129" port: 37609 } } peers { permanent_uuid: "a9fc1ddcb6014bab905118c033e59e3e" member_type: VOTER last_known_addr { host: "127.21.65.130" port: 34413 } } peers { permanent_uuid: "00c229667b0549ea970d9689b7f32869" member_type: VOTER last_known_addr { host: "127.21.65.131" port: 38093 } attrs { replace: true } } peers { permanent_uuid: "4652dffee8684816a8b453092e53cd98" member_type: NON_VOTER last_known_addr { host: "127.21.65.132" port: 42563 } attrs { promote: true } }
I20260710 13:24:21.549295 23581 data_dirs.cc:400] Could only allocate 1 dirs of requested 3 for tablet ec62a34683bc48b9907e1c1197a23a1e. 1 dirs total, 0 dirs full, 0 dirs failed
I20260710 13:24:21.549391 23579 ts_tablet_manager.cc:1434] T df039c0a614d4adf9e9ba5cb2d497c9d P 4652dffee8684816a8b453092e53cd98: Time spent starting tablet: real 0.015s	user 0.007s	sys 0.001s
I20260710 13:24:21.551600 22988 tablet_copy_service.cc:342] P a9fc1ddcb6014bab905118c033e59e3e: Request end of tablet copy session 4652dffee8684816a8b453092e53cd98-df039c0a614d4adf9e9ba5cb2d497c9d received from {username='slave'} at 127.0.0.1:34744
I20260710 13:24:21.552345 22988 tablet_copy_service.cc:434] P a9fc1ddcb6014bab905118c033e59e3e: ending tablet copy session 4652dffee8684816a8b453092e53cd98-df039c0a614d4adf9e9ba5cb2d497c9d on tablet df039c0a614d4adf9e9ba5cb2d497c9d with peer 4652dffee8684816a8b453092e53cd98
I20260710 13:24:21.572845 23581 tablet_copy_client.cc:806] T ec62a34683bc48b9907e1c1197a23a1e P 4652dffee8684816a8b453092e53cd98: tablet copy: Starting download of 0 data blocks...
I20260710 13:24:21.573551 23581 tablet_copy_client.cc:670] T ec62a34683bc48b9907e1c1197a23a1e P 4652dffee8684816a8b453092e53cd98: tablet copy: Starting download of 1 WAL segments...
I20260710 13:24:21.577869 23581 tablet_copy_client.cc:538] T ec62a34683bc48b9907e1c1197a23a1e P 4652dffee8684816a8b453092e53cd98: tablet copy: Tablet Copy complete. Replacing tablet superblock.
I20260710 13:24:21.585276 23584 tablet_copy_client.cc:323] T 08f26cfab2fd49e79715d28e50bbad56 P 4652dffee8684816a8b453092e53cd98: tablet copy: Beginning tablet copy session from remote peer at address 127.21.65.131:38093
I20260710 13:24:21.591074 23581 tablet_bootstrap.cc:492] T ec62a34683bc48b9907e1c1197a23a1e P 4652dffee8684816a8b453092e53cd98: Bootstrap starting.
I20260710 13:24:21.601395 23062 tablet_copy_service.cc:140] P 00c229667b0549ea970d9689b7f32869: Received BeginTabletCopySession request for tablet 08f26cfab2fd49e79715d28e50bbad56 from peer 4652dffee8684816a8b453092e53cd98 ({username='slave'} at 127.0.0.1:44282)
I20260710 13:24:21.601944 23062 tablet_copy_service.cc:161] P 00c229667b0549ea970d9689b7f32869: Beginning new tablet copy session on tablet 08f26cfab2fd49e79715d28e50bbad56 from peer 4652dffee8684816a8b453092e53cd98 at {username='slave'} at 127.0.0.1:44282: session id = 4652dffee8684816a8b453092e53cd98-08f26cfab2fd49e79715d28e50bbad56
I20260710 13:24:21.617561 23062 tablet_copy_source_session.cc:215] T 08f26cfab2fd49e79715d28e50bbad56 P 00c229667b0549ea970d9689b7f32869: Tablet Copy: opened 0 blocks and 1 log segments
I20260710 13:24:21.621066 23584 data_dirs.cc:400] Could only allocate 1 dirs of requested 3 for tablet 08f26cfab2fd49e79715d28e50bbad56. 1 dirs total, 0 dirs full, 0 dirs failed
I20260710 13:24:21.685177 23584 tablet_copy_client.cc:806] T 08f26cfab2fd49e79715d28e50bbad56 P 4652dffee8684816a8b453092e53cd98: tablet copy: Starting download of 0 data blocks...
I20260710 13:24:21.685786 23584 tablet_copy_client.cc:670] T 08f26cfab2fd49e79715d28e50bbad56 P 4652dffee8684816a8b453092e53cd98: tablet copy: Starting download of 1 WAL segments...
I20260710 13:24:21.688215 23581 tablet_bootstrap.cc:492] T ec62a34683bc48b9907e1c1197a23a1e P 4652dffee8684816a8b453092e53cd98: Bootstrap replayed 1/1 log segments. Stats: ops{read=2 overwritten=0 applied=2 ignored=0} inserts{seen=0 ignored=0} mutations{seen=0 ignored=0} orphaned_commits=0. Pending: 0 replicates
I20260710 13:24:21.689025 23581 tablet_bootstrap.cc:492] T ec62a34683bc48b9907e1c1197a23a1e P 4652dffee8684816a8b453092e53cd98: Bootstrap complete.
I20260710 13:24:21.689587 23581 ts_tablet_manager.cc:1403] T ec62a34683bc48b9907e1c1197a23a1e P 4652dffee8684816a8b453092e53cd98: Time spent bootstrapping tablet: real 0.099s	user 0.046s	sys 0.031s
I20260710 13:24:21.696023 23581 raft_consensus.cc:359] T ec62a34683bc48b9907e1c1197a23a1e P 4652dffee8684816a8b453092e53cd98 [term 1 LEARNER]: Replica starting. Triggering 0 pending ops. Active config: opid_index: 2 OBSOLETE_local: false peers { permanent_uuid: "35142699d9f24689a9c8698177194e88" member_type: VOTER last_known_addr { host: "127.21.65.129" port: 37609 } attrs { replace: true } } peers { permanent_uuid: "a9fc1ddcb6014bab905118c033e59e3e" member_type: VOTER last_known_addr { host: "127.21.65.130" port: 34413 } } peers { permanent_uuid: "00c229667b0549ea970d9689b7f32869" member_type: VOTER last_known_addr { host: "127.21.65.131" port: 38093 } } peers { permanent_uuid: "4652dffee8684816a8b453092e53cd98" member_type: NON_VOTER last_known_addr { host: "127.21.65.132" port: 42563 } attrs { promote: true } }
I20260710 13:24:21.696843 23581 raft_consensus.cc:740] T ec62a34683bc48b9907e1c1197a23a1e P 4652dffee8684816a8b453092e53cd98 [term 1 LEARNER]: Becoming Follower/Learner. State: Replica: 4652dffee8684816a8b453092e53cd98, State: Initialized, Role: LEARNER
I20260710 13:24:21.697556 23581 consensus_queue.cc:260] T ec62a34683bc48b9907e1c1197a23a1e P 4652dffee8684816a8b453092e53cd98 [NON_LEADER]: Queue going to NON_LEADER mode. State: All replicated index: 0, Majority replicated index: 0, Committed index: 2, Last appended: 1.2, Last appended by leader: 2, Current term: 0, Majority size: -1, State: 0, Mode: NON_LEADER, active raft config: opid_index: 2 OBSOLETE_local: false peers { permanent_uuid: "35142699d9f24689a9c8698177194e88" member_type: VOTER last_known_addr { host: "127.21.65.129" port: 37609 } attrs { replace: true } } peers { permanent_uuid: "a9fc1ddcb6014bab905118c033e59e3e" member_type: VOTER last_known_addr { host: "127.21.65.130" port: 34413 } } peers { permanent_uuid: "00c229667b0549ea970d9689b7f32869" member_type: VOTER last_known_addr { host: "127.21.65.131" port: 38093 } } peers { permanent_uuid: "4652dffee8684816a8b453092e53cd98" member_type: NON_VOTER last_known_addr { host: "127.21.65.132" port: 42563 } attrs { promote: true } }
I20260710 13:24:21.708192 23581 ts_tablet_manager.cc:1434] T ec62a34683bc48b9907e1c1197a23a1e P 4652dffee8684816a8b453092e53cd98: Time spent starting tablet: real 0.018s	user 0.000s	sys 0.008s
I20260710 13:24:21.713311 22988 tablet_copy_service.cc:342] P a9fc1ddcb6014bab905118c033e59e3e: Request end of tablet copy session 4652dffee8684816a8b453092e53cd98-ec62a34683bc48b9907e1c1197a23a1e received from {username='slave'} at 127.0.0.1:34744
I20260710 13:24:21.713775 22988 tablet_copy_service.cc:434] P a9fc1ddcb6014bab905118c033e59e3e: ending tablet copy session 4652dffee8684816a8b453092e53cd98-ec62a34683bc48b9907e1c1197a23a1e on tablet ec62a34683bc48b9907e1c1197a23a1e with peer 4652dffee8684816a8b453092e53cd98
I20260710 13:24:21.715255 23584 tablet_copy_client.cc:538] T 08f26cfab2fd49e79715d28e50bbad56 P 4652dffee8684816a8b453092e53cd98: tablet copy: Tablet Copy complete. Replacing tablet superblock.
I20260710 13:24:21.729732 23584 tablet_bootstrap.cc:492] T 08f26cfab2fd49e79715d28e50bbad56 P 4652dffee8684816a8b453092e53cd98: Bootstrap starting.
I20260710 13:24:21.789505 23584 tablet_bootstrap.cc:492] T 08f26cfab2fd49e79715d28e50bbad56 P 4652dffee8684816a8b453092e53cd98: Bootstrap replayed 1/1 log segments. Stats: ops{read=2 overwritten=0 applied=2 ignored=0} inserts{seen=0 ignored=0} mutations{seen=0 ignored=0} orphaned_commits=0. Pending: 0 replicates
I20260710 13:24:21.790472 23584 tablet_bootstrap.cc:492] T 08f26cfab2fd49e79715d28e50bbad56 P 4652dffee8684816a8b453092e53cd98: Bootstrap complete.
I20260710 13:24:21.791136 23584 ts_tablet_manager.cc:1403] T 08f26cfab2fd49e79715d28e50bbad56 P 4652dffee8684816a8b453092e53cd98: Time spent bootstrapping tablet: real 0.062s	user 0.022s	sys 0.007s
I20260710 13:24:21.794257 23584 raft_consensus.cc:359] T 08f26cfab2fd49e79715d28e50bbad56 P 4652dffee8684816a8b453092e53cd98 [term 1 LEARNER]: Replica starting. Triggering 0 pending ops. Active config: opid_index: 2 OBSOLETE_local: false peers { permanent_uuid: "35142699d9f24689a9c8698177194e88" member_type: VOTER last_known_addr { host: "127.21.65.129" port: 37609 } attrs { replace: true } } peers { permanent_uuid: "a9fc1ddcb6014bab905118c033e59e3e" member_type: VOTER last_known_addr { host: "127.21.65.130" port: 34413 } } peers { permanent_uuid: "00c229667b0549ea970d9689b7f32869" member_type: VOTER last_known_addr { host: "127.21.65.131" port: 38093 } } peers { permanent_uuid: "4652dffee8684816a8b453092e53cd98" member_type: NON_VOTER last_known_addr { host: "127.21.65.132" port: 42563 } attrs { promote: true } }
I20260710 13:24:21.795178 23584 raft_consensus.cc:740] T 08f26cfab2fd49e79715d28e50bbad56 P 4652dffee8684816a8b453092e53cd98 [term 1 LEARNER]: Becoming Follower/Learner. State: Replica: 4652dffee8684816a8b453092e53cd98, State: Initialized, Role: LEARNER
I20260710 13:24:21.798460 23584 consensus_queue.cc:260] T 08f26cfab2fd49e79715d28e50bbad56 P 4652dffee8684816a8b453092e53cd98 [NON_LEADER]: Queue going to NON_LEADER mode. State: All replicated index: 0, Majority replicated index: 0, Committed index: 2, Last appended: 1.2, Last appended by leader: 2, Current term: 0, Majority size: -1, State: 0, Mode: NON_LEADER, active raft config: opid_index: 2 OBSOLETE_local: false peers { permanent_uuid: "35142699d9f24689a9c8698177194e88" member_type: VOTER last_known_addr { host: "127.21.65.129" port: 37609 } attrs { replace: true } } peers { permanent_uuid: "a9fc1ddcb6014bab905118c033e59e3e" member_type: VOTER last_known_addr { host: "127.21.65.130" port: 34413 } } peers { permanent_uuid: "00c229667b0549ea970d9689b7f32869" member_type: VOTER last_known_addr { host: "127.21.65.131" port: 38093 } } peers { permanent_uuid: "4652dffee8684816a8b453092e53cd98" member_type: NON_VOTER last_known_addr { host: "127.21.65.132" port: 42563 } attrs { promote: true } }
I20260710 13:24:21.801107 23584 ts_tablet_manager.cc:1434] T 08f26cfab2fd49e79715d28e50bbad56 P 4652dffee8684816a8b453092e53cd98: Time spent starting tablet: real 0.010s	user 0.004s	sys 0.004s
I20260710 13:24:21.898312 23323 raft_consensus.cc:1217] T df039c0a614d4adf9e9ba5cb2d497c9d P 4652dffee8684816a8b453092e53cd98 [term 1 LEARNER]: Deduplicated request from leader. Original: 1.1->[1.2-1.2]   Dedup: 1.2->[]
I20260710 13:24:21.906956 23062 tablet_copy_service.cc:342] P 00c229667b0549ea970d9689b7f32869: Request end of tablet copy session 4652dffee8684816a8b453092e53cd98-08f26cfab2fd49e79715d28e50bbad56 received from {username='slave'} at 127.0.0.1:44282
I20260710 13:24:21.907389 23062 tablet_copy_service.cc:434] P 00c229667b0549ea970d9689b7f32869: ending tablet copy session 4652dffee8684816a8b453092e53cd98-08f26cfab2fd49e79715d28e50bbad56 on tablet 08f26cfab2fd49e79715d28e50bbad56 with peer 4652dffee8684816a8b453092e53cd98
I20260710 13:24:21.907548 23323 raft_consensus.cc:1217] T 3c0b1c94e6e8435d9fafebf98ccad343 P 4652dffee8684816a8b453092e53cd98 [term 1 LEARNER]: Deduplicated request from leader. Original: 1.1->[1.2-1.2]   Dedup: 1.2->[]
I20260710 13:24:21.974853 23321 raft_consensus.cc:1217] T ec62a34683bc48b9907e1c1197a23a1e P 4652dffee8684816a8b453092e53cd98 [term 1 LEARNER]: Deduplicated request from leader. Original: 1.1->[1.2-1.2]   Dedup: 1.2->[]
I20260710 13:24:22.041254 23321 raft_consensus.cc:1217] T 08f26cfab2fd49e79715d28e50bbad56 P 4652dffee8684816a8b453092e53cd98 [term 1 LEARNER]: Deduplicated request from leader. Original: 1.1->[1.2-1.2]   Dedup: 1.2->[]
I20260710 13:24:22.237057 23573 raft_consensus.cc:1064] T 3c0b1c94e6e8435d9fafebf98ccad343 P 35142699d9f24689a9c8698177194e88: attempting to promote NON_VOTER 4652dffee8684816a8b453092e53cd98 to VOTER
I20260710 13:24:22.238814 23573 consensus_queue.cc:237] T 3c0b1c94e6e8435d9fafebf98ccad343 P 35142699d9f24689a9c8698177194e88 [LEADER]: Queue going to LEADER mode. State: All replicated index: 0, Majority replicated index: 2, Committed index: 2, Last appended: 1.2, Last appended by leader: 0, Current term: 1, Majority size: 3, State: 0, Mode: LEADER, active raft config: opid_index: 3 OBSOLETE_local: false peers { permanent_uuid: "35142699d9f24689a9c8698177194e88" member_type: VOTER last_known_addr { host: "127.21.65.129" port: 37609 } } peers { permanent_uuid: "a9fc1ddcb6014bab905118c033e59e3e" member_type: VOTER last_known_addr { host: "127.21.65.130" port: 34413 } attrs { replace: true } } peers { permanent_uuid: "00c229667b0549ea970d9689b7f32869" member_type: VOTER last_known_addr { host: "127.21.65.131" port: 38093 } } peers { permanent_uuid: "4652dffee8684816a8b453092e53cd98" member_type: VOTER last_known_addr { host: "127.21.65.132" port: 42563 } attrs { promote: false } }
I20260710 13:24:22.245442 23050 raft_consensus.cc:1275] T 3c0b1c94e6e8435d9fafebf98ccad343 P 00c229667b0549ea970d9689b7f32869 [term 1 FOLLOWER]: Refusing update from remote peer 35142699d9f24689a9c8698177194e88: Log matching property violated. Preceding OpId in replica: term: 1 index: 2. Preceding OpId from leader: term: 1 index: 3. (index mismatch)
I20260710 13:24:22.246560 22976 raft_consensus.cc:1275] T 3c0b1c94e6e8435d9fafebf98ccad343 P a9fc1ddcb6014bab905118c033e59e3e [term 1 FOLLOWER]: Refusing update from remote peer 35142699d9f24689a9c8698177194e88: Log matching property violated. Preceding OpId in replica: term: 1 index: 2. Preceding OpId from leader: term: 1 index: 3. (index mismatch)
I20260710 13:24:22.247529 23321 raft_consensus.cc:1275] T 3c0b1c94e6e8435d9fafebf98ccad343 P 4652dffee8684816a8b453092e53cd98 [term 1 LEARNER]: Refusing update from remote peer 35142699d9f24689a9c8698177194e88: Log matching property violated. Preceding OpId in replica: term: 1 index: 2. Preceding OpId from leader: term: 1 index: 3. (index mismatch)
I20260710 13:24:22.248382 23573 consensus_queue.cc:1048] T 3c0b1c94e6e8435d9fafebf98ccad343 P 35142699d9f24689a9c8698177194e88 [LEADER]: Connected to new peer: Peer: permanent_uuid: "00c229667b0549ea970d9689b7f32869" member_type: VOTER last_known_addr { host: "127.21.65.131" port: 38093 }, Status: LMP_MISMATCH, Last received: 0.0, Next index: 3, Last known committed idx: 2, Time since last communication: 0.000s
I20260710 13:24:22.249082 23569 consensus_queue.cc:1048] T 3c0b1c94e6e8435d9fafebf98ccad343 P 35142699d9f24689a9c8698177194e88 [LEADER]: Connected to new peer: Peer: permanent_uuid: "a9fc1ddcb6014bab905118c033e59e3e" member_type: VOTER last_known_addr { host: "127.21.65.130" port: 34413 } attrs { replace: true }, Status: LMP_MISMATCH, Last received: 0.0, Next index: 3, Last known committed idx: 2, Time since last communication: 0.000s
I20260710 13:24:22.249902 23597 consensus_queue.cc:1048] T 3c0b1c94e6e8435d9fafebf98ccad343 P 35142699d9f24689a9c8698177194e88 [LEADER]: Connected to new peer: Peer: permanent_uuid: "4652dffee8684816a8b453092e53cd98" member_type: VOTER last_known_addr { host: "127.21.65.132" port: 42563 } attrs { promote: false }, Status: LMP_MISMATCH, Last received: 0.0, Next index: 3, Last known committed idx: 2, Time since last communication: 0.000s
I20260710 13:24:22.259790 23569 raft_consensus.cc:2955] T 3c0b1c94e6e8435d9fafebf98ccad343 P 35142699d9f24689a9c8698177194e88 [term 1 LEADER]: Committing config change with OpId 1.3: config changed from index 2 to 3, 4652dffee8684816a8b453092e53cd98 (127.21.65.132) changed from NON_VOTER to VOTER. New config: { opid_index: 3 OBSOLETE_local: false peers { permanent_uuid: "35142699d9f24689a9c8698177194e88" member_type: VOTER last_known_addr { host: "127.21.65.129" port: 37609 } } peers { permanent_uuid: "a9fc1ddcb6014bab905118c033e59e3e" member_type: VOTER last_known_addr { host: "127.21.65.130" port: 34413 } attrs { replace: true } } peers { permanent_uuid: "00c229667b0549ea970d9689b7f32869" member_type: VOTER last_known_addr { host: "127.21.65.131" port: 38093 } } peers { permanent_uuid: "4652dffee8684816a8b453092e53cd98" member_type: VOTER last_known_addr { host: "127.21.65.132" port: 42563 } attrs { promote: false } } }
I20260710 13:24:22.263712 22976 raft_consensus.cc:2955] T 3c0b1c94e6e8435d9fafebf98ccad343 P a9fc1ddcb6014bab905118c033e59e3e [term 1 FOLLOWER]: Committing config change with OpId 1.3: config changed from index 2 to 3, 4652dffee8684816a8b453092e53cd98 (127.21.65.132) changed from NON_VOTER to VOTER. New config: { opid_index: 3 OBSOLETE_local: false peers { permanent_uuid: "35142699d9f24689a9c8698177194e88" member_type: VOTER last_known_addr { host: "127.21.65.129" port: 37609 } } peers { permanent_uuid: "a9fc1ddcb6014bab905118c033e59e3e" member_type: VOTER last_known_addr { host: "127.21.65.130" port: 34413 } attrs { replace: true } } peers { permanent_uuid: "00c229667b0549ea970d9689b7f32869" member_type: VOTER last_known_addr { host: "127.21.65.131" port: 38093 } } peers { permanent_uuid: "4652dffee8684816a8b453092e53cd98" member_type: VOTER last_known_addr { host: "127.21.65.132" port: 42563 } attrs { promote: false } } }
I20260710 13:24:22.265336 23050 raft_consensus.cc:2955] T 3c0b1c94e6e8435d9fafebf98ccad343 P 00c229667b0549ea970d9689b7f32869 [term 1 FOLLOWER]: Committing config change with OpId 1.3: config changed from index 2 to 3, 4652dffee8684816a8b453092e53cd98 (127.21.65.132) changed from NON_VOTER to VOTER. New config: { opid_index: 3 OBSOLETE_local: false peers { permanent_uuid: "35142699d9f24689a9c8698177194e88" member_type: VOTER last_known_addr { host: "127.21.65.129" port: 37609 } } peers { permanent_uuid: "a9fc1ddcb6014bab905118c033e59e3e" member_type: VOTER last_known_addr { host: "127.21.65.130" port: 34413 } attrs { replace: true } } peers { permanent_uuid: "00c229667b0549ea970d9689b7f32869" member_type: VOTER last_known_addr { host: "127.21.65.131" port: 38093 } } peers { permanent_uuid: "4652dffee8684816a8b453092e53cd98" member_type: VOTER last_known_addr { host: "127.21.65.132" port: 42563 } attrs { promote: false } } }
I20260710 13:24:22.276424 23321 raft_consensus.cc:2955] T 3c0b1c94e6e8435d9fafebf98ccad343 P 4652dffee8684816a8b453092e53cd98 [term 1 FOLLOWER]: Committing config change with OpId 1.3: config changed from index 2 to 3, 4652dffee8684816a8b453092e53cd98 (127.21.65.132) changed from NON_VOTER to VOTER. New config: { opid_index: 3 OBSOLETE_local: false peers { permanent_uuid: "35142699d9f24689a9c8698177194e88" member_type: VOTER last_known_addr { host: "127.21.65.129" port: 37609 } } peers { permanent_uuid: "a9fc1ddcb6014bab905118c033e59e3e" member_type: VOTER last_known_addr { host: "127.21.65.130" port: 34413 } attrs { replace: true } } peers { permanent_uuid: "00c229667b0549ea970d9689b7f32869" member_type: VOTER last_known_addr { host: "127.21.65.131" port: 38093 } } peers { permanent_uuid: "4652dffee8684816a8b453092e53cd98" member_type: VOTER last_known_addr { host: "127.21.65.132" port: 42563 } attrs { promote: false } } }
I20260710 13:24:22.279564 22800 catalog_manager.cc:5697] T 3c0b1c94e6e8435d9fafebf98ccad343 P a9fc1ddcb6014bab905118c033e59e3e reported cstate change: config changed from index 2 to 3, 4652dffee8684816a8b453092e53cd98 (127.21.65.132) changed from NON_VOTER to VOTER. New cstate: current_term: 1 leader_uuid: "35142699d9f24689a9c8698177194e88" committed_config { opid_index: 3 OBSOLETE_local: false peers { permanent_uuid: "35142699d9f24689a9c8698177194e88" member_type: VOTER last_known_addr { host: "127.21.65.129" port: 37609 } } peers { permanent_uuid: "a9fc1ddcb6014bab905118c033e59e3e" member_type: VOTER last_known_addr { host: "127.21.65.130" port: 34413 } attrs { replace: true } } peers { permanent_uuid: "00c229667b0549ea970d9689b7f32869" member_type: VOTER last_known_addr { host: "127.21.65.131" port: 38093 } } peers { permanent_uuid: "4652dffee8684816a8b453092e53cd98" member_type: VOTER last_known_addr { host: "127.21.65.132" port: 42563 } attrs { promote: false } } }
I20260710 13:24:22.310263 22902 consensus_queue.cc:237] T 3c0b1c94e6e8435d9fafebf98ccad343 P 35142699d9f24689a9c8698177194e88 [LEADER]: Queue going to LEADER mode. State: All replicated index: 0, Majority replicated index: 3, Committed index: 3, Last appended: 1.3, Last appended by leader: 0, Current term: 1, Majority size: 2, State: 0, Mode: LEADER, active raft config: opid_index: 4 OBSOLETE_local: false peers { permanent_uuid: "35142699d9f24689a9c8698177194e88" member_type: VOTER last_known_addr { host: "127.21.65.129" port: 37609 } } peers { permanent_uuid: "00c229667b0549ea970d9689b7f32869" member_type: VOTER last_known_addr { host: "127.21.65.131" port: 38093 } } peers { permanent_uuid: "4652dffee8684816a8b453092e53cd98" member_type: VOTER last_known_addr { host: "127.21.65.132" port: 42563 } attrs { promote: false } }
I20260710 13:24:22.316448 23321 raft_consensus.cc:1275] T 3c0b1c94e6e8435d9fafebf98ccad343 P 4652dffee8684816a8b453092e53cd98 [term 1 FOLLOWER]: Refusing update from remote peer 35142699d9f24689a9c8698177194e88: Log matching property violated. Preceding OpId in replica: term: 1 index: 3. Preceding OpId from leader: term: 1 index: 4. (index mismatch)
I20260710 13:24:22.316612 23050 raft_consensus.cc:1275] T 3c0b1c94e6e8435d9fafebf98ccad343 P 00c229667b0549ea970d9689b7f32869 [term 1 FOLLOWER]: Refusing update from remote peer 35142699d9f24689a9c8698177194e88: Log matching property violated. Preceding OpId in replica: term: 1 index: 3. Preceding OpId from leader: term: 1 index: 4. (index mismatch)
I20260710 13:24:22.317734 23597 consensus_queue.cc:1048] T 3c0b1c94e6e8435d9fafebf98ccad343 P 35142699d9f24689a9c8698177194e88 [LEADER]: Connected to new peer: Peer: permanent_uuid: "4652dffee8684816a8b453092e53cd98" member_type: VOTER last_known_addr { host: "127.21.65.132" port: 42563 } attrs { promote: false }, Status: LMP_MISMATCH, Last received: 0.0, Next index: 4, Last known committed idx: 3, Time since last communication: 0.000s
I20260710 13:24:22.318588 23601 consensus_queue.cc:1048] T 3c0b1c94e6e8435d9fafebf98ccad343 P 35142699d9f24689a9c8698177194e88 [LEADER]: Connected to new peer: Peer: permanent_uuid: "00c229667b0549ea970d9689b7f32869" member_type: VOTER last_known_addr { host: "127.21.65.131" port: 38093 }, Status: LMP_MISMATCH, Last received: 0.0, Next index: 4, Last known committed idx: 3, Time since last communication: 0.000s
I20260710 13:24:22.327010 23323 raft_consensus.cc:2955] T 3c0b1c94e6e8435d9fafebf98ccad343 P 4652dffee8684816a8b453092e53cd98 [term 1 FOLLOWER]: Committing config change with OpId 1.4: config changed from index 3 to 4, VOTER a9fc1ddcb6014bab905118c033e59e3e (127.21.65.130) evicted. New config: { opid_index: 4 OBSOLETE_local: false peers { permanent_uuid: "35142699d9f24689a9c8698177194e88" member_type: VOTER last_known_addr { host: "127.21.65.129" port: 37609 } } peers { permanent_uuid: "00c229667b0549ea970d9689b7f32869" member_type: VOTER last_known_addr { host: "127.21.65.131" port: 38093 } } peers { permanent_uuid: "4652dffee8684816a8b453092e53cd98" member_type: VOTER last_known_addr { host: "127.21.65.132" port: 42563 } attrs { promote: false } } }
I20260710 13:24:22.326630 23050 raft_consensus.cc:2955] T 3c0b1c94e6e8435d9fafebf98ccad343 P 00c229667b0549ea970d9689b7f32869 [term 1 FOLLOWER]: Committing config change with OpId 1.4: config changed from index 3 to 4, VOTER a9fc1ddcb6014bab905118c033e59e3e (127.21.65.130) evicted. New config: { opid_index: 4 OBSOLETE_local: false peers { permanent_uuid: "35142699d9f24689a9c8698177194e88" member_type: VOTER last_known_addr { host: "127.21.65.129" port: 37609 } } peers { permanent_uuid: "00c229667b0549ea970d9689b7f32869" member_type: VOTER last_known_addr { host: "127.21.65.131" port: 38093 } } peers { permanent_uuid: "4652dffee8684816a8b453092e53cd98" member_type: VOTER last_known_addr { host: "127.21.65.132" port: 42563 } attrs { promote: false } } }
I20260710 13:24:22.328384 23601 raft_consensus.cc:2955] T 3c0b1c94e6e8435d9fafebf98ccad343 P 35142699d9f24689a9c8698177194e88 [term 1 LEADER]: Committing config change with OpId 1.4: config changed from index 3 to 4, VOTER a9fc1ddcb6014bab905118c033e59e3e (127.21.65.130) evicted. New config: { opid_index: 4 OBSOLETE_local: false peers { permanent_uuid: "35142699d9f24689a9c8698177194e88" member_type: VOTER last_known_addr { host: "127.21.65.129" port: 37609 } } peers { permanent_uuid: "00c229667b0549ea970d9689b7f32869" member_type: VOTER last_known_addr { host: "127.21.65.131" port: 38093 } } peers { permanent_uuid: "4652dffee8684816a8b453092e53cd98" member_type: VOTER last_known_addr { host: "127.21.65.132" port: 42563 } attrs { promote: false } } }
I20260710 13:24:22.337898 22785 catalog_manager.cc:5210] ChangeConfig:REMOVE_PEER RPC for tablet 3c0b1c94e6e8435d9fafebf98ccad343 with cas_config_opid_index 3: ChangeConfig:REMOVE_PEER succeeded (attempt 1)
I20260710 13:24:22.342514 22801 catalog_manager.cc:5697] T 3c0b1c94e6e8435d9fafebf98ccad343 P 00c229667b0549ea970d9689b7f32869 reported cstate change: config changed from index 3 to 4, VOTER a9fc1ddcb6014bab905118c033e59e3e (127.21.65.130) evicted. New cstate: current_term: 1 leader_uuid: "35142699d9f24689a9c8698177194e88" committed_config { opid_index: 4 OBSOLETE_local: false peers { permanent_uuid: "35142699d9f24689a9c8698177194e88" member_type: VOTER last_known_addr { host: "127.21.65.129" port: 37609 } } peers { permanent_uuid: "00c229667b0549ea970d9689b7f32869" member_type: VOTER last_known_addr { host: "127.21.65.131" port: 38093 } } peers { permanent_uuid: "4652dffee8684816a8b453092e53cd98" member_type: VOTER last_known_addr { host: "127.21.65.132" port: 42563 } attrs { promote: false } } }
I20260710 13:24:22.354866 22961 tablet_service.cc:1558] Processing DeleteTablet for tablet 3c0b1c94e6e8435d9fafebf98ccad343 with delete_type TABLET_DATA_TOMBSTONED (TS a9fc1ddcb6014bab905118c033e59e3e not found in new config with opid_index 4) from {username='slave'} at 127.0.0.1:34720
I20260710 13:24:22.357097 23606 tablet_replica.cc:333] T 3c0b1c94e6e8435d9fafebf98ccad343 P a9fc1ddcb6014bab905118c033e59e3e: stopping tablet replica
I20260710 13:24:22.358048 23606 raft_consensus.cc:2243] T 3c0b1c94e6e8435d9fafebf98ccad343 P a9fc1ddcb6014bab905118c033e59e3e [term 1 FOLLOWER]: Raft consensus shutting down.
I20260710 13:24:22.358637 23606 raft_consensus.cc:2272] T 3c0b1c94e6e8435d9fafebf98ccad343 P a9fc1ddcb6014bab905118c033e59e3e [term 1 FOLLOWER]: Raft consensus is shut down!
I20260710 13:24:22.361306 23606 ts_tablet_manager.cc:1916] T 3c0b1c94e6e8435d9fafebf98ccad343 P a9fc1ddcb6014bab905118c033e59e3e: Deleting tablet data with delete state TABLET_DATA_TOMBSTONED
I20260710 13:24:22.372130 23606 ts_tablet_manager.cc:1929] T 3c0b1c94e6e8435d9fafebf98ccad343 P a9fc1ddcb6014bab905118c033e59e3e: tablet deleted with delete type TABLET_DATA_TOMBSTONED: last-logged OpId 1.3
I20260710 13:24:22.372545 23606 log.cc:1199] T 3c0b1c94e6e8435d9fafebf98ccad343 P a9fc1ddcb6014bab905118c033e59e3e: Deleting WAL directory at /tmp/dist-test-taskvTjqtO/test-tmp/auto_leader_rebalancer-test.0.LeaderRebalancerTest.AddTserver.1783689822916116-21766-0/minicluster-data/ts-1-root/wals/3c0b1c94e6e8435d9fafebf98ccad343
I20260710 13:24:22.374580 22787 catalog_manager.cc:5028] TS a9fc1ddcb6014bab905118c033e59e3e (127.21.65.130:34413): tablet 3c0b1c94e6e8435d9fafebf98ccad343 (table test-workload [id=f9ac8e5bcfd6481ea70f6e84fced9d5f]) successfully deleted
I20260710 13:24:22.383752 23595 raft_consensus.cc:1064] T df039c0a614d4adf9e9ba5cb2d497c9d P a9fc1ddcb6014bab905118c033e59e3e: attempting to promote NON_VOTER 4652dffee8684816a8b453092e53cd98 to VOTER
I20260710 13:24:22.386925 23595 consensus_queue.cc:237] T df039c0a614d4adf9e9ba5cb2d497c9d P a9fc1ddcb6014bab905118c033e59e3e [LEADER]: Queue going to LEADER mode. State: All replicated index: 0, Majority replicated index: 2, Committed index: 2, Last appended: 1.2, Last appended by leader: 0, Current term: 1, Majority size: 3, State: 0, Mode: LEADER, active raft config: opid_index: 3 OBSOLETE_local: false peers { permanent_uuid: "35142699d9f24689a9c8698177194e88" member_type: VOTER last_known_addr { host: "127.21.65.129" port: 37609 } } peers { permanent_uuid: "a9fc1ddcb6014bab905118c033e59e3e" member_type: VOTER last_known_addr { host: "127.21.65.130" port: 34413 } } peers { permanent_uuid: "00c229667b0549ea970d9689b7f32869" member_type: VOTER last_known_addr { host: "127.21.65.131" port: 38093 } attrs { replace: true } } peers { permanent_uuid: "4652dffee8684816a8b453092e53cd98" member_type: VOTER last_known_addr { host: "127.21.65.132" port: 42563 } attrs { promote: false } }
I20260710 13:24:22.394639 23050 raft_consensus.cc:1275] T df039c0a614d4adf9e9ba5cb2d497c9d P 00c229667b0549ea970d9689b7f32869 [term 1 FOLLOWER]: Refusing update from remote peer a9fc1ddcb6014bab905118c033e59e3e: Log matching property violated. Preceding OpId in replica: term: 1 index: 2. Preceding OpId from leader: term: 1 index: 3. (index mismatch)
I20260710 13:24:22.394680 23323 raft_consensus.cc:1275] T df039c0a614d4adf9e9ba5cb2d497c9d P 4652dffee8684816a8b453092e53cd98 [term 1 LEARNER]: Refusing update from remote peer a9fc1ddcb6014bab905118c033e59e3e: Log matching property violated. Preceding OpId in replica: term: 1 index: 2. Preceding OpId from leader: term: 1 index: 3. (index mismatch)
I20260710 13:24:22.395814 22902 raft_consensus.cc:1275] T df039c0a614d4adf9e9ba5cb2d497c9d P 35142699d9f24689a9c8698177194e88 [term 1 FOLLOWER]: Refusing update from remote peer a9fc1ddcb6014bab905118c033e59e3e: Log matching property violated. Preceding OpId in replica: term: 1 index: 2. Preceding OpId from leader: term: 1 index: 3. (index mismatch)
I20260710 13:24:22.396237 23594 consensus_queue.cc:1048] T df039c0a614d4adf9e9ba5cb2d497c9d P a9fc1ddcb6014bab905118c033e59e3e [LEADER]: Connected to new peer: Peer: permanent_uuid: "00c229667b0549ea970d9689b7f32869" member_type: VOTER last_known_addr { host: "127.21.65.131" port: 38093 } attrs { replace: true }, Status: LMP_MISMATCH, Last received: 0.0, Next index: 3, Last known committed idx: 2, Time since last communication: 0.000s
I20260710 13:24:22.397101 23578 consensus_queue.cc:1048] T df039c0a614d4adf9e9ba5cb2d497c9d P a9fc1ddcb6014bab905118c033e59e3e [LEADER]: Connected to new peer: Peer: permanent_uuid: "35142699d9f24689a9c8698177194e88" member_type: VOTER last_known_addr { host: "127.21.65.129" port: 37609 }, Status: LMP_MISMATCH, Last received: 0.0, Next index: 3, Last known committed idx: 2, Time since last communication: 0.000s
I20260710 13:24:22.397898 23595 consensus_queue.cc:1048] T df039c0a614d4adf9e9ba5cb2d497c9d P a9fc1ddcb6014bab905118c033e59e3e [LEADER]: Connected to new peer: Peer: permanent_uuid: "4652dffee8684816a8b453092e53cd98" member_type: VOTER last_known_addr { host: "127.21.65.132" port: 42563 } attrs { promote: false }, Status: LMP_MISMATCH, Last received: 0.0, Next index: 3, Last known committed idx: 2, Time since last communication: 0.000s
I20260710 13:24:22.415972 23578 raft_consensus.cc:2955] T df039c0a614d4adf9e9ba5cb2d497c9d P a9fc1ddcb6014bab905118c033e59e3e [term 1 LEADER]: Committing config change with OpId 1.3: config changed from index 2 to 3, 4652dffee8684816a8b453092e53cd98 (127.21.65.132) changed from NON_VOTER to VOTER. New config: { opid_index: 3 OBSOLETE_local: false peers { permanent_uuid: "35142699d9f24689a9c8698177194e88" member_type: VOTER last_known_addr { host: "127.21.65.129" port: 37609 } } peers { permanent_uuid: "a9fc1ddcb6014bab905118c033e59e3e" member_type: VOTER last_known_addr { host: "127.21.65.130" port: 34413 } } peers { permanent_uuid: "00c229667b0549ea970d9689b7f32869" member_type: VOTER last_known_addr { host: "127.21.65.131" port: 38093 } attrs { replace: true } } peers { permanent_uuid: "4652dffee8684816a8b453092e53cd98" member_type: VOTER last_known_addr { host: "127.21.65.132" port: 42563 } attrs { promote: false } } }
I20260710 13:24:22.417773 22902 raft_consensus.cc:2955] T df039c0a614d4adf9e9ba5cb2d497c9d P 35142699d9f24689a9c8698177194e88 [term 1 FOLLOWER]: Committing config change with OpId 1.3: config changed from index 2 to 3, 4652dffee8684816a8b453092e53cd98 (127.21.65.132) changed from NON_VOTER to VOTER. New config: { opid_index: 3 OBSOLETE_local: false peers { permanent_uuid: "35142699d9f24689a9c8698177194e88" member_type: VOTER last_known_addr { host: "127.21.65.129" port: 37609 } } peers { permanent_uuid: "a9fc1ddcb6014bab905118c033e59e3e" member_type: VOTER last_known_addr { host: "127.21.65.130" port: 34413 } } peers { permanent_uuid: "00c229667b0549ea970d9689b7f32869" member_type: VOTER last_known_addr { host: "127.21.65.131" port: 38093 } attrs { replace: true } } peers { permanent_uuid: "4652dffee8684816a8b453092e53cd98" member_type: VOTER last_known_addr { host: "127.21.65.132" port: 42563 } attrs { promote: false } } }
I20260710 13:24:22.419672 23050 raft_consensus.cc:2955] T df039c0a614d4adf9e9ba5cb2d497c9d P 00c229667b0549ea970d9689b7f32869 [term 1 FOLLOWER]: Committing config change with OpId 1.3: config changed from index 2 to 3, 4652dffee8684816a8b453092e53cd98 (127.21.65.132) changed from NON_VOTER to VOTER. New config: { opid_index: 3 OBSOLETE_local: false peers { permanent_uuid: "35142699d9f24689a9c8698177194e88" member_type: VOTER last_known_addr { host: "127.21.65.129" port: 37609 } } peers { permanent_uuid: "a9fc1ddcb6014bab905118c033e59e3e" member_type: VOTER last_known_addr { host: "127.21.65.130" port: 34413 } } peers { permanent_uuid: "00c229667b0549ea970d9689b7f32869" member_type: VOTER last_known_addr { host: "127.21.65.131" port: 38093 } attrs { replace: true } } peers { permanent_uuid: "4652dffee8684816a8b453092e53cd98" member_type: VOTER last_known_addr { host: "127.21.65.132" port: 42563 } attrs { promote: false } } }
I20260710 13:24:22.428427 23323 raft_consensus.cc:2955] T df039c0a614d4adf9e9ba5cb2d497c9d P 4652dffee8684816a8b453092e53cd98 [term 1 FOLLOWER]: Committing config change with OpId 1.3: config changed from index 2 to 3, 4652dffee8684816a8b453092e53cd98 (127.21.65.132) changed from NON_VOTER to VOTER. New config: { opid_index: 3 OBSOLETE_local: false peers { permanent_uuid: "35142699d9f24689a9c8698177194e88" member_type: VOTER last_known_addr { host: "127.21.65.129" port: 37609 } } peers { permanent_uuid: "a9fc1ddcb6014bab905118c033e59e3e" member_type: VOTER last_known_addr { host: "127.21.65.130" port: 34413 } } peers { permanent_uuid: "00c229667b0549ea970d9689b7f32869" member_type: VOTER last_known_addr { host: "127.21.65.131" port: 38093 } attrs { replace: true } } peers { permanent_uuid: "4652dffee8684816a8b453092e53cd98" member_type: VOTER last_known_addr { host: "127.21.65.132" port: 42563 } attrs { promote: false } } }
I20260710 13:24:22.433195 22799 catalog_manager.cc:5697] T df039c0a614d4adf9e9ba5cb2d497c9d P 35142699d9f24689a9c8698177194e88 reported cstate change: config changed from index 2 to 3, 4652dffee8684816a8b453092e53cd98 (127.21.65.132) changed from NON_VOTER to VOTER. New cstate: current_term: 1 leader_uuid: "a9fc1ddcb6014bab905118c033e59e3e" committed_config { opid_index: 3 OBSOLETE_local: false peers { permanent_uuid: "35142699d9f24689a9c8698177194e88" member_type: VOTER last_known_addr { host: "127.21.65.129" port: 37609 } } peers { permanent_uuid: "a9fc1ddcb6014bab905118c033e59e3e" member_type: VOTER last_known_addr { host: "127.21.65.130" port: 34413 } } peers { permanent_uuid: "00c229667b0549ea970d9689b7f32869" member_type: VOTER last_known_addr { host: "127.21.65.131" port: 38093 } attrs { replace: true } } peers { permanent_uuid: "4652dffee8684816a8b453092e53cd98" member_type: VOTER last_known_addr { host: "127.21.65.132" port: 42563 } attrs { promote: false } } }
I20260710 13:24:22.452044 22976 consensus_queue.cc:237] T df039c0a614d4adf9e9ba5cb2d497c9d P a9fc1ddcb6014bab905118c033e59e3e [LEADER]: Queue going to LEADER mode. State: All replicated index: 0, Majority replicated index: 3, Committed index: 3, Last appended: 1.3, Last appended by leader: 0, Current term: 1, Majority size: 2, State: 0, Mode: LEADER, active raft config: opid_index: 4 OBSOLETE_local: false peers { permanent_uuid: "35142699d9f24689a9c8698177194e88" member_type: VOTER last_known_addr { host: "127.21.65.129" port: 37609 } } peers { permanent_uuid: "a9fc1ddcb6014bab905118c033e59e3e" member_type: VOTER last_known_addr { host: "127.21.65.130" port: 34413 } } peers { permanent_uuid: "4652dffee8684816a8b453092e53cd98" member_type: VOTER last_known_addr { host: "127.21.65.132" port: 42563 } attrs { promote: false } }
I20260710 13:24:22.459448 23323 raft_consensus.cc:1275] T df039c0a614d4adf9e9ba5cb2d497c9d P 4652dffee8684816a8b453092e53cd98 [term 1 FOLLOWER]: Refusing update from remote peer a9fc1ddcb6014bab905118c033e59e3e: Log matching property violated. Preceding OpId in replica: term: 1 index: 3. Preceding OpId from leader: term: 1 index: 4. (index mismatch)
I20260710 13:24:22.459543 22902 raft_consensus.cc:1275] T df039c0a614d4adf9e9ba5cb2d497c9d P 35142699d9f24689a9c8698177194e88 [term 1 FOLLOWER]: Refusing update from remote peer a9fc1ddcb6014bab905118c033e59e3e: Log matching property violated. Preceding OpId in replica: term: 1 index: 3. Preceding OpId from leader: term: 1 index: 4. (index mismatch)
