I20260710 13:23:47.029036 22150 consensus_queue.cc:237] T 4b9ad90ddde44e6198ac21a0d043f4e9 P 4d54c5eff38047c0a07ba951b9816efe [LEADER]: Queue going to LEADER mode. State: All replicated index: 0, Majority replicated index: 1, Committed index: 1, Last appended: 1.1, Last appended by leader: 1, Current term: 2, Majority size: 2, State: 0, Mode: LEADER, active raft config: opid_index: -1 OBSOLETE_local: false peers { permanent_uuid: "3c169398a292487f81b8f4f0cb1c0c04" member_type: VOTER last_known_addr { host: "127.21.65.129" port: 44909 } } peers { permanent_uuid: "4d54c5eff38047c0a07ba951b9816efe" member_type: VOTER last_known_addr { host: "127.21.65.130" port: 44657 } } peers { permanent_uuid: "916744600e634e868fb42bb23f36ad10" member_type: VOTER last_known_addr { host: "127.21.65.131" port: 34995 } }
I20260710 13:23:47.032533 22050 tablet_service.cc:1917] Received RequestConsensusVote() RPC: tablet_id: "fd3432175b5145cfaa377cd98dccb82b" candidate_uuid: "3c169398a292487f81b8f4f0cb1c0c04" candidate_term: 2 candidate_status { last_received { term: 1 index: 1 } } ignore_live_leader: true dest_uuid: "916744600e634e868fb42bb23f36ad10"
I20260710 13:23:47.033167 22050 raft_consensus.cc:3060] T fd3432175b5145cfaa377cd98dccb82b P 916744600e634e868fb42bb23f36ad10 [term 1 FOLLOWER]: Advancing to term 2
I20260710 13:23:47.030542 21899 leader_election.cc:290] T fd3432175b5145cfaa377cd98dccb82b P 3c169398a292487f81b8f4f0cb1c0c04 [CANDIDATE]: Term 2 election: Requested vote from peers 4d54c5eff38047c0a07ba951b9816efe (127.21.65.130:44657), 916744600e634e868fb42bb23f36ad10 (127.21.65.131:34995)
I20260710 13:23:47.039269 21973 raft_consensus.cc:2468] T fd3432175b5145cfaa377cd98dccb82b P 4d54c5eff38047c0a07ba951b9816efe [term 2 FOLLOWER]: Leader election vote request: Granting yes vote for candidate 3c169398a292487f81b8f4f0cb1c0c04 in term 2.
I20260710 13:23:47.039193 21796 catalog_manager.cc:5697] T 4b9ad90ddde44e6198ac21a0d043f4e9 P 4d54c5eff38047c0a07ba951b9816efe reported cstate change: term changed from 1 to 2, leader changed from 916744600e634e868fb42bb23f36ad10 (127.21.65.131) to 4d54c5eff38047c0a07ba951b9816efe (127.21.65.130). New cstate: current_term: 2 leader_uuid: "4d54c5eff38047c0a07ba951b9816efe" committed_config { opid_index: -1 OBSOLETE_local: false peers { permanent_uuid: "3c169398a292487f81b8f4f0cb1c0c04" member_type: VOTER last_known_addr { host: "127.21.65.129" port: 44909 } health_report { overall_health: UNKNOWN } } peers { permanent_uuid: "4d54c5eff38047c0a07ba951b9816efe" member_type: VOTER last_known_addr { host: "127.21.65.130" port: 44657 } health_report { overall_health: HEALTHY } } peers { permanent_uuid: "916744600e634e868fb42bb23f36ad10" member_type: VOTER last_known_addr { host: "127.21.65.131" port: 34995 } health_report { overall_health: UNKNOWN } } }
I20260710 13:23:47.040426 22050 raft_consensus.cc:2468] T fd3432175b5145cfaa377cd98dccb82b P 916744600e634e868fb42bb23f36ad10 [term 2 FOLLOWER]: Leader election vote request: Granting yes vote for candidate 3c169398a292487f81b8f4f0cb1c0c04 in term 2.
I20260710 13:23:47.040512 21864 leader_election.cc:304] T fd3432175b5145cfaa377cd98dccb82b P 3c169398a292487f81b8f4f0cb1c0c04 [CANDIDATE]: Term 2 election: Election decided. Result: candidate won. Election summary: received 2 responses out of 3 voters: 2 yes votes; 0 no votes. yes voters: 3c169398a292487f81b8f4f0cb1c0c04, 4d54c5eff38047c0a07ba951b9816efe; no voters: 
I20260710 13:23:47.041666 22099 raft_consensus.cc:2804] T fd3432175b5145cfaa377cd98dccb82b P 3c169398a292487f81b8f4f0cb1c0c04 [term 2 FOLLOWER]: Leader election won for term 2
I20260710 13:23:47.042133 22099 raft_consensus.cc:697] T fd3432175b5145cfaa377cd98dccb82b P 3c169398a292487f81b8f4f0cb1c0c04 [term 2 LEADER]: Becoming Leader. State: Replica: 3c169398a292487f81b8f4f0cb1c0c04, State: Running, Role: LEADER
I20260710 13:23:47.042922 22099 consensus_queue.cc:237] T fd3432175b5145cfaa377cd98dccb82b P 3c169398a292487f81b8f4f0cb1c0c04 [LEADER]: Queue going to LEADER mode. State: All replicated index: 0, Majority replicated index: 1, Committed index: 1, Last appended: 1.1, Last appended by leader: 1, Current term: 2, Majority size: 2, State: 0, Mode: LEADER, active raft config: opid_index: -1 OBSOLETE_local: false peers { permanent_uuid: "3c169398a292487f81b8f4f0cb1c0c04" member_type: VOTER last_known_addr { host: "127.21.65.129" port: 44909 } } peers { permanent_uuid: "4d54c5eff38047c0a07ba951b9816efe" member_type: VOTER last_known_addr { host: "127.21.65.130" port: 44657 } } peers { permanent_uuid: "916744600e634e868fb42bb23f36ad10" member_type: VOTER last_known_addr { host: "127.21.65.131" port: 34995 } }
I20260710 13:23:47.050098 21797 catalog_manager.cc:5697] T fd3432175b5145cfaa377cd98dccb82b P 3c169398a292487f81b8f4f0cb1c0c04 reported cstate change: term changed from 1 to 2, leader changed from 4d54c5eff38047c0a07ba951b9816efe (127.21.65.130) to 3c169398a292487f81b8f4f0cb1c0c04 (127.21.65.129). New cstate: current_term: 2 leader_uuid: "3c169398a292487f81b8f4f0cb1c0c04" committed_config { opid_index: -1 OBSOLETE_local: false peers { permanent_uuid: "3c169398a292487f81b8f4f0cb1c0c04" member_type: VOTER last_known_addr { host: "127.21.65.129" port: 44909 } health_report { overall_health: HEALTHY } } peers { permanent_uuid: "4d54c5eff38047c0a07ba951b9816efe" member_type: VOTER last_known_addr { host: "127.21.65.130" port: 44657 } health_report { overall_health: UNKNOWN } } peers { permanent_uuid: "916744600e634e868fb42bb23f36ad10" member_type: VOTER last_known_addr { host: "127.21.65.131" port: 34995 } health_report { overall_health: UNKNOWN } } }
I20260710 13:23:47.058708 22123 raft_consensus.cc:993] T 79ddaa9a150343fbaf5f5426da0f843f P 3c169398a292487f81b8f4f0cb1c0c04: : Instructing follower 4d54c5eff38047c0a07ba951b9816efe to start an election
I20260710 13:23:47.059257 22099 raft_consensus.cc:1081] T 79ddaa9a150343fbaf5f5426da0f843f P 3c169398a292487f81b8f4f0cb1c0c04 [term 1 LEADER]: Signalling peer 4d54c5eff38047c0a07ba951b9816efe to start an election
I20260710 13:23:47.060777 21973 tablet_service.cc:2044] Received Run Leader Election RPC: tablet_id: "79ddaa9a150343fbaf5f5426da0f843f"
dest_uuid: "4d54c5eff38047c0a07ba951b9816efe"
 from {username='slave'} at 127.0.0.1:38048
I20260710 13:23:47.061342 21973 raft_consensus.cc:493] T 79ddaa9a150343fbaf5f5426da0f843f P 4d54c5eff38047c0a07ba951b9816efe [term 1 FOLLOWER]: Starting forced leader election (received explicit request)
I20260710 13:23:47.061710 21973 raft_consensus.cc:3060] T 79ddaa9a150343fbaf5f5426da0f843f P 4d54c5eff38047c0a07ba951b9816efe [term 1 FOLLOWER]: Advancing to term 2
I20260710 13:23:47.068491 21973 raft_consensus.cc:515] T 79ddaa9a150343fbaf5f5426da0f843f P 4d54c5eff38047c0a07ba951b9816efe [term 2 FOLLOWER]: Starting forced leader election with config: opid_index: -1 OBSOLETE_local: false peers { permanent_uuid: "3c169398a292487f81b8f4f0cb1c0c04" member_type: VOTER last_known_addr { host: "127.21.65.129" port: 44909 } } peers { permanent_uuid: "4d54c5eff38047c0a07ba951b9816efe" member_type: VOTER last_known_addr { host: "127.21.65.130" port: 44657 } } peers { permanent_uuid: "916744600e634e868fb42bb23f36ad10" member_type: VOTER last_known_addr { host: "127.21.65.131" port: 34995 } }
I20260710 13:23:47.070660 21973 leader_election.cc:290] T 79ddaa9a150343fbaf5f5426da0f843f P 4d54c5eff38047c0a07ba951b9816efe [CANDIDATE]: Term 2 election: Requested vote from peers 3c169398a292487f81b8f4f0cb1c0c04 (127.21.65.129:44909), 916744600e634e868fb42bb23f36ad10 (127.21.65.131:34995)
I20260710 13:23:47.071414 21899 tablet_service.cc:1917] Received RequestConsensusVote() RPC: tablet_id: "79ddaa9a150343fbaf5f5426da0f843f" candidate_uuid: "4d54c5eff38047c0a07ba951b9816efe" candidate_term: 2 candidate_status { last_received { term: 1 index: 1 } } ignore_live_leader: true dest_uuid: "3c169398a292487f81b8f4f0cb1c0c04"
I20260710 13:23:47.071861 22050 tablet_service.cc:1917] Received RequestConsensusVote() RPC: tablet_id: "79ddaa9a150343fbaf5f5426da0f843f" candidate_uuid: "4d54c5eff38047c0a07ba951b9816efe" candidate_term: 2 candidate_status { last_received { term: 1 index: 1 } } ignore_live_leader: true dest_uuid: "916744600e634e868fb42bb23f36ad10"
I20260710 13:23:47.072026 21899 raft_consensus.cc:3055] T 79ddaa9a150343fbaf5f5426da0f843f P 3c169398a292487f81b8f4f0cb1c0c04 [term 1 LEADER]: Stepping down as leader of term 1
I20260710 13:23:47.072412 21899 raft_consensus.cc:740] T 79ddaa9a150343fbaf5f5426da0f843f P 3c169398a292487f81b8f4f0cb1c0c04 [term 1 LEADER]: Becoming Follower/Learner. State: Replica: 3c169398a292487f81b8f4f0cb1c0c04, State: Running, Role: LEADER
I20260710 13:23:47.072464 22050 raft_consensus.cc:3060] T 79ddaa9a150343fbaf5f5426da0f843f P 916744600e634e868fb42bb23f36ad10 [term 1 FOLLOWER]: Advancing to term 2
I20260710 13:23:47.073403 21899 consensus_queue.cc:260] T 79ddaa9a150343fbaf5f5426da0f843f P 3c169398a292487f81b8f4f0cb1c0c04 [NON_LEADER]: Queue going to NON_LEADER mode. State: All replicated index: 0, Majority replicated index: 1, Committed index: 1, Last appended: 1.1, Last appended by leader: 1, Current term: 1, Majority size: -1, State: 0, Mode: NON_LEADER, active raft config: opid_index: -1 OBSOLETE_local: false peers { permanent_uuid: "3c169398a292487f81b8f4f0cb1c0c04" member_type: VOTER last_known_addr { host: "127.21.65.129" port: 44909 } } peers { permanent_uuid: "4d54c5eff38047c0a07ba951b9816efe" member_type: VOTER last_known_addr { host: "127.21.65.130" port: 44657 } } peers { permanent_uuid: "916744600e634e868fb42bb23f36ad10" member_type: VOTER last_known_addr { host: "127.21.65.131" port: 34995 } }
I20260710 13:23:47.074611 21899 raft_consensus.cc:3060] T 79ddaa9a150343fbaf5f5426da0f843f P 3c169398a292487f81b8f4f0cb1c0c04 [term 1 FOLLOWER]: Advancing to term 2
I20260710 13:23:47.080363 22050 raft_consensus.cc:2468] T 79ddaa9a150343fbaf5f5426da0f843f P 916744600e634e868fb42bb23f36ad10 [term 2 FOLLOWER]: Leader election vote request: Granting yes vote for candidate 4d54c5eff38047c0a07ba951b9816efe in term 2.
I20260710 13:23:47.081681 21899 raft_consensus.cc:2468] T 79ddaa9a150343fbaf5f5426da0f843f P 3c169398a292487f81b8f4f0cb1c0c04 [term 2 FOLLOWER]: Leader election vote request: Granting yes vote for candidate 4d54c5eff38047c0a07ba951b9816efe in term 2.
I20260710 13:23:47.081681 21942 leader_election.cc:304] T 79ddaa9a150343fbaf5f5426da0f843f P 4d54c5eff38047c0a07ba951b9816efe [CANDIDATE]: Term 2 election: Election decided. Result: candidate won. Election summary: received 2 responses out of 3 voters: 2 yes votes; 0 no votes. yes voters: 4d54c5eff38047c0a07ba951b9816efe, 916744600e634e868fb42bb23f36ad10; no voters: 
I20260710 13:23:47.082791 22150 raft_consensus.cc:2804] T 79ddaa9a150343fbaf5f5426da0f843f P 4d54c5eff38047c0a07ba951b9816efe [term 2 FOLLOWER]: Leader election won for term 2
I20260710 13:23:47.083276 22150 raft_consensus.cc:697] T 79ddaa9a150343fbaf5f5426da0f843f P 4d54c5eff38047c0a07ba951b9816efe [term 2 LEADER]: Becoming Leader. State: Replica: 4d54c5eff38047c0a07ba951b9816efe, State: Running, Role: LEADER
I20260710 13:23:47.084064 22150 consensus_queue.cc:237] T 79ddaa9a150343fbaf5f5426da0f843f P 4d54c5eff38047c0a07ba951b9816efe [LEADER]: Queue going to LEADER mode. State: All replicated index: 0, Majority replicated index: 1, Committed index: 1, Last appended: 1.1, Last appended by leader: 1, Current term: 2, Majority size: 2, State: 0, Mode: LEADER, active raft config: opid_index: -1 OBSOLETE_local: false peers { permanent_uuid: "3c169398a292487f81b8f4f0cb1c0c04" member_type: VOTER last_known_addr { host: "127.21.65.129" port: 44909 } } peers { permanent_uuid: "4d54c5eff38047c0a07ba951b9816efe" member_type: VOTER last_known_addr { host: "127.21.65.130" port: 44657 } } peers { permanent_uuid: "916744600e634e868fb42bb23f36ad10" member_type: VOTER last_known_addr { host: "127.21.65.131" port: 34995 } }
I20260710 13:23:47.090977 21797 catalog_manager.cc:5697] T 79ddaa9a150343fbaf5f5426da0f843f P 4d54c5eff38047c0a07ba951b9816efe reported cstate change: term changed from 1 to 2, leader changed from 3c169398a292487f81b8f4f0cb1c0c04 (127.21.65.129) to 4d54c5eff38047c0a07ba951b9816efe (127.21.65.130). New cstate: current_term: 2 leader_uuid: "4d54c5eff38047c0a07ba951b9816efe" committed_config { opid_index: -1 OBSOLETE_local: false peers { permanent_uuid: "3c169398a292487f81b8f4f0cb1c0c04" member_type: VOTER last_known_addr { host: "127.21.65.129" port: 44909 } health_report { overall_health: UNKNOWN } } peers { permanent_uuid: "4d54c5eff38047c0a07ba951b9816efe" member_type: VOTER last_known_addr { host: "127.21.65.130" port: 44657 } health_report { overall_health: HEALTHY } } peers { permanent_uuid: "916744600e634e868fb42bb23f36ad10" member_type: VOTER last_known_addr { host: "127.21.65.131" port: 34995 } health_report { overall_health: UNKNOWN } } }
I20260710 13:23:47.214912 22102 raft_consensus.cc:993] T b5def78364b24de2b69a54c72371a5ed P 916744600e634e868fb42bb23f36ad10: : Instructing follower 4d54c5eff38047c0a07ba951b9816efe to start an election
I20260710 13:23:47.215394 22133 raft_consensus.cc:1081] T b5def78364b24de2b69a54c72371a5ed P 916744600e634e868fb42bb23f36ad10 [term 1 LEADER]: Signalling peer 4d54c5eff38047c0a07ba951b9816efe to start an election
I20260710 13:23:47.216853 21973 tablet_service.cc:2044] Received Run Leader Election RPC: tablet_id: "b5def78364b24de2b69a54c72371a5ed"
dest_uuid: "4d54c5eff38047c0a07ba951b9816efe"
 from {username='slave'} at 127.0.0.1:38038
I20260710 13:23:47.217419 21973 raft_consensus.cc:493] T b5def78364b24de2b69a54c72371a5ed P 4d54c5eff38047c0a07ba951b9816efe [term 1 FOLLOWER]: Starting forced leader election (received explicit request)
I20260710 13:23:47.217772 21973 raft_consensus.cc:3060] T b5def78364b24de2b69a54c72371a5ed P 4d54c5eff38047c0a07ba951b9816efe [term 1 FOLLOWER]: Advancing to term 2
I20260710 13:23:47.224206 21973 raft_consensus.cc:515] T b5def78364b24de2b69a54c72371a5ed P 4d54c5eff38047c0a07ba951b9816efe [term 2 FOLLOWER]: Starting forced leader election with config: opid_index: -1 OBSOLETE_local: false peers { permanent_uuid: "3c169398a292487f81b8f4f0cb1c0c04" member_type: VOTER last_known_addr { host: "127.21.65.129" port: 44909 } } peers { permanent_uuid: "4d54c5eff38047c0a07ba951b9816efe" member_type: VOTER last_known_addr { host: "127.21.65.130" port: 44657 } } peers { permanent_uuid: "916744600e634e868fb42bb23f36ad10" member_type: VOTER last_known_addr { host: "127.21.65.131" port: 34995 } }
I20260710 13:23:47.226249 21973 leader_election.cc:290] T b5def78364b24de2b69a54c72371a5ed P 4d54c5eff38047c0a07ba951b9816efe [CANDIDATE]: Term 2 election: Requested vote from peers 3c169398a292487f81b8f4f0cb1c0c04 (127.21.65.129:44909), 916744600e634e868fb42bb23f36ad10 (127.21.65.131:34995)
I20260710 13:23:47.227326 21899 tablet_service.cc:1917] Received RequestConsensusVote() RPC: tablet_id: "b5def78364b24de2b69a54c72371a5ed" candidate_uuid: "4d54c5eff38047c0a07ba951b9816efe" candidate_term: 2 candidate_status { last_received { term: 1 index: 1 } } ignore_live_leader: true dest_uuid: "3c169398a292487f81b8f4f0cb1c0c04"
I20260710 13:23:47.228055 21899 raft_consensus.cc:3060] T b5def78364b24de2b69a54c72371a5ed P 3c169398a292487f81b8f4f0cb1c0c04 [term 1 FOLLOWER]: Advancing to term 2
I20260710 13:23:47.228039 22050 tablet_service.cc:1917] Received RequestConsensusVote() RPC: tablet_id: "b5def78364b24de2b69a54c72371a5ed" candidate_uuid: "4d54c5eff38047c0a07ba951b9816efe" candidate_term: 2 candidate_status { last_received { term: 1 index: 1 } } ignore_live_leader: true dest_uuid: "916744600e634e868fb42bb23f36ad10"
I20260710 13:23:47.229053 22050 raft_consensus.cc:3055] T b5def78364b24de2b69a54c72371a5ed P 916744600e634e868fb42bb23f36ad10 [term 1 LEADER]: Stepping down as leader of term 1
I20260710 13:23:47.229552 22050 raft_consensus.cc:740] T b5def78364b24de2b69a54c72371a5ed P 916744600e634e868fb42bb23f36ad10 [term 1 LEADER]: Becoming Follower/Learner. State: Replica: 916744600e634e868fb42bb23f36ad10, State: Running, Role: LEADER
I20260710 13:23:47.230756 22050 consensus_queue.cc:260] T b5def78364b24de2b69a54c72371a5ed P 916744600e634e868fb42bb23f36ad10 [NON_LEADER]: Queue going to NON_LEADER mode. State: All replicated index: 0, Majority replicated index: 1, Committed index: 1, Last appended: 1.1, Last appended by leader: 1, Current term: 1, Majority size: -1, State: 0, Mode: NON_LEADER, active raft config: opid_index: -1 OBSOLETE_local: false peers { permanent_uuid: "3c169398a292487f81b8f4f0cb1c0c04" member_type: VOTER last_known_addr { host: "127.21.65.129" port: 44909 } } peers { permanent_uuid: "4d54c5eff38047c0a07ba951b9816efe" member_type: VOTER last_known_addr { host: "127.21.65.130" port: 44657 } } peers { permanent_uuid: "916744600e634e868fb42bb23f36ad10" member_type: VOTER last_known_addr { host: "127.21.65.131" port: 34995 } }
I20260710 13:23:47.232367 22050 raft_consensus.cc:3060] T b5def78364b24de2b69a54c72371a5ed P 916744600e634e868fb42bb23f36ad10 [term 1 FOLLOWER]: Advancing to term 2
I20260710 13:23:47.233014 22133 raft_consensus.cc:993] T 6d45dd64ed8c4efc8cb3fda6fda4da16 P 916744600e634e868fb42bb23f36ad10: : Instructing follower 3c169398a292487f81b8f4f0cb1c0c04 to start an election
I20260710 13:23:47.233552 22102 raft_consensus.cc:1081] T 6d45dd64ed8c4efc8cb3fda6fda4da16 P 916744600e634e868fb42bb23f36ad10 [term 1 LEADER]: Signalling peer 3c169398a292487f81b8f4f0cb1c0c04 to start an election
I20260710 13:23:47.235659 21900 tablet_service.cc:2044] Received Run Leader Election RPC: tablet_id: "6d45dd64ed8c4efc8cb3fda6fda4da16"
dest_uuid: "3c169398a292487f81b8f4f0cb1c0c04"
 from {username='slave'} at 127.0.0.1:37356
I20260710 13:23:47.236413 21900 raft_consensus.cc:493] T 6d45dd64ed8c4efc8cb3fda6fda4da16 P 3c169398a292487f81b8f4f0cb1c0c04 [term 1 FOLLOWER]: Starting forced leader election (received explicit request)
I20260710 13:23:47.236850 21900 raft_consensus.cc:3060] T 6d45dd64ed8c4efc8cb3fda6fda4da16 P 3c169398a292487f81b8f4f0cb1c0c04 [term 1 FOLLOWER]: Advancing to term 2
I20260710 13:23:47.238555 21899 raft_consensus.cc:2468] T b5def78364b24de2b69a54c72371a5ed P 3c169398a292487f81b8f4f0cb1c0c04 [term 2 FOLLOWER]: Leader election vote request: Granting yes vote for candidate 4d54c5eff38047c0a07ba951b9816efe in term 2.
I20260710 13:23:47.239835 21941 leader_election.cc:304] T b5def78364b24de2b69a54c72371a5ed P 4d54c5eff38047c0a07ba951b9816efe [CANDIDATE]: Term 2 election: Election decided. Result: candidate won. Election summary: received 2 responses out of 3 voters: 2 yes votes; 0 no votes. yes voters: 3c169398a292487f81b8f4f0cb1c0c04, 4d54c5eff38047c0a07ba951b9816efe; no voters: 
I20260710 13:23:47.240823 22050 raft_consensus.cc:2468] T b5def78364b24de2b69a54c72371a5ed P 916744600e634e868fb42bb23f36ad10 [term 2 FOLLOWER]: Leader election vote request: Granting yes vote for candidate 4d54c5eff38047c0a07ba951b9816efe in term 2.
I20260710 13:23:47.240926 22150 raft_consensus.cc:2804] T b5def78364b24de2b69a54c72371a5ed P 4d54c5eff38047c0a07ba951b9816efe [term 2 FOLLOWER]: Leader election won for term 2
I20260710 13:23:47.241430 22150 raft_consensus.cc:697] T b5def78364b24de2b69a54c72371a5ed P 4d54c5eff38047c0a07ba951b9816efe [term 2 LEADER]: Becoming Leader. State: Replica: 4d54c5eff38047c0a07ba951b9816efe, State: Running, Role: LEADER
I20260710 13:23:47.242192 22150 consensus_queue.cc:237] T b5def78364b24de2b69a54c72371a5ed P 4d54c5eff38047c0a07ba951b9816efe [LEADER]: Queue going to LEADER mode. State: All replicated index: 0, Majority replicated index: 1, Committed index: 1, Last appended: 1.1, Last appended by leader: 1, Current term: 2, Majority size: 2, State: 0, Mode: LEADER, active raft config: opid_index: -1 OBSOLETE_local: false peers { permanent_uuid: "3c169398a292487f81b8f4f0cb1c0c04" member_type: VOTER last_known_addr { host: "127.21.65.129" port: 44909 } } peers { permanent_uuid: "4d54c5eff38047c0a07ba951b9816efe" member_type: VOTER last_known_addr { host: "127.21.65.130" port: 44657 } } peers { permanent_uuid: "916744600e634e868fb42bb23f36ad10" member_type: VOTER last_known_addr { host: "127.21.65.131" port: 34995 } }
I20260710 13:23:47.246953 21900 raft_consensus.cc:515] T 6d45dd64ed8c4efc8cb3fda6fda4da16 P 3c169398a292487f81b8f4f0cb1c0c04 [term 2 FOLLOWER]: Starting forced leader election with config: opid_index: -1 OBSOLETE_local: false peers { permanent_uuid: "3c169398a292487f81b8f4f0cb1c0c04" member_type: VOTER last_known_addr { host: "127.21.65.129" port: 44909 } } peers { permanent_uuid: "4d54c5eff38047c0a07ba951b9816efe" member_type: VOTER last_known_addr { host: "127.21.65.130" port: 44657 } } peers { permanent_uuid: "916744600e634e868fb42bb23f36ad10" member_type: VOTER last_known_addr { host: "127.21.65.131" port: 34995 } }
I20260710 13:23:47.249631 21973 tablet_service.cc:1917] Received RequestConsensusVote() RPC: tablet_id: "6d45dd64ed8c4efc8cb3fda6fda4da16" candidate_uuid: "3c169398a292487f81b8f4f0cb1c0c04" candidate_term: 2 candidate_status { last_received { term: 1 index: 1 } } ignore_live_leader: true dest_uuid: "4d54c5eff38047c0a07ba951b9816efe"
I20260710 13:23:47.250072 22050 tablet_service.cc:1917] Received RequestConsensusVote() RPC: tablet_id: "6d45dd64ed8c4efc8cb3fda6fda4da16" candidate_uuid: "3c169398a292487f81b8f4f0cb1c0c04" candidate_term: 2 candidate_status { last_received { term: 1 index: 1 } } ignore_live_leader: true dest_uuid: "916744600e634e868fb42bb23f36ad10"
I20260710 13:23:47.250300 21973 raft_consensus.cc:3060] T 6d45dd64ed8c4efc8cb3fda6fda4da16 P 4d54c5eff38047c0a07ba951b9816efe [term 1 FOLLOWER]: Advancing to term 2
I20260710 13:23:47.249703 21900 leader_election.cc:290] T 6d45dd64ed8c4efc8cb3fda6fda4da16 P 3c169398a292487f81b8f4f0cb1c0c04 [CANDIDATE]: Term 2 election: Requested vote from peers 4d54c5eff38047c0a07ba951b9816efe (127.21.65.130:44657), 916744600e634e868fb42bb23f36ad10 (127.21.65.131:34995)
I20260710 13:23:47.250680 21797 catalog_manager.cc:5697] T b5def78364b24de2b69a54c72371a5ed P 4d54c5eff38047c0a07ba951b9816efe reported cstate change: term changed from 1 to 2, leader changed from 916744600e634e868fb42bb23f36ad10 (127.21.65.131) to 4d54c5eff38047c0a07ba951b9816efe (127.21.65.130). New cstate: current_term: 2 leader_uuid: "4d54c5eff38047c0a07ba951b9816efe" committed_config { opid_index: -1 OBSOLETE_local: false peers { permanent_uuid: "3c169398a292487f81b8f4f0cb1c0c04" member_type: VOTER last_known_addr { host: "127.21.65.129" port: 44909 } health_report { overall_health: UNKNOWN } } peers { permanent_uuid: "4d54c5eff38047c0a07ba951b9816efe" member_type: VOTER last_known_addr { host: "127.21.65.130" port: 44657 } health_report { overall_health: HEALTHY } } peers { permanent_uuid: "916744600e634e868fb42bb23f36ad10" member_type: VOTER last_known_addr { host: "127.21.65.131" port: 34995 } health_report { overall_health: UNKNOWN } } }
I20260710 13:23:47.250639 22050 raft_consensus.cc:3055] T 6d45dd64ed8c4efc8cb3fda6fda4da16 P 916744600e634e868fb42bb23f36ad10 [term 1 LEADER]: Stepping down as leader of term 1
I20260710 13:23:47.252337 22050 raft_consensus.cc:740] T 6d45dd64ed8c4efc8cb3fda6fda4da16 P 916744600e634e868fb42bb23f36ad10 [term 1 LEADER]: Becoming Follower/Learner. State: Replica: 916744600e634e868fb42bb23f36ad10, State: Running, Role: LEADER
I20260710 13:23:47.253180 22050 consensus_queue.cc:260] T 6d45dd64ed8c4efc8cb3fda6fda4da16 P 916744600e634e868fb42bb23f36ad10 [NON_LEADER]: Queue going to NON_LEADER mode. State: All replicated index: 0, Majority replicated index: 1, Committed index: 1, Last appended: 1.1, Last appended by leader: 1, Current term: 1, Majority size: -1, State: 0, Mode: NON_LEADER, active raft config: opid_index: -1 OBSOLETE_local: false peers { permanent_uuid: "3c169398a292487f81b8f4f0cb1c0c04" member_type: VOTER last_known_addr { host: "127.21.65.129" port: 44909 } } peers { permanent_uuid: "4d54c5eff38047c0a07ba951b9816efe" member_type: VOTER last_known_addr { host: "127.21.65.130" port: 44657 } } peers { permanent_uuid: "916744600e634e868fb42bb23f36ad10" member_type: VOTER last_known_addr { host: "127.21.65.131" port: 34995 } }
I20260710 13:23:47.254307 22050 raft_consensus.cc:3060] T 6d45dd64ed8c4efc8cb3fda6fda4da16 P 916744600e634e868fb42bb23f36ad10 [term 1 FOLLOWER]: Advancing to term 2
I20260710 13:23:47.257273 21973 raft_consensus.cc:2468] T 6d45dd64ed8c4efc8cb3fda6fda4da16 P 4d54c5eff38047c0a07ba951b9816efe [term 2 FOLLOWER]: Leader election vote request: Granting yes vote for candidate 3c169398a292487f81b8f4f0cb1c0c04 in term 2.
I20260710 13:23:47.258581 21864 leader_election.cc:304] T 6d45dd64ed8c4efc8cb3fda6fda4da16 P 3c169398a292487f81b8f4f0cb1c0c04 [CANDIDATE]: Term 2 election: Election decided. Result: candidate won. Election summary: received 2 responses out of 3 voters: 2 yes votes; 0 no votes. yes voters: 3c169398a292487f81b8f4f0cb1c0c04, 4d54c5eff38047c0a07ba951b9816efe; no voters: 
I20260710 13:23:47.259318 22099 raft_consensus.cc:2804] T 6d45dd64ed8c4efc8cb3fda6fda4da16 P 3c169398a292487f81b8f4f0cb1c0c04 [term 2 FOLLOWER]: Leader election won for term 2
I20260710 13:23:47.259723 22099 raft_consensus.cc:697] T 6d45dd64ed8c4efc8cb3fda6fda4da16 P 3c169398a292487f81b8f4f0cb1c0c04 [term 2 LEADER]: Becoming Leader. State: Replica: 3c169398a292487f81b8f4f0cb1c0c04, State: Running, Role: LEADER
I20260710 13:23:47.260504 22099 consensus_queue.cc:237] T 6d45dd64ed8c4efc8cb3fda6fda4da16 P 3c169398a292487f81b8f4f0cb1c0c04 [LEADER]: Queue going to LEADER mode. State: All replicated index: 0, Majority replicated index: 1, Committed index: 1, Last appended: 1.1, Last appended by leader: 1, Current term: 2, Majority size: 2, State: 0, Mode: LEADER, active raft config: opid_index: -1 OBSOLETE_local: false peers { permanent_uuid: "3c169398a292487f81b8f4f0cb1c0c04" member_type: VOTER last_known_addr { host: "127.21.65.129" port: 44909 } } peers { permanent_uuid: "4d54c5eff38047c0a07ba951b9816efe" member_type: VOTER last_known_addr { host: "127.21.65.130" port: 44657 } } peers { permanent_uuid: "916744600e634e868fb42bb23f36ad10" member_type: VOTER last_known_addr { host: "127.21.65.131" port: 34995 } }
I20260710 13:23:47.263053 22050 raft_consensus.cc:2468] T 6d45dd64ed8c4efc8cb3fda6fda4da16 P 916744600e634e868fb42bb23f36ad10 [term 2 FOLLOWER]: Leader election vote request: Granting yes vote for candidate 3c169398a292487f81b8f4f0cb1c0c04 in term 2.
I20260710 13:23:47.266954 21797 catalog_manager.cc:5697] T 6d45dd64ed8c4efc8cb3fda6fda4da16 P 3c169398a292487f81b8f4f0cb1c0c04 reported cstate change: term changed from 1 to 2, leader changed from 916744600e634e868fb42bb23f36ad10 (127.21.65.131) to 3c169398a292487f81b8f4f0cb1c0c04 (127.21.65.129). New cstate: current_term: 2 leader_uuid: "3c169398a292487f81b8f4f0cb1c0c04" committed_config { opid_index: -1 OBSOLETE_local: false peers { permanent_uuid: "3c169398a292487f81b8f4f0cb1c0c04" member_type: VOTER last_known_addr { host: "127.21.65.129" port: 44909 } health_report { overall_health: HEALTHY } } peers { permanent_uuid: "4d54c5eff38047c0a07ba951b9816efe" member_type: VOTER last_known_addr { host: "127.21.65.130" port: 44657 } health_report { overall_health: UNKNOWN } } peers { permanent_uuid: "916744600e634e868fb42bb23f36ad10" member_type: VOTER last_known_addr { host: "127.21.65.131" port: 34995 } health_report { overall_health: UNKNOWN } } }
I20260710 13:23:47.273733 21900 raft_consensus.cc:1275] T 5a4ae69e29de47fe91da8bf6507fde48 P 3c169398a292487f81b8f4f0cb1c0c04 [term 2 FOLLOWER]: Refusing update from remote peer 4d54c5eff38047c0a07ba951b9816efe: Log matching property violated. Preceding OpId in replica: term: 1 index: 1. Preceding OpId from leader: term: 2 index: 2. (index mismatch)
I20260710 13:23:47.275071 22150 consensus_queue.cc:1048] T 5a4ae69e29de47fe91da8bf6507fde48 P 4d54c5eff38047c0a07ba951b9816efe [LEADER]: Connected to new peer: Peer: permanent_uuid: "3c169398a292487f81b8f4f0cb1c0c04" member_type: VOTER last_known_addr { host: "127.21.65.129" port: 44909 }, Status: LMP_MISMATCH, Last received: 0.0, Next index: 2, Last known committed idx: 1, Time since last communication: 0.000s
I20260710 13:23:47.282963 22050 raft_consensus.cc:1275] T 5a4ae69e29de47fe91da8bf6507fde48 P 916744600e634e868fb42bb23f36ad10 [term 2 FOLLOWER]: Refusing update from remote peer 4d54c5eff38047c0a07ba951b9816efe: Log matching property violated. Preceding OpId in replica: term: 1 index: 1. Preceding OpId from leader: term: 2 index: 2. (index mismatch)
I20260710 13:23:47.284528 22150 consensus_queue.cc:1048] T 5a4ae69e29de47fe91da8bf6507fde48 P 4d54c5eff38047c0a07ba951b9816efe [LEADER]: Connected to new peer: Peer: permanent_uuid: "916744600e634e868fb42bb23f36ad10" member_type: VOTER last_known_addr { host: "127.21.65.131" port: 34995 }, Status: LMP_MISMATCH, Last received: 0.0, Next index: 2, Last known committed idx: 1, Time since last communication: 0.000s
I20260710 13:23:47.408912 21900 raft_consensus.cc:3060] T be88e82aeb6a4c048ed9d29bffb480d5 P 3c169398a292487f81b8f4f0cb1c0c04 [term 1 FOLLOWER]: Advancing to term 2
I20260710 13:23:47.413403 21900 raft_consensus.cc:1275] T be88e82aeb6a4c048ed9d29bffb480d5 P 3c169398a292487f81b8f4f0cb1c0c04 [term 2 FOLLOWER]: Refusing update from remote peer 916744600e634e868fb42bb23f36ad10: Log matching property violated. Preceding OpId in replica: term: 1 index: 1. Preceding OpId from leader: term: 2 index: 2. (index mismatch)
I20260710 13:23:47.414726 22102 consensus_queue.cc:1048] T be88e82aeb6a4c048ed9d29bffb480d5 P 916744600e634e868fb42bb23f36ad10 [LEADER]: Connected to new peer: Peer: permanent_uuid: "3c169398a292487f81b8f4f0cb1c0c04" member_type: VOTER last_known_addr { host: "127.21.65.129" port: 44909 }, Status: LMP_MISMATCH, Last received: 0.0, Next index: 2, Last known committed idx: 1, Time since last communication: 0.000s
I20260710 13:23:47.423378 21973 raft_consensus.cc:1275] T be88e82aeb6a4c048ed9d29bffb480d5 P 4d54c5eff38047c0a07ba951b9816efe [term 2 FOLLOWER]: Refusing update from remote peer 916744600e634e868fb42bb23f36ad10: Log matching property violated. Preceding OpId in replica: term: 1 index: 1. Preceding OpId from leader: term: 2 index: 2. (index mismatch)
I20260710 13:23:47.424798 22102 consensus_queue.cc:1048] T be88e82aeb6a4c048ed9d29bffb480d5 P 916744600e634e868fb42bb23f36ad10 [LEADER]: Connected to new peer: Peer: permanent_uuid: "4d54c5eff38047c0a07ba951b9816efe" member_type: VOTER last_known_addr { host: "127.21.65.130" port: 44657 }, Status: LMP_MISMATCH, Last received: 0.0, Next index: 2, Last known committed idx: 1, Time since last communication: 0.000s
I20260710 13:23:47.471310 22050 raft_consensus.cc:1275] T 4b9ad90ddde44e6198ac21a0d043f4e9 P 916744600e634e868fb42bb23f36ad10 [term 2 FOLLOWER]: Refusing update from remote peer 4d54c5eff38047c0a07ba951b9816efe: Log matching property violated. Preceding OpId in replica: term: 1 index: 1. Preceding OpId from leader: term: 2 index: 2. (index mismatch)
I20260710 13:23:47.472546 22150 consensus_queue.cc:1048] T 4b9ad90ddde44e6198ac21a0d043f4e9 P 4d54c5eff38047c0a07ba951b9816efe [LEADER]: Connected to new peer: Peer: permanent_uuid: "916744600e634e868fb42bb23f36ad10" member_type: VOTER last_known_addr { host: "127.21.65.131" port: 34995 }, Status: LMP_MISMATCH, Last received: 0.0, Next index: 2, Last known committed idx: 1, Time since last communication: 0.000s
I20260710 13:23:47.480007 21900 raft_consensus.cc:1275] T 4b9ad90ddde44e6198ac21a0d043f4e9 P 3c169398a292487f81b8f4f0cb1c0c04 [term 2 FOLLOWER]: Refusing update from remote peer 4d54c5eff38047c0a07ba951b9816efe: Log matching property violated. Preceding OpId in replica: term: 1 index: 1. Preceding OpId from leader: term: 2 index: 2. (index mismatch)
I20260710 13:23:47.481578 22147 consensus_queue.cc:1048] T 4b9ad90ddde44e6198ac21a0d043f4e9 P 4d54c5eff38047c0a07ba951b9816efe [LEADER]: Connected to new peer: Peer: permanent_uuid: "3c169398a292487f81b8f4f0cb1c0c04" member_type: VOTER last_known_addr { host: "127.21.65.129" port: 44909 }, Status: LMP_MISMATCH, Last received: 0.0, Next index: 2, Last known committed idx: 1, Time since last communication: 0.000s
I20260710 13:23:47.503839 22050 raft_consensus.cc:1275] T fd3432175b5145cfaa377cd98dccb82b P 916744600e634e868fb42bb23f36ad10 [term 2 FOLLOWER]: Refusing update from remote peer 3c169398a292487f81b8f4f0cb1c0c04: Log matching property violated. Preceding OpId in replica: term: 1 index: 1. Preceding OpId from leader: term: 2 index: 2. (index mismatch)
I20260710 13:23:47.504915 22099 consensus_queue.cc:1048] T fd3432175b5145cfaa377cd98dccb82b P 3c169398a292487f81b8f4f0cb1c0c04 [LEADER]: Connected to new peer: Peer: permanent_uuid: "916744600e634e868fb42bb23f36ad10" member_type: VOTER last_known_addr { host: "127.21.65.131" port: 34995 }, Status: LMP_MISMATCH, Last received: 0.0, Next index: 2, Last known committed idx: 1, Time since last communication: 0.000s
I20260710 13:23:47.512727 21973 raft_consensus.cc:1275] T fd3432175b5145cfaa377cd98dccb82b P 4d54c5eff38047c0a07ba951b9816efe [term 2 FOLLOWER]: Refusing update from remote peer 3c169398a292487f81b8f4f0cb1c0c04: Log matching property violated. Preceding OpId in replica: term: 1 index: 1. Preceding OpId from leader: term: 2 index: 2. (index mismatch)
I20260710 13:23:47.514372 22123 consensus_queue.cc:1048] T fd3432175b5145cfaa377cd98dccb82b P 3c169398a292487f81b8f4f0cb1c0c04 [LEADER]: Connected to new peer: Peer: permanent_uuid: "4d54c5eff38047c0a07ba951b9816efe" member_type: VOTER last_known_addr { host: "127.21.65.130" port: 44657 }, Status: LMP_MISMATCH, Last received: 0.0, Next index: 2, Last known committed idx: 1, Time since last communication: 0.000s
I20260710 13:23:47.632308 22049 raft_consensus.cc:1275] T 79ddaa9a150343fbaf5f5426da0f843f P 916744600e634e868fb42bb23f36ad10 [term 2 FOLLOWER]: Refusing update from remote peer 4d54c5eff38047c0a07ba951b9816efe: Log matching property violated. Preceding OpId in replica: term: 1 index: 1. Preceding OpId from leader: term: 2 index: 2. (index mismatch)
I20260710 13:23:47.633461 22147 consensus_queue.cc:1048] T 79ddaa9a150343fbaf5f5426da0f843f P 4d54c5eff38047c0a07ba951b9816efe [LEADER]: Connected to new peer: Peer: permanent_uuid: "916744600e634e868fb42bb23f36ad10" member_type: VOTER last_known_addr { host: "127.21.65.131" port: 34995 }, Status: LMP_MISMATCH, Last received: 0.0, Next index: 2, Last known committed idx: 1, Time since last communication: 0.000s
I20260710 13:23:47.641456 21900 raft_consensus.cc:1275] T 79ddaa9a150343fbaf5f5426da0f843f P 3c169398a292487f81b8f4f0cb1c0c04 [term 2 FOLLOWER]: Refusing update from remote peer 4d54c5eff38047c0a07ba951b9816efe: Log matching property violated. Preceding OpId in replica: term: 1 index: 1. Preceding OpId from leader: term: 2 index: 2. (index mismatch)
I20260710 13:23:47.643151 22150 consensus_queue.cc:1048] T 79ddaa9a150343fbaf5f5426da0f843f P 4d54c5eff38047c0a07ba951b9816efe [LEADER]: Connected to new peer: Peer: permanent_uuid: "3c169398a292487f81b8f4f0cb1c0c04" member_type: VOTER last_known_addr { host: "127.21.65.129" port: 44909 }, Status: LMP_MISMATCH, Last received: 0.0, Next index: 2, Last known committed idx: 1, Time since last communication: 0.000s
I20260710 13:23:47.644698 22049 raft_consensus.cc:1275] T b5def78364b24de2b69a54c72371a5ed P 916744600e634e868fb42bb23f36ad10 [term 2 FOLLOWER]: Refusing update from remote peer 4d54c5eff38047c0a07ba951b9816efe: Log matching property violated. Preceding OpId in replica: term: 1 index: 1. Preceding OpId from leader: term: 2 index: 2. (index mismatch)
I20260710 13:23:47.646212 22101 consensus_queue.cc:1048] T b5def78364b24de2b69a54c72371a5ed P 4d54c5eff38047c0a07ba951b9816efe [LEADER]: Connected to new peer: Peer: permanent_uuid: "916744600e634e868fb42bb23f36ad10" member_type: VOTER last_known_addr { host: "127.21.65.131" port: 34995 }, Status: LMP_MISMATCH, Last received: 0.0, Next index: 2, Last known committed idx: 1, Time since last communication: 0.000s
I20260710 13:23:47.650942 21973 raft_consensus.cc:1275] T 6d45dd64ed8c4efc8cb3fda6fda4da16 P 4d54c5eff38047c0a07ba951b9816efe [term 2 FOLLOWER]: Refusing update from remote peer 3c169398a292487f81b8f4f0cb1c0c04: Log matching property violated. Preceding OpId in replica: term: 1 index: 1. Preceding OpId from leader: term: 2 index: 2. (index mismatch)
I20260710 13:23:47.653578 22182 consensus_queue.cc:1048] T 6d45dd64ed8c4efc8cb3fda6fda4da16 P 3c169398a292487f81b8f4f0cb1c0c04 [LEADER]: Connected to new peer: Peer: permanent_uuid: "4d54c5eff38047c0a07ba951b9816efe" member_type: VOTER last_known_addr { host: "127.21.65.130" port: 44657 }, Status: LMP_MISMATCH, Last received: 0.0, Next index: 2, Last known committed idx: 1, Time since last communication: 0.001s
I20260710 13:23:47.657501 21900 raft_consensus.cc:1275] T b5def78364b24de2b69a54c72371a5ed P 3c169398a292487f81b8f4f0cb1c0c04 [term 2 FOLLOWER]: Refusing update from remote peer 4d54c5eff38047c0a07ba951b9816efe: Log matching property violated. Preceding OpId in replica: term: 1 index: 1. Preceding OpId from leader: term: 2 index: 2. (index mismatch)
I20260710 13:23:47.658794 22147 consensus_queue.cc:1048] T b5def78364b24de2b69a54c72371a5ed P 4d54c5eff38047c0a07ba951b9816efe [LEADER]: Connected to new peer: Peer: permanent_uuid: "3c169398a292487f81b8f4f0cb1c0c04" member_type: VOTER last_known_addr { host: "127.21.65.129" port: 44909 }, Status: LMP_MISMATCH, Last received: 0.0, Next index: 2, Last known committed idx: 1, Time since last communication: 0.000s
I20260710 13:23:47.670163 22049 raft_consensus.cc:1275] T 6d45dd64ed8c4efc8cb3fda6fda4da16 P 916744600e634e868fb42bb23f36ad10 [term 2 FOLLOWER]: Refusing update from remote peer 3c169398a292487f81b8f4f0cb1c0c04: Log matching property violated. Preceding OpId in replica: term: 1 index: 1. Preceding OpId from leader: term: 2 index: 2. (index mismatch)
I20260710 13:23:47.671663 22182 consensus_queue.cc:1048] T 6d45dd64ed8c4efc8cb3fda6fda4da16 P 3c169398a292487f81b8f4f0cb1c0c04 [LEADER]: Connected to new peer: Peer: permanent_uuid: "916744600e634e868fb42bb23f36ad10" member_type: VOTER last_known_addr { host: "127.21.65.131" port: 34995 }, Status: LMP_MISMATCH, Last received: 0.0, Next index: 2, Last known committed idx: 1, Time since last communication: 0.000s
I20260710 13:23:49.834040 21766 auto_leader_rebalancer-test.cc:316] The leader distribution is 
I20260710 13:23:49.834805 21766 auto_leader_rebalancer.cc:141] leader rebalance for table test-workload
I20260710 13:23:49.855432 21973 tablet_service.cc:2072] Received LeaderStepDown RPC: tablet_id: "b5def78364b24de2b69a54c72371a5ed"
dest_uuid: "4d54c5eff38047c0a07ba951b9816efe"
mode: GRACEFUL
new_leader_uuid: "916744600e634e868fb42bb23f36ad10"
 from {username='slave'} at 127.0.0.1:49414
I20260710 13:23:49.855895 21973 raft_consensus.cc:606] T b5def78364b24de2b69a54c72371a5ed P 4d54c5eff38047c0a07ba951b9816efe [term 2 LEADER]: Received request to transfer leadership to TS 916744600e634e868fb42bb23f36ad10
I20260710 13:23:49.862582 22189 raft_consensus.cc:993] T b5def78364b24de2b69a54c72371a5ed P 4d54c5eff38047c0a07ba951b9816efe: : Instructing follower 916744600e634e868fb42bb23f36ad10 to start an election
I20260710 13:23:49.862980 22147 raft_consensus.cc:1081] T b5def78364b24de2b69a54c72371a5ed P 4d54c5eff38047c0a07ba951b9816efe [term 2 LEADER]: Signalling peer 916744600e634e868fb42bb23f36ad10 to start an election
I20260710 13:23:49.864316 22049 tablet_service.cc:2044] Received Run Leader Election RPC: tablet_id: "b5def78364b24de2b69a54c72371a5ed"
dest_uuid: "916744600e634e868fb42bb23f36ad10"
 from {username='slave'} at 127.0.0.1:39016
I20260710 13:23:49.864916 22049 raft_consensus.cc:493] T b5def78364b24de2b69a54c72371a5ed P 916744600e634e868fb42bb23f36ad10 [term 2 FOLLOWER]: Starting forced leader election (received explicit request)
I20260710 13:23:49.865239 22049 raft_consensus.cc:3060] T b5def78364b24de2b69a54c72371a5ed P 916744600e634e868fb42bb23f36ad10 [term 2 FOLLOWER]: Advancing to term 3
I20260710 13:23:49.866859 21900 tablet_service.cc:2072] Received LeaderStepDown RPC: tablet_id: "fd3432175b5145cfaa377cd98dccb82b"
dest_uuid: "3c169398a292487f81b8f4f0cb1c0c04"
mode: GRACEFUL
new_leader_uuid: "916744600e634e868fb42bb23f36ad10"
 from {username='slave'} at 127.0.0.1:57348
I20260710 13:23:49.867336 21900 raft_consensus.cc:606] T fd3432175b5145cfaa377cd98dccb82b P 3c169398a292487f81b8f4f0cb1c0c04 [term 2 LEADER]: Received request to transfer leadership to TS 916744600e634e868fb42bb23f36ad10
I20260710 13:23:49.868391 21766 auto_leader_rebalancer.cc:479] table: test-workload, leader rebalance finish, leader transfer count: 2
I20260710 13:23:49.868813 21766 auto_leader_rebalancer.cc:554] All tables' leader rebalancing finished this round
I20260710 13:23:49.870230 22049 raft_consensus.cc:515] T b5def78364b24de2b69a54c72371a5ed P 916744600e634e868fb42bb23f36ad10 [term 3 FOLLOWER]: Starting forced leader election with config: opid_index: -1 OBSOLETE_local: false peers { permanent_uuid: "3c169398a292487f81b8f4f0cb1c0c04" member_type: VOTER last_known_addr { host: "127.21.65.129" port: 44909 } } peers { permanent_uuid: "4d54c5eff38047c0a07ba951b9816efe" member_type: VOTER last_known_addr { host: "127.21.65.130" port: 44657 } } peers { permanent_uuid: "916744600e634e868fb42bb23f36ad10" member_type: VOTER last_known_addr { host: "127.21.65.131" port: 34995 } }
I20260710 13:23:49.871811 22049 leader_election.cc:290] T b5def78364b24de2b69a54c72371a5ed P 916744600e634e868fb42bb23f36ad10 [CANDIDATE]: Term 3 election: Requested vote from peers 3c169398a292487f81b8f4f0cb1c0c04 (127.21.65.129:44909), 4d54c5eff38047c0a07ba951b9816efe (127.21.65.130:44657)
I20260710 13:23:49.872488 21900 tablet_service.cc:1917] Received RequestConsensusVote() RPC: tablet_id: "b5def78364b24de2b69a54c72371a5ed" candidate_uuid: "916744600e634e868fb42bb23f36ad10" candidate_term: 3 candidate_status { last_received { term: 2 index: 2 } } ignore_live_leader: true dest_uuid: "3c169398a292487f81b8f4f0cb1c0c04"
I20260710 13:23:49.872987 21900 raft_consensus.cc:3060] T b5def78364b24de2b69a54c72371a5ed P 3c169398a292487f81b8f4f0cb1c0c04 [term 2 FOLLOWER]: Advancing to term 3
I20260710 13:23:49.873025 21973 tablet_service.cc:1917] Received RequestConsensusVote() RPC: tablet_id: "b5def78364b24de2b69a54c72371a5ed" candidate_uuid: "916744600e634e868fb42bb23f36ad10" candidate_term: 3 candidate_status { last_received { term: 2 index: 2 } } ignore_live_leader: true dest_uuid: "4d54c5eff38047c0a07ba951b9816efe"
I20260710 13:23:49.873543 21973 raft_consensus.cc:3055] T b5def78364b24de2b69a54c72371a5ed P 4d54c5eff38047c0a07ba951b9816efe [term 2 LEADER]: Stepping down as leader of term 2
I20260710 13:23:49.873775 21973 raft_consensus.cc:740] T b5def78364b24de2b69a54c72371a5ed P 4d54c5eff38047c0a07ba951b9816efe [term 2 LEADER]: Becoming Follower/Learner. State: Replica: 4d54c5eff38047c0a07ba951b9816efe, State: Running, Role: LEADER
I20260710 13:23:49.874348 21973 consensus_queue.cc:260] T b5def78364b24de2b69a54c72371a5ed P 4d54c5eff38047c0a07ba951b9816efe [NON_LEADER]: Queue going to NON_LEADER mode. State: All replicated index: 0, Majority replicated index: 2, Committed index: 2, Last appended: 2.2, Last appended by leader: 2, Current term: 2, Majority size: -1, State: 0, Mode: NON_LEADER, active raft config: opid_index: -1 OBSOLETE_local: false peers { permanent_uuid: "3c169398a292487f81b8f4f0cb1c0c04" member_type: VOTER last_known_addr { host: "127.21.65.129" port: 44909 } } peers { permanent_uuid: "4d54c5eff38047c0a07ba951b9816efe" member_type: VOTER last_known_addr { host: "127.21.65.130" port: 44657 } } peers { permanent_uuid: "916744600e634e868fb42bb23f36ad10" member_type: VOTER last_known_addr { host: "127.21.65.131" port: 34995 } }
I20260710 13:23:49.875170 21973 raft_consensus.cc:3060] T b5def78364b24de2b69a54c72371a5ed P 4d54c5eff38047c0a07ba951b9816efe [term 2 FOLLOWER]: Advancing to term 3
I20260710 13:23:49.878181 21900 raft_consensus.cc:2468] T b5def78364b24de2b69a54c72371a5ed P 3c169398a292487f81b8f4f0cb1c0c04 [term 3 FOLLOWER]: Leader election vote request: Granting yes vote for candidate 916744600e634e868fb42bb23f36ad10 in term 3.
I20260710 13:23:49.879153 22015 leader_election.cc:304] T b5def78364b24de2b69a54c72371a5ed P 916744600e634e868fb42bb23f36ad10 [CANDIDATE]: Term 3 election: Election decided. Result: candidate won. Election summary: received 2 responses out of 3 voters: 2 yes votes; 0 no votes. yes voters: 3c169398a292487f81b8f4f0cb1c0c04, 916744600e634e868fb42bb23f36ad10; no voters: 
I20260710 13:23:49.879769 22102 raft_consensus.cc:2804] T b5def78364b24de2b69a54c72371a5ed P 916744600e634e868fb42bb23f36ad10 [term 3 FOLLOWER]: Leader election won for term 3
I20260710 13:23:49.880059 21973 raft_consensus.cc:2468] T b5def78364b24de2b69a54c72371a5ed P 4d54c5eff38047c0a07ba951b9816efe [term 3 FOLLOWER]: Leader election vote request: Granting yes vote for candidate 916744600e634e868fb42bb23f36ad10 in term 3.
I20260710 13:23:49.881698 22102 raft_consensus.cc:697] T b5def78364b24de2b69a54c72371a5ed P 916744600e634e868fb42bb23f36ad10 [term 3 LEADER]: Becoming Leader. State: Replica: 916744600e634e868fb42bb23f36ad10, State: Running, Role: LEADER
I20260710 13:23:49.882419 22102 consensus_queue.cc:237] T b5def78364b24de2b69a54c72371a5ed P 916744600e634e868fb42bb23f36ad10 [LEADER]: Queue going to LEADER mode. State: All replicated index: 0, Majority replicated index: 2, Committed index: 2, Last appended: 2.2, Last appended by leader: 2, Current term: 3, Majority size: 2, State: 0, Mode: LEADER, active raft config: opid_index: -1 OBSOLETE_local: false peers { permanent_uuid: "3c169398a292487f81b8f4f0cb1c0c04" member_type: VOTER last_known_addr { host: "127.21.65.129" port: 44909 } } peers { permanent_uuid: "4d54c5eff38047c0a07ba951b9816efe" member_type: VOTER last_known_addr { host: "127.21.65.130" port: 44657 } } peers { permanent_uuid: "916744600e634e868fb42bb23f36ad10" member_type: VOTER last_known_addr { host: "127.21.65.131" port: 34995 } }
I20260710 13:23:49.888362 21796 catalog_manager.cc:5697] T b5def78364b24de2b69a54c72371a5ed P 916744600e634e868fb42bb23f36ad10 reported cstate change: term changed from 2 to 3, leader changed from 4d54c5eff38047c0a07ba951b9816efe (127.21.65.130) to 916744600e634e868fb42bb23f36ad10 (127.21.65.131). New cstate: current_term: 3 leader_uuid: "916744600e634e868fb42bb23f36ad10" committed_config { opid_index: -1 OBSOLETE_local: false peers { permanent_uuid: "3c169398a292487f81b8f4f0cb1c0c04" member_type: VOTER last_known_addr { host: "127.21.65.129" port: 44909 } health_report { overall_health: UNKNOWN } } peers { permanent_uuid: "4d54c5eff38047c0a07ba951b9816efe" member_type: VOTER last_known_addr { host: "127.21.65.130" port: 44657 } health_report { overall_health: UNKNOWN } } peers { permanent_uuid: "916744600e634e868fb42bb23f36ad10" member_type: VOTER last_known_addr { host: "127.21.65.131" port: 34995 } health_report { overall_health: HEALTHY } } }
I20260710 13:23:50.266291 22196 raft_consensus.cc:993] T fd3432175b5145cfaa377cd98dccb82b P 3c169398a292487f81b8f4f0cb1c0c04: : Instructing follower 916744600e634e868fb42bb23f36ad10 to start an election
I20260710 13:23:50.266716 22196 raft_consensus.cc:1081] T fd3432175b5145cfaa377cd98dccb82b P 3c169398a292487f81b8f4f0cb1c0c04 [term 2 LEADER]: Signalling peer 916744600e634e868fb42bb23f36ad10 to start an election
I20260710 13:23:50.267962 22049 tablet_service.cc:2044] Received Run Leader Election RPC: tablet_id: "fd3432175b5145cfaa377cd98dccb82b"
dest_uuid: "916744600e634e868fb42bb23f36ad10"
 from {username='slave'} at 127.0.0.1:39022
I20260710 13:23:50.268433 22049 raft_consensus.cc:493] T fd3432175b5145cfaa377cd98dccb82b P 916744600e634e868fb42bb23f36ad10 [term 2 FOLLOWER]: Starting forced leader election (received explicit request)
I20260710 13:23:50.268743 22049 raft_consensus.cc:3060] T fd3432175b5145cfaa377cd98dccb82b P 916744600e634e868fb42bb23f36ad10 [term 2 FOLLOWER]: Advancing to term 3
I20260710 13:23:50.273098 22049 raft_consensus.cc:515] T fd3432175b5145cfaa377cd98dccb82b P 916744600e634e868fb42bb23f36ad10 [term 3 FOLLOWER]: Starting forced leader election with config: opid_index: -1 OBSOLETE_local: false peers { permanent_uuid: "3c169398a292487f81b8f4f0cb1c0c04" member_type: VOTER last_known_addr { host: "127.21.65.129" port: 44909 } } peers { permanent_uuid: "4d54c5eff38047c0a07ba951b9816efe" member_type: VOTER last_known_addr { host: "127.21.65.130" port: 44657 } } peers { permanent_uuid: "916744600e634e868fb42bb23f36ad10" member_type: VOTER last_known_addr { host: "127.21.65.131" port: 34995 } }
I20260710 13:23:50.274767 22049 leader_election.cc:290] T fd3432175b5145cfaa377cd98dccb82b P 916744600e634e868fb42bb23f36ad10 [CANDIDATE]: Term 3 election: Requested vote from peers 3c169398a292487f81b8f4f0cb1c0c04 (127.21.65.129:44909), 4d54c5eff38047c0a07ba951b9816efe (127.21.65.130:44657)
I20260710 13:23:50.275341 21900 tablet_service.cc:1917] Received RequestConsensusVote() RPC: tablet_id: "fd3432175b5145cfaa377cd98dccb82b" candidate_uuid: "916744600e634e868fb42bb23f36ad10" candidate_term: 3 candidate_status { last_received { term: 2 index: 2 } } ignore_live_leader: true dest_uuid: "3c169398a292487f81b8f4f0cb1c0c04"
I20260710 13:23:50.275923 21900 raft_consensus.cc:3055] T fd3432175b5145cfaa377cd98dccb82b P 3c169398a292487f81b8f4f0cb1c0c04 [term 2 LEADER]: Stepping down as leader of term 2
I20260710 13:23:50.275799 21973 tablet_service.cc:1917] Received RequestConsensusVote() RPC: tablet_id: "fd3432175b5145cfaa377cd98dccb82b" candidate_uuid: "916744600e634e868fb42bb23f36ad10" candidate_term: 3 candidate_status { last_received { term: 2 index: 2 } } ignore_live_leader: true dest_uuid: "4d54c5eff38047c0a07ba951b9816efe"
I20260710 13:23:50.276230 21900 raft_consensus.cc:740] T fd3432175b5145cfaa377cd98dccb82b P 3c169398a292487f81b8f4f0cb1c0c04 [term 2 LEADER]: Becoming Follower/Learner. State: Replica: 3c169398a292487f81b8f4f0cb1c0c04, State: Running, Role: LEADER
