[==========] Running 8 tests from 2 test suites.
[----------] Global test environment set-up.
[----------] 6 tests from LeaderRebalancerTest
[ RUN      ] LeaderRebalancerTest.FunctionalTestForDivided
WARNING: Logging before InitGoogleLogging() is written to STDERR
I20260710 13:15:16.609645   431 internal_mini_cluster.cc:156] Creating distributed mini masters. Addrs: 127.0.107.254:37549
I20260710 13:15:16.611231   431 env_posix.cc:2285] Not raising this process' open files per process limit of 1048576; it is already as high as it can go
I20260710 13:15:16.612335   431 file_cache.cc:504] Constructed file cache file cache with capacity 419430
W20260710 13:15:16.630409   440 instance_detector.cc:116] could not retrieve OpenStack instance metadata: Network error: curl error: HTTP response code said error: The requested URL returned error: 404
W20260710 13:15:16.630654   437 instance_detector.cc:116] could not retrieve AWS instance metadata: Network error: curl error: HTTP response code said error: The requested URL returned error: 404
W20260710 13:15:16.633219   438 instance_detector.cc:116] could not retrieve Azure instance metadata: Network error: curl error: HTTP response code said error: The requested URL returned error: 404
W20260710 13:15:17.865746   439 instance_detector.cc:116] could not retrieve GCE instance metadata: Timed out: curl timeout: Timeout was reached: Resolving timed out after 1233 milliseconds
I20260710 13:15:17.865877   431 server_base.cc:1056] Not found: could not retrieve instance metadata: unable to detect cloud type of this node, probably running in non-cloud environment
I20260710 13:15:17.867326   431 hybrid_clock.cc:584] initializing the hybrid clock with 'system_unsync' time source
W20260710 13:15:17.867658   431 system_unsync_time.cc:38] NTP support is disabled. Clock error bounds will not be accurate. This configuration is not suitable for distributed clusters.
I20260710 13:15:17.867898   431 hybrid_clock.cc:648] HybridClock initialized: now 1783689317867878 us; error 0 us; skew 500 ppm
I20260710 13:15:17.868818   431 server_base.cc:861] Flag tcmalloc_max_total_thread_cache_bytes is not working since tcmalloc is not enabled.
I20260710 13:15:17.875777   431 webserver.cc:533] Webserver started at http://127.0.107.254:39431/ using document root <none> and password file <none>
I20260710 13:15:17.876724   431 fs_manager.cc:362] Metadata directory not provided
I20260710 13:15:17.876983   431 fs_manager.cc:368] Using write-ahead log directory (fs_wal_dir) as metadata directory
I20260710 13:15:17.877462   431 server_base.cc:909] This appears to be a new deployment of Kudu; creating new FS layout
I20260710 13:15:17.883862   431 fs_manager.cc:1068] Generated new instance metadata in path /tmp/dist-test-taskV6sSFp/test-tmp/auto_leader_rebalancer-test.0.LeaderRebalancerTest.FunctionalTestForDivided.1783689316439252-431-0/minicluster-data/master-0-root/instance:
uuid: "57eaeeafe0104d55ba8fb87d892a66ce"
format_stamp: "Formatted at 2026-07-10 13:15:17 on dist-test-slave-j34q"
I20260710 13:15:17.892653   431 fs_manager.cc:696] Time spent creating directory manager: real 0.008s	user 0.007s	sys 0.001s
I20260710 13:15:17.898240   446 log_block_manager.cc:4127] Time spent loading block containers with low live blocks: real 0.000s	user 0.000s	sys 0.000s
I20260710 13:15:17.899718   431 fs_manager.cc:730] Time spent opening block manager: real 0.004s	user 0.002s	sys 0.001s
I20260710 13:15:17.900218   431 fs_manager.cc:647] Opened local filesystem: /tmp/dist-test-taskV6sSFp/test-tmp/auto_leader_rebalancer-test.0.LeaderRebalancerTest.FunctionalTestForDivided.1783689316439252-431-0/minicluster-data/master-0-root
uuid: "57eaeeafe0104d55ba8fb87d892a66ce"
format_stamp: "Formatted at 2026-07-10 13:15:17 on dist-test-slave-j34q"
I20260710 13:15:17.900722   431 fs_report.cc:389] FS layout report
--------------------
wal directory: /tmp/dist-test-taskV6sSFp/test-tmp/auto_leader_rebalancer-test.0.LeaderRebalancerTest.FunctionalTestForDivided.1783689316439252-431-0/minicluster-data/master-0-root
metadata directory: /tmp/dist-test-taskV6sSFp/test-tmp/auto_leader_rebalancer-test.0.LeaderRebalancerTest.FunctionalTestForDivided.1783689316439252-431-0/minicluster-data/master-0-root
1 data directories: /tmp/dist-test-taskV6sSFp/test-tmp/auto_leader_rebalancer-test.0.LeaderRebalancerTest.FunctionalTestForDivided.1783689316439252-431-0/minicluster-data/master-0-root/data
Total live blocks: 0
Total live bytes: 0
Total live bytes (after alignment): 0
Total number of LBM containers: 0 (0 full)
Did not check for missing blocks
Did not check for orphaned blocks
Total full LBM containers with extra space: 0 (0 repaired)
Total full LBM container extra space in bytes: 0 (0 repaired)
Total incomplete LBM containers: 0 (0 repaired)
Total LBM partial records: 0 (0 repaired)
Total corrupted LBM metadata records in RocksDB: 0 (0 repaired)
I20260710 13:15:17.967209   431 rpc_server.cc:225] running with OpenSSL 1.1.1  11 Sep 2018
I20260710 13:15:17.968947   431 env_posix.cc:2285] Not raising this process' running threads per effective uid limit of 18446744073709551615; it is already as high as it can go
I20260710 13:15:17.969520   431 kserver.cc:163] Server-wide thread pool size limit: 3276
I20260710 13:15:18.056659   431 rpc_server.cc:307] RPC server started. Bound to: 127.0.107.254:37549
I20260710 13:15:18.056718   497 acceptor_pool.cc:272] collecting diagnostics on the listening RPC socket 127.0.107.254:37549 every 8 connection(s)
I20260710 13:15:18.065258   498 data_dirs.cc:400] Could only allocate 1 dirs of requested 3 for tablet 00000000000000000000000000000000. 1 dirs total, 0 dirs full, 0 dirs failed
I20260710 13:15:18.088223   498 tablet_bootstrap.cc:492] T 00000000000000000000000000000000 P 57eaeeafe0104d55ba8fb87d892a66ce: Bootstrap starting.
I20260710 13:15:18.094511   498 tablet_bootstrap.cc:654] T 00000000000000000000000000000000 P 57eaeeafe0104d55ba8fb87d892a66ce: Neither blocks nor log segments found. Creating new log.
I20260710 13:15:18.096562   498 log.cc:826] T 00000000000000000000000000000000 P 57eaeeafe0104d55ba8fb87d892a66ce: Log is configured to *not* fsync() on all Append() calls
I20260710 13:15:18.101949   498 tablet_bootstrap.cc:492] T 00000000000000000000000000000000 P 57eaeeafe0104d55ba8fb87d892a66ce: No bootstrap required, opened a new log
I20260710 13:15:18.122951   498 raft_consensus.cc:359] T 00000000000000000000000000000000 P 57eaeeafe0104d55ba8fb87d892a66ce [term 0 FOLLOWER]: Replica starting. Triggering 0 pending ops. Active config: opid_index: -1 OBSOLETE_local: true peers { permanent_uuid: "57eaeeafe0104d55ba8fb87d892a66ce" member_type: VOTER }
I20260710 13:15:18.123515   498 raft_consensus.cc:385] T 00000000000000000000000000000000 P 57eaeeafe0104d55ba8fb87d892a66ce [term 0 FOLLOWER]: Consensus starting up: Expiring failure detector timer to make a prompt election more likely
I20260710 13:15:18.123876   498 raft_consensus.cc:740] T 00000000000000000000000000000000 P 57eaeeafe0104d55ba8fb87d892a66ce [term 0 FOLLOWER]: Becoming Follower/Learner. State: Replica: 57eaeeafe0104d55ba8fb87d892a66ce, State: Initialized, Role: FOLLOWER
I20260710 13:15:18.125089   498 consensus_queue.cc:260] T 00000000000000000000000000000000 P 57eaeeafe0104d55ba8fb87d892a66ce [NON_LEADER]: Queue going to NON_LEADER mode. State: All replicated index: 0, Majority replicated index: 0, Committed index: 0, Last appended: 0.0, Last appended by leader: 0, Current term: 0, Majority size: -1, State: 0, Mode: NON_LEADER, active raft config: opid_index: -1 OBSOLETE_local: true peers { permanent_uuid: "57eaeeafe0104d55ba8fb87d892a66ce" member_type: VOTER }
I20260710 13:15:18.125605   498 raft_consensus.cc:399] T 00000000000000000000000000000000 P 57eaeeafe0104d55ba8fb87d892a66ce [term 0 FOLLOWER]: Only one voter in the Raft config. Triggering election immediately
I20260710 13:15:18.125871   498 raft_consensus.cc:493] T 00000000000000000000000000000000 P 57eaeeafe0104d55ba8fb87d892a66ce [term 0 FOLLOWER]: Starting leader election (initial election of a single-replica configuration)
I20260710 13:15:18.126163   498 raft_consensus.cc:3060] T 00000000000000000000000000000000 P 57eaeeafe0104d55ba8fb87d892a66ce [term 0 FOLLOWER]: Advancing to term 1
I20260710 13:15:18.130671   498 raft_consensus.cc:515] T 00000000000000000000000000000000 P 57eaeeafe0104d55ba8fb87d892a66ce [term 1 FOLLOWER]: Starting leader election with config: opid_index: -1 OBSOLETE_local: true peers { permanent_uuid: "57eaeeafe0104d55ba8fb87d892a66ce" member_type: VOTER }
I20260710 13:15:18.131350   498 leader_election.cc:304] T 00000000000000000000000000000000 P 57eaeeafe0104d55ba8fb87d892a66ce [CANDIDATE]: Term 1 election: Election decided. Result: candidate won. Election summary: received 1 responses out of 1 voters: 1 yes votes; 0 no votes. yes voters: 57eaeeafe0104d55ba8fb87d892a66ce; no voters: 
I20260710 13:15:18.133127   498 leader_election.cc:290] T 00000000000000000000000000000000 P 57eaeeafe0104d55ba8fb87d892a66ce [CANDIDATE]: Term 1 election: Requested vote from peers 
I20260710 13:15:18.134091   501 raft_consensus.cc:2804] T 00000000000000000000000000000000 P 57eaeeafe0104d55ba8fb87d892a66ce [term 1 FOLLOWER]: Leader election won for term 1
I20260710 13:15:18.136984   501 raft_consensus.cc:697] T 00000000000000000000000000000000 P 57eaeeafe0104d55ba8fb87d892a66ce [term 1 LEADER]: Becoming Leader. State: Replica: 57eaeeafe0104d55ba8fb87d892a66ce, State: Running, Role: LEADER
I20260710 13:15:18.137960   501 consensus_queue.cc:237] T 00000000000000000000000000000000 P 57eaeeafe0104d55ba8fb87d892a66ce [LEADER]: Queue going to LEADER mode. State: All replicated index: 0, Majority replicated index: 0, Committed index: 0, Last appended: 0.0, Last appended by leader: 0, Current term: 1, Majority size: 1, State: 0, Mode: LEADER, active raft config: opid_index: -1 OBSOLETE_local: true peers { permanent_uuid: "57eaeeafe0104d55ba8fb87d892a66ce" member_type: VOTER }
I20260710 13:15:18.138155   498 sys_catalog.cc:565] T 00000000000000000000000000000000 P 57eaeeafe0104d55ba8fb87d892a66ce [sys.catalog]: configured and running, proceeding with master startup.
I20260710 13:15:18.153028   503 sys_catalog.cc:455] T 00000000000000000000000000000000 P 57eaeeafe0104d55ba8fb87d892a66ce [sys.catalog]: SysCatalogTable state changed. Reason: New leader 57eaeeafe0104d55ba8fb87d892a66ce. Latest consensus state: current_term: 1 leader_uuid: "57eaeeafe0104d55ba8fb87d892a66ce" committed_config { opid_index: -1 OBSOLETE_local: true peers { permanent_uuid: "57eaeeafe0104d55ba8fb87d892a66ce" member_type: VOTER } }
I20260710 13:15:18.154373   503 sys_catalog.cc:458] T 00000000000000000000000000000000 P 57eaeeafe0104d55ba8fb87d892a66ce [sys.catalog]: This master's current role is: LEADER
I20260710 13:15:18.154174   502 sys_catalog.cc:455] T 00000000000000000000000000000000 P 57eaeeafe0104d55ba8fb87d892a66ce [sys.catalog]: SysCatalogTable state changed. Reason: RaftConsensus started. Latest consensus state: current_term: 1 leader_uuid: "57eaeeafe0104d55ba8fb87d892a66ce" committed_config { opid_index: -1 OBSOLETE_local: true peers { permanent_uuid: "57eaeeafe0104d55ba8fb87d892a66ce" member_type: VOTER } }
I20260710 13:15:18.154724   502 sys_catalog.cc:458] T 00000000000000000000000000000000 P 57eaeeafe0104d55ba8fb87d892a66ce [sys.catalog]: This master's current role is: LEADER
I20260710 13:15:18.157487   511 catalog_manager.cc:1511] Loading table and tablet metadata into memory...
I20260710 13:15:18.170956   511 catalog_manager.cc:1520] Initializing Kudu cluster ID...
I20260710 13:15:18.173372   431 internal_mini_cluster.cc:184] Waiting to initialize catalog manager on master 0
I20260710 13:15:18.189213   511 catalog_manager.cc:1383] Generated new cluster ID: b80fd1fd7bdc4d5a909e148f381c4f39
I20260710 13:15:18.189528   511 catalog_manager.cc:1531] Initializing Kudu internal certificate authority...
I20260710 13:15:18.210005   511 catalog_manager.cc:1406] Generated new certificate authority record
I20260710 13:15:18.211746   511 catalog_manager.cc:1540] Loading token signing keys...
I20260710 13:15:18.228941   511 catalog_manager.cc:6070] T 00000000000000000000000000000000 P 57eaeeafe0104d55ba8fb87d892a66ce: Generated new TSK 0
I20260710 13:15:18.230016   511 catalog_manager.cc:1550] Initializing in-progress tserver states...
I20260710 13:15:18.240981   431 file_cache.cc:504] Constructed file cache file cache with capacity 419430
W20260710 13:15:18.250638   520 instance_detector.cc:116] could not retrieve AWS instance metadata: Network error: curl error: HTTP response code said error: The requested URL returned error: 404
W20260710 13:15:18.251753   521 instance_detector.cc:116] could not retrieve Azure instance metadata: Network error: curl error: HTTP response code said error: The requested URL returned error: 404
I20260710 13:15:18.258298   431 server_base.cc:1061] running on GCE node
W20260710 13:15:18.258523   523 instance_detector.cc:116] could not retrieve OpenStack instance metadata: Network error: curl error: HTTP response code said error: The requested URL returned error: 404
I20260710 13:15:18.259583   431 hybrid_clock.cc:584] initializing the hybrid clock with 'system_unsync' time source
W20260710 13:15:18.259840   431 system_unsync_time.cc:38] NTP support is disabled. Clock error bounds will not be accurate. This configuration is not suitable for distributed clusters.
I20260710 13:15:18.260037   431 hybrid_clock.cc:648] HybridClock initialized: now 1783689318260019 us; error 0 us; skew 500 ppm
I20260710 13:15:18.260696   431 server_base.cc:861] Flag tcmalloc_max_total_thread_cache_bytes is not working since tcmalloc is not enabled.
I20260710 13:15:18.265568   431 webserver.cc:533] Webserver started at http://127.0.107.193:45129/ using document root <none> and password file <none>
I20260710 13:15:18.266201   431 fs_manager.cc:362] Metadata directory not provided
I20260710 13:15:18.266443   431 fs_manager.cc:368] Using write-ahead log directory (fs_wal_dir) as metadata directory
I20260710 13:15:18.266767   431 server_base.cc:909] This appears to be a new deployment of Kudu; creating new FS layout
I20260710 13:15:18.268111   431 fs_manager.cc:1068] Generated new instance metadata in path /tmp/dist-test-taskV6sSFp/test-tmp/auto_leader_rebalancer-test.0.LeaderRebalancerTest.FunctionalTestForDivided.1783689316439252-431-0/minicluster-data/ts-0-root/instance:
uuid: "5e0e8249d320452ba6fa6213ca258fa4"
format_stamp: "Formatted at 2026-07-10 13:15:18 on dist-test-slave-j34q"
I20260710 13:15:18.275025   431 fs_manager.cc:696] Time spent creating directory manager: real 0.006s	user 0.007s	sys 0.000s
I20260710 13:15:18.280747   528 log_block_manager.cc:4127] Time spent loading block containers with low live blocks: real 0.000s	user 0.000s	sys 0.000s
I20260710 13:15:18.281721   431 fs_manager.cc:730] Time spent opening block manager: real 0.004s	user 0.005s	sys 0.000s
I20260710 13:15:18.282115   431 fs_manager.cc:647] Opened local filesystem: /tmp/dist-test-taskV6sSFp/test-tmp/auto_leader_rebalancer-test.0.LeaderRebalancerTest.FunctionalTestForDivided.1783689316439252-431-0/minicluster-data/ts-0-root
uuid: "5e0e8249d320452ba6fa6213ca258fa4"
format_stamp: "Formatted at 2026-07-10 13:15:18 on dist-test-slave-j34q"
I20260710 13:15:18.282514   431 fs_report.cc:389] FS layout report
--------------------
wal directory: /tmp/dist-test-taskV6sSFp/test-tmp/auto_leader_rebalancer-test.0.LeaderRebalancerTest.FunctionalTestForDivided.1783689316439252-431-0/minicluster-data/ts-0-root
metadata directory: /tmp/dist-test-taskV6sSFp/test-tmp/auto_leader_rebalancer-test.0.LeaderRebalancerTest.FunctionalTestForDivided.1783689316439252-431-0/minicluster-data/ts-0-root
1 data directories: /tmp/dist-test-taskV6sSFp/test-tmp/auto_leader_rebalancer-test.0.LeaderRebalancerTest.FunctionalTestForDivided.1783689316439252-431-0/minicluster-data/ts-0-root/data
Total live blocks: 0
Total live bytes: 0
Total live bytes (after alignment): 0
Total number of LBM containers: 0 (0 full)
Did not check for missing blocks
Did not check for orphaned blocks
Total full LBM containers with extra space: 0 (0 repaired)
Total full LBM container extra space in bytes: 0 (0 repaired)
Total incomplete LBM containers: 0 (0 repaired)
Total LBM partial records: 0 (0 repaired)
Total corrupted LBM metadata records in RocksDB: 0 (0 repaired)
I20260710 13:15:18.329658   431 rpc_server.cc:225] running with OpenSSL 1.1.1  11 Sep 2018
I20260710 13:15:18.331449   431 kserver.cc:163] Server-wide thread pool size limit: 3276
I20260710 13:15:18.334761   431 txn_system_client.cc:432] TxnSystemClient initialization is disabled...
I20260710 13:15:18.341015   431 ts_tablet_manager.cc:585] Loaded tablet metadata (0 total tablets, 0 live tablets)
I20260710 13:15:18.341351   431 ts_tablet_manager.cc:531] Time spent load tablet metadata: real 0.000s	user 0.000s	sys 0.000s
I20260710 13:15:18.341682   431 ts_tablet_manager.cc:616] Registered 0 tablets
I20260710 13:15:18.341907   431 ts_tablet_manager.cc:595] Time spent register tablets: real 0.000s	user 0.000s	sys 0.000s
I20260710 13:15:18.447103   431 rpc_server.cc:307] RPC server started. Bound to: 127.0.107.193:33905
I20260710 13:15:18.447192   590 acceptor_pool.cc:272] collecting diagnostics on the listening RPC socket 127.0.107.193:33905 every 8 connection(s)
I20260710 13:15:18.456146   431 file_cache.cc:504] Constructed file cache file cache with capacity 419430
W20260710 13:15:18.470824   595 instance_detector.cc:116] could not retrieve AWS instance metadata: Network error: curl error: HTTP response code said error: The requested URL returned error: 404
W20260710 13:15:18.473765   596 instance_detector.cc:116] could not retrieve Azure instance metadata: Network error: curl error: HTTP response code said error: The requested URL returned error: 404
W20260710 13:15:18.488096   598 instance_detector.cc:116] could not retrieve OpenStack instance metadata: Network error: curl error: HTTP response code said error: The requested URL returned error: 404
I20260710 13:15:18.489310   591 heartbeater.cc:344] Connected to a master server at 127.0.107.254:37549
I20260710 13:15:18.489885   591 heartbeater.cc:461] Registering TS with master...
I20260710 13:15:18.490670   431 server_base.cc:1061] running on GCE node
I20260710 13:15:18.491671   431 hybrid_clock.cc:584] initializing the hybrid clock with 'system_unsync' time source
W20260710 13:15:18.491906   431 system_unsync_time.cc:38] NTP support is disabled. Clock error bounds will not be accurate. This configuration is not suitable for distributed clusters.
I20260710 13:15:18.491794   591 heartbeater.cc:507] Master 127.0.107.254:37549 requested a full tablet report, sending...
I20260710 13:15:18.492148   431 hybrid_clock.cc:648] HybridClock initialized: now 1783689318492128 us; error 0 us; skew 500 ppm
I20260710 13:15:18.492792   431 server_base.cc:861] Flag tcmalloc_max_total_thread_cache_bytes is not working since tcmalloc is not enabled.
I20260710 13:15:18.496428   463 ts_manager.cc:194] Registered new tserver with Master: 5e0e8249d320452ba6fa6213ca258fa4 (127.0.107.193:33905)
I20260710 13:15:18.500219   431 webserver.cc:533] Webserver started at http://127.0.107.194:45229/ using document root <none> and password file <none>
I20260710 13:15:18.500222   463 master_service.cc:502] Signed X509 certificate for tserver {username='slave'} at 127.0.0.1:58524
I20260710 13:15:18.501065   431 fs_manager.cc:362] Metadata directory not provided
I20260710 13:15:18.501367   431 fs_manager.cc:368] Using write-ahead log directory (fs_wal_dir) as metadata directory
I20260710 13:15:18.501731   431 server_base.cc:909] This appears to be a new deployment of Kudu; creating new FS layout
I20260710 13:15:18.503351   431 fs_manager.cc:1068] Generated new instance metadata in path /tmp/dist-test-taskV6sSFp/test-tmp/auto_leader_rebalancer-test.0.LeaderRebalancerTest.FunctionalTestForDivided.1783689316439252-431-0/minicluster-data/ts-1-root/instance:
uuid: "e7f53e5eabc04125a6139f95801c0dcd"
format_stamp: "Formatted at 2026-07-10 13:15:18 on dist-test-slave-j34q"
I20260710 13:15:18.509871   431 fs_manager.cc:696] Time spent creating directory manager: real 0.006s	user 0.001s	sys 0.004s
I20260710 13:15:18.514410   603 log_block_manager.cc:4127] Time spent loading block containers with low live blocks: real 0.000s	user 0.000s	sys 0.000s
I20260710 13:15:18.515290   431 fs_manager.cc:730] Time spent opening block manager: real 0.003s	user 0.002s	sys 0.000s
I20260710 13:15:18.515615   431 fs_manager.cc:647] Opened local filesystem: /tmp/dist-test-taskV6sSFp/test-tmp/auto_leader_rebalancer-test.0.LeaderRebalancerTest.FunctionalTestForDivided.1783689316439252-431-0/minicluster-data/ts-1-root
uuid: "e7f53e5eabc04125a6139f95801c0dcd"
format_stamp: "Formatted at 2026-07-10 13:15:18 on dist-test-slave-j34q"
I20260710 13:15:18.515872   431 fs_report.cc:389] FS layout report
--------------------
wal directory: /tmp/dist-test-taskV6sSFp/test-tmp/auto_leader_rebalancer-test.0.LeaderRebalancerTest.FunctionalTestForDivided.1783689316439252-431-0/minicluster-data/ts-1-root
metadata directory: /tmp/dist-test-taskV6sSFp/test-tmp/auto_leader_rebalancer-test.0.LeaderRebalancerTest.FunctionalTestForDivided.1783689316439252-431-0/minicluster-data/ts-1-root
1 data directories: /tmp/dist-test-taskV6sSFp/test-tmp/auto_leader_rebalancer-test.0.LeaderRebalancerTest.FunctionalTestForDivided.1783689316439252-431-0/minicluster-data/ts-1-root/data
Total live blocks: 0
Total live bytes: 0
Total live bytes (after alignment): 0
Total number of LBM containers: 0 (0 full)
Did not check for missing blocks
Did not check for orphaned blocks
Total full LBM containers with extra space: 0 (0 repaired)
Total full LBM container extra space in bytes: 0 (0 repaired)
Total incomplete LBM containers: 0 (0 repaired)
Total LBM partial records: 0 (0 repaired)
Total corrupted LBM metadata records in RocksDB: 0 (0 repaired)
I20260710 13:15:18.537560   431 rpc_server.cc:225] running with OpenSSL 1.1.1  11 Sep 2018
I20260710 13:15:18.538848   431 kserver.cc:163] Server-wide thread pool size limit: 3276
I20260710 13:15:18.541497   431 txn_system_client.cc:432] TxnSystemClient initialization is disabled...
I20260710 13:15:18.545380   431 ts_tablet_manager.cc:585] Loaded tablet metadata (0 total tablets, 0 live tablets)
I20260710 13:15:18.545578   431 ts_tablet_manager.cc:531] Time spent load tablet metadata: real 0.000s	user 0.000s	sys 0.000s
I20260710 13:15:18.545861   431 ts_tablet_manager.cc:616] Registered 0 tablets
I20260710 13:15:18.546021   431 ts_tablet_manager.cc:595] Time spent register tablets: real 0.000s	user 0.000s	sys 0.000s
I20260710 13:15:18.662241   431 rpc_server.cc:307] RPC server started. Bound to: 127.0.107.194:39145
I20260710 13:15:18.662333   665 acceptor_pool.cc:272] collecting diagnostics on the listening RPC socket 127.0.107.194:39145 every 8 connection(s)
I20260710 13:15:18.669849   431 file_cache.cc:504] Constructed file cache file cache with capacity 419430
W20260710 13:15:18.678001   669 instance_detector.cc:116] could not retrieve AWS instance metadata: Network error: curl error: HTTP response code said error: The requested URL returned error: 404
W20260710 13:15:18.680886   670 instance_detector.cc:116] could not retrieve Azure instance metadata: Network error: curl error: HTTP response code said error: The requested URL returned error: 404
I20260710 13:15:18.689483   666 heartbeater.cc:344] Connected to a master server at 127.0.107.254:37549
I20260710 13:15:18.689992   666 heartbeater.cc:461] Registering TS with master...
I20260710 13:15:18.691676   666 heartbeater.cc:507] Master 127.0.107.254:37549 requested a full tablet report, sending...
I20260710 13:15:18.691963   431 server_base.cc:1061] running on GCE node
I20260710 13:15:18.694068   463 ts_manager.cc:194] Registered new tserver with Master: e7f53e5eabc04125a6139f95801c0dcd (127.0.107.194:39145)
W20260710 13:15:18.694845   672 instance_detector.cc:116] could not retrieve OpenStack instance metadata: Network error: curl error: HTTP response code said error: The requested URL returned error: 404
I20260710 13:15:18.695830   463 master_service.cc:502] Signed X509 certificate for tserver {username='slave'} at 127.0.0.1:58526
I20260710 13:15:18.696030   431 hybrid_clock.cc:584] initializing the hybrid clock with 'system_unsync' time source
W20260710 13:15:18.696317   431 system_unsync_time.cc:38] NTP support is disabled. Clock error bounds will not be accurate. This configuration is not suitable for distributed clusters.
I20260710 13:15:18.696524   431 hybrid_clock.cc:648] HybridClock initialized: now 1783689318696507 us; error 0 us; skew 500 ppm
I20260710 13:15:18.697254   431 server_base.cc:861] Flag tcmalloc_max_total_thread_cache_bytes is not working since tcmalloc is not enabled.
I20260710 13:15:18.699980   431 webserver.cc:533] Webserver started at http://127.0.107.195:42631/ using document root <none> and password file <none>
I20260710 13:15:18.700587   431 fs_manager.cc:362] Metadata directory not provided
I20260710 13:15:18.700821   431 fs_manager.cc:368] Using write-ahead log directory (fs_wal_dir) as metadata directory
I20260710 13:15:18.701136   431 server_base.cc:909] This appears to be a new deployment of Kudu; creating new FS layout
I20260710 13:15:18.702503   431 fs_manager.cc:1068] Generated new instance metadata in path /tmp/dist-test-taskV6sSFp/test-tmp/auto_leader_rebalancer-test.0.LeaderRebalancerTest.FunctionalTestForDivided.1783689316439252-431-0/minicluster-data/ts-2-root/instance:
uuid: "a7c8226ce52b4fb1b0aaa672580214dd"
format_stamp: "Formatted at 2026-07-10 13:15:18 on dist-test-slave-j34q"
I20260710 13:15:18.708468   431 fs_manager.cc:696] Time spent creating directory manager: real 0.005s	user 0.007s	sys 0.000s
I20260710 13:15:18.712725   677 log_block_manager.cc:4127] Time spent loading block containers with low live blocks: real 0.000s	user 0.000s	sys 0.000s
I20260710 13:15:18.713594   431 fs_manager.cc:730] Time spent opening block manager: real 0.003s	user 0.004s	sys 0.000s
I20260710 13:15:18.713927   431 fs_manager.cc:647] Opened local filesystem: /tmp/dist-test-taskV6sSFp/test-tmp/auto_leader_rebalancer-test.0.LeaderRebalancerTest.FunctionalTestForDivided.1783689316439252-431-0/minicluster-data/ts-2-root
uuid: "a7c8226ce52b4fb1b0aaa672580214dd"
format_stamp: "Formatted at 2026-07-10 13:15:18 on dist-test-slave-j34q"
I20260710 13:15:18.714286   431 fs_report.cc:389] FS layout report
--------------------
wal directory: /tmp/dist-test-taskV6sSFp/test-tmp/auto_leader_rebalancer-test.0.LeaderRebalancerTest.FunctionalTestForDivided.1783689316439252-431-0/minicluster-data/ts-2-root
metadata directory: /tmp/dist-test-taskV6sSFp/test-tmp/auto_leader_rebalancer-test.0.LeaderRebalancerTest.FunctionalTestForDivided.1783689316439252-431-0/minicluster-data/ts-2-root
1 data directories: /tmp/dist-test-taskV6sSFp/test-tmp/auto_leader_rebalancer-test.0.LeaderRebalancerTest.FunctionalTestForDivided.1783689316439252-431-0/minicluster-data/ts-2-root/data
Total live blocks: 0
Total live bytes: 0
Total live bytes (after alignment): 0
Total number of LBM containers: 0 (0 full)
Did not check for missing blocks
Did not check for orphaned blocks
Total full LBM containers with extra space: 0 (0 repaired)
Total full LBM container extra space in bytes: 0 (0 repaired)
Total incomplete LBM containers: 0 (0 repaired)
Total LBM partial records: 0 (0 repaired)
Total corrupted LBM metadata records in RocksDB: 0 (0 repaired)
I20260710 13:15:18.728601   431 rpc_server.cc:225] running with OpenSSL 1.1.1  11 Sep 2018
I20260710 13:15:18.730284   431 kserver.cc:163] Server-wide thread pool size limit: 3276
I20260710 13:15:18.732235   431 txn_system_client.cc:432] TxnSystemClient initialization is disabled...
I20260710 13:15:18.735077   431 ts_tablet_manager.cc:585] Loaded tablet metadata (0 total tablets, 0 live tablets)
I20260710 13:15:18.735350   431 ts_tablet_manager.cc:531] Time spent load tablet metadata: real 0.000s	user 0.000s	sys 0.000s
I20260710 13:15:18.735678   431 ts_tablet_manager.cc:616] Registered 0 tablets
I20260710 13:15:18.735893   431 ts_tablet_manager.cc:595] Time spent register tablets: real 0.000s	user 0.000s	sys 0.000s
I20260710 13:15:18.835161   431 rpc_server.cc:307] RPC server started. Bound to: 127.0.107.195:36225
I20260710 13:15:18.835311   739 acceptor_pool.cc:272] collecting diagnostics on the listening RPC socket 127.0.107.195:36225 every 8 connection(s)
I20260710 13:15:18.852332   740 heartbeater.cc:344] Connected to a master server at 127.0.107.254:37549
I20260710 13:15:18.852770   740 heartbeater.cc:461] Registering TS with master...
I20260710 13:15:18.853619   740 heartbeater.cc:507] Master 127.0.107.254:37549 requested a full tablet report, sending...
I20260710 13:15:18.855822   463 ts_manager.cc:194] Registered new tserver with Master: a7c8226ce52b4fb1b0aaa672580214dd (127.0.107.195:36225)
I20260710 13:15:18.856415   431 internal_mini_cluster.cc:371] 3 TS(s) registered with all masters after 0.016163265s
I20260710 13:15:18.857712   463 master_service.cc:502] Signed X509 certificate for tserver {username='slave'} at 127.0.0.1:58538
I20260710 13:15:18.923080   463 catalog_manager.cc:2283] Servicing CreateTable request from {username='slave'} at 127.0.0.1:58550:
name: "test-workload"
schema {
  columns {
    name: "key"
    type: INT32
    is_key: true
    is_nullable: false
    encoding: AUTO_ENCODING
    compression: DEFAULT_COMPRESSION
    cfile_block_size: 0
    immutable: false
  }
  columns {
    name: "int_val"
    type: INT32
    is_key: false
    is_nullable: false
    encoding: AUTO_ENCODING
    compression: DEFAULT_COMPRESSION
    cfile_block_size: 0
    immutable: false
  }
  columns {
    name: "string_val"
    type: STRING
    is_key: false
    is_nullable: true
    encoding: AUTO_ENCODING
    compression: DEFAULT_COMPRESSION
    cfile_block_size: 0
    immutable: false
  }
}
num_replicas: 3
split_rows_range_bounds {
  rows: "\004\001\000\216\3438\016\004\001\000\034\307q\034\004\001\000\252\252\252*\004\001\0008\216\3438\004\001\000\306q\034G\004\001\000TUUU\004\001\000\3428\216c\004\001\000p\034\307q""\004\001\000\216\3438\016\004\001\000\034\307q\034\004\001\000\252\252\252*\004\001\0008\216\3438\004\001\000\306q\034G\004\001\000TUUU\004\001\000\3428\216c\004\001\000p\034\307q"
  indirect_data: """"
}
partition_schema {
  range_schema {
    columns {
      name: "key"
    }
  }
}
W20260710 13:15:18.928741   463 catalog_manager.cc:7077] The number of live tablet servers is not enough to re-replicate a tablet replica of the newly created table test-workload in case of a server failure: 4 tablet servers would be needed, 3 are available. Consider bringing up more tablet servers.
I20260710 13:15:19.042717   555 tablet_service.cc:1511] Processing CreateTablet for tablet 31e069ded55f440eb915b740cba3c8cd (DEFAULT_TABLE table=test-workload [id=bfb22a3a34b04d52a25b1b5bc161090b]), partition=RANGE (key) PARTITION 238609294 <= VALUES < 477218588
I20260710 13:15:19.042899   556 tablet_service.cc:1511] Processing CreateTablet for tablet c210aed8de764b6b8aeea1022986c5dd (DEFAULT_TABLE table=test-workload [id=bfb22a3a34b04d52a25b1b5bc161090b]), partition=RANGE (key) PARTITION VALUES < 238609294
I20260710 13:15:19.048558   554 tablet_service.cc:1511] Processing CreateTablet for tablet 194a708b453845b2b143d5eb22c9ae84 (DEFAULT_TABLE table=test-workload [id=bfb22a3a34b04d52a25b1b5bc161090b]), partition=RANGE (key) PARTITION 477218588 <= VALUES < 715827882
I20260710 13:15:19.047267   555 data_dirs.cc:400] Could only allocate 1 dirs of requested 3 for tablet 31e069ded55f440eb915b740cba3c8cd. 1 dirs total, 0 dirs full, 0 dirs failed
I20260710 13:15:19.051908   553 tablet_service.cc:1511] Processing CreateTablet for tablet e3b7ef27b2a843199ccd574583b3781f (DEFAULT_TABLE table=test-workload [id=bfb22a3a34b04d52a25b1b5bc161090b]), partition=RANGE (key) PARTITION 715827882 <= VALUES < 954437176
I20260710 13:15:19.055439   552 tablet_service.cc:1511] Processing CreateTablet for tablet c1473f0fb6c947b0a2fe84a271b2aaa3 (DEFAULT_TABLE table=test-workload [id=bfb22a3a34b04d52a25b1b5bc161090b]), partition=RANGE (key) PARTITION 954437176 <= VALUES < 1193046470
I20260710 13:15:19.061339   554 data_dirs.cc:400] Could only allocate 1 dirs of requested 3 for tablet 194a708b453845b2b143d5eb22c9ae84. 1 dirs total, 0 dirs full, 0 dirs failed
I20260710 13:15:19.063251   553 data_dirs.cc:400] Could only allocate 1 dirs of requested 3 for tablet e3b7ef27b2a843199ccd574583b3781f. 1 dirs total, 0 dirs full, 0 dirs failed
I20260710 13:15:19.069059   556 data_dirs.cc:400] Could only allocate 1 dirs of requested 3 for tablet c210aed8de764b6b8aeea1022986c5dd. 1 dirs total, 0 dirs full, 0 dirs failed
I20260710 13:15:19.069718   551 tablet_service.cc:1511] Processing CreateTablet for tablet 2de4cdcd45754620b5a3d13585df8154 (DEFAULT_TABLE table=test-workload [id=bfb22a3a34b04d52a25b1b5bc161090b]), partition=RANGE (key) PARTITION 1193046470 <= VALUES < 1431655764
I20260710 13:15:19.076031   631 tablet_service.cc:1511] Processing CreateTablet for tablet c210aed8de764b6b8aeea1022986c5dd (DEFAULT_TABLE table=test-workload [id=bfb22a3a34b04d52a25b1b5bc161090b]), partition=RANGE (key) PARTITION VALUES < 238609294
I20260710 13:15:19.078155   630 tablet_service.cc:1511] Processing CreateTablet for tablet 31e069ded55f440eb915b740cba3c8cd (DEFAULT_TABLE table=test-workload [id=bfb22a3a34b04d52a25b1b5bc161090b]), partition=RANGE (key) PARTITION 238609294 <= VALUES < 477218588
I20260710 13:15:19.080433   629 tablet_service.cc:1511] Processing CreateTablet for tablet 194a708b453845b2b143d5eb22c9ae84 (DEFAULT_TABLE table=test-workload [id=bfb22a3a34b04d52a25b1b5bc161090b]), partition=RANGE (key) PARTITION 477218588 <= VALUES < 715827882
I20260710 13:15:19.080165   552 data_dirs.cc:400] Could only allocate 1 dirs of requested 3 for tablet c1473f0fb6c947b0a2fe84a271b2aaa3. 1 dirs total, 0 dirs full, 0 dirs failed
I20260710 13:15:19.085187   628 tablet_service.cc:1511] Processing CreateTablet for tablet e3b7ef27b2a843199ccd574583b3781f (DEFAULT_TABLE table=test-workload [id=bfb22a3a34b04d52a25b1b5bc161090b]), partition=RANGE (key) PARTITION 715827882 <= VALUES < 954437176
I20260710 13:15:19.088135   630 data_dirs.cc:400] Could only allocate 1 dirs of requested 3 for tablet 31e069ded55f440eb915b740cba3c8cd. 1 dirs total, 0 dirs full, 0 dirs failed
I20260710 13:15:19.090461   551 data_dirs.cc:400] Could only allocate 1 dirs of requested 3 for tablet 2de4cdcd45754620b5a3d13585df8154. 1 dirs total, 0 dirs full, 0 dirs failed
I20260710 13:15:19.093820   626 tablet_service.cc:1511] Processing CreateTablet for tablet 2de4cdcd45754620b5a3d13585df8154 (DEFAULT_TABLE table=test-workload [id=bfb22a3a34b04d52a25b1b5bc161090b]), partition=RANGE (key) PARTITION 1193046470 <= VALUES < 1431655764
I20260710 13:15:19.104705   627 tablet_service.cc:1511] Processing CreateTablet for tablet c1473f0fb6c947b0a2fe84a271b2aaa3 (DEFAULT_TABLE table=test-workload [id=bfb22a3a34b04d52a25b1b5bc161090b]), partition=RANGE (key) PARTITION 954437176 <= VALUES < 1193046470
I20260710 13:15:19.111990   629 data_dirs.cc:400] Could only allocate 1 dirs of requested 3 for tablet 194a708b453845b2b143d5eb22c9ae84. 1 dirs total, 0 dirs full, 0 dirs failed
I20260710 13:15:19.109876   550 tablet_service.cc:1511] Processing CreateTablet for tablet 5ba75f015bc44285bc186ae96b8590dc (DEFAULT_TABLE table=test-workload [id=bfb22a3a34b04d52a25b1b5bc161090b]), partition=RANGE (key) PARTITION 1431655764 <= VALUES < 1670265058
I20260710 13:15:19.114580   627 data_dirs.cc:400] Could only allocate 1 dirs of requested 3 for tablet c1473f0fb6c947b0a2fe84a271b2aaa3. 1 dirs total, 0 dirs full, 0 dirs failed
I20260710 13:15:19.114862   550 data_dirs.cc:400] Could only allocate 1 dirs of requested 3 for tablet 5ba75f015bc44285bc186ae96b8590dc. 1 dirs total, 0 dirs full, 0 dirs failed
I20260710 13:15:19.116803   626 data_dirs.cc:400] Could only allocate 1 dirs of requested 3 for tablet 2de4cdcd45754620b5a3d13585df8154. 1 dirs total, 0 dirs full, 0 dirs failed
I20260710 13:15:19.119241   628 data_dirs.cc:400] Could only allocate 1 dirs of requested 3 for tablet e3b7ef27b2a843199ccd574583b3781f. 1 dirs total, 0 dirs full, 0 dirs failed
I20260710 13:15:19.122972   631 data_dirs.cc:400] Could only allocate 1 dirs of requested 3 for tablet c210aed8de764b6b8aeea1022986c5dd. 1 dirs total, 0 dirs full, 0 dirs failed
I20260710 13:15:19.134232   625 tablet_service.cc:1511] Processing CreateTablet for tablet 5ba75f015bc44285bc186ae96b8590dc (DEFAULT_TABLE table=test-workload [id=bfb22a3a34b04d52a25b1b5bc161090b]), partition=RANGE (key) PARTITION 1431655764 <= VALUES < 1670265058
I20260710 13:15:19.136564   625 data_dirs.cc:400] Could only allocate 1 dirs of requested 3 for tablet 5ba75f015bc44285bc186ae96b8590dc. 1 dirs total, 0 dirs full, 0 dirs failed
W20260710 13:15:19.161296   510 auto_rebalancer.cc:288] Could not retrieve cluster info: Service unavailable: Tablet not running
I20260710 13:15:19.212457   704 tablet_service.cc:1511] Processing CreateTablet for tablet 31e069ded55f440eb915b740cba3c8cd (DEFAULT_TABLE table=test-workload [id=bfb22a3a34b04d52a25b1b5bc161090b]), partition=RANGE (key) PARTITION 238609294 <= VALUES < 477218588
I20260710 13:15:19.220512   702 tablet_service.cc:1511] Processing CreateTablet for tablet e3b7ef27b2a843199ccd574583b3781f (DEFAULT_TABLE table=test-workload [id=bfb22a3a34b04d52a25b1b5bc161090b]), partition=RANGE (key) PARTITION 715827882 <= VALUES < 954437176
I20260710 13:15:19.214143   705 tablet_service.cc:1511] Processing CreateTablet for tablet c210aed8de764b6b8aeea1022986c5dd (DEFAULT_TABLE table=test-workload [id=bfb22a3a34b04d52a25b1b5bc161090b]), partition=RANGE (key) PARTITION VALUES < 238609294
I20260710 13:15:19.221282   703 tablet_service.cc:1511] Processing CreateTablet for tablet 194a708b453845b2b143d5eb22c9ae84 (DEFAULT_TABLE table=test-workload [id=bfb22a3a34b04d52a25b1b5bc161090b]), partition=RANGE (key) PARTITION 477218588 <= VALUES < 715827882
I20260710 13:15:19.232806   701 tablet_service.cc:1511] Processing CreateTablet for tablet c1473f0fb6c947b0a2fe84a271b2aaa3 (DEFAULT_TABLE table=test-workload [id=bfb22a3a34b04d52a25b1b5bc161090b]), partition=RANGE (key) PARTITION 954437176 <= VALUES < 1193046470
I20260710 13:15:19.236608   554 tablet_service.cc:1511] Processing CreateTablet for tablet eabf4b801d8a46a9a0c4e824d98b892a (DEFAULT_TABLE table=test-workload [id=bfb22a3a34b04d52a25b1b5bc161090b]), partition=RANGE (key) PARTITION 1670265058 <= VALUES < 1908874352
I20260710 13:15:19.245756   554 data_dirs.cc:400] Could only allocate 1 dirs of requested 3 for tablet eabf4b801d8a46a9a0c4e824d98b892a. 1 dirs total, 0 dirs full, 0 dirs failed
I20260710 13:15:19.249373   624 tablet_service.cc:1511] Processing CreateTablet for tablet eabf4b801d8a46a9a0c4e824d98b892a (DEFAULT_TABLE table=test-workload [id=bfb22a3a34b04d52a25b1b5bc161090b]), partition=RANGE (key) PARTITION 1670265058 <= VALUES < 1908874352
I20260710 13:15:19.244143   704 data_dirs.cc:400] Could only allocate 1 dirs of requested 3 for tablet 31e069ded55f440eb915b740cba3c8cd. 1 dirs total, 0 dirs full, 0 dirs failed
I20260710 13:15:19.245626   700 tablet_service.cc:1511] Processing CreateTablet for tablet 2de4cdcd45754620b5a3d13585df8154 (DEFAULT_TABLE table=test-workload [id=bfb22a3a34b04d52a25b1b5bc161090b]), partition=RANGE (key) PARTITION 1193046470 <= VALUES < 1431655764
I20260710 13:15:19.256393   699 tablet_service.cc:1511] Processing CreateTablet for tablet 5ba75f015bc44285bc186ae96b8590dc (DEFAULT_TABLE table=test-workload [id=bfb22a3a34b04d52a25b1b5bc161090b]), partition=RANGE (key) PARTITION 1431655764 <= VALUES < 1670265058
I20260710 13:15:19.261234   700 data_dirs.cc:400] Could only allocate 1 dirs of requested 3 for tablet 2de4cdcd45754620b5a3d13585df8154. 1 dirs total, 0 dirs full, 0 dirs failed
I20260710 13:15:19.262905   698 tablet_service.cc:1511] Processing CreateTablet for tablet eabf4b801d8a46a9a0c4e824d98b892a (DEFAULT_TABLE table=test-workload [id=bfb22a3a34b04d52a25b1b5bc161090b]), partition=RANGE (key) PARTITION 1670265058 <= VALUES < 1908874352
I20260710 13:15:19.266767   624 data_dirs.cc:400] Could only allocate 1 dirs of requested 3 for tablet eabf4b801d8a46a9a0c4e824d98b892a. 1 dirs total, 0 dirs full, 0 dirs failed
I20260710 13:15:19.266882   702 data_dirs.cc:400] Could only allocate 1 dirs of requested 3 for tablet e3b7ef27b2a843199ccd574583b3781f. 1 dirs total, 0 dirs full, 0 dirs failed
I20260710 13:15:19.271523   703 data_dirs.cc:400] Could only allocate 1 dirs of requested 3 for tablet 194a708b453845b2b143d5eb22c9ae84. 1 dirs total, 0 dirs full, 0 dirs failed
I20260710 13:15:19.274497   759 tablet_bootstrap.cc:492] T c1473f0fb6c947b0a2fe84a271b2aaa3 P e7f53e5eabc04125a6139f95801c0dcd: Bootstrap starting.
I20260710 13:15:19.271880   555 tablet_service.cc:1511] Processing CreateTablet for tablet 3b57010ec6e54e059ea2933deac9fda0 (DEFAULT_TABLE table=test-workload [id=bfb22a3a34b04d52a25b1b5bc161090b]), partition=RANGE (key) PARTITION 1908874352 <= VALUES
I20260710 13:15:19.277830   699 data_dirs.cc:400] Could only allocate 1 dirs of requested 3 for tablet 5ba75f015bc44285bc186ae96b8590dc. 1 dirs total, 0 dirs full, 0 dirs failed
I20260710 13:15:19.270203   758 tablet_bootstrap.cc:492] T 31e069ded55f440eb915b740cba3c8cd P 5e0e8249d320452ba6fa6213ca258fa4: Bootstrap starting.
I20260710 13:15:19.278208   555 data_dirs.cc:400] Could only allocate 1 dirs of requested 3 for tablet 3b57010ec6e54e059ea2933deac9fda0. 1 dirs total, 0 dirs full, 0 dirs failed
I20260710 13:15:19.307706   627 tablet_service.cc:1511] Processing CreateTablet for tablet 3b57010ec6e54e059ea2933deac9fda0 (DEFAULT_TABLE table=test-workload [id=bfb22a3a34b04d52a25b1b5bc161090b]), partition=RANGE (key) PARTITION 1908874352 <= VALUES
I20260710 13:15:19.309996   627 data_dirs.cc:400] Could only allocate 1 dirs of requested 3 for tablet 3b57010ec6e54e059ea2933deac9fda0. 1 dirs total, 0 dirs full, 0 dirs failed
I20260710 13:15:19.306897   701 data_dirs.cc:400] Could only allocate 1 dirs of requested 3 for tablet c1473f0fb6c947b0a2fe84a271b2aaa3. 1 dirs total, 0 dirs full, 0 dirs failed
I20260710 13:15:19.323598   697 tablet_service.cc:1511] Processing CreateTablet for tablet 3b57010ec6e54e059ea2933deac9fda0 (DEFAULT_TABLE table=test-workload [id=bfb22a3a34b04d52a25b1b5bc161090b]), partition=RANGE (key) PARTITION 1908874352 <= VALUES
I20260710 13:15:19.327251   705 data_dirs.cc:400] Could only allocate 1 dirs of requested 3 for tablet c210aed8de764b6b8aeea1022986c5dd. 1 dirs total, 0 dirs full, 0 dirs failed
I20260710 13:15:19.330976   697 data_dirs.cc:400] Could only allocate 1 dirs of requested 3 for tablet 3b57010ec6e54e059ea2933deac9fda0. 1 dirs total, 0 dirs full, 0 dirs failed
I20260710 13:15:19.346692   698 data_dirs.cc:400] Could only allocate 1 dirs of requested 3 for tablet eabf4b801d8a46a9a0c4e824d98b892a. 1 dirs total, 0 dirs full, 0 dirs failed
I20260710 13:15:19.386595   759 tablet_bootstrap.cc:654] T c1473f0fb6c947b0a2fe84a271b2aaa3 P e7f53e5eabc04125a6139f95801c0dcd: Neither blocks nor log segments found. Creating new log.
I20260710 13:15:19.388127   758 tablet_bootstrap.cc:654] T 31e069ded55f440eb915b740cba3c8cd P 5e0e8249d320452ba6fa6213ca258fa4: Neither blocks nor log segments found. Creating new log.
I20260710 13:15:19.402988   760 tablet_bootstrap.cc:492] T 2de4cdcd45754620b5a3d13585df8154 P a7c8226ce52b4fb1b0aaa672580214dd: Bootstrap starting.
I20260710 13:15:19.412607   758 tablet_bootstrap.cc:492] T 31e069ded55f440eb915b740cba3c8cd P 5e0e8249d320452ba6fa6213ca258fa4: No bootstrap required, opened a new log
I20260710 13:15:19.413118   758 ts_tablet_manager.cc:1403] T 31e069ded55f440eb915b740cba3c8cd P 5e0e8249d320452ba6fa6213ca258fa4: Time spent bootstrapping tablet: real 0.191s	user 0.013s	sys 0.007s
I20260710 13:15:19.420436   758 raft_consensus.cc:359] T 31e069ded55f440eb915b740cba3c8cd P 5e0e8249d320452ba6fa6213ca258fa4 [term 0 FOLLOWER]: Replica starting. Triggering 0 pending ops. Active config: opid_index: -1 OBSOLETE_local: false peers { permanent_uuid: "5e0e8249d320452ba6fa6213ca258fa4" member_type: VOTER last_known_addr { host: "127.0.107.193" port: 33905 } } peers { permanent_uuid: "e7f53e5eabc04125a6139f95801c0dcd" member_type: VOTER last_known_addr { host: "127.0.107.194" port: 39145 } } peers { permanent_uuid: "a7c8226ce52b4fb1b0aaa672580214dd" member_type: VOTER last_known_addr { host: "127.0.107.195" port: 36225 } }
I20260710 13:15:19.420811   759 tablet_bootstrap.cc:492] T c1473f0fb6c947b0a2fe84a271b2aaa3 P e7f53e5eabc04125a6139f95801c0dcd: No bootstrap required, opened a new log
I20260710 13:15:19.423172   759 ts_tablet_manager.cc:1403] T c1473f0fb6c947b0a2fe84a271b2aaa3 P e7f53e5eabc04125a6139f95801c0dcd: Time spent bootstrapping tablet: real 0.162s	user 0.017s	sys 0.000s
I20260710 13:15:19.424052   760 tablet_bootstrap.cc:654] T 2de4cdcd45754620b5a3d13585df8154 P a7c8226ce52b4fb1b0aaa672580214dd: Neither blocks nor log segments found. Creating new log.
I20260710 13:15:19.426604   759 raft_consensus.cc:359] T c1473f0fb6c947b0a2fe84a271b2aaa3 P e7f53e5eabc04125a6139f95801c0dcd [term 0 FOLLOWER]: Replica starting. Triggering 0 pending ops. Active config: opid_index: -1 OBSOLETE_local: false peers { permanent_uuid: "5e0e8249d320452ba6fa6213ca258fa4" member_type: VOTER last_known_addr { host: "127.0.107.193" port: 33905 } } peers { permanent_uuid: "e7f53e5eabc04125a6139f95801c0dcd" member_type: VOTER last_known_addr { host: "127.0.107.194" port: 39145 } } peers { permanent_uuid: "a7c8226ce52b4fb1b0aaa672580214dd" member_type: VOTER last_known_addr { host: "127.0.107.195" port: 36225 } }
I20260710 13:15:19.427335   758 raft_consensus.cc:385] T 31e069ded55f440eb915b740cba3c8cd P 5e0e8249d320452ba6fa6213ca258fa4 [term 0 FOLLOWER]: Consensus starting up: Expiring failure detector timer to make a prompt election more likely
I20260710 13:15:19.427776   759 raft_consensus.cc:385] T c1473f0fb6c947b0a2fe84a271b2aaa3 P e7f53e5eabc04125a6139f95801c0dcd [term 0 FOLLOWER]: Consensus starting up: Expiring failure detector timer to make a prompt election more likely
I20260710 13:15:19.427907   758 raft_consensus.cc:740] T 31e069ded55f440eb915b740cba3c8cd P 5e0e8249d320452ba6fa6213ca258fa4 [term 0 FOLLOWER]: Becoming Follower/Learner. State: Replica: 5e0e8249d320452ba6fa6213ca258fa4, State: Initialized, Role: FOLLOWER
I20260710 13:15:19.428282   759 raft_consensus.cc:740] T c1473f0fb6c947b0a2fe84a271b2aaa3 P e7f53e5eabc04125a6139f95801c0dcd [term 0 FOLLOWER]: Becoming Follower/Learner. State: Replica: e7f53e5eabc04125a6139f95801c0dcd, State: Initialized, Role: FOLLOWER
I20260710 13:15:19.429319   758 consensus_queue.cc:260] T 31e069ded55f440eb915b740cba3c8cd P 5e0e8249d320452ba6fa6213ca258fa4 [NON_LEADER]: Queue going to NON_LEADER mode. State: All replicated index: 0, Majority replicated index: 0, Committed index: 0, Last appended: 0.0, Last appended by leader: 0, Current term: 0, Majority size: -1, State: 0, Mode: NON_LEADER, active raft config: opid_index: -1 OBSOLETE_local: false peers { permanent_uuid: "5e0e8249d320452ba6fa6213ca258fa4" member_type: VOTER last_known_addr { host: "127.0.107.193" port: 33905 } } peers { permanent_uuid: "e7f53e5eabc04125a6139f95801c0dcd" member_type: VOTER last_known_addr { host: "127.0.107.194" port: 39145 } } peers { permanent_uuid: "a7c8226ce52b4fb1b0aaa672580214dd" member_type: VOTER last_known_addr { host: "127.0.107.195" port: 36225 } }
I20260710 13:15:19.429294   759 consensus_queue.cc:260] T c1473f0fb6c947b0a2fe84a271b2aaa3 P e7f53e5eabc04125a6139f95801c0dcd [NON_LEADER]: Queue going to NON_LEADER mode. State: All replicated index: 0, Majority replicated index: 0, Committed index: 0, Last appended: 0.0, Last appended by leader: 0, Current term: 0, Majority size: -1, State: 0, Mode: NON_LEADER, active raft config: opid_index: -1 OBSOLETE_local: false peers { permanent_uuid: "5e0e8249d320452ba6fa6213ca258fa4" member_type: VOTER last_known_addr { host: "127.0.107.193" port: 33905 } } peers { permanent_uuid: "e7f53e5eabc04125a6139f95801c0dcd" member_type: VOTER last_known_addr { host: "127.0.107.194" port: 39145 } } peers { permanent_uuid: "a7c8226ce52b4fb1b0aaa672580214dd" member_type: VOTER last_known_addr { host: "127.0.107.195" port: 36225 } }
I20260710 13:15:19.438742   591 heartbeater.cc:499] Master 127.0.107.254:37549 was elected leader, sending a full tablet report...
I20260710 13:15:19.441967   760 tablet_bootstrap.cc:492] T 2de4cdcd45754620b5a3d13585df8154 P a7c8226ce52b4fb1b0aaa672580214dd: No bootstrap required, opened a new log
I20260710 13:15:19.442569   760 ts_tablet_manager.cc:1403] T 2de4cdcd45754620b5a3d13585df8154 P a7c8226ce52b4fb1b0aaa672580214dd: Time spent bootstrapping tablet: real 0.040s	user 0.011s	sys 0.016s
I20260710 13:15:19.443759   758 ts_tablet_manager.cc:1434] T 31e069ded55f440eb915b740cba3c8cd P 5e0e8249d320452ba6fa6213ca258fa4: Time spent starting tablet: real 0.030s	user 0.009s	sys 0.007s
I20260710 13:15:19.444754   758 tablet_bootstrap.cc:492] T 194a708b453845b2b143d5eb22c9ae84 P 5e0e8249d320452ba6fa6213ca258fa4: Bootstrap starting.
I20260710 13:15:19.446009   760 raft_consensus.cc:359] T 2de4cdcd45754620b5a3d13585df8154 P a7c8226ce52b4fb1b0aaa672580214dd [term 0 FOLLOWER]: Replica starting. Triggering 0 pending ops. Active config: opid_index: -1 OBSOLETE_local: false peers { permanent_uuid: "5e0e8249d320452ba6fa6213ca258fa4" member_type: VOTER last_known_addr { host: "127.0.107.193" port: 33905 } } peers { permanent_uuid: "e7f53e5eabc04125a6139f95801c0dcd" member_type: VOTER last_known_addr { host: "127.0.107.194" port: 39145 } } peers { permanent_uuid: "a7c8226ce52b4fb1b0aaa672580214dd" member_type: VOTER last_known_addr { host: "127.0.107.195" port: 36225 } }
