I20260710 13:23:55.696822 28183 raft_consensus.cc:740] T a0c5aefb7c014f81badc6def98ef0316 P acb10154914941f6890f1410f7a3f4a7 [term 0 FOLLOWER]: Becoming Follower/Learner. State: Replica: acb10154914941f6890f1410f7a3f4a7, State: Initialized, Role: FOLLOWER
I20260710 13:23:55.697520 28183 consensus_queue.cc:260] T a0c5aefb7c014f81badc6def98ef0316 P acb10154914941f6890f1410f7a3f4a7 [NON_LEADER]: Queue going to NON_LEADER mode. State: All replicated index: 0, Majority replicated index: 0, Committed index: 0, Last appended: 0.0, Last appended by leader: 0, Current term: 0, Majority size: -1, State: 0, Mode: NON_LEADER, active raft config: opid_index: -1 OBSOLETE_local: false peers { permanent_uuid: "acb10154914941f6890f1410f7a3f4a7" member_type: VOTER last_known_addr { host: "127.26.186.129" port: 40889 } } peers { permanent_uuid: "050e27eaaee44ba0ba27f7d042ddd350" member_type: VOTER last_known_addr { host: "127.26.186.130" port: 43865 } } peers { permanent_uuid: "b56999711713441fb38a327e441bf6fd" member_type: VOTER last_known_addr { host: "127.26.186.131" port: 33977 } }
I20260710 13:23:55.698736 28065 raft_consensus.cc:2468] T fc5c212e6cb74bb3ad3d4d4b7d5b08a4 P 050e27eaaee44ba0ba27f7d042ddd350 [term 1 FOLLOWER]: Leader election vote request: Granting yes vote for candidate acb10154914941f6890f1410f7a3f4a7 in term 1.
I20260710 13:23:55.698866 28183 ts_tablet_manager.cc:1434] T a0c5aefb7c014f81badc6def98ef0316 P acb10154914941f6890f1410f7a3f4a7: Time spent starting tablet: real 0.005s	user 0.004s	sys 0.000s
I20260710 13:23:55.699772 27956 leader_election.cc:304] T fc5c212e6cb74bb3ad3d4d4b7d5b08a4 P acb10154914941f6890f1410f7a3f4a7 [CANDIDATE]: Term 1 election: Election decided. Result: candidate won. Election summary: received 2 responses out of 3 voters: 2 yes votes; 0 no votes. yes voters: 050e27eaaee44ba0ba27f7d042ddd350, acb10154914941f6890f1410f7a3f4a7; no voters: 
I20260710 13:23:55.701767 28227 raft_consensus.cc:2804] T fc5c212e6cb74bb3ad3d4d4b7d5b08a4 P acb10154914941f6890f1410f7a3f4a7 [term 1 FOLLOWER]: Leader election won for term 1
I20260710 13:23:55.700923 28141 raft_consensus.cc:2468] T fc5c212e6cb74bb3ad3d4d4b7d5b08a4 P b56999711713441fb38a327e441bf6fd [term 1 FOLLOWER]: Leader election vote request: Granting yes vote for candidate acb10154914941f6890f1410f7a3f4a7 in term 1.
I20260710 13:23:55.704308 28189 raft_consensus.cc:515] T 9f33c04a302d4a1b830743760bb6a704 P acb10154914941f6890f1410f7a3f4a7 [term 1 FOLLOWER]: Starting leader election with config: opid_index: -1 OBSOLETE_local: false peers { permanent_uuid: "acb10154914941f6890f1410f7a3f4a7" member_type: VOTER last_known_addr { host: "127.26.186.129" port: 40889 } } peers { permanent_uuid: "050e27eaaee44ba0ba27f7d042ddd350" member_type: VOTER last_known_addr { host: "127.26.186.130" port: 43865 } } peers { permanent_uuid: "b56999711713441fb38a327e441bf6fd" member_type: VOTER last_known_addr { host: "127.26.186.131" port: 33977 } }
I20260710 13:23:55.706453 28189 leader_election.cc:290] T 9f33c04a302d4a1b830743760bb6a704 P acb10154914941f6890f1410f7a3f4a7 [CANDIDATE]: Term 1 election: Requested vote from peers 050e27eaaee44ba0ba27f7d042ddd350 (127.26.186.130:43865), b56999711713441fb38a327e441bf6fd (127.26.186.131:33977)
I20260710 13:23:55.708958 28140 tablet_service.cc:1917] Received RequestConsensusVote() RPC: tablet_id: "9f33c04a302d4a1b830743760bb6a704" candidate_uuid: "acb10154914941f6890f1410f7a3f4a7" candidate_term: 1 candidate_status { last_received { term: 0 index: 0 } } ignore_live_leader: false dest_uuid: "b56999711713441fb38a327e441bf6fd"
I20260710 13:23:55.709661 28140 raft_consensus.cc:3060] T 9f33c04a302d4a1b830743760bb6a704 P b56999711713441fb38a327e441bf6fd [term 0 FOLLOWER]: Advancing to term 1
I20260710 13:23:55.712958 28065 tablet_service.cc:1917] Received RequestConsensusVote() RPC: tablet_id: "9f33c04a302d4a1b830743760bb6a704" candidate_uuid: "acb10154914941f6890f1410f7a3f4a7" candidate_term: 1 candidate_status { last_received { term: 0 index: 0 } } ignore_live_leader: false dest_uuid: "050e27eaaee44ba0ba27f7d042ddd350"
I20260710 13:23:55.713186 28227 raft_consensus.cc:697] T fc5c212e6cb74bb3ad3d4d4b7d5b08a4 P acb10154914941f6890f1410f7a3f4a7 [term 1 LEADER]: Becoming Leader. State: Replica: acb10154914941f6890f1410f7a3f4a7, State: Running, Role: LEADER
I20260710 13:23:55.713584 28065 raft_consensus.cc:3060] T 9f33c04a302d4a1b830743760bb6a704 P 050e27eaaee44ba0ba27f7d042ddd350 [term 0 FOLLOWER]: Advancing to term 1
I20260710 13:23:55.714040 28227 consensus_queue.cc:237] T fc5c212e6cb74bb3ad3d4d4b7d5b08a4 P acb10154914941f6890f1410f7a3f4a7 [LEADER]: Queue going to LEADER mode. State: All replicated index: 0, Majority replicated index: 0, Committed index: 0, Last appended: 0.0, Last appended by leader: 0, Current term: 1, Majority size: 2, State: 0, Mode: LEADER, active raft config: opid_index: -1 OBSOLETE_local: false peers { permanent_uuid: "acb10154914941f6890f1410f7a3f4a7" member_type: VOTER last_known_addr { host: "127.26.186.129" port: 40889 } } peers { permanent_uuid: "050e27eaaee44ba0ba27f7d042ddd350" member_type: VOTER last_known_addr { host: "127.26.186.130" port: 43865 } } peers { permanent_uuid: "b56999711713441fb38a327e441bf6fd" member_type: VOTER last_known_addr { host: "127.26.186.131" port: 33977 } }
I20260710 13:23:55.717056 28140 raft_consensus.cc:2468] T 9f33c04a302d4a1b830743760bb6a704 P b56999711713441fb38a327e441bf6fd [term 1 FOLLOWER]: Leader election vote request: Granting yes vote for candidate acb10154914941f6890f1410f7a3f4a7 in term 1.
I20260710 13:23:55.718097 27955 leader_election.cc:304] T 9f33c04a302d4a1b830743760bb6a704 P acb10154914941f6890f1410f7a3f4a7 [CANDIDATE]: Term 1 election: Election decided. Result: candidate won. Election summary: received 2 responses out of 3 voters: 2 yes votes; 0 no votes. yes voters: acb10154914941f6890f1410f7a3f4a7, b56999711713441fb38a327e441bf6fd; no voters: 
I20260710 13:23:55.718786 28227 raft_consensus.cc:2804] T 9f33c04a302d4a1b830743760bb6a704 P acb10154914941f6890f1410f7a3f4a7 [term 1 FOLLOWER]: Leader election won for term 1
I20260710 13:23:55.719252 28227 raft_consensus.cc:697] T 9f33c04a302d4a1b830743760bb6a704 P acb10154914941f6890f1410f7a3f4a7 [term 1 LEADER]: Becoming Leader. State: Replica: acb10154914941f6890f1410f7a3f4a7, State: Running, Role: LEADER
I20260710 13:23:55.720002 28227 consensus_queue.cc:237] T 9f33c04a302d4a1b830743760bb6a704 P acb10154914941f6890f1410f7a3f4a7 [LEADER]: Queue going to LEADER mode. State: All replicated index: 0, Majority replicated index: 0, Committed index: 0, Last appended: 0.0, Last appended by leader: 0, Current term: 1, Majority size: 2, State: 0, Mode: LEADER, active raft config: opid_index: -1 OBSOLETE_local: false peers { permanent_uuid: "acb10154914941f6890f1410f7a3f4a7" member_type: VOTER last_known_addr { host: "127.26.186.129" port: 40889 } } peers { permanent_uuid: "050e27eaaee44ba0ba27f7d042ddd350" member_type: VOTER last_known_addr { host: "127.26.186.130" port: 43865 } } peers { permanent_uuid: "b56999711713441fb38a327e441bf6fd" member_type: VOTER last_known_addr { host: "127.26.186.131" port: 33977 } }
I20260710 13:23:55.718595 28065 raft_consensus.cc:2468] T 9f33c04a302d4a1b830743760bb6a704 P 050e27eaaee44ba0ba27f7d042ddd350 [term 1 FOLLOWER]: Leader election vote request: Granting yes vote for candidate acb10154914941f6890f1410f7a3f4a7 in term 1.
I20260710 13:23:55.721834 28200 consensus_queue.cc:1048] T f7654a23208546b0a7dd956d5ef95b9c P b56999711713441fb38a327e441bf6fd [LEADER]: Connected to new peer: Peer: permanent_uuid: "acb10154914941f6890f1410f7a3f4a7" member_type: VOTER last_known_addr { host: "127.26.186.129" port: 40889 }, Status: LMP_MISMATCH, Last received: 0.0, Next index: 1, Last known committed idx: 0, Time since last communication: 0.000s
I20260710 13:23:55.722997 27890 catalog_manager.cc:5697] T fc5c212e6cb74bb3ad3d4d4b7d5b08a4 P acb10154914941f6890f1410f7a3f4a7 reported cstate change: term changed from 0 to 1, leader changed from <none> to acb10154914941f6890f1410f7a3f4a7 (127.26.186.129). New cstate: current_term: 1 leader_uuid: "acb10154914941f6890f1410f7a3f4a7" committed_config { opid_index: -1 OBSOLETE_local: false peers { permanent_uuid: "acb10154914941f6890f1410f7a3f4a7" member_type: VOTER last_known_addr { host: "127.26.186.129" port: 40889 } health_report { overall_health: HEALTHY } } peers { permanent_uuid: "050e27eaaee44ba0ba27f7d042ddd350" member_type: VOTER last_known_addr { host: "127.26.186.130" port: 43865 } health_report { overall_health: UNKNOWN } } peers { permanent_uuid: "b56999711713441fb38a327e441bf6fd" member_type: VOTER last_known_addr { host: "127.26.186.131" port: 33977 } health_report { overall_health: UNKNOWN } } }
I20260710 13:23:55.734959 28188 consensus_queue.cc:1048] T f7654a23208546b0a7dd956d5ef95b9c P b56999711713441fb38a327e441bf6fd [LEADER]: Connected to new peer: Peer: permanent_uuid: "050e27eaaee44ba0ba27f7d042ddd350" member_type: VOTER last_known_addr { host: "127.26.186.130" port: 43865 }, Status: LMP_MISMATCH, Last received: 0.0, Next index: 1, Last known committed idx: 0, Time since last communication: 0.000s
I20260710 13:23:55.742707 27890 catalog_manager.cc:5697] T 9f33c04a302d4a1b830743760bb6a704 P acb10154914941f6890f1410f7a3f4a7 reported cstate change: term changed from 0 to 1, leader changed from <none> to acb10154914941f6890f1410f7a3f4a7 (127.26.186.129). New cstate: current_term: 1 leader_uuid: "acb10154914941f6890f1410f7a3f4a7" committed_config { opid_index: -1 OBSOLETE_local: false peers { permanent_uuid: "acb10154914941f6890f1410f7a3f4a7" member_type: VOTER last_known_addr { host: "127.26.186.129" port: 40889 } health_report { overall_health: HEALTHY } } peers { permanent_uuid: "050e27eaaee44ba0ba27f7d042ddd350" member_type: VOTER last_known_addr { host: "127.26.186.130" port: 43865 } health_report { overall_health: UNKNOWN } } peers { permanent_uuid: "b56999711713441fb38a327e441bf6fd" member_type: VOTER last_known_addr { host: "127.26.186.131" port: 33977 } health_report { overall_health: UNKNOWN } } }
I20260710 13:23:55.767378 28188 consensus_queue.cc:1048] T 6c68d4c48d4d45049b7bbe99914e967c P b56999711713441fb38a327e441bf6fd [LEADER]: Connected to new peer: Peer: permanent_uuid: "acb10154914941f6890f1410f7a3f4a7" member_type: VOTER last_known_addr { host: "127.26.186.129" port: 40889 }, Status: LMP_MISMATCH, Last received: 0.0, Next index: 1, Last known committed idx: 0, Time since last communication: 0.000s
I20260710 13:23:55.771545 28214 raft_consensus.cc:493] T 6c68d4c48d4d45049b7bbe99914e967c P 050e27eaaee44ba0ba27f7d042ddd350 [term 0 FOLLOWER]: Starting pre-election (no leader contacted us within the election timeout)
I20260710 13:23:55.772003 28214 raft_consensus.cc:515] T 6c68d4c48d4d45049b7bbe99914e967c P 050e27eaaee44ba0ba27f7d042ddd350 [term 0 FOLLOWER]: Starting pre-election with config: opid_index: -1 OBSOLETE_local: false peers { permanent_uuid: "acb10154914941f6890f1410f7a3f4a7" member_type: VOTER last_known_addr { host: "127.26.186.129" port: 40889 } } peers { permanent_uuid: "050e27eaaee44ba0ba27f7d042ddd350" member_type: VOTER last_known_addr { host: "127.26.186.130" port: 43865 } } peers { permanent_uuid: "b56999711713441fb38a327e441bf6fd" member_type: VOTER last_known_addr { host: "127.26.186.131" port: 33977 } }
I20260710 13:23:55.773989 28214 leader_election.cc:290] T 6c68d4c48d4d45049b7bbe99914e967c P 050e27eaaee44ba0ba27f7d042ddd350 [CANDIDATE]: Term 1 pre-election: Requested pre-vote from peers acb10154914941f6890f1410f7a3f4a7 (127.26.186.129:40889), b56999711713441fb38a327e441bf6fd (127.26.186.131:33977)
I20260710 13:23:55.774570 27991 tablet_service.cc:1917] Received RequestConsensusVote() RPC: tablet_id: "6c68d4c48d4d45049b7bbe99914e967c" candidate_uuid: "050e27eaaee44ba0ba27f7d042ddd350" candidate_term: 1 candidate_status { last_received { term: 0 index: 0 } } ignore_live_leader: false dest_uuid: "acb10154914941f6890f1410f7a3f4a7" is_pre_election: true
I20260710 13:23:55.777009 28065 raft_consensus.cc:3060] T 6c68d4c48d4d45049b7bbe99914e967c P 050e27eaaee44ba0ba27f7d042ddd350 [term 0 FOLLOWER]: Advancing to term 1
I20260710 13:23:55.777848 28140 tablet_service.cc:1917] Received RequestConsensusVote() RPC: tablet_id: "6c68d4c48d4d45049b7bbe99914e967c" candidate_uuid: "050e27eaaee44ba0ba27f7d042ddd350" candidate_term: 1 candidate_status { last_received { term: 0 index: 0 } } ignore_live_leader: false dest_uuid: "b56999711713441fb38a327e441bf6fd" is_pre_election: true
I20260710 13:23:55.779325 28030 leader_election.cc:304] T 6c68d4c48d4d45049b7bbe99914e967c P 050e27eaaee44ba0ba27f7d042ddd350 [CANDIDATE]: Term 1 pre-election: Election decided. Result: candidate lost. Election summary: received 3 responses out of 3 voters: 1 yes votes; 2 no votes. yes voters: 050e27eaaee44ba0ba27f7d042ddd350; no voters: acb10154914941f6890f1410f7a3f4a7, b56999711713441fb38a327e441bf6fd
I20260710 13:23:55.783946 28214 raft_consensus.cc:2749] T 6c68d4c48d4d45049b7bbe99914e967c P 050e27eaaee44ba0ba27f7d042ddd350 [term 1 FOLLOWER]: Leader pre-election lost for term 1. Reason: could not achieve majority
I20260710 13:23:55.784776 28188 consensus_queue.cc:1048] T 6c68d4c48d4d45049b7bbe99914e967c P b56999711713441fb38a327e441bf6fd [LEADER]: Connected to new peer: Peer: permanent_uuid: "050e27eaaee44ba0ba27f7d042ddd350" member_type: VOTER last_known_addr { host: "127.26.186.130" port: 43865 }, Status: LMP_MISMATCH, Last received: 0.0, Next index: 1, Last known committed idx: 0, Time since last communication: 0.000s
I20260710 13:23:55.857503 27992 raft_consensus.cc:3060] T ac2e78af19dd4dc8bd172109d4072497 P acb10154914941f6890f1410f7a3f4a7 [term 0 FOLLOWER]: Advancing to term 1
I20260710 13:23:55.865159 28214 consensus_queue.cc:1048] T ac2e78af19dd4dc8bd172109d4072497 P 050e27eaaee44ba0ba27f7d042ddd350 [LEADER]: Connected to new peer: Peer: permanent_uuid: "acb10154914941f6890f1410f7a3f4a7" member_type: VOTER last_known_addr { host: "127.26.186.129" port: 40889 }, Status: LMP_MISMATCH, Last received: 0.0, Next index: 1, Last known committed idx: 0, Time since last communication: 0.000s
I20260710 13:23:55.867347 28214 raft_consensus.cc:493] T 472aae2a553f4028b07043d7b12f3c6e P 050e27eaaee44ba0ba27f7d042ddd350 [term 0 FOLLOWER]: Starting pre-election (no leader contacted us within the election timeout)
I20260710 13:23:55.867784 28214 raft_consensus.cc:515] T 472aae2a553f4028b07043d7b12f3c6e P 050e27eaaee44ba0ba27f7d042ddd350 [term 0 FOLLOWER]: Starting pre-election with config: opid_index: -1 OBSOLETE_local: false peers { permanent_uuid: "acb10154914941f6890f1410f7a3f4a7" member_type: VOTER last_known_addr { host: "127.26.186.129" port: 40889 } } peers { permanent_uuid: "050e27eaaee44ba0ba27f7d042ddd350" member_type: VOTER last_known_addr { host: "127.26.186.130" port: 43865 } } peers { permanent_uuid: "b56999711713441fb38a327e441bf6fd" member_type: VOTER last_known_addr { host: "127.26.186.131" port: 33977 } }
I20260710 13:23:55.872345 28214 leader_election.cc:290] T 472aae2a553f4028b07043d7b12f3c6e P 050e27eaaee44ba0ba27f7d042ddd350 [CANDIDATE]: Term 1 pre-election: Requested pre-vote from peers acb10154914941f6890f1410f7a3f4a7 (127.26.186.129:40889), b56999711713441fb38a327e441bf6fd (127.26.186.131:33977)
I20260710 13:23:55.872402 27991 tablet_service.cc:1917] Received RequestConsensusVote() RPC: tablet_id: "472aae2a553f4028b07043d7b12f3c6e" candidate_uuid: "050e27eaaee44ba0ba27f7d042ddd350" candidate_term: 1 candidate_status { last_received { term: 0 index: 0 } } ignore_live_leader: false dest_uuid: "acb10154914941f6890f1410f7a3f4a7" is_pre_election: true
I20260710 13:23:55.875846 28140 tablet_service.cc:1917] Received RequestConsensusVote() RPC: tablet_id: "472aae2a553f4028b07043d7b12f3c6e" candidate_uuid: "050e27eaaee44ba0ba27f7d042ddd350" candidate_term: 1 candidate_status { last_received { term: 0 index: 0 } } ignore_live_leader: false dest_uuid: "b56999711713441fb38a327e441bf6fd" is_pre_election: true
I20260710 13:23:55.876452 28140 raft_consensus.cc:2468] T 472aae2a553f4028b07043d7b12f3c6e P b56999711713441fb38a327e441bf6fd [term 0 FOLLOWER]: Leader pre-election vote request: Granting yes vote for candidate 050e27eaaee44ba0ba27f7d042ddd350 in term 0.
I20260710 13:23:55.879114 27991 raft_consensus.cc:2468] T 472aae2a553f4028b07043d7b12f3c6e P acb10154914941f6890f1410f7a3f4a7 [term 0 FOLLOWER]: Leader pre-election vote request: Granting yes vote for candidate 050e27eaaee44ba0ba27f7d042ddd350 in term 0.
I20260710 13:23:55.879067 28030 leader_election.cc:304] T 472aae2a553f4028b07043d7b12f3c6e P 050e27eaaee44ba0ba27f7d042ddd350 [CANDIDATE]: Term 1 pre-election: Election decided. Result: candidate won. Election summary: received 2 responses out of 3 voters: 2 yes votes; 0 no votes. yes voters: 050e27eaaee44ba0ba27f7d042ddd350, b56999711713441fb38a327e441bf6fd; no voters: 
I20260710 13:23:55.881212 28214 raft_consensus.cc:2804] T 472aae2a553f4028b07043d7b12f3c6e P 050e27eaaee44ba0ba27f7d042ddd350 [term 0 FOLLOWER]: Leader pre-election won for term 1
I20260710 13:23:55.881516 28214 raft_consensus.cc:493] T 472aae2a553f4028b07043d7b12f3c6e P 050e27eaaee44ba0ba27f7d042ddd350 [term 0 FOLLOWER]: Starting leader election (no leader contacted us within the election timeout)
I20260710 13:23:55.881855 28214 raft_consensus.cc:3060] T 472aae2a553f4028b07043d7b12f3c6e P 050e27eaaee44ba0ba27f7d042ddd350 [term 0 FOLLOWER]: Advancing to term 1
I20260710 13:23:55.881567 28251 consensus_queue.cc:1048] T ac2e78af19dd4dc8bd172109d4072497 P 050e27eaaee44ba0ba27f7d042ddd350 [LEADER]: Connected to new peer: Peer: permanent_uuid: "b56999711713441fb38a327e441bf6fd" member_type: VOTER last_known_addr { host: "127.26.186.131" port: 33977 }, Status: LMP_MISMATCH, Last received: 0.0, Next index: 1, Last known committed idx: 0, Time since last communication: 0.000s
I20260710 13:23:55.888604 28214 raft_consensus.cc:515] T 472aae2a553f4028b07043d7b12f3c6e P 050e27eaaee44ba0ba27f7d042ddd350 [term 1 FOLLOWER]: Starting leader election with config: opid_index: -1 OBSOLETE_local: false peers { permanent_uuid: "acb10154914941f6890f1410f7a3f4a7" member_type: VOTER last_known_addr { host: "127.26.186.129" port: 40889 } } peers { permanent_uuid: "050e27eaaee44ba0ba27f7d042ddd350" member_type: VOTER last_known_addr { host: "127.26.186.130" port: 43865 } } peers { permanent_uuid: "b56999711713441fb38a327e441bf6fd" member_type: VOTER last_known_addr { host: "127.26.186.131" port: 33977 } }
I20260710 13:23:55.891402 27992 tablet_service.cc:1917] Received RequestConsensusVote() RPC: tablet_id: "472aae2a553f4028b07043d7b12f3c6e" candidate_uuid: "050e27eaaee44ba0ba27f7d042ddd350" candidate_term: 1 candidate_status { last_received { term: 0 index: 0 } } ignore_live_leader: false dest_uuid: "acb10154914941f6890f1410f7a3f4a7"
I20260710 13:23:55.891950 27992 raft_consensus.cc:3060] T 472aae2a553f4028b07043d7b12f3c6e P acb10154914941f6890f1410f7a3f4a7 [term 0 FOLLOWER]: Advancing to term 1
I20260710 13:23:55.892407 28140 tablet_service.cc:1917] Received RequestConsensusVote() RPC: tablet_id: "472aae2a553f4028b07043d7b12f3c6e" candidate_uuid: "050e27eaaee44ba0ba27f7d042ddd350" candidate_term: 1 candidate_status { last_received { term: 0 index: 0 } } ignore_live_leader: false dest_uuid: "b56999711713441fb38a327e441bf6fd"
I20260710 13:23:55.892985 28140 raft_consensus.cc:3060] T 472aae2a553f4028b07043d7b12f3c6e P b56999711713441fb38a327e441bf6fd [term 0 FOLLOWER]: Advancing to term 1
I20260710 13:23:55.898553 27992 raft_consensus.cc:2468] T 472aae2a553f4028b07043d7b12f3c6e P acb10154914941f6890f1410f7a3f4a7 [term 1 FOLLOWER]: Leader election vote request: Granting yes vote for candidate 050e27eaaee44ba0ba27f7d042ddd350 in term 1.
I20260710 13:23:55.899782 28030 leader_election.cc:304] T 472aae2a553f4028b07043d7b12f3c6e P 050e27eaaee44ba0ba27f7d042ddd350 [CANDIDATE]: Term 1 election: Election decided. Result: candidate won. Election summary: received 2 responses out of 3 voters: 2 yes votes; 0 no votes. yes voters: 050e27eaaee44ba0ba27f7d042ddd350, acb10154914941f6890f1410f7a3f4a7; no voters: 
I20260710 13:23:55.900717 28251 raft_consensus.cc:2804] T 472aae2a553f4028b07043d7b12f3c6e P 050e27eaaee44ba0ba27f7d042ddd350 [term 1 FOLLOWER]: Leader election won for term 1
I20260710 13:23:55.901261 28251 raft_consensus.cc:697] T 472aae2a553f4028b07043d7b12f3c6e P 050e27eaaee44ba0ba27f7d042ddd350 [term 1 LEADER]: Becoming Leader. State: Replica: 050e27eaaee44ba0ba27f7d042ddd350, State: Running, Role: LEADER
I20260710 13:23:55.901799 28214 leader_election.cc:290] T 472aae2a553f4028b07043d7b12f3c6e P 050e27eaaee44ba0ba27f7d042ddd350 [CANDIDATE]: Term 1 election: Requested vote from peers acb10154914941f6890f1410f7a3f4a7 (127.26.186.129:40889), b56999711713441fb38a327e441bf6fd (127.26.186.131:33977)
I20260710 13:23:55.902415 28140 raft_consensus.cc:2468] T 472aae2a553f4028b07043d7b12f3c6e P b56999711713441fb38a327e441bf6fd [term 1 FOLLOWER]: Leader election vote request: Granting yes vote for candidate 050e27eaaee44ba0ba27f7d042ddd350 in term 1.
I20260710 13:23:55.902316 28251 consensus_queue.cc:237] T 472aae2a553f4028b07043d7b12f3c6e P 050e27eaaee44ba0ba27f7d042ddd350 [LEADER]: Queue going to LEADER mode. State: All replicated index: 0, Majority replicated index: 0, Committed index: 0, Last appended: 0.0, Last appended by leader: 0, Current term: 1, Majority size: 2, State: 0, Mode: LEADER, active raft config: opid_index: -1 OBSOLETE_local: false peers { permanent_uuid: "acb10154914941f6890f1410f7a3f4a7" member_type: VOTER last_known_addr { host: "127.26.186.129" port: 40889 } } peers { permanent_uuid: "050e27eaaee44ba0ba27f7d042ddd350" member_type: VOTER last_known_addr { host: "127.26.186.130" port: 43865 } } peers { permanent_uuid: "b56999711713441fb38a327e441bf6fd" member_type: VOTER last_known_addr { host: "127.26.186.131" port: 33977 } }
I20260710 13:23:55.917470 28227 raft_consensus.cc:493] T 8afa1a1e5f654a149bad92a060028f5c P acb10154914941f6890f1410f7a3f4a7 [term 0 FOLLOWER]: Starting pre-election (no leader contacted us within the election timeout)
I20260710 13:23:55.918059 28227 raft_consensus.cc:515] T 8afa1a1e5f654a149bad92a060028f5c P acb10154914941f6890f1410f7a3f4a7 [term 0 FOLLOWER]: Starting pre-election with config: opid_index: -1 OBSOLETE_local: false peers { permanent_uuid: "acb10154914941f6890f1410f7a3f4a7" member_type: VOTER last_known_addr { host: "127.26.186.129" port: 40889 } } peers { permanent_uuid: "050e27eaaee44ba0ba27f7d042ddd350" member_type: VOTER last_known_addr { host: "127.26.186.130" port: 43865 } } peers { permanent_uuid: "b56999711713441fb38a327e441bf6fd" member_type: VOTER last_known_addr { host: "127.26.186.131" port: 33977 } }
I20260710 13:23:55.920588 28227 leader_election.cc:290] T 8afa1a1e5f654a149bad92a060028f5c P acb10154914941f6890f1410f7a3f4a7 [CANDIDATE]: Term 1 pre-election: Requested pre-vote from peers 050e27eaaee44ba0ba27f7d042ddd350 (127.26.186.130:43865), b56999711713441fb38a327e441bf6fd (127.26.186.131:33977)
I20260710 13:23:55.927918 28065 tablet_service.cc:1917] Received RequestConsensusVote() RPC: tablet_id: "8afa1a1e5f654a149bad92a060028f5c" candidate_uuid: "acb10154914941f6890f1410f7a3f4a7" candidate_term: 1 candidate_status { last_received { term: 0 index: 0 } } ignore_live_leader: false dest_uuid: "050e27eaaee44ba0ba27f7d042ddd350" is_pre_election: true
I20260710 13:23:55.928946 28065 raft_consensus.cc:2393] T 8afa1a1e5f654a149bad92a060028f5c P 050e27eaaee44ba0ba27f7d042ddd350 [term 1 FOLLOWER]: Leader pre-election vote request: Denying vote to candidate acb10154914941f6890f1410f7a3f4a7 in current term 1: Already voted for candidate b56999711713441fb38a327e441bf6fd in this term.
I20260710 13:23:55.975440 28188 consensus_queue.cc:1048] T 8afa1a1e5f654a149bad92a060028f5c P b56999711713441fb38a327e441bf6fd [LEADER]: Connected to new peer: Peer: permanent_uuid: "050e27eaaee44ba0ba27f7d042ddd350" member_type: VOTER last_known_addr { host: "127.26.186.130" port: 43865 }, Status: LMP_MISMATCH, Last received: 0.0, Next index: 1, Last known committed idx: 0, Time since last communication: 0.001s
I20260710 13:23:56.000612 28252 raft_consensus.cc:493] T 31b721a5590649eebb6cc8662a9d0390 P 050e27eaaee44ba0ba27f7d042ddd350 [term 0 FOLLOWER]: Starting pre-election (no leader contacted us within the election timeout)
I20260710 13:23:56.001142 28252 raft_consensus.cc:515] T 31b721a5590649eebb6cc8662a9d0390 P 050e27eaaee44ba0ba27f7d042ddd350 [term 0 FOLLOWER]: Starting pre-election with config: opid_index: -1 OBSOLETE_local: false peers { permanent_uuid: "acb10154914941f6890f1410f7a3f4a7" member_type: VOTER last_known_addr { host: "127.26.186.129" port: 40889 } } peers { permanent_uuid: "050e27eaaee44ba0ba27f7d042ddd350" member_type: VOTER last_known_addr { host: "127.26.186.130" port: 43865 } } peers { permanent_uuid: "b56999711713441fb38a327e441bf6fd" member_type: VOTER last_known_addr { host: "127.26.186.131" port: 33977 } }
I20260710 13:23:56.003273 28252 leader_election.cc:290] T 31b721a5590649eebb6cc8662a9d0390 P 050e27eaaee44ba0ba27f7d042ddd350 [CANDIDATE]: Term 1 pre-election: Requested pre-vote from peers acb10154914941f6890f1410f7a3f4a7 (127.26.186.129:40889), b56999711713441fb38a327e441bf6fd (127.26.186.131:33977)
I20260710 13:23:56.005298 28140 tablet_service.cc:1917] Received RequestConsensusVote() RPC: tablet_id: "31b721a5590649eebb6cc8662a9d0390" candidate_uuid: "050e27eaaee44ba0ba27f7d042ddd350" candidate_term: 1 candidate_status { last_received { term: 0 index: 0 } } ignore_live_leader: false dest_uuid: "b56999711713441fb38a327e441bf6fd" is_pre_election: true
I20260710 13:23:56.013404 28066 raft_consensus.cc:3060] T 31b721a5590649eebb6cc8662a9d0390 P 050e27eaaee44ba0ba27f7d042ddd350 [term 0 FOLLOWER]: Advancing to term 1
I20260710 13:23:56.022305 28226 consensus_queue.cc:1048] T 31b721a5590649eebb6cc8662a9d0390 P b56999711713441fb38a327e441bf6fd [LEADER]: Connected to new peer: Peer: permanent_uuid: "050e27eaaee44ba0ba27f7d042ddd350" member_type: VOTER last_known_addr { host: "127.26.186.130" port: 43865 }, Status: LMP_MISMATCH, Last received: 0.0, Next index: 1, Last known committed idx: 0, Time since last communication: 0.001s
W20260710 13:23:56.495070 27938 auto_rebalancer.cc:288] Could not retrieve cluster info: Service unavailable: Tablet not running
I20260710 13:23:56.510946 28227 consensus_queue.cc:1048] T fc5c212e6cb74bb3ad3d4d4b7d5b08a4 P acb10154914941f6890f1410f7a3f4a7 [LEADER]: Connected to new peer: Peer: permanent_uuid: "050e27eaaee44ba0ba27f7d042ddd350" member_type: VOTER last_known_addr { host: "127.26.186.130" port: 43865 }, Status: LMP_MISMATCH, Last received: 0.0, Next index: 1, Last known committed idx: 0, Time since last communication: 0.000s
I20260710 13:23:56.523536 28227 raft_consensus.cc:493] T a0c5aefb7c014f81badc6def98ef0316 P acb10154914941f6890f1410f7a3f4a7 [term 0 FOLLOWER]: Starting pre-election (no leader contacted us within the election timeout)
I20260710 13:23:56.524091 28227 raft_consensus.cc:515] T a0c5aefb7c014f81badc6def98ef0316 P acb10154914941f6890f1410f7a3f4a7 [term 0 FOLLOWER]: Starting pre-election with config: opid_index: -1 OBSOLETE_local: false peers { permanent_uuid: "acb10154914941f6890f1410f7a3f4a7" member_type: VOTER last_known_addr { host: "127.26.186.129" port: 40889 } } peers { permanent_uuid: "050e27eaaee44ba0ba27f7d042ddd350" member_type: VOTER last_known_addr { host: "127.26.186.130" port: 43865 } } peers { permanent_uuid: "b56999711713441fb38a327e441bf6fd" member_type: VOTER last_known_addr { host: "127.26.186.131" port: 33977 } }
I20260710 13:23:56.525625 28227 leader_election.cc:290] T a0c5aefb7c014f81badc6def98ef0316 P acb10154914941f6890f1410f7a3f4a7 [CANDIDATE]: Term 1 pre-election: Requested pre-vote from peers 050e27eaaee44ba0ba27f7d042ddd350 (127.26.186.130:43865), b56999711713441fb38a327e441bf6fd (127.26.186.131:33977)
I20260710 13:23:56.526983 28141 tablet_service.cc:1917] Received RequestConsensusVote() RPC: tablet_id: "8afa1a1e5f654a149bad92a060028f5c" candidate_uuid: "acb10154914941f6890f1410f7a3f4a7" candidate_term: 1 candidate_status { last_received { term: 0 index: 0 } } ignore_live_leader: false dest_uuid: "b56999711713441fb38a327e441bf6fd" is_pre_election: true
I20260710 13:23:56.528829 28065 tablet_service.cc:1917] Received RequestConsensusVote() RPC: tablet_id: "a0c5aefb7c014f81badc6def98ef0316" candidate_uuid: "acb10154914941f6890f1410f7a3f4a7" candidate_term: 1 candidate_status { last_received { term: 0 index: 0 } } ignore_live_leader: false dest_uuid: "050e27eaaee44ba0ba27f7d042ddd350" is_pre_election: true
I20260710 13:23:56.529546 28065 raft_consensus.cc:2393] T a0c5aefb7c014f81badc6def98ef0316 P 050e27eaaee44ba0ba27f7d042ddd350 [term 1 FOLLOWER]: Leader pre-election vote request: Denying vote to candidate acb10154914941f6890f1410f7a3f4a7 in current term 1: Already voted for candidate b56999711713441fb38a327e441bf6fd in this term.
I20260710 13:23:56.530557 28227 consensus_queue.cc:1048] T ab6c1c79f8e741a89f730f408c0b48f1 P acb10154914941f6890f1410f7a3f4a7 [LEADER]: Connected to new peer: Peer: permanent_uuid: "050e27eaaee44ba0ba27f7d042ddd350" member_type: VOTER last_known_addr { host: "127.26.186.130" port: 43865 }, Status: LMP_MISMATCH, Last received: 0.0, Next index: 1, Last known committed idx: 0, Time since last communication: 0.000s
I20260710 13:23:56.533131 28141 tablet_service.cc:1917] Received RequestConsensusVote() RPC: tablet_id: "a0c5aefb7c014f81badc6def98ef0316" candidate_uuid: "acb10154914941f6890f1410f7a3f4a7" candidate_term: 1 candidate_status { last_received { term: 0 index: 0 } } ignore_live_leader: false dest_uuid: "b56999711713441fb38a327e441bf6fd" is_pre_election: true
I20260710 13:23:56.535676 27991 tablet_service.cc:1917] Received RequestConsensusVote() RPC: tablet_id: "31b721a5590649eebb6cc8662a9d0390" candidate_uuid: "050e27eaaee44ba0ba27f7d042ddd350" candidate_term: 1 candidate_status { last_received { term: 0 index: 0 } } ignore_live_leader: false dest_uuid: "acb10154914941f6890f1410f7a3f4a7" is_pre_election: true
I20260710 13:23:56.536733 27991 raft_consensus.cc:2393] T 31b721a5590649eebb6cc8662a9d0390 P acb10154914941f6890f1410f7a3f4a7 [term 1 FOLLOWER]: Leader pre-election vote request: Denying vote to candidate 050e27eaaee44ba0ba27f7d042ddd350 in current term 1: Already voted for candidate b56999711713441fb38a327e441bf6fd in this term.
I20260710 13:23:56.538256 27955 leader_election.cc:304] T 8afa1a1e5f654a149bad92a060028f5c P acb10154914941f6890f1410f7a3f4a7 [CANDIDATE]: Term 1 pre-election: Election decided. Result: candidate lost. Election summary: received 3 responses out of 3 voters: 1 yes votes; 2 no votes. yes voters: acb10154914941f6890f1410f7a3f4a7; no voters: 050e27eaaee44ba0ba27f7d042ddd350, b56999711713441fb38a327e441bf6fd
I20260710 13:23:56.539474 28256 raft_consensus.cc:3060] T 8afa1a1e5f654a149bad92a060028f5c P acb10154914941f6890f1410f7a3f4a7 [term 0 FOLLOWER]: Advancing to term 1
I20260710 13:23:56.545516 28226 consensus_queue.cc:1048] T a0c5aefb7c014f81badc6def98ef0316 P b56999711713441fb38a327e441bf6fd [LEADER]: Connected to new peer: Peer: permanent_uuid: "050e27eaaee44ba0ba27f7d042ddd350" member_type: VOTER last_known_addr { host: "127.26.186.130" port: 43865 }, Status: LMP_MISMATCH, Last received: 0.0, Next index: 1, Last known committed idx: 0, Time since last communication: 0.000s
I20260710 13:23:56.549119 28030 leader_election.cc:304] T 31b721a5590649eebb6cc8662a9d0390 P 050e27eaaee44ba0ba27f7d042ddd350 [CANDIDATE]: Term 1 pre-election: Election decided. Result: candidate lost. Election summary: received 3 responses out of 3 voters: 1 yes votes; 2 no votes. yes voters: 050e27eaaee44ba0ba27f7d042ddd350; no voters: acb10154914941f6890f1410f7a3f4a7, b56999711713441fb38a327e441bf6fd
I20260710 13:23:56.554248 28251 raft_consensus.cc:2749] T 31b721a5590649eebb6cc8662a9d0390 P 050e27eaaee44ba0ba27f7d042ddd350 [term 1 FOLLOWER]: Leader pre-election lost for term 1. Reason: could not achieve majority
I20260710 13:23:56.554807 28256 raft_consensus.cc:2749] T 8afa1a1e5f654a149bad92a060028f5c P acb10154914941f6890f1410f7a3f4a7 [term 1 FOLLOWER]: Leader pre-election lost for term 1. Reason: could not achieve majority
W20260710 13:23:56.553028 28013 debug-util.cc:398] Leaking SignalData structure 0x7b08001f1e00 after lost signal to thread 27373
W20260710 13:23:56.665462 27955 outbound_call.cc:321] RPC callback for RPC call kudu.consensus.ConsensusService.UpdateConsensus -> {remote=127.26.186.131:33977, user_credentials={real_user=slave}} blocked reactor thread for 119120us
I20260710 13:23:56.674062 28256 consensus_queue.cc:1048] T 9f33c04a302d4a1b830743760bb6a704 P acb10154914941f6890f1410f7a3f4a7 [LEADER]: Connected to new peer: Peer: permanent_uuid: "050e27eaaee44ba0ba27f7d042ddd350" member_type: VOTER last_known_addr { host: "127.26.186.130" port: 43865 }, Status: LMP_MISMATCH, Last received: 0.0, Next index: 1, Last known committed idx: 0, Time since last communication: 0.001s
I20260710 13:23:56.614392 28224 consensus_queue.cc:1048] T 31b721a5590649eebb6cc8662a9d0390 P b56999711713441fb38a327e441bf6fd [LEADER]: Connected to new peer: Peer: permanent_uuid: "acb10154914941f6890f1410f7a3f4a7" member_type: VOTER last_known_addr { host: "127.26.186.129" port: 40889 }, Status: LMP_MISMATCH, Last received: 0.0, Next index: 1, Last known committed idx: 0, Time since last communication: 0.061s
I20260710 13:23:56.548229 28227 consensus_queue.cc:1048] T fc5c212e6cb74bb3ad3d4d4b7d5b08a4 P acb10154914941f6890f1410f7a3f4a7 [LEADER]: Connected to new peer: Peer: permanent_uuid: "b56999711713441fb38a327e441bf6fd" member_type: VOTER last_known_addr { host: "127.26.186.131" port: 33977 }, Status: LMP_MISMATCH, Last received: 0.0, Next index: 1, Last known committed idx: 0, Time since last communication: 0.128s
I20260710 13:23:56.676576 28256 consensus_queue.cc:1048] T 9f33c04a302d4a1b830743760bb6a704 P acb10154914941f6890f1410f7a3f4a7 [LEADER]: Connected to new peer: Peer: permanent_uuid: "b56999711713441fb38a327e441bf6fd" member_type: VOTER last_known_addr { host: "127.26.186.131" port: 33977 }, Status: LMP_MISMATCH, Last received: 0.0, Next index: 1, Last known committed idx: 0, Time since last communication: 0.001s
W20260710 13:23:56.678225 28013 debug-util.cc:398] Leaking SignalData structure 0x7b08001f1820 after lost signal to thread 27924
I20260710 13:23:56.678320 28200 consensus_queue.cc:1048] T 8afa1a1e5f654a149bad92a060028f5c P b56999711713441fb38a327e441bf6fd [LEADER]: Connected to new peer: Peer: permanent_uuid: "acb10154914941f6890f1410f7a3f4a7" member_type: VOTER last_known_addr { host: "127.26.186.129" port: 40889 }, Status: LMP_MISMATCH, Last received: 0.0, Next index: 1, Last known committed idx: 0, Time since last communication: 0.000s
I20260710 13:23:56.679456 28189 consensus_queue.cc:1048] T ab6c1c79f8e741a89f730f408c0b48f1 P acb10154914941f6890f1410f7a3f4a7 [LEADER]: Connected to new peer: Peer: permanent_uuid: "b56999711713441fb38a327e441bf6fd" member_type: VOTER last_known_addr { host: "127.26.186.131" port: 33977 }, Status: LMP_MISMATCH, Last received: 0.0, Next index: 1, Last known committed idx: 0, Time since last communication: 0.000s
W20260710 13:23:56.680271 28013 debug-util.cc:398] Leaking SignalData structure 0x7b08000ab9e0 after lost signal to thread 28091
I20260710 13:23:56.622637 27990 raft_consensus.cc:3060] T a0c5aefb7c014f81badc6def98ef0316 P acb10154914941f6890f1410f7a3f4a7 [term 0 FOLLOWER]: Advancing to term 1
I20260710 13:23:56.619540 27889 catalog_manager.cc:5697] T 472aae2a553f4028b07043d7b12f3c6e P 050e27eaaee44ba0ba27f7d042ddd350 reported cstate change: term changed from 0 to 1, leader changed from <none> to 050e27eaaee44ba0ba27f7d042ddd350 (127.26.186.130). New cstate: current_term: 1 leader_uuid: "050e27eaaee44ba0ba27f7d042ddd350" committed_config { opid_index: -1 OBSOLETE_local: false peers { permanent_uuid: "acb10154914941f6890f1410f7a3f4a7" member_type: VOTER last_known_addr { host: "127.26.186.129" port: 40889 } health_report { overall_health: UNKNOWN } } peers { permanent_uuid: "050e27eaaee44ba0ba27f7d042ddd350" member_type: VOTER last_known_addr { host: "127.26.186.130" port: 43865 } health_report { overall_health: HEALTHY } } peers { permanent_uuid: "b56999711713441fb38a327e441bf6fd" member_type: VOTER last_known_addr { host: "127.26.186.131" port: 33977 } health_report { overall_health: UNKNOWN } } }
W20260710 13:23:56.682161 28030 outbound_call.cc:321] RPC callback for RPC call kudu.consensus.ConsensusService.RequestConsensusVote -> {remote=127.26.186.129:40889, user_credentials={real_user=slave}} blocked reactor thread for 133115us
I20260710 13:23:56.686322 28252 consensus_queue.cc:1048] T 472aae2a553f4028b07043d7b12f3c6e P 050e27eaaee44ba0ba27f7d042ddd350 [LEADER]: Connected to new peer: Peer: permanent_uuid: "b56999711713441fb38a327e441bf6fd" member_type: VOTER last_known_addr { host: "127.26.186.131" port: 33977 }, Status: LMP_MISMATCH, Last received: 0.0, Next index: 1, Last known committed idx: 0, Time since last communication: 0.000s
I20260710 13:23:56.715857 27955 leader_election.cc:304] T a0c5aefb7c014f81badc6def98ef0316 P acb10154914941f6890f1410f7a3f4a7 [CANDIDATE]: Term 1 pre-election: Election decided. Result: candidate lost. Election summary: received 3 responses out of 3 voters: 1 yes votes; 2 no votes. yes voters: acb10154914941f6890f1410f7a3f4a7; no voters: 050e27eaaee44ba0ba27f7d042ddd350, b56999711713441fb38a327e441bf6fd
I20260710 13:23:56.733800 28256 raft_consensus.cc:2749] T a0c5aefb7c014f81badc6def98ef0316 P acb10154914941f6890f1410f7a3f4a7 [term 1 FOLLOWER]: Leader pre-election lost for term 1. Reason: could not achieve majority
I20260710 13:23:56.733906 28224 consensus_queue.cc:1048] T a0c5aefb7c014f81badc6def98ef0316 P b56999711713441fb38a327e441bf6fd [LEADER]: Connected to new peer: Peer: permanent_uuid: "acb10154914941f6890f1410f7a3f4a7" member_type: VOTER last_known_addr { host: "127.26.186.129" port: 40889 }, Status: LMP_MISMATCH, Last received: 0.0, Next index: 1, Last known committed idx: 0, Time since last communication: 0.001s
I20260710 13:23:56.755687 28252 consensus_queue.cc:1048] T 472aae2a553f4028b07043d7b12f3c6e P 050e27eaaee44ba0ba27f7d042ddd350 [LEADER]: Connected to new peer: Peer: permanent_uuid: "acb10154914941f6890f1410f7a3f4a7" member_type: VOTER last_known_addr { host: "127.26.186.129" port: 40889 }, Status: LMP_MISMATCH, Last received: 0.0, Next index: 1, Last known committed idx: 0, Time since last communication: 0.001s
I20260710 13:23:57.072834 28141 tablet_service.cc:2072] Received LeaderStepDown RPC: tablet_id: "f7654a23208546b0a7dd956d5ef95b9c"
dest_uuid: "b56999711713441fb38a327e441bf6fd"
mode: GRACEFUL
new_leader_uuid: "acb10154914941f6890f1410f7a3f4a7"
 from {username='slave'} at 127.0.0.1:41394
I20260710 13:23:57.073414 28141 raft_consensus.cc:606] T f7654a23208546b0a7dd956d5ef95b9c P b56999711713441fb38a327e441bf6fd [term 1 LEADER]: Received request to transfer leadership to TS acb10154914941f6890f1410f7a3f4a7
I20260710 13:23:57.078903 28141 tablet_service.cc:2072] Received LeaderStepDown RPC: tablet_id: "31b721a5590649eebb6cc8662a9d0390"
dest_uuid: "b56999711713441fb38a327e441bf6fd"
mode: GRACEFUL
new_leader_uuid: "acb10154914941f6890f1410f7a3f4a7"
 from {username='slave'} at 127.0.0.1:41394
I20260710 13:23:57.079502 28141 raft_consensus.cc:606] T 31b721a5590649eebb6cc8662a9d0390 P b56999711713441fb38a327e441bf6fd [term 1 LEADER]: Received request to transfer leadership to TS acb10154914941f6890f1410f7a3f4a7
I20260710 13:23:57.087186 28141 tablet_service.cc:2072] Received LeaderStepDown RPC: tablet_id: "6c68d4c48d4d45049b7bbe99914e967c"
dest_uuid: "b56999711713441fb38a327e441bf6fd"
mode: GRACEFUL
new_leader_uuid: "acb10154914941f6890f1410f7a3f4a7"
 from {username='slave'} at 127.0.0.1:41394
I20260710 13:23:57.087731 28141 raft_consensus.cc:606] T 6c68d4c48d4d45049b7bbe99914e967c P b56999711713441fb38a327e441bf6fd [term 1 LEADER]: Received request to transfer leadership to TS acb10154914941f6890f1410f7a3f4a7
I20260710 13:23:57.092243 28141 tablet_service.cc:2072] Received LeaderStepDown RPC: tablet_id: "a0c5aefb7c014f81badc6def98ef0316"
dest_uuid: "b56999711713441fb38a327e441bf6fd"
mode: GRACEFUL
new_leader_uuid: "acb10154914941f6890f1410f7a3f4a7"
 from {username='slave'} at 127.0.0.1:41394
I20260710 13:23:57.092835 28141 raft_consensus.cc:606] T a0c5aefb7c014f81badc6def98ef0316 P b56999711713441fb38a327e441bf6fd [term 1 LEADER]: Received request to transfer leadership to TS acb10154914941f6890f1410f7a3f4a7
I20260710 13:23:57.108595 27989 tablet_service.cc:2072] Received LeaderStepDown RPC: tablet_id: "9f33c04a302d4a1b830743760bb6a704"
dest_uuid: "acb10154914941f6890f1410f7a3f4a7"
mode: GRACEFUL
new_leader_uuid: "050e27eaaee44ba0ba27f7d042ddd350"
 from {username='slave'} at 127.0.0.1:50548
I20260710 13:23:57.109071 27989 raft_consensus.cc:606] T 9f33c04a302d4a1b830743760bb6a704 P acb10154914941f6890f1410f7a3f4a7 [term 1 LEADER]: Received request to transfer leadership to TS 050e27eaaee44ba0ba27f7d042ddd350
I20260710 13:23:57.116416 27989 tablet_service.cc:2072] Received LeaderStepDown RPC: tablet_id: "fc5c212e6cb74bb3ad3d4d4b7d5b08a4"
dest_uuid: "acb10154914941f6890f1410f7a3f4a7"
mode: GRACEFUL
new_leader_uuid: "050e27eaaee44ba0ba27f7d042ddd350"
 from {username='slave'} at 127.0.0.1:50548
I20260710 13:23:57.116834 27989 raft_consensus.cc:606] T fc5c212e6cb74bb3ad3d4d4b7d5b08a4 P acb10154914941f6890f1410f7a3f4a7 [term 1 LEADER]: Received request to transfer leadership to TS 050e27eaaee44ba0ba27f7d042ddd350
I20260710 13:23:57.167619 28224 raft_consensus.cc:993] T 31b721a5590649eebb6cc8662a9d0390 P b56999711713441fb38a327e441bf6fd: : Instructing follower acb10154914941f6890f1410f7a3f4a7 to start an election
I20260710 13:23:57.168076 28224 raft_consensus.cc:1081] T 31b721a5590649eebb6cc8662a9d0390 P b56999711713441fb38a327e441bf6fd [term 1 LEADER]: Signalling peer acb10154914941f6890f1410f7a3f4a7 to start an election
I20260710 13:23:57.169796 27989 tablet_service.cc:2044] Received Run Leader Election RPC: tablet_id: "31b721a5590649eebb6cc8662a9d0390"
dest_uuid: "acb10154914941f6890f1410f7a3f4a7"
 from {username='slave'} at 127.0.0.1:50520
I20260710 13:23:57.170395 27989 raft_consensus.cc:493] T 31b721a5590649eebb6cc8662a9d0390 P acb10154914941f6890f1410f7a3f4a7 [term 1 FOLLOWER]: Starting forced leader election (received explicit request)
I20260710 13:23:57.170758 27989 raft_consensus.cc:3060] T 31b721a5590649eebb6cc8662a9d0390 P acb10154914941f6890f1410f7a3f4a7 [term 1 FOLLOWER]: Advancing to term 2
I20260710 13:23:57.175796 27989 raft_consensus.cc:515] T 31b721a5590649eebb6cc8662a9d0390 P acb10154914941f6890f1410f7a3f4a7 [term 2 FOLLOWER]: Starting forced leader election with config: opid_index: -1 OBSOLETE_local: false peers { permanent_uuid: "acb10154914941f6890f1410f7a3f4a7" member_type: VOTER last_known_addr { host: "127.26.186.129" port: 40889 } } peers { permanent_uuid: "050e27eaaee44ba0ba27f7d042ddd350" member_type: VOTER last_known_addr { host: "127.26.186.130" port: 43865 } } peers { permanent_uuid: "b56999711713441fb38a327e441bf6fd" member_type: VOTER last_known_addr { host: "127.26.186.131" port: 33977 } }
I20260710 13:23:57.177935 27989 leader_election.cc:290] T 31b721a5590649eebb6cc8662a9d0390 P acb10154914941f6890f1410f7a3f4a7 [CANDIDATE]: Term 2 election: Requested vote from peers 050e27eaaee44ba0ba27f7d042ddd350 (127.26.186.130:43865), b56999711713441fb38a327e441bf6fd (127.26.186.131:33977)
I20260710 13:23:57.178257 28064 tablet_service.cc:1917] Received RequestConsensusVote() RPC: tablet_id: "31b721a5590649eebb6cc8662a9d0390" candidate_uuid: "acb10154914941f6890f1410f7a3f4a7" candidate_term: 2 candidate_status { last_received { term: 1 index: 1 } } ignore_live_leader: true dest_uuid: "050e27eaaee44ba0ba27f7d042ddd350"
I20260710 13:23:57.178484 28141 tablet_service.cc:1917] Received RequestConsensusVote() RPC: tablet_id: "31b721a5590649eebb6cc8662a9d0390" candidate_uuid: "acb10154914941f6890f1410f7a3f4a7" candidate_term: 2 candidate_status { last_received { term: 1 index: 1 } } ignore_live_leader: true dest_uuid: "b56999711713441fb38a327e441bf6fd"
I20260710 13:23:57.178917 28064 raft_consensus.cc:3060] T 31b721a5590649eebb6cc8662a9d0390 P 050e27eaaee44ba0ba27f7d042ddd350 [term 1 FOLLOWER]: Advancing to term 2
I20260710 13:23:57.179044 28141 raft_consensus.cc:3055] T 31b721a5590649eebb6cc8662a9d0390 P b56999711713441fb38a327e441bf6fd [term 1 LEADER]: Stepping down as leader of term 1
I20260710 13:23:57.179353 28141 raft_consensus.cc:740] T 31b721a5590649eebb6cc8662a9d0390 P b56999711713441fb38a327e441bf6fd [term 1 LEADER]: Becoming Follower/Learner. State: Replica: b56999711713441fb38a327e441bf6fd, State: Running, Role: LEADER
I20260710 13:23:57.179962 28141 consensus_queue.cc:260] T 31b721a5590649eebb6cc8662a9d0390 P b56999711713441fb38a327e441bf6fd [NON_LEADER]: Queue going to NON_LEADER mode. State: All replicated index: 0, Majority replicated index: 1, Committed index: 1, Last appended: 1.1, Last appended by leader: 1, Current term: 1, Majority size: -1, State: 0, Mode: NON_LEADER, active raft config: opid_index: -1 OBSOLETE_local: false peers { permanent_uuid: "acb10154914941f6890f1410f7a3f4a7" member_type: VOTER last_known_addr { host: "127.26.186.129" port: 40889 } } peers { permanent_uuid: "050e27eaaee44ba0ba27f7d042ddd350" member_type: VOTER last_known_addr { host: "127.26.186.130" port: 43865 } } peers { permanent_uuid: "b56999711713441fb38a327e441bf6fd" member_type: VOTER last_known_addr { host: "127.26.186.131" port: 33977 } }
I20260710 13:23:57.180932 28141 raft_consensus.cc:3060] T 31b721a5590649eebb6cc8662a9d0390 P b56999711713441fb38a327e441bf6fd [term 1 FOLLOWER]: Advancing to term 2
I20260710 13:23:57.185175 28141 raft_consensus.cc:2468] T 31b721a5590649eebb6cc8662a9d0390 P b56999711713441fb38a327e441bf6fd [term 2 FOLLOWER]: Leader election vote request: Granting yes vote for candidate acb10154914941f6890f1410f7a3f4a7 in term 2.
I20260710 13:23:57.186045 27955 leader_election.cc:304] T 31b721a5590649eebb6cc8662a9d0390 P acb10154914941f6890f1410f7a3f4a7 [CANDIDATE]: Term 2 election: Election decided. Result: candidate won. Election summary: received 2 responses out of 3 voters: 2 yes votes; 0 no votes. yes voters: acb10154914941f6890f1410f7a3f4a7, b56999711713441fb38a327e441bf6fd; no voters: 
I20260710 13:23:57.186149 28064 raft_consensus.cc:2468] T 31b721a5590649eebb6cc8662a9d0390 P 050e27eaaee44ba0ba27f7d042ddd350 [term 2 FOLLOWER]: Leader election vote request: Granting yes vote for candidate acb10154914941f6890f1410f7a3f4a7 in term 2.
I20260710 13:23:57.187666 28265 raft_consensus.cc:2804] T 31b721a5590649eebb6cc8662a9d0390 P acb10154914941f6890f1410f7a3f4a7 [term 2 FOLLOWER]: Leader election won for term 2
I20260710 13:23:57.188153 28265 raft_consensus.cc:697] T 31b721a5590649eebb6cc8662a9d0390 P acb10154914941f6890f1410f7a3f4a7 [term 2 LEADER]: Becoming Leader. State: Replica: acb10154914941f6890f1410f7a3f4a7, State: Running, Role: LEADER
I20260710 13:23:57.188990 28265 consensus_queue.cc:237] T 31b721a5590649eebb6cc8662a9d0390 P acb10154914941f6890f1410f7a3f4a7 [LEADER]: Queue going to LEADER mode. State: All replicated index: 0, Majority replicated index: 1, Committed index: 1, Last appended: 1.1, Last appended by leader: 1, Current term: 2, Majority size: 2, State: 0, Mode: LEADER, active raft config: opid_index: -1 OBSOLETE_local: false peers { permanent_uuid: "acb10154914941f6890f1410f7a3f4a7" member_type: VOTER last_known_addr { host: "127.26.186.129" port: 40889 } } peers { permanent_uuid: "050e27eaaee44ba0ba27f7d042ddd350" member_type: VOTER last_known_addr { host: "127.26.186.130" port: 43865 } } peers { permanent_uuid: "b56999711713441fb38a327e441bf6fd" member_type: VOTER last_known_addr { host: "127.26.186.131" port: 33977 } }
I20260710 13:23:57.196805 27889 catalog_manager.cc:5697] T 31b721a5590649eebb6cc8662a9d0390 P acb10154914941f6890f1410f7a3f4a7 reported cstate change: term changed from 1 to 2, leader changed from b56999711713441fb38a327e441bf6fd (127.26.186.131) to acb10154914941f6890f1410f7a3f4a7 (127.26.186.129). New cstate: current_term: 2 leader_uuid: "acb10154914941f6890f1410f7a3f4a7" committed_config { opid_index: -1 OBSOLETE_local: false peers { permanent_uuid: "acb10154914941f6890f1410f7a3f4a7" member_type: VOTER last_known_addr { host: "127.26.186.129" port: 40889 } health_report { overall_health: HEALTHY } } peers { permanent_uuid: "050e27eaaee44ba0ba27f7d042ddd350" member_type: VOTER last_known_addr { host: "127.26.186.130" port: 43865 } health_report { overall_health: UNKNOWN } } peers { permanent_uuid: "b56999711713441fb38a327e441bf6fd" member_type: VOTER last_known_addr { host: "127.26.186.131" port: 33977 } health_report { overall_health: UNKNOWN } } }
I20260710 13:23:57.334550 28263 raft_consensus.cc:993] T 9f33c04a302d4a1b830743760bb6a704 P acb10154914941f6890f1410f7a3f4a7: : Instructing follower 050e27eaaee44ba0ba27f7d042ddd350 to start an election
I20260710 13:23:57.335063 28265 raft_consensus.cc:1081] T 9f33c04a302d4a1b830743760bb6a704 P acb10154914941f6890f1410f7a3f4a7 [term 1 LEADER]: Signalling peer 050e27eaaee44ba0ba27f7d042ddd350 to start an election
I20260710 13:23:57.336630 28064 tablet_service.cc:2044] Received Run Leader Election RPC: tablet_id: "9f33c04a302d4a1b830743760bb6a704"
dest_uuid: "050e27eaaee44ba0ba27f7d042ddd350"
 from {username='slave'} at 127.0.0.1:44424
I20260710 13:23:57.337066 28064 raft_consensus.cc:493] T 9f33c04a302d4a1b830743760bb6a704 P 050e27eaaee44ba0ba27f7d042ddd350 [term 1 FOLLOWER]: Starting forced leader election (received explicit request)
I20260710 13:23:57.337356 28064 raft_consensus.cc:3060] T 9f33c04a302d4a1b830743760bb6a704 P 050e27eaaee44ba0ba27f7d042ddd350 [term 1 FOLLOWER]: Advancing to term 2
