I20260710 13:24:10.388644 28568 leader_election.cc:290] T 0eb37b7b53034f2a9a9532ecaa551589 P a7d057e866b4422abddf692fca6b9a3a [CANDIDATE]: Term 1 election: Requested vote from peers e8992f48b6b340e2ba604d8c5a9625bc (127.26.140.194:45449), fb6ee9228760428bbd02a5e29c3a5ffd (127.26.140.195:40253)
I20260710 13:24:10.378960 28579 raft_consensus.cc:2804] T 4a37669e07ef4ca88c6fdc5d1b7459fe P a7d057e866b4422abddf692fca6b9a3a [term 0 FOLLOWER]: Leader pre-election won for term 1
I20260710 13:24:10.393183 28579 raft_consensus.cc:493] T 4a37669e07ef4ca88c6fdc5d1b7459fe P a7d057e866b4422abddf692fca6b9a3a [term 0 FOLLOWER]: Starting leader election (no leader contacted us within the election timeout)
I20260710 13:24:10.393826 28585 leader_election.cc:290] T 40d4a1aa07004debb9a50ca9af5217dc P a7d057e866b4422abddf692fca6b9a3a [CANDIDATE]: Term 1 election: Requested vote from peers e8992f48b6b340e2ba604d8c5a9625bc (127.26.140.194:45449), fb6ee9228760428bbd02a5e29c3a5ffd (127.26.140.195:40253)
I20260710 13:24:10.393602 28451 tablet_service.cc:1917] Received RequestConsensusVote() RPC: tablet_id: "0eb37b7b53034f2a9a9532ecaa551589" candidate_uuid: "a7d057e866b4422abddf692fca6b9a3a" candidate_term: 1 candidate_status { last_received { term: 0 index: 0 } } ignore_live_leader: false dest_uuid: "fb6ee9228760428bbd02a5e29c3a5ffd"
I20260710 13:24:10.395779 28451 raft_consensus.cc:3060] T 0eb37b7b53034f2a9a9532ecaa551589 P fb6ee9228760428bbd02a5e29c3a5ffd [term 0 FOLLOWER]: Advancing to term 1
I20260710 13:24:10.396136 28577 raft_consensus.cc:493] T c7c0c393586d49efbeae8035ccdd6f9b P e8992f48b6b340e2ba604d8c5a9625bc [term 0 FOLLOWER]: Starting pre-election (no leader contacted us within the election timeout)
I20260710 13:24:10.396750 28577 raft_consensus.cc:515] T c7c0c393586d49efbeae8035ccdd6f9b P e8992f48b6b340e2ba604d8c5a9625bc [term 0 FOLLOWER]: Starting pre-election with config: opid_index: -1 OBSOLETE_local: false peers { permanent_uuid: "a7d057e866b4422abddf692fca6b9a3a" member_type: VOTER last_known_addr { host: "127.26.140.193" port: 39151 } } peers { permanent_uuid: "e8992f48b6b340e2ba604d8c5a9625bc" member_type: VOTER last_known_addr { host: "127.26.140.194" port: 45449 } } peers { permanent_uuid: "fb6ee9228760428bbd02a5e29c3a5ffd" member_type: VOTER last_known_addr { host: "127.26.140.195" port: 40253 } }
I20260710 13:24:10.393601 28579 raft_consensus.cc:3060] T 4a37669e07ef4ca88c6fdc5d1b7459fe P a7d057e866b4422abddf692fca6b9a3a [term 0 FOLLOWER]: Advancing to term 1
I20260710 13:24:10.406864 28374 tablet_service.cc:1917] Received RequestConsensusVote() RPC: tablet_id: "40d4a1aa07004debb9a50ca9af5217dc" candidate_uuid: "a7d057e866b4422abddf692fca6b9a3a" candidate_term: 1 candidate_status { last_received { term: 0 index: 0 } } ignore_live_leader: false dest_uuid: "e8992f48b6b340e2ba604d8c5a9625bc"
I20260710 13:24:10.407522 28577 leader_election.cc:290] T c7c0c393586d49efbeae8035ccdd6f9b P e8992f48b6b340e2ba604d8c5a9625bc [CANDIDATE]: Term 1 pre-election: Requested pre-vote from peers a7d057e866b4422abddf692fca6b9a3a (127.26.140.193:39151), fb6ee9228760428bbd02a5e29c3a5ffd (127.26.140.195:40253)
I20260710 13:24:10.399111 28455 raft_consensus.cc:2468] T 40d4a1aa07004debb9a50ca9af5217dc P fb6ee9228760428bbd02a5e29c3a5ffd [term 1 FOLLOWER]: Leader election vote request: Granting yes vote for candidate a7d057e866b4422abddf692fca6b9a3a in term 1.
I20260710 13:24:10.410130 28374 tablet_service.cc:1917] Received RequestConsensusVote() RPC: tablet_id: "0eb37b7b53034f2a9a9532ecaa551589" candidate_uuid: "a7d057e866b4422abddf692fca6b9a3a" candidate_term: 1 candidate_status { last_received { term: 0 index: 0 } } ignore_live_leader: false dest_uuid: "e8992f48b6b340e2ba604d8c5a9625bc"
I20260710 13:24:10.419512 28374 raft_consensus.cc:3060] T 0eb37b7b53034f2a9a9532ecaa551589 P e8992f48b6b340e2ba604d8c5a9625bc [term 0 FOLLOWER]: Advancing to term 1
I20260710 13:24:10.415815 28570 raft_consensus.cc:2749] T 0c8171177bb0407f8dc30cd553feb217 P fb6ee9228760428bbd02a5e29c3a5ffd [term 1 FOLLOWER]: Leader pre-election lost for term 1. Reason: could not achieve majority
W20260710 13:24:10.410704 28271 leader_election.cc:343] T 40d4a1aa07004debb9a50ca9af5217dc P a7d057e866b4422abddf692fca6b9a3a [CANDIDATE]: Term 1 election: Tablet error from VoteRequest() call to peer e8992f48b6b340e2ba604d8c5a9625bc (127.26.140.194:45449): Illegal state: must be running to vote when last-logged opid is not known
I20260710 13:24:10.411068 28304 tablet_service.cc:1917] Received RequestConsensusVote() RPC: tablet_id: "c7c0c393586d49efbeae8035ccdd6f9b" candidate_uuid: "e8992f48b6b340e2ba604d8c5a9625bc" candidate_term: 1 candidate_status { last_received { term: 0 index: 0 } } ignore_live_leader: false dest_uuid: "a7d057e866b4422abddf692fca6b9a3a" is_pre_election: true
I20260710 13:24:10.422299 28304 raft_consensus.cc:2393] T c7c0c393586d49efbeae8035ccdd6f9b P a7d057e866b4422abddf692fca6b9a3a [term 1 FOLLOWER]: Leader pre-election vote request: Denying vote to candidate e8992f48b6b340e2ba604d8c5a9625bc in current term 1: Already voted for candidate a7d057e866b4422abddf692fca6b9a3a in this term.
I20260710 13:24:10.412295 28454 tablet_service.cc:1917] Received RequestConsensusVote() RPC: tablet_id: "c7c0c393586d49efbeae8035ccdd6f9b" candidate_uuid: "e8992f48b6b340e2ba604d8c5a9625bc" candidate_term: 1 candidate_status { last_received { term: 0 index: 0 } } ignore_live_leader: false dest_uuid: "fb6ee9228760428bbd02a5e29c3a5ffd" is_pre_election: true
I20260710 13:24:10.423156 28454 raft_consensus.cc:2393] T c7c0c393586d49efbeae8035ccdd6f9b P fb6ee9228760428bbd02a5e29c3a5ffd [term 1 FOLLOWER]: Leader pre-election vote request: Denying vote to candidate e8992f48b6b340e2ba604d8c5a9625bc in current term 1: Already voted for candidate fb6ee9228760428bbd02a5e29c3a5ffd in this term.
I20260710 13:24:10.412904 28496 tablet_bootstrap.cc:654] T b17bba885bd24f74bf3e434b90d33e2c P a7d057e866b4422abddf692fca6b9a3a: Neither blocks nor log segments found. Creating new log.
I20260710 13:24:10.414129 28451 raft_consensus.cc:2468] T 0eb37b7b53034f2a9a9532ecaa551589 P fb6ee9228760428bbd02a5e29c3a5ffd [term 1 FOLLOWER]: Leader election vote request: Granting yes vote for candidate a7d057e866b4422abddf692fca6b9a3a in term 1.
I20260710 13:24:10.424787 28270 leader_election.cc:304] T 40d4a1aa07004debb9a50ca9af5217dc P a7d057e866b4422abddf692fca6b9a3a [CANDIDATE]: Term 1 election: Election decided. Result: candidate won. Election summary: received 3 responses out of 3 voters: 2 yes votes; 1 no votes. yes voters: a7d057e866b4422abddf692fca6b9a3a, fb6ee9228760428bbd02a5e29c3a5ffd; no voters: e8992f48b6b340e2ba604d8c5a9625bc
I20260710 13:24:10.425805 28495 tablet_bootstrap.cc:654] T 8e0c2dee712e43a088fab9326f163547 P fb6ee9228760428bbd02a5e29c3a5ffd: Neither blocks nor log segments found. Creating new log.
I20260710 13:24:10.425853 28270 leader_election.cc:304] T 0eb37b7b53034f2a9a9532ecaa551589 P a7d057e866b4422abddf692fca6b9a3a [CANDIDATE]: Term 1 election: Election decided. Result: candidate won. Election summary: received 2 responses out of 3 voters: 2 yes votes; 0 no votes. yes voters: a7d057e866b4422abddf692fca6b9a3a, fb6ee9228760428bbd02a5e29c3a5ffd; no voters: 
I20260710 13:24:10.427172 28497 tablet_bootstrap.cc:654] T 40d4a1aa07004debb9a50ca9af5217dc P e8992f48b6b340e2ba604d8c5a9625bc: Neither blocks nor log segments found. Creating new log.
I20260710 13:24:10.428577 28585 raft_consensus.cc:2804] T 40d4a1aa07004debb9a50ca9af5217dc P a7d057e866b4422abddf692fca6b9a3a [term 1 FOLLOWER]: Leader election won for term 1
I20260710 13:24:10.429472 28578 raft_consensus.cc:2804] T 0eb37b7b53034f2a9a9532ecaa551589 P a7d057e866b4422abddf692fca6b9a3a [term 1 FOLLOWER]: Leader election won for term 1
I20260710 13:24:10.429364 28585 raft_consensus.cc:697] T 40d4a1aa07004debb9a50ca9af5217dc P a7d057e866b4422abddf692fca6b9a3a [term 1 LEADER]: Becoming Leader. State: Replica: a7d057e866b4422abddf692fca6b9a3a, State: Running, Role: LEADER
I20260710 13:24:10.434892 28345 leader_election.cc:304] T c7c0c393586d49efbeae8035ccdd6f9b P e8992f48b6b340e2ba604d8c5a9625bc [CANDIDATE]: Term 1 pre-election: Election decided. Result: candidate lost. Election summary: received 3 responses out of 3 voters: 1 yes votes; 2 no votes. yes voters: e8992f48b6b340e2ba604d8c5a9625bc; no voters: a7d057e866b4422abddf692fca6b9a3a, fb6ee9228760428bbd02a5e29c3a5ffd
I20260710 13:24:10.436205 28568 raft_consensus.cc:493] T 5fa6813ec19347d7af89241b185d97bf P a7d057e866b4422abddf692fca6b9a3a [term 0 FOLLOWER]: Starting pre-election (no leader contacted us within the election timeout)
I20260710 13:24:10.436383 28570 consensus_queue.cc:1048] T 4d326a4349ca4d01ae9741c6dd61e92a P fb6ee9228760428bbd02a5e29c3a5ffd [LEADER]: Connected to new peer: Peer: permanent_uuid: "a7d057e866b4422abddf692fca6b9a3a" member_type: VOTER last_known_addr { host: "127.26.140.193" port: 39151 }, Status: LMP_MISMATCH, Last received: 0.0, Next index: 1, Last known committed idx: 0, Time since last communication: 0.000s
I20260710 13:24:10.420126 28579 raft_consensus.cc:515] T 4a37669e07ef4ca88c6fdc5d1b7459fe P a7d057e866b4422abddf692fca6b9a3a [term 1 FOLLOWER]: Starting leader election with config: opid_index: -1 OBSOLETE_local: false peers { permanent_uuid: "a7d057e866b4422abddf692fca6b9a3a" member_type: VOTER last_known_addr { host: "127.26.140.193" port: 39151 } } peers { permanent_uuid: "e8992f48b6b340e2ba604d8c5a9625bc" member_type: VOTER last_known_addr { host: "127.26.140.194" port: 45449 } } peers { permanent_uuid: "fb6ee9228760428bbd02a5e29c3a5ffd" member_type: VOTER last_known_addr { host: "127.26.140.195" port: 40253 } }
I20260710 13:24:10.443701 28585 consensus_queue.cc:237] T 40d4a1aa07004debb9a50ca9af5217dc P a7d057e866b4422abddf692fca6b9a3a [LEADER]: Queue going to LEADER mode. State: All replicated index: 0, Majority replicated index: 0, Committed index: 0, Last appended: 0.0, Last appended by leader: 0, Current term: 1, Majority size: 2, State: 0, Mode: LEADER, active raft config: opid_index: -1 OBSOLETE_local: false peers { permanent_uuid: "a7d057e866b4422abddf692fca6b9a3a" member_type: VOTER last_known_addr { host: "127.26.140.193" port: 39151 } } peers { permanent_uuid: "e8992f48b6b340e2ba604d8c5a9625bc" member_type: VOTER last_known_addr { host: "127.26.140.194" port: 45449 } } peers { permanent_uuid: "fb6ee9228760428bbd02a5e29c3a5ffd" member_type: VOTER last_known_addr { host: "127.26.140.195" port: 40253 } }
I20260710 13:24:10.445408 28503 raft_consensus.cc:3060] T c7c0c393586d49efbeae8035ccdd6f9b P e8992f48b6b340e2ba604d8c5a9625bc [term 0 FOLLOWER]: Advancing to term 1
I20260710 13:24:10.446848 28579 leader_election.cc:290] T 4a37669e07ef4ca88c6fdc5d1b7459fe P a7d057e866b4422abddf692fca6b9a3a [CANDIDATE]: Term 1 election: Requested vote from peers e8992f48b6b340e2ba604d8c5a9625bc (127.26.140.194:45449), fb6ee9228760428bbd02a5e29c3a5ffd (127.26.140.195:40253)
I20260710 13:24:10.448333 28376 tablet_service.cc:1917] Received RequestConsensusVote() RPC: tablet_id: "4a37669e07ef4ca88c6fdc5d1b7459fe" candidate_uuid: "a7d057e866b4422abddf692fca6b9a3a" candidate_term: 1 candidate_status { last_received { term: 0 index: 0 } } ignore_live_leader: false dest_uuid: "e8992f48b6b340e2ba604d8c5a9625bc"
I20260710 13:24:10.448975 28376 raft_consensus.cc:3060] T 4a37669e07ef4ca88c6fdc5d1b7459fe P e8992f48b6b340e2ba604d8c5a9625bc [term 0 FOLLOWER]: Advancing to term 1
I20260710 13:24:10.453055 28451 tablet_service.cc:1917] Received RequestConsensusVote() RPC: tablet_id: "4a37669e07ef4ca88c6fdc5d1b7459fe" candidate_uuid: "a7d057e866b4422abddf692fca6b9a3a" candidate_term: 1 candidate_status { last_received { term: 0 index: 0 } } ignore_live_leader: false dest_uuid: "fb6ee9228760428bbd02a5e29c3a5ffd"
I20260710 13:24:10.453751 28451 raft_consensus.cc:3060] T 4a37669e07ef4ca88c6fdc5d1b7459fe P fb6ee9228760428bbd02a5e29c3a5ffd [term 0 FOLLOWER]: Advancing to term 1
I20260710 13:24:10.454123 28568 raft_consensus.cc:515] T 5fa6813ec19347d7af89241b185d97bf P a7d057e866b4422abddf692fca6b9a3a [term 0 FOLLOWER]: Starting pre-election with config: opid_index: -1 OBSOLETE_local: false peers { permanent_uuid: "a7d057e866b4422abddf692fca6b9a3a" member_type: VOTER last_known_addr { host: "127.26.140.193" port: 39151 } } peers { permanent_uuid: "e8992f48b6b340e2ba604d8c5a9625bc" member_type: VOTER last_known_addr { host: "127.26.140.194" port: 45449 } } peers { permanent_uuid: "fb6ee9228760428bbd02a5e29c3a5ffd" member_type: VOTER last_known_addr { host: "127.26.140.195" port: 40253 } }
I20260710 13:24:10.465507 28568 leader_election.cc:290] T 5fa6813ec19347d7af89241b185d97bf P a7d057e866b4422abddf692fca6b9a3a [CANDIDATE]: Term 1 pre-election: Requested pre-vote from peers e8992f48b6b340e2ba604d8c5a9625bc (127.26.140.194:45449), fb6ee9228760428bbd02a5e29c3a5ffd (127.26.140.195:40253)
I20260710 13:24:10.465101 28380 tablet_service.cc:1917] Received RequestConsensusVote() RPC: tablet_id: "5fa6813ec19347d7af89241b185d97bf" candidate_uuid: "a7d057e866b4422abddf692fca6b9a3a" candidate_term: 1 candidate_status { last_received { term: 0 index: 0 } } ignore_live_leader: false dest_uuid: "e8992f48b6b340e2ba604d8c5a9625bc" is_pre_election: true
I20260710 13:24:10.466696 28454 tablet_service.cc:1917] Received RequestConsensusVote() RPC: tablet_id: "5fa6813ec19347d7af89241b185d97bf" candidate_uuid: "a7d057e866b4422abddf692fca6b9a3a" candidate_term: 1 candidate_status { last_received { term: 0 index: 0 } } ignore_live_leader: false dest_uuid: "fb6ee9228760428bbd02a5e29c3a5ffd" is_pre_election: true
I20260710 13:24:10.467352 28454 raft_consensus.cc:2468] T 5fa6813ec19347d7af89241b185d97bf P fb6ee9228760428bbd02a5e29c3a5ffd [term 0 FOLLOWER]: Leader pre-election vote request: Granting yes vote for candidate a7d057e866b4422abddf692fca6b9a3a in term 0.
I20260710 13:24:10.467660 28577 consensus_queue.cc:1048] T 0c8171177bb0407f8dc30cd553feb217 P e8992f48b6b340e2ba604d8c5a9625bc [LEADER]: Connected to new peer: Peer: permanent_uuid: "fb6ee9228760428bbd02a5e29c3a5ffd" member_type: VOTER last_known_addr { host: "127.26.140.195" port: 40253 }, Status: LMP_MISMATCH, Last received: 0.0, Next index: 1, Last known committed idx: 0, Time since last communication: 0.000s
I20260710 13:24:10.468699 28270 leader_election.cc:304] T 5fa6813ec19347d7af89241b185d97bf P a7d057e866b4422abddf692fca6b9a3a [CANDIDATE]: Term 1 pre-election: Election decided. Result: candidate won. Election summary: received 2 responses out of 3 voters: 2 yes votes; 0 no votes. yes voters: a7d057e866b4422abddf692fca6b9a3a, fb6ee9228760428bbd02a5e29c3a5ffd; no voters: 
I20260710 13:24:10.460176 28578 raft_consensus.cc:697] T 0eb37b7b53034f2a9a9532ecaa551589 P a7d057e866b4422abddf692fca6b9a3a [term 1 LEADER]: Becoming Leader. State: Replica: a7d057e866b4422abddf692fca6b9a3a, State: Running, Role: LEADER
W20260710 13:24:10.470057 28271 leader_election.cc:343] T 5fa6813ec19347d7af89241b185d97bf P a7d057e866b4422abddf692fca6b9a3a [CANDIDATE]: Term 1 pre-election: Tablet error from VoteRequest() call to peer e8992f48b6b340e2ba604d8c5a9625bc (127.26.140.194:45449): Illegal state: must be running to vote when last-logged opid is not known
I20260710 13:24:10.471025 28568 raft_consensus.cc:2804] T 5fa6813ec19347d7af89241b185d97bf P a7d057e866b4422abddf692fca6b9a3a [term 0 FOLLOWER]: Leader pre-election won for term 1
I20260710 13:24:10.471428 28568 raft_consensus.cc:493] T 5fa6813ec19347d7af89241b185d97bf P a7d057e866b4422abddf692fca6b9a3a [term 0 FOLLOWER]: Starting leader election (no leader contacted us within the election timeout)
I20260710 13:24:10.472046 28568 raft_consensus.cc:3060] T 5fa6813ec19347d7af89241b185d97bf P a7d057e866b4422abddf692fca6b9a3a [term 0 FOLLOWER]: Advancing to term 1
I20260710 13:24:10.471309 28578 consensus_queue.cc:237] T 0eb37b7b53034f2a9a9532ecaa551589 P a7d057e866b4422abddf692fca6b9a3a [LEADER]: Queue going to LEADER mode. State: All replicated index: 0, Majority replicated index: 0, Committed index: 0, Last appended: 0.0, Last appended by leader: 0, Current term: 1, Majority size: 2, State: 0, Mode: LEADER, active raft config: opid_index: -1 OBSOLETE_local: false peers { permanent_uuid: "a7d057e866b4422abddf692fca6b9a3a" member_type: VOTER last_known_addr { host: "127.26.140.193" port: 39151 } } peers { permanent_uuid: "e8992f48b6b340e2ba604d8c5a9625bc" member_type: VOTER last_known_addr { host: "127.26.140.194" port: 45449 } } peers { permanent_uuid: "fb6ee9228760428bbd02a5e29c3a5ffd" member_type: VOTER last_known_addr { host: "127.26.140.195" port: 40253 } }
I20260710 13:24:10.473603 28495 tablet_bootstrap.cc:492] T 8e0c2dee712e43a088fab9326f163547 P fb6ee9228760428bbd02a5e29c3a5ffd: No bootstrap required, opened a new log
I20260710 13:24:10.474143 28495 ts_tablet_manager.cc:1403] T 8e0c2dee712e43a088fab9326f163547 P fb6ee9228760428bbd02a5e29c3a5ffd: Time spent bootstrapping tablet: real 0.104s	user 0.008s	sys 0.009s
I20260710 13:24:10.481202 28376 raft_consensus.cc:2468] T 4a37669e07ef4ca88c6fdc5d1b7459fe P e8992f48b6b340e2ba604d8c5a9625bc [term 1 FOLLOWER]: Leader election vote request: Granting yes vote for candidate a7d057e866b4422abddf692fca6b9a3a in term 1.
I20260710 13:24:10.483283 28271 leader_election.cc:304] T 4a37669e07ef4ca88c6fdc5d1b7459fe P a7d057e866b4422abddf692fca6b9a3a [CANDIDATE]: Term 1 election: Election decided. Result: candidate won. Election summary: received 2 responses out of 3 voters: 2 yes votes; 0 no votes. yes voters: a7d057e866b4422abddf692fca6b9a3a, e8992f48b6b340e2ba604d8c5a9625bc; no voters: 
I20260710 13:24:10.484589 28495 raft_consensus.cc:359] T 8e0c2dee712e43a088fab9326f163547 P fb6ee9228760428bbd02a5e29c3a5ffd [term 0 FOLLOWER]: Replica starting. Triggering 0 pending ops. Active config: opid_index: -1 OBSOLETE_local: false peers { permanent_uuid: "a7d057e866b4422abddf692fca6b9a3a" member_type: VOTER last_known_addr { host: "127.26.140.193" port: 39151 } } peers { permanent_uuid: "e8992f48b6b340e2ba604d8c5a9625bc" member_type: VOTER last_known_addr { host: "127.26.140.194" port: 45449 } } peers { permanent_uuid: "fb6ee9228760428bbd02a5e29c3a5ffd" member_type: VOTER last_known_addr { host: "127.26.140.195" port: 40253 } }
I20260710 13:24:10.485603 28495 raft_consensus.cc:385] T 8e0c2dee712e43a088fab9326f163547 P fb6ee9228760428bbd02a5e29c3a5ffd [term 0 FOLLOWER]: Consensus starting up: Expiring failure detector timer to make a prompt election more likely
I20260710 13:24:10.486009 28495 raft_consensus.cc:740] T 8e0c2dee712e43a088fab9326f163547 P fb6ee9228760428bbd02a5e29c3a5ffd [term 0 FOLLOWER]: Becoming Follower/Learner. State: Replica: fb6ee9228760428bbd02a5e29c3a5ffd, State: Initialized, Role: FOLLOWER
I20260710 13:24:10.491472 28585 raft_consensus.cc:2804] T 4a37669e07ef4ca88c6fdc5d1b7459fe P a7d057e866b4422abddf692fca6b9a3a [term 1 FOLLOWER]: Leader election won for term 1
I20260710 13:24:10.492048 28585 raft_consensus.cc:697] T 4a37669e07ef4ca88c6fdc5d1b7459fe P a7d057e866b4422abddf692fca6b9a3a [term 1 LEADER]: Becoming Leader. State: Replica: a7d057e866b4422abddf692fca6b9a3a, State: Running, Role: LEADER
I20260710 13:24:10.492944 28585 consensus_queue.cc:237] T 4a37669e07ef4ca88c6fdc5d1b7459fe P a7d057e866b4422abddf692fca6b9a3a [LEADER]: Queue going to LEADER mode. State: All replicated index: 0, Majority replicated index: 0, Committed index: 0, Last appended: 0.0, Last appended by leader: 0, Current term: 1, Majority size: 2, State: 0, Mode: LEADER, active raft config: opid_index: -1 OBSOLETE_local: false peers { permanent_uuid: "a7d057e866b4422abddf692fca6b9a3a" member_type: VOTER last_known_addr { host: "127.26.140.193" port: 39151 } } peers { permanent_uuid: "e8992f48b6b340e2ba604d8c5a9625bc" member_type: VOTER last_known_addr { host: "127.26.140.194" port: 45449 } } peers { permanent_uuid: "fb6ee9228760428bbd02a5e29c3a5ffd" member_type: VOTER last_known_addr { host: "127.26.140.195" port: 40253 } }
I20260710 13:24:10.496932 28503 raft_consensus.cc:2749] T c7c0c393586d49efbeae8035ccdd6f9b P e8992f48b6b340e2ba604d8c5a9625bc [term 1 FOLLOWER]: Leader pre-election lost for term 1. Reason: could not achieve majority
I20260710 13:24:10.486938 28495 consensus_queue.cc:260] T 8e0c2dee712e43a088fab9326f163547 P fb6ee9228760428bbd02a5e29c3a5ffd [NON_LEADER]: Queue going to NON_LEADER mode. State: All replicated index: 0, Majority replicated index: 0, Committed index: 0, Last appended: 0.0, Last appended by leader: 0, Current term: 0, Majority size: -1, State: 0, Mode: NON_LEADER, active raft config: opid_index: -1 OBSOLETE_local: false peers { permanent_uuid: "a7d057e866b4422abddf692fca6b9a3a" member_type: VOTER last_known_addr { host: "127.26.140.193" port: 39151 } } peers { permanent_uuid: "e8992f48b6b340e2ba604d8c5a9625bc" member_type: VOTER last_known_addr { host: "127.26.140.194" port: 45449 } } peers { permanent_uuid: "fb6ee9228760428bbd02a5e29c3a5ffd" member_type: VOTER last_known_addr { host: "127.26.140.195" port: 40253 } }
I20260710 13:24:10.503094 28374 raft_consensus.cc:2468] T 0eb37b7b53034f2a9a9532ecaa551589 P e8992f48b6b340e2ba604d8c5a9625bc [term 1 FOLLOWER]: Leader election vote request: Granting yes vote for candidate a7d057e866b4422abddf692fca6b9a3a in term 1.
I20260710 13:24:10.508174 28496 tablet_bootstrap.cc:492] T b17bba885bd24f74bf3e434b90d33e2c P a7d057e866b4422abddf692fca6b9a3a: No bootstrap required, opened a new log
I20260710 13:24:10.508823 28496 ts_tablet_manager.cc:1403] T b17bba885bd24f74bf3e434b90d33e2c P a7d057e866b4422abddf692fca6b9a3a: Time spent bootstrapping tablet: real 0.165s	user 0.017s	sys 0.009s
I20260710 13:24:10.511651 28496 raft_consensus.cc:359] T b17bba885bd24f74bf3e434b90d33e2c P a7d057e866b4422abddf692fca6b9a3a [term 0 FOLLOWER]: Replica starting. Triggering 0 pending ops. Active config: opid_index: -1 OBSOLETE_local: false peers { permanent_uuid: "a7d057e866b4422abddf692fca6b9a3a" member_type: VOTER last_known_addr { host: "127.26.140.193" port: 39151 } } peers { permanent_uuid: "e8992f48b6b340e2ba604d8c5a9625bc" member_type: VOTER last_known_addr { host: "127.26.140.194" port: 45449 } } peers { permanent_uuid: "fb6ee9228760428bbd02a5e29c3a5ffd" member_type: VOTER last_known_addr { host: "127.26.140.195" port: 40253 } }
I20260710 13:24:10.512341 28496 raft_consensus.cc:385] T b17bba885bd24f74bf3e434b90d33e2c P a7d057e866b4422abddf692fca6b9a3a [term 0 FOLLOWER]: Consensus starting up: Expiring failure detector timer to make a prompt election more likely
I20260710 13:24:10.512799 28496 raft_consensus.cc:740] T b17bba885bd24f74bf3e434b90d33e2c P a7d057e866b4422abddf692fca6b9a3a [term 0 FOLLOWER]: Becoming Follower/Learner. State: Replica: a7d057e866b4422abddf692fca6b9a3a, State: Initialized, Role: FOLLOWER
I20260710 13:24:10.512745 28568 raft_consensus.cc:515] T 5fa6813ec19347d7af89241b185d97bf P a7d057e866b4422abddf692fca6b9a3a [term 1 FOLLOWER]: Starting leader election with config: opid_index: -1 OBSOLETE_local: false peers { permanent_uuid: "a7d057e866b4422abddf692fca6b9a3a" member_type: VOTER last_known_addr { host: "127.26.140.193" port: 39151 } } peers { permanent_uuid: "e8992f48b6b340e2ba604d8c5a9625bc" member_type: VOTER last_known_addr { host: "127.26.140.194" port: 45449 } } peers { permanent_uuid: "fb6ee9228760428bbd02a5e29c3a5ffd" member_type: VOTER last_known_addr { host: "127.26.140.195" port: 40253 } }
I20260710 13:24:10.515837 28495 ts_tablet_manager.cc:1434] T 8e0c2dee712e43a088fab9326f163547 P fb6ee9228760428bbd02a5e29c3a5ffd: Time spent starting tablet: real 0.041s	user 0.008s	sys 0.000s
I20260710 13:24:10.516891 28495 tablet_bootstrap.cc:492] T fb9c1f271f844c8b92f9dfb3fc6bced8 P fb6ee9228760428bbd02a5e29c3a5ffd: Bootstrap starting.
I20260710 13:24:10.516595 28376 tablet_service.cc:1917] Received RequestConsensusVote() RPC: tablet_id: "5fa6813ec19347d7af89241b185d97bf" candidate_uuid: "a7d057e866b4422abddf692fca6b9a3a" candidate_term: 1 candidate_status { last_received { term: 0 index: 0 } } ignore_live_leader: false dest_uuid: "e8992f48b6b340e2ba604d8c5a9625bc"
I20260710 13:24:10.518136 28533 consensus_queue.cc:1048] T 0c8171177bb0407f8dc30cd553feb217 P e8992f48b6b340e2ba604d8c5a9625bc [LEADER]: Connected to new peer: Peer: permanent_uuid: "a7d057e866b4422abddf692fca6b9a3a" member_type: VOTER last_known_addr { host: "127.26.140.193" port: 39151 }, Status: LMP_MISMATCH, Last received: 0.0, Next index: 1, Last known committed idx: 0, Time since last communication: 0.000s
W20260710 13:24:10.518380 28271 leader_election.cc:343] T 5fa6813ec19347d7af89241b185d97bf P a7d057e866b4422abddf692fca6b9a3a [CANDIDATE]: Term 1 election: Tablet error from VoteRequest() call to peer e8992f48b6b340e2ba604d8c5a9625bc (127.26.140.194:45449): Illegal state: must be running to vote when last-logged opid is not known
I20260710 13:24:10.520490 28570 raft_consensus.cc:493] T 8e0c2dee712e43a088fab9326f163547 P fb6ee9228760428bbd02a5e29c3a5ffd [term 0 FOLLOWER]: Starting pre-election (no leader contacted us within the election timeout)
I20260710 13:24:10.521013 28570 raft_consensus.cc:515] T 8e0c2dee712e43a088fab9326f163547 P fb6ee9228760428bbd02a5e29c3a5ffd [term 0 FOLLOWER]: Starting pre-election with config: opid_index: -1 OBSOLETE_local: false peers { permanent_uuid: "a7d057e866b4422abddf692fca6b9a3a" member_type: VOTER last_known_addr { host: "127.26.140.193" port: 39151 } } peers { permanent_uuid: "e8992f48b6b340e2ba604d8c5a9625bc" member_type: VOTER last_known_addr { host: "127.26.140.194" port: 45449 } } peers { permanent_uuid: "fb6ee9228760428bbd02a5e29c3a5ffd" member_type: VOTER last_known_addr { host: "127.26.140.195" port: 40253 } }
I20260710 13:24:10.522308 28497 tablet_bootstrap.cc:492] T 40d4a1aa07004debb9a50ca9af5217dc P e8992f48b6b340e2ba604d8c5a9625bc: No bootstrap required, opened a new log
I20260710 13:24:10.522478 28454 tablet_service.cc:1917] Received RequestConsensusVote() RPC: tablet_id: "5fa6813ec19347d7af89241b185d97bf" candidate_uuid: "a7d057e866b4422abddf692fca6b9a3a" candidate_term: 1 candidate_status { last_received { term: 0 index: 0 } } ignore_live_leader: false dest_uuid: "fb6ee9228760428bbd02a5e29c3a5ffd"
I20260710 13:24:10.523463 28454 raft_consensus.cc:3060] T 5fa6813ec19347d7af89241b185d97bf P fb6ee9228760428bbd02a5e29c3a5ffd [term 0 FOLLOWER]: Advancing to term 1
I20260710 13:24:10.524766 28376 tablet_service.cc:1917] Received RequestConsensusVote() RPC: tablet_id: "8e0c2dee712e43a088fab9326f163547" candidate_uuid: "fb6ee9228760428bbd02a5e29c3a5ffd" candidate_term: 1 candidate_status { last_received { term: 0 index: 0 } } ignore_live_leader: false dest_uuid: "e8992f48b6b340e2ba604d8c5a9625bc" is_pre_election: true
I20260710 13:24:10.525427 28304 tablet_service.cc:1917] Received RequestConsensusVote() RPC: tablet_id: "8e0c2dee712e43a088fab9326f163547" candidate_uuid: "fb6ee9228760428bbd02a5e29c3a5ffd" candidate_term: 1 candidate_status { last_received { term: 0 index: 0 } } ignore_live_leader: false dest_uuid: "a7d057e866b4422abddf692fca6b9a3a" is_pre_election: true
I20260710 13:24:10.526293 28304 raft_consensus.cc:2393] T 8e0c2dee712e43a088fab9326f163547 P a7d057e866b4422abddf692fca6b9a3a [term 1 FOLLOWER]: Leader pre-election vote request: Denying vote to candidate fb6ee9228760428bbd02a5e29c3a5ffd in current term 1: Already voted for candidate e8992f48b6b340e2ba604d8c5a9625bc in this term.
I20260710 13:24:10.527053 28451 raft_consensus.cc:2468] T 4a37669e07ef4ca88c6fdc5d1b7459fe P fb6ee9228760428bbd02a5e29c3a5ffd [term 1 FOLLOWER]: Leader election vote request: Granting yes vote for candidate a7d057e866b4422abddf692fca6b9a3a in term 1.
I20260710 13:24:10.528035 28419 leader_election.cc:304] T 8e0c2dee712e43a088fab9326f163547 P fb6ee9228760428bbd02a5e29c3a5ffd [CANDIDATE]: Term 1 pre-election: Election decided. Result: candidate lost. Election summary: received 3 responses out of 3 voters: 1 yes votes; 2 no votes. yes voters: fb6ee9228760428bbd02a5e29c3a5ffd; no voters: a7d057e866b4422abddf692fca6b9a3a, e8992f48b6b340e2ba604d8c5a9625bc
I20260710 13:24:10.528975 28500 raft_consensus.cc:3060] T 8e0c2dee712e43a088fab9326f163547 P fb6ee9228760428bbd02a5e29c3a5ffd [term 0 FOLLOWER]: Advancing to term 1
I20260710 13:24:10.529850 28568 leader_election.cc:290] T 5fa6813ec19347d7af89241b185d97bf P a7d057e866b4422abddf692fca6b9a3a [CANDIDATE]: Term 1 election: Requested vote from peers e8992f48b6b340e2ba604d8c5a9625bc (127.26.140.194:45449), fb6ee9228760428bbd02a5e29c3a5ffd (127.26.140.195:40253)
I20260710 13:24:10.522897 28497 ts_tablet_manager.cc:1403] T 40d4a1aa07004debb9a50ca9af5217dc P e8992f48b6b340e2ba604d8c5a9625bc: Time spent bootstrapping tablet: real 0.137s	user 0.011s	sys 0.000s
I20260710 13:24:10.533363 28496 consensus_queue.cc:260] T b17bba885bd24f74bf3e434b90d33e2c P a7d057e866b4422abddf692fca6b9a3a [NON_LEADER]: Queue going to NON_LEADER mode. State: All replicated index: 0, Majority replicated index: 0, Committed index: 0, Last appended: 0.0, Last appended by leader: 0, Current term: 0, Majority size: -1, State: 0, Mode: NON_LEADER, active raft config: opid_index: -1 OBSOLETE_local: false peers { permanent_uuid: "a7d057e866b4422abddf692fca6b9a3a" member_type: VOTER last_known_addr { host: "127.26.140.193" port: 39151 } } peers { permanent_uuid: "e8992f48b6b340e2ba604d8c5a9625bc" member_type: VOTER last_known_addr { host: "127.26.140.194" port: 45449 } } peers { permanent_uuid: "fb6ee9228760428bbd02a5e29c3a5ffd" member_type: VOTER last_known_addr { host: "127.26.140.195" port: 40253 } }
I20260710 13:24:10.534838 28497 raft_consensus.cc:359] T 40d4a1aa07004debb9a50ca9af5217dc P e8992f48b6b340e2ba604d8c5a9625bc [term 0 FOLLOWER]: Replica starting. Triggering 0 pending ops. Active config: opid_index: -1 OBSOLETE_local: false peers { permanent_uuid: "a7d057e866b4422abddf692fca6b9a3a" member_type: VOTER last_known_addr { host: "127.26.140.193" port: 39151 } } peers { permanent_uuid: "e8992f48b6b340e2ba604d8c5a9625bc" member_type: VOTER last_known_addr { host: "127.26.140.194" port: 45449 } } peers { permanent_uuid: "fb6ee9228760428bbd02a5e29c3a5ffd" member_type: VOTER last_known_addr { host: "127.26.140.195" port: 40253 } }
I20260710 13:24:10.535567 28497 raft_consensus.cc:385] T 40d4a1aa07004debb9a50ca9af5217dc P e8992f48b6b340e2ba604d8c5a9625bc [term 0 FOLLOWER]: Consensus starting up: Expiring failure detector timer to make a prompt election more likely
I20260710 13:24:10.535934 28497 raft_consensus.cc:740] T 40d4a1aa07004debb9a50ca9af5217dc P e8992f48b6b340e2ba604d8c5a9625bc [term 0 FOLLOWER]: Becoming Follower/Learner. State: Replica: e8992f48b6b340e2ba604d8c5a9625bc, State: Initialized, Role: FOLLOWER
I20260710 13:24:10.536702 28497 consensus_queue.cc:260] T 40d4a1aa07004debb9a50ca9af5217dc P e8992f48b6b340e2ba604d8c5a9625bc [NON_LEADER]: Queue going to NON_LEADER mode. State: All replicated index: 0, Majority replicated index: 0, Committed index: 0, Last appended: 0.0, Last appended by leader: 0, Current term: 0, Majority size: -1, State: 0, Mode: NON_LEADER, active raft config: opid_index: -1 OBSOLETE_local: false peers { permanent_uuid: "a7d057e866b4422abddf692fca6b9a3a" member_type: VOTER last_known_addr { host: "127.26.140.193" port: 39151 } } peers { permanent_uuid: "e8992f48b6b340e2ba604d8c5a9625bc" member_type: VOTER last_known_addr { host: "127.26.140.194" port: 45449 } } peers { permanent_uuid: "fb6ee9228760428bbd02a5e29c3a5ffd" member_type: VOTER last_known_addr { host: "127.26.140.195" port: 40253 } }
I20260710 13:24:10.538784 28497 ts_tablet_manager.cc:1434] T 40d4a1aa07004debb9a50ca9af5217dc P e8992f48b6b340e2ba604d8c5a9625bc: Time spent starting tablet: real 0.008s	user 0.004s	sys 0.000s
I20260710 13:24:10.539623 28497 tablet_bootstrap.cc:492] T fb9c1f271f844c8b92f9dfb3fc6bced8 P e8992f48b6b340e2ba604d8c5a9625bc: Bootstrap starting.
I20260710 13:24:10.535606 28496 ts_tablet_manager.cc:1434] T b17bba885bd24f74bf3e434b90d33e2c P a7d057e866b4422abddf692fca6b9a3a: Time spent starting tablet: real 0.026s	user 0.001s	sys 0.003s
I20260710 13:24:10.544643 28497 tablet_bootstrap.cc:654] T fb9c1f271f844c8b92f9dfb3fc6bced8 P e8992f48b6b340e2ba604d8c5a9625bc: Neither blocks nor log segments found. Creating new log.
I20260710 13:24:10.546156 28496 tablet_bootstrap.cc:492] T fb9c1f271f844c8b92f9dfb3fc6bced8 P a7d057e866b4422abddf692fca6b9a3a: Bootstrap starting.
I20260710 13:24:10.547807 28500 raft_consensus.cc:2749] T 8e0c2dee712e43a088fab9326f163547 P fb6ee9228760428bbd02a5e29c3a5ffd [term 1 FOLLOWER]: Leader pre-election lost for term 1. Reason: could not achieve majority
I20260710 13:24:10.528983 28570 leader_election.cc:290] T 8e0c2dee712e43a088fab9326f163547 P fb6ee9228760428bbd02a5e29c3a5ffd [CANDIDATE]: Term 1 pre-election: Requested pre-vote from peers a7d057e866b4422abddf692fca6b9a3a (127.26.140.193:39151), e8992f48b6b340e2ba604d8c5a9625bc (127.26.140.194:45449)
I20260710 13:24:10.550848 28454 raft_consensus.cc:2468] T 5fa6813ec19347d7af89241b185d97bf P fb6ee9228760428bbd02a5e29c3a5ffd [term 1 FOLLOWER]: Leader election vote request: Granting yes vote for candidate a7d057e866b4422abddf692fca6b9a3a in term 1.
I20260710 13:24:10.551224 28497 tablet_bootstrap.cc:492] T fb9c1f271f844c8b92f9dfb3fc6bced8 P e8992f48b6b340e2ba604d8c5a9625bc: No bootstrap required, opened a new log
I20260710 13:24:10.551679 28497 ts_tablet_manager.cc:1403] T fb9c1f271f844c8b92f9dfb3fc6bced8 P e8992f48b6b340e2ba604d8c5a9625bc: Time spent bootstrapping tablet: real 0.012s	user 0.005s	sys 0.004s
I20260710 13:24:10.552194 28270 leader_election.cc:304] T 5fa6813ec19347d7af89241b185d97bf P a7d057e866b4422abddf692fca6b9a3a [CANDIDATE]: Term 1 election: Election decided. Result: candidate won. Election summary: received 3 responses out of 3 voters: 2 yes votes; 1 no votes. yes voters: a7d057e866b4422abddf692fca6b9a3a, fb6ee9228760428bbd02a5e29c3a5ffd; no voters: e8992f48b6b340e2ba604d8c5a9625bc
I20260710 13:24:10.555541 28578 raft_consensus.cc:2804] T 5fa6813ec19347d7af89241b185d97bf P a7d057e866b4422abddf692fca6b9a3a [term 1 FOLLOWER]: Leader election won for term 1
I20260710 13:24:10.556049 28578 raft_consensus.cc:697] T 5fa6813ec19347d7af89241b185d97bf P a7d057e866b4422abddf692fca6b9a3a [term 1 LEADER]: Becoming Leader. State: Replica: a7d057e866b4422abddf692fca6b9a3a, State: Running, Role: LEADER
I20260710 13:24:10.556876 28578 consensus_queue.cc:237] T 5fa6813ec19347d7af89241b185d97bf P a7d057e866b4422abddf692fca6b9a3a [LEADER]: Queue going to LEADER mode. State: All replicated index: 0, Majority replicated index: 0, Committed index: 0, Last appended: 0.0, Last appended by leader: 0, Current term: 1, Majority size: 2, State: 0, Mode: LEADER, active raft config: opid_index: -1 OBSOLETE_local: false peers { permanent_uuid: "a7d057e866b4422abddf692fca6b9a3a" member_type: VOTER last_known_addr { host: "127.26.140.193" port: 39151 } } peers { permanent_uuid: "e8992f48b6b340e2ba604d8c5a9625bc" member_type: VOTER last_known_addr { host: "127.26.140.194" port: 45449 } } peers { permanent_uuid: "fb6ee9228760428bbd02a5e29c3a5ffd" member_type: VOTER last_known_addr { host: "127.26.140.195" port: 40253 } }
I20260710 13:24:10.543823 28201 catalog_manager.cc:5697] T 40d4a1aa07004debb9a50ca9af5217dc P a7d057e866b4422abddf692fca6b9a3a reported cstate change: term changed from 0 to 1, leader changed from <none> to a7d057e866b4422abddf692fca6b9a3a (127.26.140.193). New cstate: current_term: 1 leader_uuid: "a7d057e866b4422abddf692fca6b9a3a" committed_config { opid_index: -1 OBSOLETE_local: false peers { permanent_uuid: "a7d057e866b4422abddf692fca6b9a3a" member_type: VOTER last_known_addr { host: "127.26.140.193" port: 39151 } health_report { overall_health: HEALTHY } } peers { permanent_uuid: "e8992f48b6b340e2ba604d8c5a9625bc" member_type: VOTER last_known_addr { host: "127.26.140.194" port: 45449 } health_report { overall_health: UNKNOWN } } peers { permanent_uuid: "fb6ee9228760428bbd02a5e29c3a5ffd" member_type: VOTER last_known_addr { host: "127.26.140.195" port: 40253 } health_report { overall_health: UNKNOWN } } }
I20260710 13:24:10.562534 28201 catalog_manager.cc:5697] T 0eb37b7b53034f2a9a9532ecaa551589 P a7d057e866b4422abddf692fca6b9a3a reported cstate change: term changed from 0 to 1, leader changed from <none> to a7d057e866b4422abddf692fca6b9a3a (127.26.140.193). New cstate: current_term: 1 leader_uuid: "a7d057e866b4422abddf692fca6b9a3a" committed_config { opid_index: -1 OBSOLETE_local: false peers { permanent_uuid: "a7d057e866b4422abddf692fca6b9a3a" member_type: VOTER last_known_addr { host: "127.26.140.193" port: 39151 } health_report { overall_health: HEALTHY } } peers { permanent_uuid: "e8992f48b6b340e2ba604d8c5a9625bc" member_type: VOTER last_known_addr { host: "127.26.140.194" port: 45449 } health_report { overall_health: UNKNOWN } } peers { permanent_uuid: "fb6ee9228760428bbd02a5e29c3a5ffd" member_type: VOTER last_known_addr { host: "127.26.140.195" port: 40253 } health_report { overall_health: UNKNOWN } } }
I20260710 13:24:10.566655 28497 raft_consensus.cc:359] T fb9c1f271f844c8b92f9dfb3fc6bced8 P e8992f48b6b340e2ba604d8c5a9625bc [term 0 FOLLOWER]: Replica starting. Triggering 0 pending ops. Active config: opid_index: -1 OBSOLETE_local: false peers { permanent_uuid: "a7d057e866b4422abddf692fca6b9a3a" member_type: VOTER last_known_addr { host: "127.26.140.193" port: 39151 } } peers { permanent_uuid: "e8992f48b6b340e2ba604d8c5a9625bc" member_type: VOTER last_known_addr { host: "127.26.140.194" port: 45449 } } peers { permanent_uuid: "fb6ee9228760428bbd02a5e29c3a5ffd" member_type: VOTER last_known_addr { host: "127.26.140.195" port: 40253 } }
I20260710 13:24:10.567368 28495 tablet_bootstrap.cc:654] T fb9c1f271f844c8b92f9dfb3fc6bced8 P fb6ee9228760428bbd02a5e29c3a5ffd: Neither blocks nor log segments found. Creating new log.
I20260710 13:24:10.567384 28497 raft_consensus.cc:385] T fb9c1f271f844c8b92f9dfb3fc6bced8 P e8992f48b6b340e2ba604d8c5a9625bc [term 0 FOLLOWER]: Consensus starting up: Expiring failure detector timer to make a prompt election more likely
I20260710 13:24:10.567835 28497 raft_consensus.cc:740] T fb9c1f271f844c8b92f9dfb3fc6bced8 P e8992f48b6b340e2ba604d8c5a9625bc [term 0 FOLLOWER]: Becoming Follower/Learner. State: Replica: e8992f48b6b340e2ba604d8c5a9625bc, State: Initialized, Role: FOLLOWER
I20260710 13:24:10.568143 28496 tablet_bootstrap.cc:654] T fb9c1f271f844c8b92f9dfb3fc6bced8 P a7d057e866b4422abddf692fca6b9a3a: Neither blocks nor log segments found. Creating new log.
I20260710 13:24:10.568624 28497 consensus_queue.cc:260] T fb9c1f271f844c8b92f9dfb3fc6bced8 P e8992f48b6b340e2ba604d8c5a9625bc [NON_LEADER]: Queue going to NON_LEADER mode. State: All replicated index: 0, Majority replicated index: 0, Committed index: 0, Last appended: 0.0, Last appended by leader: 0, Current term: 0, Majority size: -1, State: 0, Mode: NON_LEADER, active raft config: opid_index: -1 OBSOLETE_local: false peers { permanent_uuid: "a7d057e866b4422abddf692fca6b9a3a" member_type: VOTER last_known_addr { host: "127.26.140.193" port: 39151 } } peers { permanent_uuid: "e8992f48b6b340e2ba604d8c5a9625bc" member_type: VOTER last_known_addr { host: "127.26.140.194" port: 45449 } } peers { permanent_uuid: "fb6ee9228760428bbd02a5e29c3a5ffd" member_type: VOTER last_known_addr { host: "127.26.140.195" port: 40253 } }
I20260710 13:24:10.574009 28497 ts_tablet_manager.cc:1434] T fb9c1f271f844c8b92f9dfb3fc6bced8 P e8992f48b6b340e2ba604d8c5a9625bc: Time spent starting tablet: real 0.022s	user 0.008s	sys 0.000s
I20260710 13:24:10.576195 28497 tablet_bootstrap.cc:492] T 2cc72744507d44d9ad13d75a4b9c2122 P e8992f48b6b340e2ba604d8c5a9625bc: Bootstrap starting.
I20260710 13:24:10.590037 28497 tablet_bootstrap.cc:654] T 2cc72744507d44d9ad13d75a4b9c2122 P e8992f48b6b340e2ba604d8c5a9625bc: Neither blocks nor log segments found. Creating new log.
I20260710 13:24:10.591820 28496 tablet_bootstrap.cc:492] T fb9c1f271f844c8b92f9dfb3fc6bced8 P a7d057e866b4422abddf692fca6b9a3a: No bootstrap required, opened a new log
I20260710 13:24:10.592321 28496 ts_tablet_manager.cc:1403] T fb9c1f271f844c8b92f9dfb3fc6bced8 P a7d057e866b4422abddf692fca6b9a3a: Time spent bootstrapping tablet: real 0.046s	user 0.016s	sys 0.020s
I20260710 13:24:10.595201 28496 raft_consensus.cc:359] T fb9c1f271f844c8b92f9dfb3fc6bced8 P a7d057e866b4422abddf692fca6b9a3a [term 0 FOLLOWER]: Replica starting. Triggering 0 pending ops. Active config: opid_index: -1 OBSOLETE_local: false peers { permanent_uuid: "a7d057e866b4422abddf692fca6b9a3a" member_type: VOTER last_known_addr { host: "127.26.140.193" port: 39151 } } peers { permanent_uuid: "e8992f48b6b340e2ba604d8c5a9625bc" member_type: VOTER last_known_addr { host: "127.26.140.194" port: 45449 } } peers { permanent_uuid: "fb6ee9228760428bbd02a5e29c3a5ffd" member_type: VOTER last_known_addr { host: "127.26.140.195" port: 40253 } }
I20260710 13:24:10.596132 28496 raft_consensus.cc:385] T fb9c1f271f844c8b92f9dfb3fc6bced8 P a7d057e866b4422abddf692fca6b9a3a [term 0 FOLLOWER]: Consensus starting up: Expiring failure detector timer to make a prompt election more likely
I20260710 13:24:10.596414 28496 raft_consensus.cc:740] T fb9c1f271f844c8b92f9dfb3fc6bced8 P a7d057e866b4422abddf692fca6b9a3a [term 0 FOLLOWER]: Becoming Follower/Learner. State: Replica: a7d057e866b4422abddf692fca6b9a3a, State: Initialized, Role: FOLLOWER
I20260710 13:24:10.597055 28496 consensus_queue.cc:260] T fb9c1f271f844c8b92f9dfb3fc6bced8 P a7d057e866b4422abddf692fca6b9a3a [NON_LEADER]: Queue going to NON_LEADER mode. State: All replicated index: 0, Majority replicated index: 0, Committed index: 0, Last appended: 0.0, Last appended by leader: 0, Current term: 0, Majority size: -1, State: 0, Mode: NON_LEADER, active raft config: opid_index: -1 OBSOLETE_local: false peers { permanent_uuid: "a7d057e866b4422abddf692fca6b9a3a" member_type: VOTER last_known_addr { host: "127.26.140.193" port: 39151 } } peers { permanent_uuid: "e8992f48b6b340e2ba604d8c5a9625bc" member_type: VOTER last_known_addr { host: "127.26.140.194" port: 45449 } } peers { permanent_uuid: "fb6ee9228760428bbd02a5e29c3a5ffd" member_type: VOTER last_known_addr { host: "127.26.140.195" port: 40253 } }
I20260710 13:24:10.600030 28495 tablet_bootstrap.cc:492] T fb9c1f271f844c8b92f9dfb3fc6bced8 P fb6ee9228760428bbd02a5e29c3a5ffd: No bootstrap required, opened a new log
I20260710 13:24:10.600703 28495 ts_tablet_manager.cc:1403] T fb9c1f271f844c8b92f9dfb3fc6bced8 P fb6ee9228760428bbd02a5e29c3a5ffd: Time spent bootstrapping tablet: real 0.084s	user 0.016s	sys 0.003s
I20260710 13:24:10.602283 28202 catalog_manager.cc:5697] T 5fa6813ec19347d7af89241b185d97bf P a7d057e866b4422abddf692fca6b9a3a reported cstate change: term changed from 0 to 1, leader changed from <none> to a7d057e866b4422abddf692fca6b9a3a (127.26.140.193). New cstate: current_term: 1 leader_uuid: "a7d057e866b4422abddf692fca6b9a3a" committed_config { opid_index: -1 OBSOLETE_local: false peers { permanent_uuid: "a7d057e866b4422abddf692fca6b9a3a" member_type: VOTER last_known_addr { host: "127.26.140.193" port: 39151 } health_report { overall_health: HEALTHY } } peers { permanent_uuid: "e8992f48b6b340e2ba604d8c5a9625bc" member_type: VOTER last_known_addr { host: "127.26.140.194" port: 45449 } health_report { overall_health: UNKNOWN } } peers { permanent_uuid: "fb6ee9228760428bbd02a5e29c3a5ffd" member_type: VOTER last_known_addr { host: "127.26.140.195" port: 40253 } health_report { overall_health: UNKNOWN } } }
I20260710 13:24:10.604017 28202 catalog_manager.cc:5697] T 4a37669e07ef4ca88c6fdc5d1b7459fe P a7d057e866b4422abddf692fca6b9a3a reported cstate change: term changed from 0 to 1, leader changed from <none> to a7d057e866b4422abddf692fca6b9a3a (127.26.140.193). New cstate: current_term: 1 leader_uuid: "a7d057e866b4422abddf692fca6b9a3a" committed_config { opid_index: -1 OBSOLETE_local: false peers { permanent_uuid: "a7d057e866b4422abddf692fca6b9a3a" member_type: VOTER last_known_addr { host: "127.26.140.193" port: 39151 } health_report { overall_health: HEALTHY } } peers { permanent_uuid: "e8992f48b6b340e2ba604d8c5a9625bc" member_type: VOTER last_known_addr { host: "127.26.140.194" port: 45449 } health_report { overall_health: UNKNOWN } } peers { permanent_uuid: "fb6ee9228760428bbd02a5e29c3a5ffd" member_type: VOTER last_known_addr { host: "127.26.140.195" port: 40253 } health_report { overall_health: UNKNOWN } } }
I20260710 13:24:10.605895 28496 ts_tablet_manager.cc:1434] T fb9c1f271f844c8b92f9dfb3fc6bced8 P a7d057e866b4422abddf692fca6b9a3a: Time spent starting tablet: real 0.013s	user 0.006s	sys 0.000s
I20260710 13:24:10.609093 28495 raft_consensus.cc:359] T fb9c1f271f844c8b92f9dfb3fc6bced8 P fb6ee9228760428bbd02a5e29c3a5ffd [term 0 FOLLOWER]: Replica starting. Triggering 0 pending ops. Active config: opid_index: -1 OBSOLETE_local: false peers { permanent_uuid: "a7d057e866b4422abddf692fca6b9a3a" member_type: VOTER last_known_addr { host: "127.26.140.193" port: 39151 } } peers { permanent_uuid: "e8992f48b6b340e2ba604d8c5a9625bc" member_type: VOTER last_known_addr { host: "127.26.140.194" port: 45449 } } peers { permanent_uuid: "fb6ee9228760428bbd02a5e29c3a5ffd" member_type: VOTER last_known_addr { host: "127.26.140.195" port: 40253 } }
I20260710 13:24:10.609838 28495 raft_consensus.cc:385] T fb9c1f271f844c8b92f9dfb3fc6bced8 P fb6ee9228760428bbd02a5e29c3a5ffd [term 0 FOLLOWER]: Consensus starting up: Expiring failure detector timer to make a prompt election more likely
I20260710 13:24:10.610101 28495 raft_consensus.cc:740] T fb9c1f271f844c8b92f9dfb3fc6bced8 P fb6ee9228760428bbd02a5e29c3a5ffd [term 0 FOLLOWER]: Becoming Follower/Learner. State: Replica: fb6ee9228760428bbd02a5e29c3a5ffd, State: Initialized, Role: FOLLOWER
I20260710 13:24:10.610757 28495 consensus_queue.cc:260] T fb9c1f271f844c8b92f9dfb3fc6bced8 P fb6ee9228760428bbd02a5e29c3a5ffd [NON_LEADER]: Queue going to NON_LEADER mode. State: All replicated index: 0, Majority replicated index: 0, Committed index: 0, Last appended: 0.0, Last appended by leader: 0, Current term: 0, Majority size: -1, State: 0, Mode: NON_LEADER, active raft config: opid_index: -1 OBSOLETE_local: false peers { permanent_uuid: "a7d057e866b4422abddf692fca6b9a3a" member_type: VOTER last_known_addr { host: "127.26.140.193" port: 39151 } } peers { permanent_uuid: "e8992f48b6b340e2ba604d8c5a9625bc" member_type: VOTER last_known_addr { host: "127.26.140.194" port: 45449 } } peers { permanent_uuid: "fb6ee9228760428bbd02a5e29c3a5ffd" member_type: VOTER last_known_addr { host: "127.26.140.195" port: 40253 } }
I20260710 13:24:10.619285 28495 ts_tablet_manager.cc:1434] T fb9c1f271f844c8b92f9dfb3fc6bced8 P fb6ee9228760428bbd02a5e29c3a5ffd: Time spent starting tablet: real 0.018s	user 0.006s	sys 0.000s
I20260710 13:24:10.620294 28495 tablet_bootstrap.cc:492] T 2cc72744507d44d9ad13d75a4b9c2122 P fb6ee9228760428bbd02a5e29c3a5ffd: Bootstrap starting.
I20260710 13:24:10.620410 28503 raft_consensus.cc:493] T 40d4a1aa07004debb9a50ca9af5217dc P e8992f48b6b340e2ba604d8c5a9625bc [term 0 FOLLOWER]: Starting pre-election (no leader contacted us within the election timeout)
I20260710 13:24:10.620857 28503 raft_consensus.cc:515] T 40d4a1aa07004debb9a50ca9af5217dc P e8992f48b6b340e2ba604d8c5a9625bc [term 0 FOLLOWER]: Starting pre-election with config: opid_index: -1 OBSOLETE_local: false peers { permanent_uuid: "a7d057e866b4422abddf692fca6b9a3a" member_type: VOTER last_known_addr { host: "127.26.140.193" port: 39151 } } peers { permanent_uuid: "e8992f48b6b340e2ba604d8c5a9625bc" member_type: VOTER last_known_addr { host: "127.26.140.194" port: 45449 } } peers { permanent_uuid: "fb6ee9228760428bbd02a5e29c3a5ffd" member_type: VOTER last_known_addr { host: "127.26.140.195" port: 40253 } }
I20260710 13:24:10.622812 28503 leader_election.cc:290] T 40d4a1aa07004debb9a50ca9af5217dc P e8992f48b6b340e2ba604d8c5a9625bc [CANDIDATE]: Term 1 pre-election: Requested pre-vote from peers a7d057e866b4422abddf692fca6b9a3a (127.26.140.193:39151), fb6ee9228760428bbd02a5e29c3a5ffd (127.26.140.195:40253)
I20260710 13:24:10.623872 28305 tablet_service.cc:1917] Received RequestConsensusVote() RPC: tablet_id: "40d4a1aa07004debb9a50ca9af5217dc" candidate_uuid: "e8992f48b6b340e2ba604d8c5a9625bc" candidate_term: 1 candidate_status { last_received { term: 0 index: 0 } } ignore_live_leader: false dest_uuid: "a7d057e866b4422abddf692fca6b9a3a" is_pre_election: true
I20260710 13:24:10.625124 28451 tablet_service.cc:1917] Received RequestConsensusVote() RPC: tablet_id: "40d4a1aa07004debb9a50ca9af5217dc" candidate_uuid: "e8992f48b6b340e2ba604d8c5a9625bc" candidate_term: 1 candidate_status { last_received { term: 0 index: 0 } } ignore_live_leader: false dest_uuid: "fb6ee9228760428bbd02a5e29c3a5ffd" is_pre_election: true
I20260710 13:24:10.625906 28451 raft_consensus.cc:2393] T 40d4a1aa07004debb9a50ca9af5217dc P fb6ee9228760428bbd02a5e29c3a5ffd [term 1 FOLLOWER]: Leader pre-election vote request: Denying vote to candidate e8992f48b6b340e2ba604d8c5a9625bc in current term 1: Already voted for candidate a7d057e866b4422abddf692fca6b9a3a in this term.
I20260710 13:24:10.626602 28495 tablet_bootstrap.cc:654] T 2cc72744507d44d9ad13d75a4b9c2122 P fb6ee9228760428bbd02a5e29c3a5ffd: Neither blocks nor log segments found. Creating new log.
W20260710 13:24:10.627578 28271 consensus_peers.cc:597] T b131a1e473f445dabd6609be585d5883 P a7d057e866b4422abddf692fca6b9a3a -> Peer e8992f48b6b340e2ba604d8c5a9625bc (127.26.140.194:45449): Couldn't send request to peer e8992f48b6b340e2ba604d8c5a9625bc. Error code: TABLET_NOT_RUNNING (12). Status: Illegal state: Tablet not RUNNING: INITIALIZED. This is attempt 1: this message will repeat every 5th retry.
