I20260710 13:24:03.620093 22657 consensus_queue.cc:237] T 880bc8be14e74e98a6ea7639aa959e61 P 0c3cc068b39c4f25aba3bdafaebba959 [LEADER]: Queue going to LEADER mode. State: All replicated index: 0, Majority replicated index: 4, Committed index: 4, Last appended: 4.4, Last appended by leader: 4, Current term: 5, Majority size: 2, State: 0, Mode: LEADER, active raft config: opid_index: -1 OBSOLETE_local: false peers { permanent_uuid: "0c3cc068b39c4f25aba3bdafaebba959" member_type: VOTER last_known_addr { host: "127.21.65.130" port: 34021 } } peers { permanent_uuid: "810b3b0a6b37458ea2d960a7d6050612" member_type: VOTER last_known_addr { host: "127.21.65.131" port: 45007 } } peers { permanent_uuid: "de70002477df49519d6870482ecfc19d" member_type: VOTER last_known_addr { host: "127.21.65.129" port: 42081 } }
I20260710 13:24:03.626497 22326 catalog_manager.cc:5697] T 880bc8be14e74e98a6ea7639aa959e61 P 0c3cc068b39c4f25aba3bdafaebba959 reported cstate change: term changed from 4 to 5, leader changed from de70002477df49519d6870482ecfc19d (127.21.65.129) to 0c3cc068b39c4f25aba3bdafaebba959 (127.21.65.130). New cstate: current_term: 5 leader_uuid: "0c3cc068b39c4f25aba3bdafaebba959" committed_config { opid_index: -1 OBSOLETE_local: false peers { permanent_uuid: "0c3cc068b39c4f25aba3bdafaebba959" member_type: VOTER last_known_addr { host: "127.21.65.130" port: 34021 } health_report { overall_health: HEALTHY } } peers { permanent_uuid: "810b3b0a6b37458ea2d960a7d6050612" member_type: VOTER last_known_addr { host: "127.21.65.131" port: 45007 } health_report { overall_health: UNKNOWN } } peers { permanent_uuid: "de70002477df49519d6870482ecfc19d" member_type: VOTER last_known_addr { host: "127.21.65.129" port: 42081 } health_report { overall_health: UNKNOWN } } }
I20260710 13:24:03.747035 22760 raft_consensus.cc:993] T 73665011f4314c98a8e4a4d419b5270e P de70002477df49519d6870482ecfc19d: : Instructing follower 0c3cc068b39c4f25aba3bdafaebba959 to start an election
I20260710 13:24:03.747514 22738 raft_consensus.cc:1081] T 73665011f4314c98a8e4a4d419b5270e P de70002477df49519d6870482ecfc19d [term 3 LEADER]: Signalling peer 0c3cc068b39c4f25aba3bdafaebba959 to start an election
I20260710 13:24:03.748878 22501 tablet_service.cc:2044] Received Run Leader Election RPC: tablet_id: "73665011f4314c98a8e4a4d419b5270e"
dest_uuid: "0c3cc068b39c4f25aba3bdafaebba959"
 from {username='slave'} at 127.0.0.1:51574
I20260710 13:24:03.749245 22501 raft_consensus.cc:493] T 73665011f4314c98a8e4a4d419b5270e P 0c3cc068b39c4f25aba3bdafaebba959 [term 3 FOLLOWER]: Starting forced leader election (received explicit request)
I20260710 13:24:03.749459 22501 raft_consensus.cc:3060] T 73665011f4314c98a8e4a4d419b5270e P 0c3cc068b39c4f25aba3bdafaebba959 [term 3 FOLLOWER]: Advancing to term 4
I20260710 13:24:03.753454 22501 raft_consensus.cc:515] T 73665011f4314c98a8e4a4d419b5270e P 0c3cc068b39c4f25aba3bdafaebba959 [term 4 FOLLOWER]: Starting forced leader election with config: opid_index: -1 OBSOLETE_local: false peers { permanent_uuid: "de70002477df49519d6870482ecfc19d" member_type: VOTER last_known_addr { host: "127.21.65.129" port: 42081 } } peers { permanent_uuid: "0c3cc068b39c4f25aba3bdafaebba959" member_type: VOTER last_known_addr { host: "127.21.65.130" port: 34021 } } peers { permanent_uuid: "810b3b0a6b37458ea2d960a7d6050612" member_type: VOTER last_known_addr { host: "127.21.65.131" port: 45007 } }
I20260710 13:24:03.754760 22501 leader_election.cc:290] T 73665011f4314c98a8e4a4d419b5270e P 0c3cc068b39c4f25aba3bdafaebba959 [CANDIDATE]: Term 4 election: Requested vote from peers de70002477df49519d6870482ecfc19d (127.21.65.129:42081), 810b3b0a6b37458ea2d960a7d6050612 (127.21.65.131:45007)
I20260710 13:24:03.755604 22428 tablet_service.cc:1917] Received RequestConsensusVote() RPC: tablet_id: "73665011f4314c98a8e4a4d419b5270e" candidate_uuid: "0c3cc068b39c4f25aba3bdafaebba959" candidate_term: 4 candidate_status { last_received { term: 3 index: 3 } } ignore_live_leader: true dest_uuid: "de70002477df49519d6870482ecfc19d"
I20260710 13:24:03.755811 22576 tablet_service.cc:1917] Received RequestConsensusVote() RPC: tablet_id: "73665011f4314c98a8e4a4d419b5270e" candidate_uuid: "0c3cc068b39c4f25aba3bdafaebba959" candidate_term: 4 candidate_status { last_received { term: 3 index: 3 } } ignore_live_leader: true dest_uuid: "810b3b0a6b37458ea2d960a7d6050612"
I20260710 13:24:03.756034 22428 raft_consensus.cc:3055] T 73665011f4314c98a8e4a4d419b5270e P de70002477df49519d6870482ecfc19d [term 3 LEADER]: Stepping down as leader of term 3
I20260710 13:24:03.756320 22428 raft_consensus.cc:740] T 73665011f4314c98a8e4a4d419b5270e P de70002477df49519d6870482ecfc19d [term 3 LEADER]: Becoming Follower/Learner. State: Replica: de70002477df49519d6870482ecfc19d, State: Running, Role: LEADER
I20260710 13:24:03.756323 22576 raft_consensus.cc:3060] T 73665011f4314c98a8e4a4d419b5270e P 810b3b0a6b37458ea2d960a7d6050612 [term 3 FOLLOWER]: Advancing to term 4
I20260710 13:24:03.757015 22428 consensus_queue.cc:260] T 73665011f4314c98a8e4a4d419b5270e P de70002477df49519d6870482ecfc19d [NON_LEADER]: Queue going to NON_LEADER mode. State: All replicated index: 0, Majority replicated index: 3, Committed index: 3, Last appended: 3.3, Last appended by leader: 3, Current term: 3, Majority size: -1, State: 0, Mode: NON_LEADER, active raft config: opid_index: -1 OBSOLETE_local: false peers { permanent_uuid: "de70002477df49519d6870482ecfc19d" member_type: VOTER last_known_addr { host: "127.21.65.129" port: 42081 } } peers { permanent_uuid: "0c3cc068b39c4f25aba3bdafaebba959" member_type: VOTER last_known_addr { host: "127.21.65.130" port: 34021 } } peers { permanent_uuid: "810b3b0a6b37458ea2d960a7d6050612" member_type: VOTER last_known_addr { host: "127.21.65.131" port: 45007 } }
I20260710 13:24:03.757812 22428 raft_consensus.cc:3060] T 73665011f4314c98a8e4a4d419b5270e P de70002477df49519d6870482ecfc19d [term 3 FOLLOWER]: Advancing to term 4
I20260710 13:24:03.760723 22576 raft_consensus.cc:2468] T 73665011f4314c98a8e4a4d419b5270e P 810b3b0a6b37458ea2d960a7d6050612 [term 4 FOLLOWER]: Leader election vote request: Granting yes vote for candidate 0c3cc068b39c4f25aba3bdafaebba959 in term 4.
I20260710 13:24:03.761775 22469 leader_election.cc:304] T 73665011f4314c98a8e4a4d419b5270e P 0c3cc068b39c4f25aba3bdafaebba959 [CANDIDATE]: Term 4 election: Election decided. Result: candidate won. Election summary: received 2 responses out of 3 voters: 2 yes votes; 0 no votes. yes voters: 0c3cc068b39c4f25aba3bdafaebba959, 810b3b0a6b37458ea2d960a7d6050612; no voters: 
I20260710 13:24:03.761986 22428 raft_consensus.cc:2468] T 73665011f4314c98a8e4a4d419b5270e P de70002477df49519d6870482ecfc19d [term 4 FOLLOWER]: Leader election vote request: Granting yes vote for candidate 0c3cc068b39c4f25aba3bdafaebba959 in term 4.
I20260710 13:24:03.762563 22657 raft_consensus.cc:2804] T 73665011f4314c98a8e4a4d419b5270e P 0c3cc068b39c4f25aba3bdafaebba959 [term 4 FOLLOWER]: Leader election won for term 4
I20260710 13:24:03.763036 22657 raft_consensus.cc:697] T 73665011f4314c98a8e4a4d419b5270e P 0c3cc068b39c4f25aba3bdafaebba959 [term 4 LEADER]: Becoming Leader. State: Replica: 0c3cc068b39c4f25aba3bdafaebba959, State: Running, Role: LEADER
I20260710 13:24:03.763725 22657 consensus_queue.cc:237] T 73665011f4314c98a8e4a4d419b5270e P 0c3cc068b39c4f25aba3bdafaebba959 [LEADER]: Queue going to LEADER mode. State: All replicated index: 0, Majority replicated index: 3, Committed index: 3, Last appended: 3.3, Last appended by leader: 3, Current term: 4, Majority size: 2, State: 0, Mode: LEADER, active raft config: opid_index: -1 OBSOLETE_local: false peers { permanent_uuid: "de70002477df49519d6870482ecfc19d" member_type: VOTER last_known_addr { host: "127.21.65.129" port: 42081 } } peers { permanent_uuid: "0c3cc068b39c4f25aba3bdafaebba959" member_type: VOTER last_known_addr { host: "127.21.65.130" port: 34021 } } peers { permanent_uuid: "810b3b0a6b37458ea2d960a7d6050612" member_type: VOTER last_known_addr { host: "127.21.65.131" port: 45007 } }
I20260710 13:24:03.770206 22326 catalog_manager.cc:5697] T 73665011f4314c98a8e4a4d419b5270e P 0c3cc068b39c4f25aba3bdafaebba959 reported cstate change: term changed from 3 to 4, leader changed from de70002477df49519d6870482ecfc19d (127.21.65.129) to 0c3cc068b39c4f25aba3bdafaebba959 (127.21.65.130). New cstate: current_term: 4 leader_uuid: "0c3cc068b39c4f25aba3bdafaebba959" committed_config { opid_index: -1 OBSOLETE_local: false peers { permanent_uuid: "de70002477df49519d6870482ecfc19d" member_type: VOTER last_known_addr { host: "127.21.65.129" port: 42081 } health_report { overall_health: UNKNOWN } } peers { permanent_uuid: "0c3cc068b39c4f25aba3bdafaebba959" member_type: VOTER last_known_addr { host: "127.21.65.130" port: 34021 } health_report { overall_health: HEALTHY } } peers { permanent_uuid: "810b3b0a6b37458ea2d960a7d6050612" member_type: VOTER last_known_addr { host: "127.21.65.131" port: 45007 } health_report { overall_health: UNKNOWN } } }
I20260710 13:24:03.797956 22760 raft_consensus.cc:993] T 379338a9b1e5447d86ecf318b979a232 P de70002477df49519d6870482ecfc19d: : Instructing follower 810b3b0a6b37458ea2d960a7d6050612 to start an election
I20260710 13:24:03.798388 22738 raft_consensus.cc:1081] T 379338a9b1e5447d86ecf318b979a232 P de70002477df49519d6870482ecfc19d [term 1 LEADER]: Signalling peer 810b3b0a6b37458ea2d960a7d6050612 to start an election
I20260710 13:24:03.799803 22576 tablet_service.cc:2044] Received Run Leader Election RPC: tablet_id: "379338a9b1e5447d86ecf318b979a232"
dest_uuid: "810b3b0a6b37458ea2d960a7d6050612"
 from {username='slave'} at 127.0.0.1:55650
I20260710 13:24:03.800329 22576 raft_consensus.cc:493] T 379338a9b1e5447d86ecf318b979a232 P 810b3b0a6b37458ea2d960a7d6050612 [term 1 FOLLOWER]: Starting forced leader election (received explicit request)
I20260710 13:24:03.800658 22576 raft_consensus.cc:3060] T 379338a9b1e5447d86ecf318b979a232 P 810b3b0a6b37458ea2d960a7d6050612 [term 1 FOLLOWER]: Advancing to term 2
I20260710 13:24:03.805193 22576 raft_consensus.cc:515] T 379338a9b1e5447d86ecf318b979a232 P 810b3b0a6b37458ea2d960a7d6050612 [term 2 FOLLOWER]: Starting forced leader election with config: opid_index: -1 OBSOLETE_local: false peers { permanent_uuid: "de70002477df49519d6870482ecfc19d" member_type: VOTER last_known_addr { host: "127.21.65.129" port: 42081 } } peers { permanent_uuid: "0c3cc068b39c4f25aba3bdafaebba959" member_type: VOTER last_known_addr { host: "127.21.65.130" port: 34021 } } peers { permanent_uuid: "810b3b0a6b37458ea2d960a7d6050612" member_type: VOTER last_known_addr { host: "127.21.65.131" port: 45007 } }
I20260710 13:24:03.806515 22576 leader_election.cc:290] T 379338a9b1e5447d86ecf318b979a232 P 810b3b0a6b37458ea2d960a7d6050612 [CANDIDATE]: Term 2 election: Requested vote from peers de70002477df49519d6870482ecfc19d (127.21.65.129:42081), 0c3cc068b39c4f25aba3bdafaebba959 (127.21.65.130:34021)
I20260710 13:24:03.807199 22428 tablet_service.cc:1917] Received RequestConsensusVote() RPC: tablet_id: "379338a9b1e5447d86ecf318b979a232" candidate_uuid: "810b3b0a6b37458ea2d960a7d6050612" candidate_term: 2 candidate_status { last_received { term: 1 index: 1 } } ignore_live_leader: true dest_uuid: "de70002477df49519d6870482ecfc19d"
I20260710 13:24:03.807494 22501 tablet_service.cc:1917] Received RequestConsensusVote() RPC: tablet_id: "379338a9b1e5447d86ecf318b979a232" candidate_uuid: "810b3b0a6b37458ea2d960a7d6050612" candidate_term: 2 candidate_status { last_received { term: 1 index: 1 } } ignore_live_leader: true dest_uuid: "0c3cc068b39c4f25aba3bdafaebba959"
I20260710 13:24:03.807731 22428 raft_consensus.cc:3055] T 379338a9b1e5447d86ecf318b979a232 P de70002477df49519d6870482ecfc19d [term 1 LEADER]: Stepping down as leader of term 1
I20260710 13:24:03.808008 22501 raft_consensus.cc:3060] T 379338a9b1e5447d86ecf318b979a232 P 0c3cc068b39c4f25aba3bdafaebba959 [term 1 FOLLOWER]: Advancing to term 2
I20260710 13:24:03.808027 22428 raft_consensus.cc:740] T 379338a9b1e5447d86ecf318b979a232 P de70002477df49519d6870482ecfc19d [term 1 LEADER]: Becoming Follower/Learner. State: Replica: de70002477df49519d6870482ecfc19d, State: Running, Role: LEADER
I20260710 13:24:03.808736 22428 consensus_queue.cc:260] T 379338a9b1e5447d86ecf318b979a232 P de70002477df49519d6870482ecfc19d [NON_LEADER]: Queue going to NON_LEADER mode. State: All replicated index: 0, Majority replicated index: 1, Committed index: 1, Last appended: 1.1, Last appended by leader: 1, Current term: 1, Majority size: -1, State: 0, Mode: NON_LEADER, active raft config: opid_index: -1 OBSOLETE_local: false peers { permanent_uuid: "de70002477df49519d6870482ecfc19d" member_type: VOTER last_known_addr { host: "127.21.65.129" port: 42081 } } peers { permanent_uuid: "0c3cc068b39c4f25aba3bdafaebba959" member_type: VOTER last_known_addr { host: "127.21.65.130" port: 34021 } } peers { permanent_uuid: "810b3b0a6b37458ea2d960a7d6050612" member_type: VOTER last_known_addr { host: "127.21.65.131" port: 45007 } }
I20260710 13:24:03.809525 22428 raft_consensus.cc:3060] T 379338a9b1e5447d86ecf318b979a232 P de70002477df49519d6870482ecfc19d [term 1 FOLLOWER]: Advancing to term 2
I20260710 13:24:03.812103 22501 raft_consensus.cc:2468] T 379338a9b1e5447d86ecf318b979a232 P 0c3cc068b39c4f25aba3bdafaebba959 [term 2 FOLLOWER]: Leader election vote request: Granting yes vote for candidate 810b3b0a6b37458ea2d960a7d6050612 in term 2.
I20260710 13:24:03.812986 22543 leader_election.cc:304] T 379338a9b1e5447d86ecf318b979a232 P 810b3b0a6b37458ea2d960a7d6050612 [CANDIDATE]: Term 2 election: Election decided. Result: candidate won. Election summary: received 2 responses out of 3 voters: 2 yes votes; 0 no votes. yes voters: 0c3cc068b39c4f25aba3bdafaebba959, 810b3b0a6b37458ea2d960a7d6050612; no voters: 
I20260710 13:24:03.813716 22428 raft_consensus.cc:2468] T 379338a9b1e5447d86ecf318b979a232 P de70002477df49519d6870482ecfc19d [term 2 FOLLOWER]: Leader election vote request: Granting yes vote for candidate 810b3b0a6b37458ea2d960a7d6050612 in term 2.
I20260710 13:24:03.813720 22759 raft_consensus.cc:2804] T 379338a9b1e5447d86ecf318b979a232 P 810b3b0a6b37458ea2d960a7d6050612 [term 2 FOLLOWER]: Leader election won for term 2
I20260710 13:24:03.814388 22759 raft_consensus.cc:697] T 379338a9b1e5447d86ecf318b979a232 P 810b3b0a6b37458ea2d960a7d6050612 [term 2 LEADER]: Becoming Leader. State: Replica: 810b3b0a6b37458ea2d960a7d6050612, State: Running, Role: LEADER
I20260710 13:24:03.815153 22759 consensus_queue.cc:237] T 379338a9b1e5447d86ecf318b979a232 P 810b3b0a6b37458ea2d960a7d6050612 [LEADER]: Queue going to LEADER mode. State: All replicated index: 0, Majority replicated index: 1, Committed index: 1, Last appended: 1.1, Last appended by leader: 1, Current term: 2, Majority size: 2, State: 0, Mode: LEADER, active raft config: opid_index: -1 OBSOLETE_local: false peers { permanent_uuid: "de70002477df49519d6870482ecfc19d" member_type: VOTER last_known_addr { host: "127.21.65.129" port: 42081 } } peers { permanent_uuid: "0c3cc068b39c4f25aba3bdafaebba959" member_type: VOTER last_known_addr { host: "127.21.65.130" port: 34021 } } peers { permanent_uuid: "810b3b0a6b37458ea2d960a7d6050612" member_type: VOTER last_known_addr { host: "127.21.65.131" port: 45007 } }
I20260710 13:24:03.821267 22326 catalog_manager.cc:5697] T 379338a9b1e5447d86ecf318b979a232 P 810b3b0a6b37458ea2d960a7d6050612 reported cstate change: term changed from 1 to 2, leader changed from de70002477df49519d6870482ecfc19d (127.21.65.129) to 810b3b0a6b37458ea2d960a7d6050612 (127.21.65.131). New cstate: current_term: 2 leader_uuid: "810b3b0a6b37458ea2d960a7d6050612" committed_config { opid_index: -1 OBSOLETE_local: false peers { permanent_uuid: "de70002477df49519d6870482ecfc19d" member_type: VOTER last_known_addr { host: "127.21.65.129" port: 42081 } health_report { overall_health: UNKNOWN } } peers { permanent_uuid: "0c3cc068b39c4f25aba3bdafaebba959" member_type: VOTER last_known_addr { host: "127.21.65.130" port: 34021 } health_report { overall_health: UNKNOWN } } peers { permanent_uuid: "810b3b0a6b37458ea2d960a7d6050612" member_type: VOTER last_known_addr { host: "127.21.65.131" port: 45007 } health_report { overall_health: HEALTHY } } }
I20260710 13:24:03.939775 22501 raft_consensus.cc:1275] T b8e25155cbeb4e18be2b024320f06cd6 P 0c3cc068b39c4f25aba3bdafaebba959 [term 4 FOLLOWER]: Refusing update from remote peer 810b3b0a6b37458ea2d960a7d6050612: Log matching property violated. Preceding OpId in replica: term: 3 index: 3. Preceding OpId from leader: term: 4 index: 4. (index mismatch)
I20260710 13:24:03.940912 22759 consensus_queue.cc:1048] T b8e25155cbeb4e18be2b024320f06cd6 P 810b3b0a6b37458ea2d960a7d6050612 [LEADER]: Connected to new peer: Peer: permanent_uuid: "0c3cc068b39c4f25aba3bdafaebba959" member_type: VOTER last_known_addr { host: "127.21.65.130" port: 34021 }, Status: LMP_MISMATCH, Last received: 0.0, Next index: 4, Last known committed idx: 3, Time since last communication: 0.000s
I20260710 13:24:03.950912 22428 raft_consensus.cc:1275] T b8e25155cbeb4e18be2b024320f06cd6 P de70002477df49519d6870482ecfc19d [term 4 FOLLOWER]: Refusing update from remote peer 810b3b0a6b37458ea2d960a7d6050612: Log matching property violated. Preceding OpId in replica: term: 3 index: 3. Preceding OpId from leader: term: 4 index: 4. (index mismatch)
I20260710 13:24:03.952507 22761 consensus_queue.cc:1048] T b8e25155cbeb4e18be2b024320f06cd6 P 810b3b0a6b37458ea2d960a7d6050612 [LEADER]: Connected to new peer: Peer: permanent_uuid: "de70002477df49519d6870482ecfc19d" member_type: VOTER last_known_addr { host: "127.21.65.129" port: 42081 }, Status: LMP_MISMATCH, Last received: 0.0, Next index: 4, Last known committed idx: 3, Time since last communication: 0.000s
I20260710 13:24:04.113075 22428 raft_consensus.cc:1275] T 880bc8be14e74e98a6ea7639aa959e61 P de70002477df49519d6870482ecfc19d [term 5 FOLLOWER]: Refusing update from remote peer 0c3cc068b39c4f25aba3bdafaebba959: Log matching property violated. Preceding OpId in replica: term: 4 index: 4. Preceding OpId from leader: term: 5 index: 5. (index mismatch)
I20260710 13:24:04.114480 22657 consensus_queue.cc:1048] T 880bc8be14e74e98a6ea7639aa959e61 P 0c3cc068b39c4f25aba3bdafaebba959 [LEADER]: Connected to new peer: Peer: permanent_uuid: "de70002477df49519d6870482ecfc19d" member_type: VOTER last_known_addr { host: "127.21.65.129" port: 42081 }, Status: LMP_MISMATCH, Last received: 0.0, Next index: 5, Last known committed idx: 4, Time since last communication: 0.000s
I20260710 13:24:04.123242 22576 raft_consensus.cc:1275] T 880bc8be14e74e98a6ea7639aa959e61 P 810b3b0a6b37458ea2d960a7d6050612 [term 5 FOLLOWER]: Refusing update from remote peer 0c3cc068b39c4f25aba3bdafaebba959: Log matching property violated. Preceding OpId in replica: term: 4 index: 4. Preceding OpId from leader: term: 5 index: 5. (index mismatch)
I20260710 13:24:04.124915 22778 consensus_queue.cc:1048] T 880bc8be14e74e98a6ea7639aa959e61 P 0c3cc068b39c4f25aba3bdafaebba959 [LEADER]: Connected to new peer: Peer: permanent_uuid: "810b3b0a6b37458ea2d960a7d6050612" member_type: VOTER last_known_addr { host: "127.21.65.131" port: 45007 }, Status: LMP_MISMATCH, Last received: 0.0, Next index: 5, Last known committed idx: 4, Time since last communication: 0.000s
I20260710 13:24:04.301654 22428 raft_consensus.cc:1275] T 73665011f4314c98a8e4a4d419b5270e P de70002477df49519d6870482ecfc19d [term 4 FOLLOWER]: Refusing update from remote peer 0c3cc068b39c4f25aba3bdafaebba959: Log matching property violated. Preceding OpId in replica: term: 3 index: 3. Preceding OpId from leader: term: 4 index: 4. (index mismatch)
I20260710 13:24:04.302752 22778 consensus_queue.cc:1048] T 73665011f4314c98a8e4a4d419b5270e P 0c3cc068b39c4f25aba3bdafaebba959 [LEADER]: Connected to new peer: Peer: permanent_uuid: "de70002477df49519d6870482ecfc19d" member_type: VOTER last_known_addr { host: "127.21.65.129" port: 42081 }, Status: LMP_MISMATCH, Last received: 0.0, Next index: 4, Last known committed idx: 3, Time since last communication: 0.000s
I20260710 13:24:04.312773 22576 raft_consensus.cc:1275] T 73665011f4314c98a8e4a4d419b5270e P 810b3b0a6b37458ea2d960a7d6050612 [term 4 FOLLOWER]: Refusing update from remote peer 0c3cc068b39c4f25aba3bdafaebba959: Log matching property violated. Preceding OpId in replica: term: 3 index: 3. Preceding OpId from leader: term: 4 index: 4. (index mismatch)
I20260710 13:24:04.314092 22778 consensus_queue.cc:1048] T 73665011f4314c98a8e4a4d419b5270e P 0c3cc068b39c4f25aba3bdafaebba959 [LEADER]: Connected to new peer: Peer: permanent_uuid: "810b3b0a6b37458ea2d960a7d6050612" member_type: VOTER last_known_addr { host: "127.21.65.131" port: 45007 }, Status: LMP_MISMATCH, Last received: 0.0, Next index: 4, Last known committed idx: 3, Time since last communication: 0.000s
I20260710 13:24:04.321156 22428 raft_consensus.cc:1275] T 379338a9b1e5447d86ecf318b979a232 P de70002477df49519d6870482ecfc19d [term 2 FOLLOWER]: Refusing update from remote peer 810b3b0a6b37458ea2d960a7d6050612: Log matching property violated. Preceding OpId in replica: term: 1 index: 1. Preceding OpId from leader: term: 2 index: 2. (index mismatch)
I20260710 13:24:04.322328 22761 consensus_queue.cc:1048] T 379338a9b1e5447d86ecf318b979a232 P 810b3b0a6b37458ea2d960a7d6050612 [LEADER]: Connected to new peer: Peer: permanent_uuid: "de70002477df49519d6870482ecfc19d" member_type: VOTER last_known_addr { host: "127.21.65.129" port: 42081 }, Status: LMP_MISMATCH, Last received: 0.0, Next index: 2, Last known committed idx: 1, Time since last communication: 0.000s
I20260710 13:24:04.325783 21766 auto_leader_rebalancer.cc:141] leader rebalance for table test-workload
I20260710 13:24:04.327689 22501 raft_consensus.cc:1275] T 379338a9b1e5447d86ecf318b979a232 P 0c3cc068b39c4f25aba3bdafaebba959 [term 2 FOLLOWER]: Refusing update from remote peer 810b3b0a6b37458ea2d960a7d6050612: Log matching property violated. Preceding OpId in replica: term: 1 index: 1. Preceding OpId from leader: term: 2 index: 2. (index mismatch)
I20260710 13:24:04.329051 22761 consensus_queue.cc:1048] T 379338a9b1e5447d86ecf318b979a232 P 810b3b0a6b37458ea2d960a7d6050612 [LEADER]: Connected to new peer: Peer: permanent_uuid: "0c3cc068b39c4f25aba3bdafaebba959" member_type: VOTER last_known_addr { host: "127.21.65.130" port: 34021 }, Status: LMP_MISMATCH, Last received: 0.0, Next index: 2, Last known committed idx: 1, Time since last communication: 0.000s
I20260710 13:24:04.335590 21766 tablet_server.cc:179] TabletServer@127.21.65.129:0 shutting down...
W20260710 13:24:04.371381 22544 proxy.cc:239] Call had error, refreshing address and retrying: Remote error: Service unavailable: service kudu.consensus.ConsensusService not registered on TabletServer [suppressed 3 similar messages]
W20260710 13:24:04.377956 22544 consensus_peers.cc:597] T 379338a9b1e5447d86ecf318b979a232 P 810b3b0a6b37458ea2d960a7d6050612 -> Peer de70002477df49519d6870482ecfc19d (127.21.65.129:42081): Couldn't send request to peer de70002477df49519d6870482ecfc19d. Status: Remote error: Service unavailable: service kudu.consensus.ConsensusService not registered on TabletServer. This is attempt 1: this message will repeat every 5th retry.
I20260710 13:24:04.380313 21766 ts_tablet_manager.cc:1507] Shutting down tablet manager...
I20260710 13:24:04.381134 21766 tablet_replica.cc:333] T b8e25155cbeb4e18be2b024320f06cd6 P de70002477df49519d6870482ecfc19d: stopping tablet replica
I20260710 13:24:04.381783 21766 raft_consensus.cc:2243] T b8e25155cbeb4e18be2b024320f06cd6 P de70002477df49519d6870482ecfc19d [term 4 FOLLOWER]: Raft consensus shutting down.
I20260710 13:24:04.382205 21766 raft_consensus.cc:2272] T b8e25155cbeb4e18be2b024320f06cd6 P de70002477df49519d6870482ecfc19d [term 4 FOLLOWER]: Raft consensus is shut down!
I20260710 13:24:04.384667 21766 tablet_replica.cc:333] T 379338a9b1e5447d86ecf318b979a232 P de70002477df49519d6870482ecfc19d: stopping tablet replica
I20260710 13:24:04.385231 21766 raft_consensus.cc:2243] T 379338a9b1e5447d86ecf318b979a232 P de70002477df49519d6870482ecfc19d [term 2 FOLLOWER]: Raft consensus shutting down.
I20260710 13:24:04.385574 21766 pending_rounds.cc:70] T 379338a9b1e5447d86ecf318b979a232 P de70002477df49519d6870482ecfc19d: Trying to abort 1 pending ops.
I20260710 13:24:04.385819 21766 pending_rounds.cc:77] T 379338a9b1e5447d86ecf318b979a232 P de70002477df49519d6870482ecfc19d: Aborting op as it isn't in flight: id { term: 2 index: 2 } timestamp: 7305993600273387520 op_type: NO_OP noop_request { }
I20260710 13:24:04.386171 21766 raft_consensus.cc:2889] T 379338a9b1e5447d86ecf318b979a232 P de70002477df49519d6870482ecfc19d [term 2 FOLLOWER]: NO_OP replication failed: Aborted: Op aborted
I20260710 13:24:04.386480 21766 raft_consensus.cc:2272] T 379338a9b1e5447d86ecf318b979a232 P de70002477df49519d6870482ecfc19d [term 2 FOLLOWER]: Raft consensus is shut down!
I20260710 13:24:04.388674 21766 tablet_replica.cc:333] T 880bc8be14e74e98a6ea7639aa959e61 P de70002477df49519d6870482ecfc19d: stopping tablet replica
I20260710 13:24:04.389178 21766 raft_consensus.cc:2243] T 880bc8be14e74e98a6ea7639aa959e61 P de70002477df49519d6870482ecfc19d [term 5 FOLLOWER]: Raft consensus shutting down.
I20260710 13:24:04.389566 21766 raft_consensus.cc:2272] T 880bc8be14e74e98a6ea7639aa959e61 P de70002477df49519d6870482ecfc19d [term 5 FOLLOWER]: Raft consensus is shut down!
I20260710 13:24:04.391456 21766 tablet_replica.cc:333] T c4206e87dc1742acb6d08e4e7d0167ff P de70002477df49519d6870482ecfc19d: stopping tablet replica
I20260710 13:24:04.391949 21766 raft_consensus.cc:2243] T c4206e87dc1742acb6d08e4e7d0167ff P de70002477df49519d6870482ecfc19d [term 2 FOLLOWER]: Raft consensus shutting down.
I20260710 13:24:04.392344 21766 raft_consensus.cc:2272] T c4206e87dc1742acb6d08e4e7d0167ff P de70002477df49519d6870482ecfc19d [term 2 FOLLOWER]: Raft consensus is shut down!
I20260710 13:24:04.394019 21766 tablet_replica.cc:333] T 1cd8d22cb6984ec2a66ba3dc24d293ad P de70002477df49519d6870482ecfc19d: stopping tablet replica
I20260710 13:24:04.394483 21766 raft_consensus.cc:2243] T 1cd8d22cb6984ec2a66ba3dc24d293ad P de70002477df49519d6870482ecfc19d [term 2 LEADER]: Raft consensus shutting down.
I20260710 13:24:04.395167 21766 raft_consensus.cc:2272] T 1cd8d22cb6984ec2a66ba3dc24d293ad P de70002477df49519d6870482ecfc19d [term 2 FOLLOWER]: Raft consensus is shut down!
I20260710 13:24:04.396692 21766 tablet_replica.cc:333] T 73665011f4314c98a8e4a4d419b5270e P de70002477df49519d6870482ecfc19d: stopping tablet replica
I20260710 13:24:04.397140 21766 raft_consensus.cc:2243] T 73665011f4314c98a8e4a4d419b5270e P de70002477df49519d6870482ecfc19d [term 4 FOLLOWER]: Raft consensus shutting down.
I20260710 13:24:04.397516 21766 raft_consensus.cc:2272] T 73665011f4314c98a8e4a4d419b5270e P de70002477df49519d6870482ecfc19d [term 4 FOLLOWER]: Raft consensus is shut down!
I20260710 13:24:04.399432 21766 tablet_replica.cc:333] T 947b3907c03c4253abcb177a98bce1ed P de70002477df49519d6870482ecfc19d: stopping tablet replica
I20260710 13:24:04.399921 21766 raft_consensus.cc:2243] T 947b3907c03c4253abcb177a98bce1ed P de70002477df49519d6870482ecfc19d [term 4 LEADER]: Raft consensus shutting down.
I20260710 13:24:04.400579 21766 raft_consensus.cc:2272] T 947b3907c03c4253abcb177a98bce1ed P de70002477df49519d6870482ecfc19d [term 4 FOLLOWER]: Raft consensus is shut down!
I20260710 13:24:04.402047 21766 tablet_replica.cc:333] T ef5c3b85a9f14982a53a40ff77ac44a1 P de70002477df49519d6870482ecfc19d: stopping tablet replica
I20260710 13:24:04.402505 21766 raft_consensus.cc:2243] T ef5c3b85a9f14982a53a40ff77ac44a1 P de70002477df49519d6870482ecfc19d [term 2 LEADER]: Raft consensus shutting down.
I20260710 13:24:04.403252 21766 raft_consensus.cc:2272] T ef5c3b85a9f14982a53a40ff77ac44a1 P de70002477df49519d6870482ecfc19d [term 2 FOLLOWER]: Raft consensus is shut down!
I20260710 13:24:04.404753 21766 tablet_replica.cc:333] T e7f5274f7d3e4ce9b31ca9573b8dac67 P de70002477df49519d6870482ecfc19d: stopping tablet replica
I20260710 13:24:04.405222 21766 raft_consensus.cc:2243] T e7f5274f7d3e4ce9b31ca9573b8dac67 P de70002477df49519d6870482ecfc19d [term 1 FOLLOWER]: Raft consensus shutting down.
I20260710 13:24:04.405586 21766 raft_consensus.cc:2272] T e7f5274f7d3e4ce9b31ca9573b8dac67 P de70002477df49519d6870482ecfc19d [term 1 FOLLOWER]: Raft consensus is shut down!
I20260710 13:24:04.407207 21766 tablet_replica.cc:333] T f5416d871df24242957579ba8fa3fa42 P de70002477df49519d6870482ecfc19d: stopping tablet replica
I20260710 13:24:04.407630 21766 raft_consensus.cc:2243] T f5416d871df24242957579ba8fa3fa42 P de70002477df49519d6870482ecfc19d [term 1 LEADER]: Raft consensus shutting down.
I20260710 13:24:04.408308 21766 raft_consensus.cc:2272] T f5416d871df24242957579ba8fa3fa42 P de70002477df49519d6870482ecfc19d [term 1 FOLLOWER]: Raft consensus is shut down!
I20260710 13:24:04.436468 21766 tablet_server.cc:196] TabletServer@127.21.65.129:0 shutdown complete.
I20260710 13:24:04.455631 21766 tablet_server.cc:179] TabletServer@127.21.65.130:0 shutting down...
W20260710 13:24:04.477861 22543 consensus_peers.cc:597] T b8e25155cbeb4e18be2b024320f06cd6 P 810b3b0a6b37458ea2d960a7d6050612 -> Peer 0c3cc068b39c4f25aba3bdafaebba959 (127.21.65.130:34021): Couldn't send request to peer 0c3cc068b39c4f25aba3bdafaebba959. Status: Remote error: Service unavailable: service kudu.consensus.ConsensusService not registered on TabletServer. This is attempt 1: this message will repeat every 5th retry.
I20260710 13:24:04.480091 21766 ts_tablet_manager.cc:1507] Shutting down tablet manager...
I20260710 13:24:04.480836 21766 tablet_replica.cc:333] T b8e25155cbeb4e18be2b024320f06cd6 P 0c3cc068b39c4f25aba3bdafaebba959: stopping tablet replica
I20260710 13:24:04.481487 21766 raft_consensus.cc:2243] T b8e25155cbeb4e18be2b024320f06cd6 P 0c3cc068b39c4f25aba3bdafaebba959 [term 4 FOLLOWER]: Raft consensus shutting down.
I20260710 13:24:04.481987 21766 raft_consensus.cc:2272] T b8e25155cbeb4e18be2b024320f06cd6 P 0c3cc068b39c4f25aba3bdafaebba959 [term 4 FOLLOWER]: Raft consensus is shut down!
I20260710 13:24:04.484601 21766 tablet_replica.cc:333] T f5416d871df24242957579ba8fa3fa42 P 0c3cc068b39c4f25aba3bdafaebba959: stopping tablet replica
I20260710 13:24:04.485234 21766 raft_consensus.cc:2243] T f5416d871df24242957579ba8fa3fa42 P 0c3cc068b39c4f25aba3bdafaebba959 [term 1 FOLLOWER]: Raft consensus shutting down.
I20260710 13:24:04.485735 21766 raft_consensus.cc:2272] T f5416d871df24242957579ba8fa3fa42 P 0c3cc068b39c4f25aba3bdafaebba959 [term 1 FOLLOWER]: Raft consensus is shut down!
I20260710 13:24:04.487996 21766 tablet_replica.cc:333] T c4206e87dc1742acb6d08e4e7d0167ff P 0c3cc068b39c4f25aba3bdafaebba959: stopping tablet replica
I20260710 13:24:04.488610 21766 raft_consensus.cc:2243] T c4206e87dc1742acb6d08e4e7d0167ff P 0c3cc068b39c4f25aba3bdafaebba959 [term 2 LEADER]: Raft consensus shutting down.
I20260710 13:24:04.489377 21766 raft_consensus.cc:2272] T c4206e87dc1742acb6d08e4e7d0167ff P 0c3cc068b39c4f25aba3bdafaebba959 [term 2 FOLLOWER]: Raft consensus is shut down!
I20260710 13:24:04.491183 21766 tablet_replica.cc:333] T 947b3907c03c4253abcb177a98bce1ed P 0c3cc068b39c4f25aba3bdafaebba959: stopping tablet replica
I20260710 13:24:04.491766 21766 raft_consensus.cc:2243] T 947b3907c03c4253abcb177a98bce1ed P 0c3cc068b39c4f25aba3bdafaebba959 [term 4 FOLLOWER]: Raft consensus shutting down.
I20260710 13:24:04.492211 21766 raft_consensus.cc:2272] T 947b3907c03c4253abcb177a98bce1ed P 0c3cc068b39c4f25aba3bdafaebba959 [term 4 FOLLOWER]: Raft consensus is shut down!
I20260710 13:24:04.493908 21766 tablet_replica.cc:333] T 880bc8be14e74e98a6ea7639aa959e61 P 0c3cc068b39c4f25aba3bdafaebba959: stopping tablet replica
I20260710 13:24:04.494421 21766 raft_consensus.cc:2243] T 880bc8be14e74e98a6ea7639aa959e61 P 0c3cc068b39c4f25aba3bdafaebba959 [term 5 LEADER]: Raft consensus shutting down.
I20260710 13:24:04.495199 21766 raft_consensus.cc:2272] T 880bc8be14e74e98a6ea7639aa959e61 P 0c3cc068b39c4f25aba3bdafaebba959 [term 5 FOLLOWER]: Raft consensus is shut down!
I20260710 13:24:04.497143 21766 tablet_replica.cc:333] T 379338a9b1e5447d86ecf318b979a232 P 0c3cc068b39c4f25aba3bdafaebba959: stopping tablet replica
I20260710 13:24:04.497653 21766 raft_consensus.cc:2243] T 379338a9b1e5447d86ecf318b979a232 P 0c3cc068b39c4f25aba3bdafaebba959 [term 2 FOLLOWER]: Raft consensus shutting down.
I20260710 13:24:04.498070 21766 raft_consensus.cc:2272] T 379338a9b1e5447d86ecf318b979a232 P 0c3cc068b39c4f25aba3bdafaebba959 [term 2 FOLLOWER]: Raft consensus is shut down!
I20260710 13:24:04.500053 21766 tablet_replica.cc:333] T 73665011f4314c98a8e4a4d419b5270e P 0c3cc068b39c4f25aba3bdafaebba959: stopping tablet replica
I20260710 13:24:04.500566 21766 raft_consensus.cc:2243] T 73665011f4314c98a8e4a4d419b5270e P 0c3cc068b39c4f25aba3bdafaebba959 [term 4 LEADER]: Raft consensus shutting down.
I20260710 13:24:04.501288 21766 raft_consensus.cc:2272] T 73665011f4314c98a8e4a4d419b5270e P 0c3cc068b39c4f25aba3bdafaebba959 [term 4 FOLLOWER]: Raft consensus is shut down!
I20260710 13:24:04.503366 21766 tablet_replica.cc:333] T 1cd8d22cb6984ec2a66ba3dc24d293ad P 0c3cc068b39c4f25aba3bdafaebba959: stopping tablet replica
I20260710 13:24:04.503894 21766 raft_consensus.cc:2243] T 1cd8d22cb6984ec2a66ba3dc24d293ad P 0c3cc068b39c4f25aba3bdafaebba959 [term 2 FOLLOWER]: Raft consensus shutting down.
I20260710 13:24:04.504302 21766 raft_consensus.cc:2272] T 1cd8d22cb6984ec2a66ba3dc24d293ad P 0c3cc068b39c4f25aba3bdafaebba959 [term 2 FOLLOWER]: Raft consensus is shut down!
I20260710 13:24:04.505923 21766 tablet_replica.cc:333] T e7f5274f7d3e4ce9b31ca9573b8dac67 P 0c3cc068b39c4f25aba3bdafaebba959: stopping tablet replica
I20260710 13:24:04.506393 21766 raft_consensus.cc:2243] T e7f5274f7d3e4ce9b31ca9573b8dac67 P 0c3cc068b39c4f25aba3bdafaebba959 [term 1 FOLLOWER]: Raft consensus shutting down.
I20260710 13:24:04.506850 21766 raft_consensus.cc:2272] T e7f5274f7d3e4ce9b31ca9573b8dac67 P 0c3cc068b39c4f25aba3bdafaebba959 [term 1 FOLLOWER]: Raft consensus is shut down!
I20260710 13:24:04.508567 21766 tablet_replica.cc:333] T ef5c3b85a9f14982a53a40ff77ac44a1 P 0c3cc068b39c4f25aba3bdafaebba959: stopping tablet replica
I20260710 13:24:04.509042 21766 raft_consensus.cc:2243] T ef5c3b85a9f14982a53a40ff77ac44a1 P 0c3cc068b39c4f25aba3bdafaebba959 [term 2 FOLLOWER]: Raft consensus shutting down.
I20260710 13:24:04.509514 21766 raft_consensus.cc:2272] T ef5c3b85a9f14982a53a40ff77ac44a1 P 0c3cc068b39c4f25aba3bdafaebba959 [term 2 FOLLOWER]: Raft consensus is shut down!
I20260710 13:24:04.538967 21766 tablet_server.cc:196] TabletServer@127.21.65.130:0 shutdown complete.
W20260710 13:24:04.557608 22544 consensus_peers.cc:597] T b8e25155cbeb4e18be2b024320f06cd6 P 810b3b0a6b37458ea2d960a7d6050612 -> Peer de70002477df49519d6870482ecfc19d (127.21.65.129:42081): Couldn't send request to peer de70002477df49519d6870482ecfc19d. Status: Network error: Client connection negotiation failed: client connection to 127.21.65.129:42081: connect: Connection refused (error 111). This is attempt 1: this message will repeat every 5th retry.
I20260710 13:24:04.560230 21766 tablet_server.cc:179] TabletServer@127.21.65.131:0 shutting down...
W20260710 13:24:04.583743 22543 consensus_peers.cc:597] T e7f5274f7d3e4ce9b31ca9573b8dac67 P 810b3b0a6b37458ea2d960a7d6050612 -> Peer 0c3cc068b39c4f25aba3bdafaebba959 (127.21.65.130:34021): Couldn't send request to peer 0c3cc068b39c4f25aba3bdafaebba959. Status: Network error: Client connection negotiation failed: client connection to 127.21.65.130:34021: connect: Connection refused (error 111). This is attempt 1: this message will repeat every 5th retry.
I20260710 13:24:04.591804 21766 ts_tablet_manager.cc:1507] Shutting down tablet manager...
I20260710 13:24:04.592507 21766 tablet_replica.cc:333] T b8e25155cbeb4e18be2b024320f06cd6 P 810b3b0a6b37458ea2d960a7d6050612: stopping tablet replica
I20260710 13:24:04.593163 21766 raft_consensus.cc:2243] T b8e25155cbeb4e18be2b024320f06cd6 P 810b3b0a6b37458ea2d960a7d6050612 [term 4 LEADER]: Raft consensus shutting down.
I20260710 13:24:04.594058 21766 raft_consensus.cc:2272] T b8e25155cbeb4e18be2b024320f06cd6 P 810b3b0a6b37458ea2d960a7d6050612 [term 4 FOLLOWER]: Raft consensus is shut down!
I20260710 13:24:04.596086 21766 tablet_replica.cc:333] T 73665011f4314c98a8e4a4d419b5270e P 810b3b0a6b37458ea2d960a7d6050612: stopping tablet replica
I20260710 13:24:04.596648 21766 raft_consensus.cc:2243] T 73665011f4314c98a8e4a4d419b5270e P 810b3b0a6b37458ea2d960a7d6050612 [term 4 FOLLOWER]: Raft consensus shutting down.
I20260710 13:24:04.597095 21766 raft_consensus.cc:2272] T 73665011f4314c98a8e4a4d419b5270e P 810b3b0a6b37458ea2d960a7d6050612 [term 4 FOLLOWER]: Raft consensus is shut down!
I20260710 13:24:04.599393 21766 tablet_replica.cc:333] T 1cd8d22cb6984ec2a66ba3dc24d293ad P 810b3b0a6b37458ea2d960a7d6050612: stopping tablet replica
I20260710 13:24:04.599934 21766 raft_consensus.cc:2243] T 1cd8d22cb6984ec2a66ba3dc24d293ad P 810b3b0a6b37458ea2d960a7d6050612 [term 2 FOLLOWER]: Raft consensus shutting down.
I20260710 13:24:04.600347 21766 raft_consensus.cc:2272] T 1cd8d22cb6984ec2a66ba3dc24d293ad P 810b3b0a6b37458ea2d960a7d6050612 [term 2 FOLLOWER]: Raft consensus is shut down!
I20260710 13:24:04.601927 21766 tablet_replica.cc:333] T 379338a9b1e5447d86ecf318b979a232 P 810b3b0a6b37458ea2d960a7d6050612: stopping tablet replica
I20260710 13:24:04.602425 21766 raft_consensus.cc:2243] T 379338a9b1e5447d86ecf318b979a232 P 810b3b0a6b37458ea2d960a7d6050612 [term 2 LEADER]: Raft consensus shutting down.
I20260710 13:24:04.603171 21766 raft_consensus.cc:2272] T 379338a9b1e5447d86ecf318b979a232 P 810b3b0a6b37458ea2d960a7d6050612 [term 2 FOLLOWER]: Raft consensus is shut down!
I20260710 13:24:04.604972 21766 tablet_replica.cc:333] T 880bc8be14e74e98a6ea7639aa959e61 P 810b3b0a6b37458ea2d960a7d6050612: stopping tablet replica
I20260710 13:24:04.605508 21766 raft_consensus.cc:2243] T 880bc8be14e74e98a6ea7639aa959e61 P 810b3b0a6b37458ea2d960a7d6050612 [term 5 FOLLOWER]: Raft consensus shutting down.
I20260710 13:24:04.605944 21766 raft_consensus.cc:2272] T 880bc8be14e74e98a6ea7639aa959e61 P 810b3b0a6b37458ea2d960a7d6050612 [term 5 FOLLOWER]: Raft consensus is shut down!
I20260710 13:24:04.608072 21766 tablet_replica.cc:333] T f5416d871df24242957579ba8fa3fa42 P 810b3b0a6b37458ea2d960a7d6050612: stopping tablet replica
I20260710 13:24:04.608824 21766 raft_consensus.cc:2243] T f5416d871df24242957579ba8fa3fa42 P 810b3b0a6b37458ea2d960a7d6050612 [term 1 FOLLOWER]: Raft consensus shutting down.
I20260710 13:24:04.609303 21766 raft_consensus.cc:2272] T f5416d871df24242957579ba8fa3fa42 P 810b3b0a6b37458ea2d960a7d6050612 [term 1 FOLLOWER]: Raft consensus is shut down!
I20260710 13:24:04.611615 21766 tablet_replica.cc:333] T e7f5274f7d3e4ce9b31ca9573b8dac67 P 810b3b0a6b37458ea2d960a7d6050612: stopping tablet replica
I20260710 13:24:04.612076 21766 raft_consensus.cc:2243] T e7f5274f7d3e4ce9b31ca9573b8dac67 P 810b3b0a6b37458ea2d960a7d6050612 [term 1 LEADER]: Raft consensus shutting down.
I20260710 13:24:04.612746 21766 raft_consensus.cc:2272] T e7f5274f7d3e4ce9b31ca9573b8dac67 P 810b3b0a6b37458ea2d960a7d6050612 [term 1 FOLLOWER]: Raft consensus is shut down!
I20260710 13:24:04.614467 21766 tablet_replica.cc:333] T ef5c3b85a9f14982a53a40ff77ac44a1 P 810b3b0a6b37458ea2d960a7d6050612: stopping tablet replica
I20260710 13:24:04.615002 21766 raft_consensus.cc:2243] T ef5c3b85a9f14982a53a40ff77ac44a1 P 810b3b0a6b37458ea2d960a7d6050612 [term 2 FOLLOWER]: Raft consensus shutting down.
I20260710 13:24:04.615360 21766 raft_consensus.cc:2272] T ef5c3b85a9f14982a53a40ff77ac44a1 P 810b3b0a6b37458ea2d960a7d6050612 [term 2 FOLLOWER]: Raft consensus is shut down!
I20260710 13:24:04.616974 21766 tablet_replica.cc:333] T c4206e87dc1742acb6d08e4e7d0167ff P 810b3b0a6b37458ea2d960a7d6050612: stopping tablet replica
I20260710 13:24:04.617399 21766 raft_consensus.cc:2243] T c4206e87dc1742acb6d08e4e7d0167ff P 810b3b0a6b37458ea2d960a7d6050612 [term 2 FOLLOWER]: Raft consensus shutting down.
I20260710 13:24:04.617750 21766 raft_consensus.cc:2272] T c4206e87dc1742acb6d08e4e7d0167ff P 810b3b0a6b37458ea2d960a7d6050612 [term 2 FOLLOWER]: Raft consensus is shut down!
I20260710 13:24:04.619349 21766 tablet_replica.cc:333] T 947b3907c03c4253abcb177a98bce1ed P 810b3b0a6b37458ea2d960a7d6050612: stopping tablet replica
I20260710 13:24:04.619747 21766 raft_consensus.cc:2243] T 947b3907c03c4253abcb177a98bce1ed P 810b3b0a6b37458ea2d960a7d6050612 [term 4 FOLLOWER]: Raft consensus shutting down.
I20260710 13:24:04.620098 21766 raft_consensus.cc:2272] T 947b3907c03c4253abcb177a98bce1ed P 810b3b0a6b37458ea2d960a7d6050612 [term 4 FOLLOWER]: Raft consensus is shut down!
I20260710 13:24:04.647516 21766 tablet_server.cc:196] TabletServer@127.21.65.131:0 shutdown complete.
I20260710 13:24:04.666339 21766 master.cc:562] Master@127.21.65.190:43135 shutting down...
I20260710 13:24:04.686568 21766 raft_consensus.cc:2243] T 00000000000000000000000000000000 P 62ba2bf5ed35483d82788ef92f373114 [term 1 LEADER]: Raft consensus shutting down.
I20260710 13:24:04.687156 21766 raft_consensus.cc:2272] T 00000000000000000000000000000000 P 62ba2bf5ed35483d82788ef92f373114 [term 1 FOLLOWER]: Raft consensus is shut down!
I20260710 13:24:04.687493 21766 tablet_replica.cc:333] T 00000000000000000000000000000000 P 62ba2bf5ed35483d82788ef92f373114: stopping tablet replica
I20260710 13:24:04.707185 21766 master.cc:584] Master@127.21.65.190:43135 shutdown complete.
0c3cc068b39c4f25aba3bdafaebba959  4
810b3b0a6b37458ea2d960a7d6050612  1
de70002477df49519d6870482ecfc19d  5
[       OK ] LeaderRebalancerTest.FunctionalTestForNotDivided (10482 ms)
[ RUN      ] LeaderRebalancerTest.AddTserver
I20260710 13:24:04.750456 21766 internal_mini_cluster.cc:156] Creating distributed mini masters. Addrs: 127.21.65.190:45657
I20260710 13:24:04.751610 21766 file_cache.cc:504] Constructed file cache file cache with capacity 419430
W20260710 13:24:04.757256 22787 instance_detector.cc:116] could not retrieve AWS instance metadata: Network error: curl error: HTTP response code said error: The requested URL returned error: 404
W20260710 13:24:04.757448 22788 instance_detector.cc:116] could not retrieve Azure instance metadata: Network error: curl error: HTTP response code said error: The requested URL returned error: 404
W20260710 13:24:04.758404 22790 instance_detector.cc:116] could not retrieve OpenStack instance metadata: Network error: curl error: HTTP response code said error: The requested URL returned error: 404
I20260710 13:24:04.759725 21766 server_base.cc:1061] running on GCE node
I20260710 13:24:04.761241 21766 hybrid_clock.cc:584] initializing the hybrid clock with 'system_unsync' time source
W20260710 13:24:04.761433 21766 system_unsync_time.cc:38] NTP support is disabled. Clock error bounds will not be accurate. This configuration is not suitable for distributed clusters.
I20260710 13:24:04.761547 21766 hybrid_clock.cc:648] HybridClock initialized: now 1783689844761536 us; error 0 us; skew 500 ppm
I20260710 13:24:04.762009 21766 server_base.cc:861] Flag tcmalloc_max_total_thread_cache_bytes is not working since tcmalloc is not enabled.
I20260710 13:24:04.764407 21766 webserver.cc:533] Webserver started at http://127.21.65.190:34727/ using document root <none> and password file <none>
I20260710 13:24:04.764834 21766 fs_manager.cc:362] Metadata directory not provided
I20260710 13:24:04.764986 21766 fs_manager.cc:368] Using write-ahead log directory (fs_wal_dir) as metadata directory
I20260710 13:24:04.765223 21766 server_base.cc:909] This appears to be a new deployment of Kudu; creating new FS layout
I20260710 13:24:04.766252 21766 fs_manager.cc:1068] Generated new instance metadata in path /tmp/dist-test-task1Q2jij/test-tmp/auto_leader_rebalancer-test.0.LeaderRebalancerTest.AddTserver.1783689819439748-21766-0/minicluster-data/master-0-root/instance:
uuid: "b444bb3b5fa34ed987a95db3eeb71918"
format_stamp: "Formatted at 2026-07-10 13:24:04 on dist-test-slave-fvrf"
I20260710 13:24:04.770764 21766 fs_manager.cc:696] Time spent creating directory manager: real 0.004s	user 0.001s	sys 0.003s
I20260710 13:24:04.774199 22795 log_block_manager.cc:4127] Time spent loading block containers with low live blocks: real 0.000s	user 0.000s	sys 0.000s
I20260710 13:24:04.775063 21766 fs_manager.cc:730] Time spent opening block manager: real 0.002s	user 0.000s	sys 0.003s
I20260710 13:24:04.775394 21766 fs_manager.cc:647] Opened local filesystem: /tmp/dist-test-task1Q2jij/test-tmp/auto_leader_rebalancer-test.0.LeaderRebalancerTest.AddTserver.1783689819439748-21766-0/minicluster-data/master-0-root
uuid: "b444bb3b5fa34ed987a95db3eeb71918"
format_stamp: "Formatted at 2026-07-10 13:24:04 on dist-test-slave-fvrf"
I20260710 13:24:04.775667 21766 fs_report.cc:389] FS layout report
--------------------
wal directory: /tmp/dist-test-task1Q2jij/test-tmp/auto_leader_rebalancer-test.0.LeaderRebalancerTest.AddTserver.1783689819439748-21766-0/minicluster-data/master-0-root
metadata directory: /tmp/dist-test-task1Q2jij/test-tmp/auto_leader_rebalancer-test.0.LeaderRebalancerTest.AddTserver.1783689819439748-21766-0/minicluster-data/master-0-root
1 data directories: /tmp/dist-test-task1Q2jij/test-tmp/auto_leader_rebalancer-test.0.LeaderRebalancerTest.AddTserver.1783689819439748-21766-0/minicluster-data/master-0-root/data
Total live blocks: 0
Total live bytes: 0
Total live bytes (after alignment): 0
Total number of LBM containers: 0 (0 full)
Did not check for missing blocks
Did not check for orphaned blocks
Total full LBM containers with extra space: 0 (0 repaired)
Total full LBM container extra space in bytes: 0 (0 repaired)
Total incomplete LBM containers: 0 (0 repaired)
Total LBM partial records: 0 (0 repaired)
Total corrupted LBM metadata records in RocksDB: 0 (0 repaired)
I20260710 13:24:04.784616 21766 rpc_server.cc:225] running with OpenSSL 1.1.1  11 Sep 2018
I20260710 13:24:04.785888 21766 kserver.cc:163] Server-wide thread pool size limit: 3276
I20260710 13:24:04.826030 21766 rpc_server.cc:307] RPC server started. Bound to: 127.21.65.190:45657
I20260710 13:24:04.826116 22846 acceptor_pool.cc:272] collecting diagnostics on the listening RPC socket 127.21.65.190:45657 every 8 connection(s)
I20260710 13:24:04.830024 22847 data_dirs.cc:400] Could only allocate 1 dirs of requested 3 for tablet 00000000000000000000000000000000. 1 dirs total, 0 dirs full, 0 dirs failed
I20260710 13:24:04.839171 22847 tablet_bootstrap.cc:492] T 00000000000000000000000000000000 P b444bb3b5fa34ed987a95db3eeb71918: Bootstrap starting.
I20260710 13:24:04.843478 22847 tablet_bootstrap.cc:654] T 00000000000000000000000000000000 P b444bb3b5fa34ed987a95db3eeb71918: Neither blocks nor log segments found. Creating new log.
I20260710 13:24:04.847635 22847 tablet_bootstrap.cc:492] T 00000000000000000000000000000000 P b444bb3b5fa34ed987a95db3eeb71918: No bootstrap required, opened a new log
I20260710 13:24:04.849570 22847 raft_consensus.cc:359] T 00000000000000000000000000000000 P b444bb3b5fa34ed987a95db3eeb71918 [term 0 FOLLOWER]: Replica starting. Triggering 0 pending ops. Active config: opid_index: -1 OBSOLETE_local: true peers { permanent_uuid: "b444bb3b5fa34ed987a95db3eeb71918" member_type: VOTER }
I20260710 13:24:04.849922 22847 raft_consensus.cc:385] T 00000000000000000000000000000000 P b444bb3b5fa34ed987a95db3eeb71918 [term 0 FOLLOWER]: Consensus starting up: Expiring failure detector timer to make a prompt election more likely
I20260710 13:24:04.850107 22847 raft_consensus.cc:740] T 00000000000000000000000000000000 P b444bb3b5fa34ed987a95db3eeb71918 [term 0 FOLLOWER]: Becoming Follower/Learner. State: Replica: b444bb3b5fa34ed987a95db3eeb71918, State: Initialized, Role: FOLLOWER
I20260710 13:24:04.850652 22847 consensus_queue.cc:260] T 00000000000000000000000000000000 P b444bb3b5fa34ed987a95db3eeb71918 [NON_LEADER]: Queue going to NON_LEADER mode. State: All replicated index: 0, Majority replicated index: 0, Committed index: 0, Last appended: 0.0, Last appended by leader: 0, Current term: 0, Majority size: -1, State: 0, Mode: NON_LEADER, active raft config: opid_index: -1 OBSOLETE_local: true peers { permanent_uuid: "b444bb3b5fa34ed987a95db3eeb71918" member_type: VOTER }
I20260710 13:24:04.851085 22847 raft_consensus.cc:399] T 00000000000000000000000000000000 P b444bb3b5fa34ed987a95db3eeb71918 [term 0 FOLLOWER]: Only one voter in the Raft config. Triggering election immediately
I20260710 13:24:04.851272 22847 raft_consensus.cc:493] T 00000000000000000000000000000000 P b444bb3b5fa34ed987a95db3eeb71918 [term 0 FOLLOWER]: Starting leader election (initial election of a single-replica configuration)
I20260710 13:24:04.851470 22847 raft_consensus.cc:3060] T 00000000000000000000000000000000 P b444bb3b5fa34ed987a95db3eeb71918 [term 0 FOLLOWER]: Advancing to term 1
I20260710 13:24:04.855418 22847 raft_consensus.cc:515] T 00000000000000000000000000000000 P b444bb3b5fa34ed987a95db3eeb71918 [term 1 FOLLOWER]: Starting leader election with config: opid_index: -1 OBSOLETE_local: true peers { permanent_uuid: "b444bb3b5fa34ed987a95db3eeb71918" member_type: VOTER }
I20260710 13:24:04.855870 22847 leader_election.cc:304] T 00000000000000000000000000000000 P b444bb3b5fa34ed987a95db3eeb71918 [CANDIDATE]: Term 1 election: Election decided. Result: candidate won. Election summary: received 1 responses out of 1 voters: 1 yes votes; 0 no votes. yes voters: b444bb3b5fa34ed987a95db3eeb71918; no voters: 
I20260710 13:24:04.856980 22847 leader_election.cc:290] T 00000000000000000000000000000000 P b444bb3b5fa34ed987a95db3eeb71918 [CANDIDATE]: Term 1 election: Requested vote from peers 
I20260710 13:24:04.857309 22850 raft_consensus.cc:2804] T 00000000000000000000000000000000 P b444bb3b5fa34ed987a95db3eeb71918 [term 1 FOLLOWER]: Leader election won for term 1
