I20260710 13:24:00.862143 23244 tablet_bootstrap.cc:492] T a59226e27a38420a9e9088a6471b1334 P 8306fc78d42547d6abce7c695407728b: No bootstrap required, opened a new log
I20260710 13:24:00.862613 23244 ts_tablet_manager.cc:1403] T a59226e27a38420a9e9088a6471b1334 P 8306fc78d42547d6abce7c695407728b: Time spent bootstrapping tablet: real 0.089s	user 0.006s	sys 0.008s
I20260710 13:24:00.862705 23197 tablet_service.cc:1917] Received RequestConsensusVote() RPC: tablet_id: "fe245ef83fa7435d9cd10952a191c686" candidate_uuid: "46f90fb840d54972a3cce3516b670f6d" candidate_term: 1 candidate_status { last_received { term: 0 index: 0 } } ignore_live_leader: false dest_uuid: "8306fc78d42547d6abce7c695407728b" is_pre_election: true
W20260710 13:24:00.864090 23014 leader_election.cc:343] T fe245ef83fa7435d9cd10952a191c686 P 46f90fb840d54972a3cce3516b670f6d [CANDIDATE]: Term 1 pre-election: Tablet error from VoteRequest() call to peer 8306fc78d42547d6abce7c695407728b (127.21.87.67:41597): Illegal state: must be running to vote when last-logged opid is not known
W20260710 13:24:00.865154 23011 leader_election.cc:343] T fe245ef83fa7435d9cd10952a191c686 P 46f90fb840d54972a3cce3516b670f6d [CANDIDATE]: Term 1 pre-election: Tablet error from VoteRequest() call to peer 99f19ce112c04731bc751de58aff1415 (127.21.87.66:41941): Illegal state: must be running to vote when last-logged opid is not known
I20260710 13:24:00.865587 23011 leader_election.cc:304] T fe245ef83fa7435d9cd10952a191c686 P 46f90fb840d54972a3cce3516b670f6d [CANDIDATE]: Term 1 pre-election: Election decided. Result: candidate lost. Election summary: received 3 responses out of 3 voters: 1 yes votes; 2 no votes. yes voters: 46f90fb840d54972a3cce3516b670f6d; no voters: 8306fc78d42547d6abce7c695407728b, 99f19ce112c04731bc751de58aff1415
I20260710 13:24:00.865495 23244 raft_consensus.cc:359] T a59226e27a38420a9e9088a6471b1334 P 8306fc78d42547d6abce7c695407728b [term 0 FOLLOWER]: Replica starting. Triggering 0 pending ops. Active config: opid_index: -1 OBSOLETE_local: false peers { permanent_uuid: "46f90fb840d54972a3cce3516b670f6d" member_type: VOTER last_known_addr { host: "127.21.87.65" port: 32935 } } peers { permanent_uuid: "99f19ce112c04731bc751de58aff1415" member_type: VOTER last_known_addr { host: "127.21.87.66" port: 41941 } } peers { permanent_uuid: "8306fc78d42547d6abce7c695407728b" member_type: VOTER last_known_addr { host: "127.21.87.67" port: 41597 } }
I20260710 13:24:00.866293 23244 raft_consensus.cc:385] T a59226e27a38420a9e9088a6471b1334 P 8306fc78d42547d6abce7c695407728b [term 0 FOLLOWER]: Consensus starting up: Expiring failure detector timer to make a prompt election more likely
I20260710 13:24:00.866633 23244 raft_consensus.cc:740] T a59226e27a38420a9e9088a6471b1334 P 8306fc78d42547d6abce7c695407728b [term 0 FOLLOWER]: Becoming Follower/Learner. State: Replica: 8306fc78d42547d6abce7c695407728b, State: Initialized, Role: FOLLOWER
I20260710 13:24:00.866777 23239 raft_consensus.cc:2749] T fe245ef83fa7435d9cd10952a191c686 P 46f90fb840d54972a3cce3516b670f6d [term 0 FOLLOWER]: Leader pre-election lost for term 1. Reason: could not achieve majority
I20260710 13:24:00.867529 23179 tablet_service.cc:1511] Processing CreateTablet for tablet cd5e09c777674510af7a4781579ac14c (DEFAULT_TABLE table=test-workload [id=5bfe476c13d0424db51ab42f938a7a2c]), partition=RANGE (key) PARTITION 1879048185 <= VALUES < 1968526670
I20260710 13:24:00.868386 23106 tablet_service.cc:1511] Processing CreateTablet for tablet 9082761fa02a4291ba67e09df24e13da (DEFAULT_TABLE table=test-workload [id=5bfe476c13d0424db51ab42f938a7a2c]), partition=RANGE (key) PARTITION 1968526670 <= VALUES < 2058005155
I20260710 13:24:00.869912 23179 data_dirs.cc:400] Could only allocate 1 dirs of requested 3 for tablet cd5e09c777674510af7a4781579ac14c. 1 dirs total, 0 dirs full, 0 dirs failed
I20260710 13:24:00.869938 23106 data_dirs.cc:400] Could only allocate 1 dirs of requested 3 for tablet 9082761fa02a4291ba67e09df24e13da. 1 dirs total, 0 dirs full, 0 dirs failed
I20260710 13:24:00.871883 23187 tablet_service.cc:1511] Processing CreateTablet for tablet 59202002df1e4cc992d67190b1ecc2a1 (DEFAULT_TABLE table=test-workload [id=5bfe476c13d0424db51ab42f938a7a2c]), partition=RANGE (key) PARTITION 2058005155 <= VALUES
I20260710 13:24:00.877060 23109 tablet_service.cc:1511] Processing CreateTablet for tablet 59202002df1e4cc992d67190b1ecc2a1 (DEFAULT_TABLE table=test-workload [id=5bfe476c13d0424db51ab42f938a7a2c]), partition=RANGE (key) PARTITION 2058005155 <= VALUES
I20260710 13:24:00.871263 23186 tablet_service.cc:1511] Processing CreateTablet for tablet 9082761fa02a4291ba67e09df24e13da (DEFAULT_TABLE table=test-workload [id=5bfe476c13d0424db51ab42f938a7a2c]), partition=RANGE (key) PARTITION 1968526670 <= VALUES < 2058005155
I20260710 13:24:00.868993 23237 tablet_bootstrap.cc:654] T 65ce3b3093924ed9bc44e87b13eb351e P 46f90fb840d54972a3cce3516b670f6d: Neither blocks nor log segments found. Creating new log.
I20260710 13:24:00.878319 23109 data_dirs.cc:400] Could only allocate 1 dirs of requested 3 for tablet 59202002df1e4cc992d67190b1ecc2a1. 1 dirs total, 0 dirs full, 0 dirs failed
I20260710 13:24:00.884269 23186 data_dirs.cc:400] Could only allocate 1 dirs of requested 3 for tablet 9082761fa02a4291ba67e09df24e13da. 1 dirs total, 0 dirs full, 0 dirs failed
I20260710 13:24:00.884964 23243 tablet_bootstrap.cc:492] T 65ce3b3093924ed9bc44e87b13eb351e P 99f19ce112c04731bc751de58aff1415: No bootstrap required, opened a new log
I20260710 13:24:00.885440 23243 ts_tablet_manager.cc:1403] T 65ce3b3093924ed9bc44e87b13eb351e P 99f19ce112c04731bc751de58aff1415: Time spent bootstrapping tablet: real 0.116s	user 0.013s	sys 0.009s
I20260710 13:24:00.888383 23243 raft_consensus.cc:359] T 65ce3b3093924ed9bc44e87b13eb351e P 99f19ce112c04731bc751de58aff1415 [term 0 FOLLOWER]: Replica starting. Triggering 0 pending ops. Active config: opid_index: -1 OBSOLETE_local: false peers { permanent_uuid: "46f90fb840d54972a3cce3516b670f6d" member_type: VOTER last_known_addr { host: "127.21.87.65" port: 32935 } } peers { permanent_uuid: "99f19ce112c04731bc751de58aff1415" member_type: VOTER last_known_addr { host: "127.21.87.66" port: 41941 } } peers { permanent_uuid: "8306fc78d42547d6abce7c695407728b" member_type: VOTER last_known_addr { host: "127.21.87.67" port: 41597 } }
W20260710 13:24:00.905213 22994 auto_rebalancer.cc:288] Could not retrieve cluster info: Service unavailable: Tablet not running
I20260710 13:24:00.881371 23244 consensus_queue.cc:260] T a59226e27a38420a9e9088a6471b1334 P 8306fc78d42547d6abce7c695407728b [NON_LEADER]: Queue going to NON_LEADER mode. State: All replicated index: 0, Majority replicated index: 0, Committed index: 0, Last appended: 0.0, Last appended by leader: 0, Current term: 0, Majority size: -1, State: 0, Mode: NON_LEADER, active raft config: opid_index: -1 OBSOLETE_local: false peers { permanent_uuid: "46f90fb840d54972a3cce3516b670f6d" member_type: VOTER last_known_addr { host: "127.21.87.65" port: 32935 } } peers { permanent_uuid: "99f19ce112c04731bc751de58aff1415" member_type: VOTER last_known_addr { host: "127.21.87.66" port: 41941 } } peers { permanent_uuid: "8306fc78d42547d6abce7c695407728b" member_type: VOTER last_known_addr { host: "127.21.87.67" port: 41597 } }
I20260710 13:24:00.920738 23187 data_dirs.cc:400] Could only allocate 1 dirs of requested 3 for tablet 59202002df1e4cc992d67190b1ecc2a1. 1 dirs total, 0 dirs full, 0 dirs failed
I20260710 13:24:00.922089 23243 raft_consensus.cc:385] T 65ce3b3093924ed9bc44e87b13eb351e P 99f19ce112c04731bc751de58aff1415 [term 0 FOLLOWER]: Consensus starting up: Expiring failure detector timer to make a prompt election more likely
I20260710 13:24:00.936929 23243 raft_consensus.cc:740] T 65ce3b3093924ed9bc44e87b13eb351e P 99f19ce112c04731bc751de58aff1415 [term 0 FOLLOWER]: Becoming Follower/Learner. State: Replica: 99f19ce112c04731bc751de58aff1415, State: Initialized, Role: FOLLOWER
I20260710 13:24:00.937891 23243 consensus_queue.cc:260] T 65ce3b3093924ed9bc44e87b13eb351e P 99f19ce112c04731bc751de58aff1415 [NON_LEADER]: Queue going to NON_LEADER mode. State: All replicated index: 0, Majority replicated index: 0, Committed index: 0, Last appended: 0.0, Last appended by leader: 0, Current term: 0, Majority size: -1, State: 0, Mode: NON_LEADER, active raft config: opid_index: -1 OBSOLETE_local: false peers { permanent_uuid: "46f90fb840d54972a3cce3516b670f6d" member_type: VOTER last_known_addr { host: "127.21.87.65" port: 32935 } } peers { permanent_uuid: "99f19ce112c04731bc751de58aff1415" member_type: VOTER last_known_addr { host: "127.21.87.66" port: 41941 } } peers { permanent_uuid: "8306fc78d42547d6abce7c695407728b" member_type: VOTER last_known_addr { host: "127.21.87.67" port: 41597 } }
I20260710 13:24:00.944905 23243 ts_tablet_manager.cc:1434] T 65ce3b3093924ed9bc44e87b13eb351e P 99f19ce112c04731bc751de58aff1415: Time spent starting tablet: real 0.059s	user 0.010s	sys 0.001s
I20260710 13:24:00.945855 23243 tablet_bootstrap.cc:492] T 6ae48b91f56e4ac69b88b2cc51b0d3e8 P 99f19ce112c04731bc751de58aff1415: Bootstrap starting.
I20260710 13:24:00.946471 23148 heartbeater.cc:499] Master 127.21.87.126:33807 was elected leader, sending a full tablet report...
I20260710 13:24:00.951881 23243 tablet_bootstrap.cc:654] T 6ae48b91f56e4ac69b88b2cc51b0d3e8 P 99f19ce112c04731bc751de58aff1415: Neither blocks nor log segments found. Creating new log.
I20260710 13:24:00.958587 23237 tablet_bootstrap.cc:492] T 65ce3b3093924ed9bc44e87b13eb351e P 46f90fb840d54972a3cce3516b670f6d: No bootstrap required, opened a new log
I20260710 13:24:00.959297 23237 ts_tablet_manager.cc:1403] T 65ce3b3093924ed9bc44e87b13eb351e P 46f90fb840d54972a3cce3516b670f6d: Time spent bootstrapping tablet: real 0.136s	user 0.018s	sys 0.024s
I20260710 13:24:00.964438 23237 raft_consensus.cc:359] T 65ce3b3093924ed9bc44e87b13eb351e P 46f90fb840d54972a3cce3516b670f6d [term 0 FOLLOWER]: Replica starting. Triggering 0 pending ops. Active config: opid_index: -1 OBSOLETE_local: false peers { permanent_uuid: "46f90fb840d54972a3cce3516b670f6d" member_type: VOTER last_known_addr { host: "127.21.87.65" port: 32935 } } peers { permanent_uuid: "99f19ce112c04731bc751de58aff1415" member_type: VOTER last_known_addr { host: "127.21.87.66" port: 41941 } } peers { permanent_uuid: "8306fc78d42547d6abce7c695407728b" member_type: VOTER last_known_addr { host: "127.21.87.67" port: 41597 } }
I20260710 13:24:00.965477 23237 raft_consensus.cc:385] T 65ce3b3093924ed9bc44e87b13eb351e P 46f90fb840d54972a3cce3516b670f6d [term 0 FOLLOWER]: Consensus starting up: Expiring failure detector timer to make a prompt election more likely
I20260710 13:24:00.965848 23237 raft_consensus.cc:740] T 65ce3b3093924ed9bc44e87b13eb351e P 46f90fb840d54972a3cce3516b670f6d [term 0 FOLLOWER]: Becoming Follower/Learner. State: Replica: 46f90fb840d54972a3cce3516b670f6d, State: Initialized, Role: FOLLOWER
I20260710 13:24:00.966779 23237 consensus_queue.cc:260] T 65ce3b3093924ed9bc44e87b13eb351e P 46f90fb840d54972a3cce3516b670f6d [NON_LEADER]: Queue going to NON_LEADER mode. State: All replicated index: 0, Majority replicated index: 0, Committed index: 0, Last appended: 0.0, Last appended by leader: 0, Current term: 0, Majority size: -1, State: 0, Mode: NON_LEADER, active raft config: opid_index: -1 OBSOLETE_local: false peers { permanent_uuid: "46f90fb840d54972a3cce3516b670f6d" member_type: VOTER last_known_addr { host: "127.21.87.65" port: 32935 } } peers { permanent_uuid: "99f19ce112c04731bc751de58aff1415" member_type: VOTER last_known_addr { host: "127.21.87.66" port: 41941 } } peers { permanent_uuid: "8306fc78d42547d6abce7c695407728b" member_type: VOTER last_known_addr { host: "127.21.87.67" port: 41597 } }
I20260710 13:24:00.973213 23244 ts_tablet_manager.cc:1434] T a59226e27a38420a9e9088a6471b1334 P 8306fc78d42547d6abce7c695407728b: Time spent starting tablet: real 0.110s	user 0.030s	sys 0.023s
I20260710 13:24:00.974238 23222 heartbeater.cc:499] Master 127.21.87.126:33807 was elected leader, sending a full tablet report...
I20260710 13:24:00.977429 23244 tablet_bootstrap.cc:492] T f634da34fd0648e89f427d5df62ba59f P 8306fc78d42547d6abce7c695407728b: Bootstrap starting.
I20260710 13:24:00.981573 23237 ts_tablet_manager.cc:1434] T 65ce3b3093924ed9bc44e87b13eb351e P 46f90fb840d54972a3cce3516b670f6d: Time spent starting tablet: real 0.022s	user 0.011s	sys 0.000s
I20260710 13:24:00.982712 23237 tablet_bootstrap.cc:492] T 6ae48b91f56e4ac69b88b2cc51b0d3e8 P 46f90fb840d54972a3cce3516b670f6d: Bootstrap starting.
I20260710 13:24:00.988909 23237 tablet_bootstrap.cc:654] T 6ae48b91f56e4ac69b88b2cc51b0d3e8 P 46f90fb840d54972a3cce3516b670f6d: Neither blocks nor log segments found. Creating new log.
I20260710 13:24:00.988915 23244 tablet_bootstrap.cc:654] T f634da34fd0648e89f427d5df62ba59f P 8306fc78d42547d6abce7c695407728b: Neither blocks nor log segments found. Creating new log.
I20260710 13:24:00.988986 23243 tablet_bootstrap.cc:492] T 6ae48b91f56e4ac69b88b2cc51b0d3e8 P 99f19ce112c04731bc751de58aff1415: No bootstrap required, opened a new log
I20260710 13:24:00.989758 23243 ts_tablet_manager.cc:1403] T 6ae48b91f56e4ac69b88b2cc51b0d3e8 P 99f19ce112c04731bc751de58aff1415: Time spent bootstrapping tablet: real 0.044s	user 0.015s	sys 0.021s
I20260710 13:24:00.993176 23243 raft_consensus.cc:359] T 6ae48b91f56e4ac69b88b2cc51b0d3e8 P 99f19ce112c04731bc751de58aff1415 [term 0 FOLLOWER]: Replica starting. Triggering 0 pending ops. Active config: opid_index: -1 OBSOLETE_local: false peers { permanent_uuid: "46f90fb840d54972a3cce3516b670f6d" member_type: VOTER last_known_addr { host: "127.21.87.65" port: 32935 } } peers { permanent_uuid: "99f19ce112c04731bc751de58aff1415" member_type: VOTER last_known_addr { host: "127.21.87.66" port: 41941 } } peers { permanent_uuid: "8306fc78d42547d6abce7c695407728b" member_type: VOTER last_known_addr { host: "127.21.87.67" port: 41597 } }
I20260710 13:24:00.994114 23243 raft_consensus.cc:385] T 6ae48b91f56e4ac69b88b2cc51b0d3e8 P 99f19ce112c04731bc751de58aff1415 [term 0 FOLLOWER]: Consensus starting up: Expiring failure detector timer to make a prompt election more likely
I20260710 13:24:00.994606 23243 raft_consensus.cc:740] T 6ae48b91f56e4ac69b88b2cc51b0d3e8 P 99f19ce112c04731bc751de58aff1415 [term 0 FOLLOWER]: Becoming Follower/Learner. State: Replica: 99f19ce112c04731bc751de58aff1415, State: Initialized, Role: FOLLOWER
I20260710 13:24:00.995728 23243 consensus_queue.cc:260] T 6ae48b91f56e4ac69b88b2cc51b0d3e8 P 99f19ce112c04731bc751de58aff1415 [NON_LEADER]: Queue going to NON_LEADER mode. State: All replicated index: 0, Majority replicated index: 0, Committed index: 0, Last appended: 0.0, Last appended by leader: 0, Current term: 0, Majority size: -1, State: 0, Mode: NON_LEADER, active raft config: opid_index: -1 OBSOLETE_local: false peers { permanent_uuid: "46f90fb840d54972a3cce3516b670f6d" member_type: VOTER last_known_addr { host: "127.21.87.65" port: 32935 } } peers { permanent_uuid: "99f19ce112c04731bc751de58aff1415" member_type: VOTER last_known_addr { host: "127.21.87.66" port: 41941 } } peers { permanent_uuid: "8306fc78d42547d6abce7c695407728b" member_type: VOTER last_known_addr { host: "127.21.87.67" port: 41597 } }
I20260710 13:24:00.999075 23243 ts_tablet_manager.cc:1434] T 6ae48b91f56e4ac69b88b2cc51b0d3e8 P 99f19ce112c04731bc751de58aff1415: Time spent starting tablet: real 0.009s	user 0.003s	sys 0.005s
I20260710 13:24:01.000254 23243 tablet_bootstrap.cc:492] T d37972d90ac64dd99586b4e48ebd7947 P 99f19ce112c04731bc751de58aff1415: Bootstrap starting.
I20260710 13:24:01.009049 23243 tablet_bootstrap.cc:654] T d37972d90ac64dd99586b4e48ebd7947 P 99f19ce112c04731bc751de58aff1415: Neither blocks nor log segments found. Creating new log.
I20260710 13:24:01.017606 23248 raft_consensus.cc:493] T a59226e27a38420a9e9088a6471b1334 P 8306fc78d42547d6abce7c695407728b [term 0 FOLLOWER]: Starting pre-election (no leader contacted us within the election timeout)
I20260710 13:24:01.018263 23248 raft_consensus.cc:515] T a59226e27a38420a9e9088a6471b1334 P 8306fc78d42547d6abce7c695407728b [term 0 FOLLOWER]: Starting pre-election with config: opid_index: -1 OBSOLETE_local: false peers { permanent_uuid: "46f90fb840d54972a3cce3516b670f6d" member_type: VOTER last_known_addr { host: "127.21.87.65" port: 32935 } } peers { permanent_uuid: "99f19ce112c04731bc751de58aff1415" member_type: VOTER last_known_addr { host: "127.21.87.66" port: 41941 } } peers { permanent_uuid: "8306fc78d42547d6abce7c695407728b" member_type: VOTER last_known_addr { host: "127.21.87.67" port: 41597 } }
I20260710 13:24:01.021128 23243 tablet_bootstrap.cc:492] T d37972d90ac64dd99586b4e48ebd7947 P 99f19ce112c04731bc751de58aff1415: No bootstrap required, opened a new log
I20260710 13:24:01.021641 23243 ts_tablet_manager.cc:1403] T d37972d90ac64dd99586b4e48ebd7947 P 99f19ce112c04731bc751de58aff1415: Time spent bootstrapping tablet: real 0.022s	user 0.012s	sys 0.007s
I20260710 13:24:01.024699 23243 raft_consensus.cc:359] T d37972d90ac64dd99586b4e48ebd7947 P 99f19ce112c04731bc751de58aff1415 [term 0 FOLLOWER]: Replica starting. Triggering 0 pending ops. Active config: opid_index: -1 OBSOLETE_local: false peers { permanent_uuid: "46f90fb840d54972a3cce3516b670f6d" member_type: VOTER last_known_addr { host: "127.21.87.65" port: 32935 } } peers { permanent_uuid: "99f19ce112c04731bc751de58aff1415" member_type: VOTER last_known_addr { host: "127.21.87.66" port: 41941 } } peers { permanent_uuid: "8306fc78d42547d6abce7c695407728b" member_type: VOTER last_known_addr { host: "127.21.87.67" port: 41597 } }
I20260710 13:24:01.025511 23243 raft_consensus.cc:385] T d37972d90ac64dd99586b4e48ebd7947 P 99f19ce112c04731bc751de58aff1415 [term 0 FOLLOWER]: Consensus starting up: Expiring failure detector timer to make a prompt election more likely
I20260710 13:24:01.025861 23243 raft_consensus.cc:740] T d37972d90ac64dd99586b4e48ebd7947 P 99f19ce112c04731bc751de58aff1415 [term 0 FOLLOWER]: Becoming Follower/Learner. State: Replica: 99f19ce112c04731bc751de58aff1415, State: Initialized, Role: FOLLOWER
I20260710 13:24:01.026981 23243 consensus_queue.cc:260] T d37972d90ac64dd99586b4e48ebd7947 P 99f19ce112c04731bc751de58aff1415 [NON_LEADER]: Queue going to NON_LEADER mode. State: All replicated index: 0, Majority replicated index: 0, Committed index: 0, Last appended: 0.0, Last appended by leader: 0, Current term: 0, Majority size: -1, State: 0, Mode: NON_LEADER, active raft config: opid_index: -1 OBSOLETE_local: false peers { permanent_uuid: "46f90fb840d54972a3cce3516b670f6d" member_type: VOTER last_known_addr { host: "127.21.87.65" port: 32935 } } peers { permanent_uuid: "99f19ce112c04731bc751de58aff1415" member_type: VOTER last_known_addr { host: "127.21.87.66" port: 41941 } } peers { permanent_uuid: "8306fc78d42547d6abce7c695407728b" member_type: VOTER last_known_addr { host: "127.21.87.67" port: 41597 } }
I20260710 13:24:01.029703 23248 leader_election.cc:290] T a59226e27a38420a9e9088a6471b1334 P 8306fc78d42547d6abce7c695407728b [CANDIDATE]: Term 1 pre-election: Requested pre-vote from peers 46f90fb840d54972a3cce3516b670f6d (127.21.87.65:32935), 99f19ce112c04731bc751de58aff1415 (127.21.87.66:41941)
I20260710 13:24:01.029884 23243 ts_tablet_manager.cc:1434] T d37972d90ac64dd99586b4e48ebd7947 P 99f19ce112c04731bc751de58aff1415: Time spent starting tablet: real 0.008s	user 0.007s	sys 0.000s
I20260710 13:24:01.036257 23244 tablet_bootstrap.cc:492] T f634da34fd0648e89f427d5df62ba59f P 8306fc78d42547d6abce7c695407728b: No bootstrap required, opened a new log
I20260710 13:24:01.036835 23244 ts_tablet_manager.cc:1403] T f634da34fd0648e89f427d5df62ba59f P 8306fc78d42547d6abce7c695407728b: Time spent bootstrapping tablet: real 0.060s	user 0.033s	sys 0.021s
I20260710 13:24:01.037732 23243 tablet_bootstrap.cc:492] T a59226e27a38420a9e9088a6471b1334 P 99f19ce112c04731bc751de58aff1415: Bootstrap starting.
I20260710 13:24:01.040026 23244 raft_consensus.cc:359] T f634da34fd0648e89f427d5df62ba59f P 8306fc78d42547d6abce7c695407728b [term 0 FOLLOWER]: Replica starting. Triggering 0 pending ops. Active config: opid_index: -1 OBSOLETE_local: false peers { permanent_uuid: "46f90fb840d54972a3cce3516b670f6d" member_type: VOTER last_known_addr { host: "127.21.87.65" port: 32935 } } peers { permanent_uuid: "99f19ce112c04731bc751de58aff1415" member_type: VOTER last_known_addr { host: "127.21.87.66" port: 41941 } } peers { permanent_uuid: "8306fc78d42547d6abce7c695407728b" member_type: VOTER last_known_addr { host: "127.21.87.67" port: 41597 } }
I20260710 13:24:01.040795 23244 raft_consensus.cc:385] T f634da34fd0648e89f427d5df62ba59f P 8306fc78d42547d6abce7c695407728b [term 0 FOLLOWER]: Consensus starting up: Expiring failure detector timer to make a prompt election more likely
I20260710 13:24:01.042146 23244 raft_consensus.cc:740] T f634da34fd0648e89f427d5df62ba59f P 8306fc78d42547d6abce7c695407728b [term 0 FOLLOWER]: Becoming Follower/Learner. State: Replica: 8306fc78d42547d6abce7c695407728b, State: Initialized, Role: FOLLOWER
I20260710 13:24:01.042976 23244 consensus_queue.cc:260] T f634da34fd0648e89f427d5df62ba59f P 8306fc78d42547d6abce7c695407728b [NON_LEADER]: Queue going to NON_LEADER mode. State: All replicated index: 0, Majority replicated index: 0, Committed index: 0, Last appended: 0.0, Last appended by leader: 0, Current term: 0, Majority size: -1, State: 0, Mode: NON_LEADER, active raft config: opid_index: -1 OBSOLETE_local: false peers { permanent_uuid: "46f90fb840d54972a3cce3516b670f6d" member_type: VOTER last_known_addr { host: "127.21.87.65" port: 32935 } } peers { permanent_uuid: "99f19ce112c04731bc751de58aff1415" member_type: VOTER last_known_addr { host: "127.21.87.66" port: 41941 } } peers { permanent_uuid: "8306fc78d42547d6abce7c695407728b" member_type: VOTER last_known_addr { host: "127.21.87.67" port: 41597 } }
I20260710 13:24:01.044333 23243 tablet_bootstrap.cc:654] T a59226e27a38420a9e9088a6471b1334 P 99f19ce112c04731bc751de58aff1415: Neither blocks nor log segments found. Creating new log.
I20260710 13:24:01.045068 23249 raft_consensus.cc:493] T 65ce3b3093924ed9bc44e87b13eb351e P 99f19ce112c04731bc751de58aff1415 [term 0 FOLLOWER]: Starting pre-election (no leader contacted us within the election timeout)
I20260710 13:24:01.045292 23244 ts_tablet_manager.cc:1434] T f634da34fd0648e89f427d5df62ba59f P 8306fc78d42547d6abce7c695407728b: Time spent starting tablet: real 0.008s	user 0.006s	sys 0.000s
I20260710 13:24:01.045635 23249 raft_consensus.cc:515] T 65ce3b3093924ed9bc44e87b13eb351e P 99f19ce112c04731bc751de58aff1415 [term 0 FOLLOWER]: Starting pre-election with config: opid_index: -1 OBSOLETE_local: false peers { permanent_uuid: "46f90fb840d54972a3cce3516b670f6d" member_type: VOTER last_known_addr { host: "127.21.87.65" port: 32935 } } peers { permanent_uuid: "99f19ce112c04731bc751de58aff1415" member_type: VOTER last_known_addr { host: "127.21.87.66" port: 41941 } } peers { permanent_uuid: "8306fc78d42547d6abce7c695407728b" member_type: VOTER last_known_addr { host: "127.21.87.67" port: 41597 } }
I20260710 13:24:01.055114 23249 leader_election.cc:290] T 65ce3b3093924ed9bc44e87b13eb351e P 99f19ce112c04731bc751de58aff1415 [CANDIDATE]: Term 1 pre-election: Requested pre-vote from peers 46f90fb840d54972a3cce3516b670f6d (127.21.87.65:32935), 8306fc78d42547d6abce7c695407728b (127.21.87.67:41597)
I20260710 13:24:01.056147 23244 tablet_bootstrap.cc:492] T 3c8561d823144408b2caacd791bc3aa4 P 8306fc78d42547d6abce7c695407728b: Bootstrap starting.
I20260710 13:24:01.062464 23123 tablet_service.cc:1917] Received RequestConsensusVote() RPC: tablet_id: "a59226e27a38420a9e9088a6471b1334" candidate_uuid: "8306fc78d42547d6abce7c695407728b" candidate_term: 1 candidate_status { last_received { term: 0 index: 0 } } ignore_live_leader: false dest_uuid: "99f19ce112c04731bc751de58aff1415" is_pre_election: true
I20260710 13:24:01.065837 23237 tablet_bootstrap.cc:492] T 6ae48b91f56e4ac69b88b2cc51b0d3e8 P 46f90fb840d54972a3cce3516b670f6d: No bootstrap required, opened a new log
I20260710 13:24:01.066833 23237 ts_tablet_manager.cc:1403] T 6ae48b91f56e4ac69b88b2cc51b0d3e8 P 46f90fb840d54972a3cce3516b670f6d: Time spent bootstrapping tablet: real 0.084s	user 0.011s	sys 0.025s
I20260710 13:24:01.069133 23237 raft_consensus.cc:359] T 6ae48b91f56e4ac69b88b2cc51b0d3e8 P 46f90fb840d54972a3cce3516b670f6d [term 0 FOLLOWER]: Replica starting. Triggering 0 pending ops. Active config: opid_index: -1 OBSOLETE_local: false peers { permanent_uuid: "46f90fb840d54972a3cce3516b670f6d" member_type: VOTER last_known_addr { host: "127.21.87.65" port: 32935 } } peers { permanent_uuid: "99f19ce112c04731bc751de58aff1415" member_type: VOTER last_known_addr { host: "127.21.87.66" port: 41941 } } peers { permanent_uuid: "8306fc78d42547d6abce7c695407728b" member_type: VOTER last_known_addr { host: "127.21.87.67" port: 41597 } }
I20260710 13:24:01.069876 23237 raft_consensus.cc:385] T 6ae48b91f56e4ac69b88b2cc51b0d3e8 P 46f90fb840d54972a3cce3516b670f6d [term 0 FOLLOWER]: Consensus starting up: Expiring failure detector timer to make a prompt election more likely
I20260710 13:24:01.070188 23237 raft_consensus.cc:740] T 6ae48b91f56e4ac69b88b2cc51b0d3e8 P 46f90fb840d54972a3cce3516b670f6d [term 0 FOLLOWER]: Becoming Follower/Learner. State: Replica: 46f90fb840d54972a3cce3516b670f6d, State: Initialized, Role: FOLLOWER
I20260710 13:24:01.070935 23237 consensus_queue.cc:260] T 6ae48b91f56e4ac69b88b2cc51b0d3e8 P 46f90fb840d54972a3cce3516b670f6d [NON_LEADER]: Queue going to NON_LEADER mode. State: All replicated index: 0, Majority replicated index: 0, Committed index: 0, Last appended: 0.0, Last appended by leader: 0, Current term: 0, Majority size: -1, State: 0, Mode: NON_LEADER, active raft config: opid_index: -1 OBSOLETE_local: false peers { permanent_uuid: "46f90fb840d54972a3cce3516b670f6d" member_type: VOTER last_known_addr { host: "127.21.87.65" port: 32935 } } peers { permanent_uuid: "99f19ce112c04731bc751de58aff1415" member_type: VOTER last_known_addr { host: "127.21.87.66" port: 41941 } } peers { permanent_uuid: "8306fc78d42547d6abce7c695407728b" member_type: VOTER last_known_addr { host: "127.21.87.67" port: 41597 } }
I20260710 13:24:01.071651 23244 tablet_bootstrap.cc:654] T 3c8561d823144408b2caacd791bc3aa4 P 8306fc78d42547d6abce7c695407728b: Neither blocks nor log segments found. Creating new log.
W20260710 13:24:01.071892 23160 leader_election.cc:343] T a59226e27a38420a9e9088a6471b1334 P 8306fc78d42547d6abce7c695407728b [CANDIDATE]: Term 1 pre-election: Tablet error from VoteRequest() call to peer 99f19ce112c04731bc751de58aff1415 (127.21.87.66:41941): Illegal state: must be running to vote when last-logged opid is not known
I20260710 13:24:01.075934 23237 ts_tablet_manager.cc:1434] T 6ae48b91f56e4ac69b88b2cc51b0d3e8 P 46f90fb840d54972a3cce3516b670f6d: Time spent starting tablet: real 0.009s	user 0.005s	sys 0.000s
I20260710 13:24:01.077402 23237 tablet_bootstrap.cc:492] T c66ee144b5f4462080a243b307ed2662 P 46f90fb840d54972a3cce3516b670f6d: Bootstrap starting.
I20260710 13:24:01.084304 23237 tablet_bootstrap.cc:654] T c66ee144b5f4462080a243b307ed2662 P 46f90fb840d54972a3cce3516b670f6d: Neither blocks nor log segments found. Creating new log.
I20260710 13:24:01.090080 23048 tablet_service.cc:1917] Received RequestConsensusVote() RPC: tablet_id: "a59226e27a38420a9e9088a6471b1334" candidate_uuid: "8306fc78d42547d6abce7c695407728b" candidate_term: 1 candidate_status { last_received { term: 0 index: 0 } } ignore_live_leader: false dest_uuid: "46f90fb840d54972a3cce3516b670f6d" is_pre_election: true
W20260710 13:24:01.092056 23162 leader_election.cc:343] T a59226e27a38420a9e9088a6471b1334 P 8306fc78d42547d6abce7c695407728b [CANDIDATE]: Term 1 pre-election: Tablet error from VoteRequest() call to peer 46f90fb840d54972a3cce3516b670f6d (127.21.87.65:32935): Illegal state: must be running to vote when last-logged opid is not known
I20260710 13:24:01.093217 23162 leader_election.cc:304] T a59226e27a38420a9e9088a6471b1334 P 8306fc78d42547d6abce7c695407728b [CANDIDATE]: Term 1 pre-election: Election decided. Result: candidate lost. Election summary: received 3 responses out of 3 voters: 1 yes votes; 2 no votes. yes voters: 8306fc78d42547d6abce7c695407728b; no voters: 46f90fb840d54972a3cce3516b670f6d, 99f19ce112c04731bc751de58aff1415
I20260710 13:24:01.096830 23248 raft_consensus.cc:2749] T a59226e27a38420a9e9088a6471b1334 P 8306fc78d42547d6abce7c695407728b [term 0 FOLLOWER]: Leader pre-election lost for term 1. Reason: could not achieve majority
I20260710 13:24:01.102773 23243 tablet_bootstrap.cc:492] T a59226e27a38420a9e9088a6471b1334 P 99f19ce112c04731bc751de58aff1415: No bootstrap required, opened a new log
I20260710 13:24:01.103456 23243 ts_tablet_manager.cc:1403] T a59226e27a38420a9e9088a6471b1334 P 99f19ce112c04731bc751de58aff1415: Time spent bootstrapping tablet: real 0.066s	user 0.011s	sys 0.009s
I20260710 13:24:01.106765 23243 raft_consensus.cc:359] T a59226e27a38420a9e9088a6471b1334 P 99f19ce112c04731bc751de58aff1415 [term 0 FOLLOWER]: Replica starting. Triggering 0 pending ops. Active config: opid_index: -1 OBSOLETE_local: false peers { permanent_uuid: "46f90fb840d54972a3cce3516b670f6d" member_type: VOTER last_known_addr { host: "127.21.87.65" port: 32935 } } peers { permanent_uuid: "99f19ce112c04731bc751de58aff1415" member_type: VOTER last_known_addr { host: "127.21.87.66" port: 41941 } } peers { permanent_uuid: "8306fc78d42547d6abce7c695407728b" member_type: VOTER last_known_addr { host: "127.21.87.67" port: 41597 } }
I20260710 13:24:01.107496 23243 raft_consensus.cc:385] T a59226e27a38420a9e9088a6471b1334 P 99f19ce112c04731bc751de58aff1415 [term 0 FOLLOWER]: Consensus starting up: Expiring failure detector timer to make a prompt election more likely
I20260710 13:24:01.107793 23243 raft_consensus.cc:740] T a59226e27a38420a9e9088a6471b1334 P 99f19ce112c04731bc751de58aff1415 [term 0 FOLLOWER]: Becoming Follower/Learner. State: Replica: 99f19ce112c04731bc751de58aff1415, State: Initialized, Role: FOLLOWER
I20260710 13:24:01.108485 23243 consensus_queue.cc:260] T a59226e27a38420a9e9088a6471b1334 P 99f19ce112c04731bc751de58aff1415 [NON_LEADER]: Queue going to NON_LEADER mode. State: All replicated index: 0, Majority replicated index: 0, Committed index: 0, Last appended: 0.0, Last appended by leader: 0, Current term: 0, Majority size: -1, State: 0, Mode: NON_LEADER, active raft config: opid_index: -1 OBSOLETE_local: false peers { permanent_uuid: "46f90fb840d54972a3cce3516b670f6d" member_type: VOTER last_known_addr { host: "127.21.87.65" port: 32935 } } peers { permanent_uuid: "99f19ce112c04731bc751de58aff1415" member_type: VOTER last_known_addr { host: "127.21.87.66" port: 41941 } } peers { permanent_uuid: "8306fc78d42547d6abce7c695407728b" member_type: VOTER last_known_addr { host: "127.21.87.67" port: 41597 } }
I20260710 13:24:01.111689 23243 ts_tablet_manager.cc:1434] T a59226e27a38420a9e9088a6471b1334 P 99f19ce112c04731bc751de58aff1415: Time spent starting tablet: real 0.008s	user 0.008s	sys 0.000s
I20260710 13:24:01.112946 23243 tablet_bootstrap.cc:492] T 998a1b99a96e43f08487551476adcb45 P 99f19ce112c04731bc751de58aff1415: Bootstrap starting.
I20260710 13:24:01.121129 23243 tablet_bootstrap.cc:654] T 998a1b99a96e43f08487551476adcb45 P 99f19ce112c04731bc751de58aff1415: Neither blocks nor log segments found. Creating new log.
I20260710 13:24:01.130375 23244 tablet_bootstrap.cc:492] T 3c8561d823144408b2caacd791bc3aa4 P 8306fc78d42547d6abce7c695407728b: No bootstrap required, opened a new log
I20260710 13:24:01.131119 23244 ts_tablet_manager.cc:1403] T 3c8561d823144408b2caacd791bc3aa4 P 8306fc78d42547d6abce7c695407728b: Time spent bootstrapping tablet: real 0.075s	user 0.022s	sys 0.027s
I20260710 13:24:01.131425 23237 tablet_bootstrap.cc:492] T c66ee144b5f4462080a243b307ed2662 P 46f90fb840d54972a3cce3516b670f6d: No bootstrap required, opened a new log
I20260710 13:24:01.134250 23239 raft_consensus.cc:493] T 65ce3b3093924ed9bc44e87b13eb351e P 46f90fb840d54972a3cce3516b670f6d [term 0 FOLLOWER]: Starting pre-election (no leader contacted us within the election timeout)
I20260710 13:24:01.134733 23239 raft_consensus.cc:515] T 65ce3b3093924ed9bc44e87b13eb351e P 46f90fb840d54972a3cce3516b670f6d [term 0 FOLLOWER]: Starting pre-election with config: opid_index: -1 OBSOLETE_local: false peers { permanent_uuid: "46f90fb840d54972a3cce3516b670f6d" member_type: VOTER last_known_addr { host: "127.21.87.65" port: 32935 } } peers { permanent_uuid: "99f19ce112c04731bc751de58aff1415" member_type: VOTER last_known_addr { host: "127.21.87.66" port: 41941 } } peers { permanent_uuid: "8306fc78d42547d6abce7c695407728b" member_type: VOTER last_known_addr { host: "127.21.87.67" port: 41597 } }
I20260710 13:24:01.135028 23244 raft_consensus.cc:359] T 3c8561d823144408b2caacd791bc3aa4 P 8306fc78d42547d6abce7c695407728b [term 0 FOLLOWER]: Replica starting. Triggering 0 pending ops. Active config: opid_index: -1 OBSOLETE_local: false peers { permanent_uuid: "46f90fb840d54972a3cce3516b670f6d" member_type: VOTER last_known_addr { host: "127.21.87.65" port: 32935 } } peers { permanent_uuid: "99f19ce112c04731bc751de58aff1415" member_type: VOTER last_known_addr { host: "127.21.87.66" port: 41941 } } peers { permanent_uuid: "8306fc78d42547d6abce7c695407728b" member_type: VOTER last_known_addr { host: "127.21.87.67" port: 41597 } }
I20260710 13:24:01.136116 23244 raft_consensus.cc:385] T 3c8561d823144408b2caacd791bc3aa4 P 8306fc78d42547d6abce7c695407728b [term 0 FOLLOWER]: Consensus starting up: Expiring failure detector timer to make a prompt election more likely
I20260710 13:24:01.136554 23244 raft_consensus.cc:740] T 3c8561d823144408b2caacd791bc3aa4 P 8306fc78d42547d6abce7c695407728b [term 0 FOLLOWER]: Becoming Follower/Learner. State: Replica: 8306fc78d42547d6abce7c695407728b, State: Initialized, Role: FOLLOWER
I20260710 13:24:01.136816 23239 leader_election.cc:290] T 65ce3b3093924ed9bc44e87b13eb351e P 46f90fb840d54972a3cce3516b670f6d [CANDIDATE]: Term 1 pre-election: Requested pre-vote from peers 99f19ce112c04731bc751de58aff1415 (127.21.87.66:41941), 8306fc78d42547d6abce7c695407728b (127.21.87.67:41597)
I20260710 13:24:01.137498 23123 tablet_service.cc:1917] Received RequestConsensusVote() RPC: tablet_id: "65ce3b3093924ed9bc44e87b13eb351e" candidate_uuid: "46f90fb840d54972a3cce3516b670f6d" candidate_term: 1 candidate_status { last_received { term: 0 index: 0 } } ignore_live_leader: false dest_uuid: "99f19ce112c04731bc751de58aff1415" is_pre_election: true
I20260710 13:24:01.138092 23123 raft_consensus.cc:2468] T 65ce3b3093924ed9bc44e87b13eb351e P 99f19ce112c04731bc751de58aff1415 [term 0 FOLLOWER]: Leader pre-election vote request: Granting yes vote for candidate 46f90fb840d54972a3cce3516b670f6d in term 0.
I20260710 13:24:01.137632 23244 consensus_queue.cc:260] T 3c8561d823144408b2caacd791bc3aa4 P 8306fc78d42547d6abce7c695407728b [NON_LEADER]: Queue going to NON_LEADER mode. State: All replicated index: 0, Majority replicated index: 0, Committed index: 0, Last appended: 0.0, Last appended by leader: 0, Current term: 0, Majority size: -1, State: 0, Mode: NON_LEADER, active raft config: opid_index: -1 OBSOLETE_local: false peers { permanent_uuid: "46f90fb840d54972a3cce3516b670f6d" member_type: VOTER last_known_addr { host: "127.21.87.65" port: 32935 } } peers { permanent_uuid: "99f19ce112c04731bc751de58aff1415" member_type: VOTER last_known_addr { host: "127.21.87.66" port: 41941 } } peers { permanent_uuid: "8306fc78d42547d6abce7c695407728b" member_type: VOTER last_known_addr { host: "127.21.87.67" port: 41597 } }
I20260710 13:24:01.138396 23197 tablet_service.cc:1917] Received RequestConsensusVote() RPC: tablet_id: "65ce3b3093924ed9bc44e87b13eb351e" candidate_uuid: "46f90fb840d54972a3cce3516b670f6d" candidate_term: 1 candidate_status { last_received { term: 0 index: 0 } } ignore_live_leader: false dest_uuid: "8306fc78d42547d6abce7c695407728b" is_pre_election: true
I20260710 13:24:01.139297 23011 leader_election.cc:304] T 65ce3b3093924ed9bc44e87b13eb351e P 46f90fb840d54972a3cce3516b670f6d [CANDIDATE]: Term 1 pre-election: Election decided. Result: candidate won. Election summary: received 2 responses out of 3 voters: 2 yes votes; 0 no votes. yes voters: 46f90fb840d54972a3cce3516b670f6d, 99f19ce112c04731bc751de58aff1415; no voters: 
W20260710 13:24:01.139837 23014 leader_election.cc:343] T 65ce3b3093924ed9bc44e87b13eb351e P 46f90fb840d54972a3cce3516b670f6d [CANDIDATE]: Term 1 pre-election: Tablet error from VoteRequest() call to peer 8306fc78d42547d6abce7c695407728b (127.21.87.67:41597): Illegal state: must be running to vote when last-logged opid is not known
I20260710 13:24:01.140329 23239 raft_consensus.cc:2804] T 65ce3b3093924ed9bc44e87b13eb351e P 46f90fb840d54972a3cce3516b670f6d [term 0 FOLLOWER]: Leader pre-election won for term 1
I20260710 13:24:01.131896 23237 ts_tablet_manager.cc:1403] T c66ee144b5f4462080a243b307ed2662 P 46f90fb840d54972a3cce3516b670f6d: Time spent bootstrapping tablet: real 0.055s	user 0.012s	sys 0.031s
I20260710 13:24:01.141117 23244 ts_tablet_manager.cc:1434] T 3c8561d823144408b2caacd791bc3aa4 P 8306fc78d42547d6abce7c695407728b: Time spent starting tablet: real 0.010s	user 0.008s	sys 0.000s
I20260710 13:24:01.142642 23244 tablet_bootstrap.cc:492] T 65ce3b3093924ed9bc44e87b13eb351e P 8306fc78d42547d6abce7c695407728b: Bootstrap starting.
I20260710 13:24:01.142697 23197 tablet_service.cc:1917] Received RequestConsensusVote() RPC: tablet_id: "65ce3b3093924ed9bc44e87b13eb351e" candidate_uuid: "99f19ce112c04731bc751de58aff1415" candidate_term: 1 candidate_status { last_received { term: 0 index: 0 } } ignore_live_leader: false dest_uuid: "8306fc78d42547d6abce7c695407728b" is_pre_election: true
W20260710 13:24:01.144171 23089 leader_election.cc:343] T 65ce3b3093924ed9bc44e87b13eb351e P 99f19ce112c04731bc751de58aff1415 [CANDIDATE]: Term 1 pre-election: Tablet error from VoteRequest() call to peer 8306fc78d42547d6abce7c695407728b (127.21.87.67:41597): Illegal state: must be running to vote when last-logged opid is not known
I20260710 13:24:01.144124 23237 raft_consensus.cc:359] T c66ee144b5f4462080a243b307ed2662 P 46f90fb840d54972a3cce3516b670f6d [term 0 FOLLOWER]: Replica starting. Triggering 0 pending ops. Active config: opid_index: -1 OBSOLETE_local: false peers { permanent_uuid: "46f90fb840d54972a3cce3516b670f6d" member_type: VOTER last_known_addr { host: "127.21.87.65" port: 32935 } } peers { permanent_uuid: "99f19ce112c04731bc751de58aff1415" member_type: VOTER last_known_addr { host: "127.21.87.66" port: 41941 } } peers { permanent_uuid: "8306fc78d42547d6abce7c695407728b" member_type: VOTER last_known_addr { host: "127.21.87.67" port: 41597 } }
I20260710 13:24:01.144788 23239 raft_consensus.cc:493] T 65ce3b3093924ed9bc44e87b13eb351e P 46f90fb840d54972a3cce3516b670f6d [term 0 FOLLOWER]: Starting leader election (no leader contacted us within the election timeout)
I20260710 13:24:01.144941 23237 raft_consensus.cc:385] T c66ee144b5f4462080a243b307ed2662 P 46f90fb840d54972a3cce3516b670f6d [term 0 FOLLOWER]: Consensus starting up: Expiring failure detector timer to make a prompt election more likely
I20260710 13:24:01.145195 23239 raft_consensus.cc:3060] T 65ce3b3093924ed9bc44e87b13eb351e P 46f90fb840d54972a3cce3516b670f6d [term 0 FOLLOWER]: Advancing to term 1
I20260710 13:24:01.145249 23237 raft_consensus.cc:740] T c66ee144b5f4462080a243b307ed2662 P 46f90fb840d54972a3cce3516b670f6d [term 0 FOLLOWER]: Becoming Follower/Learner. State: Replica: 46f90fb840d54972a3cce3516b670f6d, State: Initialized, Role: FOLLOWER
I20260710 13:24:01.150854 23237 consensus_queue.cc:260] T c66ee144b5f4462080a243b307ed2662 P 46f90fb840d54972a3cce3516b670f6d [NON_LEADER]: Queue going to NON_LEADER mode. State: All replicated index: 0, Majority replicated index: 0, Committed index: 0, Last appended: 0.0, Last appended by leader: 0, Current term: 0, Majority size: -1, State: 0, Mode: NON_LEADER, active raft config: opid_index: -1 OBSOLETE_local: false peers { permanent_uuid: "46f90fb840d54972a3cce3516b670f6d" member_type: VOTER last_known_addr { host: "127.21.87.65" port: 32935 } } peers { permanent_uuid: "99f19ce112c04731bc751de58aff1415" member_type: VOTER last_known_addr { host: "127.21.87.66" port: 41941 } } peers { permanent_uuid: "8306fc78d42547d6abce7c695407728b" member_type: VOTER last_known_addr { host: "127.21.87.67" port: 41597 } }
I20260710 13:24:01.153240 23239 raft_consensus.cc:515] T 65ce3b3093924ed9bc44e87b13eb351e P 46f90fb840d54972a3cce3516b670f6d [term 1 FOLLOWER]: Starting leader election with config: opid_index: -1 OBSOLETE_local: false peers { permanent_uuid: "46f90fb840d54972a3cce3516b670f6d" member_type: VOTER last_known_addr { host: "127.21.87.65" port: 32935 } } peers { permanent_uuid: "99f19ce112c04731bc751de58aff1415" member_type: VOTER last_known_addr { host: "127.21.87.66" port: 41941 } } peers { permanent_uuid: "8306fc78d42547d6abce7c695407728b" member_type: VOTER last_known_addr { host: "127.21.87.67" port: 41597 } }
I20260710 13:24:01.155090 23244 tablet_bootstrap.cc:654] T 65ce3b3093924ed9bc44e87b13eb351e P 8306fc78d42547d6abce7c695407728b: Neither blocks nor log segments found. Creating new log.
I20260710 13:24:01.156823 23123 tablet_service.cc:1917] Received RequestConsensusVote() RPC: tablet_id: "65ce3b3093924ed9bc44e87b13eb351e" candidate_uuid: "46f90fb840d54972a3cce3516b670f6d" candidate_term: 1 candidate_status { last_received { term: 0 index: 0 } } ignore_live_leader: false dest_uuid: "99f19ce112c04731bc751de58aff1415"
I20260710 13:24:01.157616 23123 raft_consensus.cc:3060] T 65ce3b3093924ed9bc44e87b13eb351e P 99f19ce112c04731bc751de58aff1415 [term 0 FOLLOWER]: Advancing to term 1
I20260710 13:24:01.160441 23237 ts_tablet_manager.cc:1434] T c66ee144b5f4462080a243b307ed2662 P 46f90fb840d54972a3cce3516b670f6d: Time spent starting tablet: real 0.019s	user 0.008s	sys 0.004s
I20260710 13:24:01.164206 23237 tablet_bootstrap.cc:492] T 5286a7016b4f447f828026814ae4103c P 46f90fb840d54972a3cce3516b670f6d: Bootstrap starting.
I20260710 13:24:01.166179 23048 tablet_service.cc:1917] Received RequestConsensusVote() RPC: tablet_id: "65ce3b3093924ed9bc44e87b13eb351e" candidate_uuid: "99f19ce112c04731bc751de58aff1415" candidate_term: 1 candidate_status { last_received { term: 0 index: 0 } } ignore_live_leader: false dest_uuid: "46f90fb840d54972a3cce3516b670f6d" is_pre_election: true
I20260710 13:24:01.166987 23048 raft_consensus.cc:2393] T 65ce3b3093924ed9bc44e87b13eb351e P 46f90fb840d54972a3cce3516b670f6d [term 1 FOLLOWER]: Leader pre-election vote request: Denying vote to candidate 99f19ce112c04731bc751de58aff1415 in current term 1: Already voted for candidate 46f90fb840d54972a3cce3516b670f6d in this term.
I20260710 13:24:01.172700 23237 tablet_bootstrap.cc:654] T 5286a7016b4f447f828026814ae4103c P 46f90fb840d54972a3cce3516b670f6d: Neither blocks nor log segments found. Creating new log.
I20260710 13:24:01.181603 23088 leader_election.cc:304] T 65ce3b3093924ed9bc44e87b13eb351e P 99f19ce112c04731bc751de58aff1415 [CANDIDATE]: Term 1 pre-election: Election decided. Result: candidate lost. Election summary: received 3 responses out of 3 voters: 1 yes votes; 2 no votes. yes voters: 99f19ce112c04731bc751de58aff1415; no voters: 46f90fb840d54972a3cce3516b670f6d, 8306fc78d42547d6abce7c695407728b
I20260710 13:24:01.182451 23123 raft_consensus.cc:2468] T 65ce3b3093924ed9bc44e87b13eb351e P 99f19ce112c04731bc751de58aff1415 [term 1 FOLLOWER]: Leader election vote request: Granting yes vote for candidate 46f90fb840d54972a3cce3516b670f6d in term 1.
I20260710 13:24:01.191356 23237 tablet_bootstrap.cc:492] T 5286a7016b4f447f828026814ae4103c P 46f90fb840d54972a3cce3516b670f6d: No bootstrap required, opened a new log
I20260710 13:24:01.191926 23237 ts_tablet_manager.cc:1403] T 5286a7016b4f447f828026814ae4103c P 46f90fb840d54972a3cce3516b670f6d: Time spent bootstrapping tablet: real 0.028s	user 0.013s	sys 0.004s
I20260710 13:24:01.195068 23237 raft_consensus.cc:359] T 5286a7016b4f447f828026814ae4103c P 46f90fb840d54972a3cce3516b670f6d [term 0 FOLLOWER]: Replica starting. Triggering 0 pending ops. Active config: opid_index: -1 OBSOLETE_local: false peers { permanent_uuid: "46f90fb840d54972a3cce3516b670f6d" member_type: VOTER last_known_addr { host: "127.21.87.65" port: 32935 } } peers { permanent_uuid: "99f19ce112c04731bc751de58aff1415" member_type: VOTER last_known_addr { host: "127.21.87.66" port: 41941 } } peers { permanent_uuid: "8306fc78d42547d6abce7c695407728b" member_type: VOTER last_known_addr { host: "127.21.87.67" port: 41597 } }
I20260710 13:24:01.195971 23237 raft_consensus.cc:385] T 5286a7016b4f447f828026814ae4103c P 46f90fb840d54972a3cce3516b670f6d [term 0 FOLLOWER]: Consensus starting up: Expiring failure detector timer to make a prompt election more likely
I20260710 13:24:01.196264 23237 raft_consensus.cc:740] T 5286a7016b4f447f828026814ae4103c P 46f90fb840d54972a3cce3516b670f6d [term 0 FOLLOWER]: Becoming Follower/Learner. State: Replica: 46f90fb840d54972a3cce3516b670f6d, State: Initialized, Role: FOLLOWER
I20260710 13:24:01.197188 23237 consensus_queue.cc:260] T 5286a7016b4f447f828026814ae4103c P 46f90fb840d54972a3cce3516b670f6d [NON_LEADER]: Queue going to NON_LEADER mode. State: All replicated index: 0, Majority replicated index: 0, Committed index: 0, Last appended: 0.0, Last appended by leader: 0, Current term: 0, Majority size: -1, State: 0, Mode: NON_LEADER, active raft config: opid_index: -1 OBSOLETE_local: false peers { permanent_uuid: "46f90fb840d54972a3cce3516b670f6d" member_type: VOTER last_known_addr { host: "127.21.87.65" port: 32935 } } peers { permanent_uuid: "99f19ce112c04731bc751de58aff1415" member_type: VOTER last_known_addr { host: "127.21.87.66" port: 41941 } } peers { permanent_uuid: "8306fc78d42547d6abce7c695407728b" member_type: VOTER last_known_addr { host: "127.21.87.67" port: 41597 } }
I20260710 13:24:01.201071 23011 leader_election.cc:304] T 65ce3b3093924ed9bc44e87b13eb351e P 46f90fb840d54972a3cce3516b670f6d [CANDIDATE]: Term 1 election: Election decided. Result: candidate won. Election summary: received 2 responses out of 3 voters: 2 yes votes; 0 no votes. yes voters: 46f90fb840d54972a3cce3516b670f6d, 99f19ce112c04731bc751de58aff1415; no voters: 
I20260710 13:24:01.202390 23264 raft_consensus.cc:2804] T 65ce3b3093924ed9bc44e87b13eb351e P 46f90fb840d54972a3cce3516b670f6d [term 1 FOLLOWER]: Leader election won for term 1
I20260710 13:24:01.203853 23264 raft_consensus.cc:697] T 65ce3b3093924ed9bc44e87b13eb351e P 46f90fb840d54972a3cce3516b670f6d [term 1 LEADER]: Becoming Leader. State: Replica: 46f90fb840d54972a3cce3516b670f6d, State: Running, Role: LEADER
I20260710 13:24:01.205227 23249 raft_consensus.cc:2749] T 65ce3b3093924ed9bc44e87b13eb351e P 99f19ce112c04731bc751de58aff1415 [term 1 FOLLOWER]: Leader pre-election lost for term 1. Reason: could not achieve majority
I20260710 13:24:01.204847 23264 consensus_queue.cc:237] T 65ce3b3093924ed9bc44e87b13eb351e P 46f90fb840d54972a3cce3516b670f6d [LEADER]: Queue going to LEADER mode. State: All replicated index: 0, Majority replicated index: 0, Committed index: 0, Last appended: 0.0, Last appended by leader: 0, Current term: 1, Majority size: 2, State: 0, Mode: LEADER, active raft config: opid_index: -1 OBSOLETE_local: false peers { permanent_uuid: "46f90fb840d54972a3cce3516b670f6d" member_type: VOTER last_known_addr { host: "127.21.87.65" port: 32935 } } peers { permanent_uuid: "99f19ce112c04731bc751de58aff1415" member_type: VOTER last_known_addr { host: "127.21.87.66" port: 41941 } } peers { permanent_uuid: "8306fc78d42547d6abce7c695407728b" member_type: VOTER last_known_addr { host: "127.21.87.67" port: 41597 } }
I20260710 13:24:01.208247 23239 leader_election.cc:290] T 65ce3b3093924ed9bc44e87b13eb351e P 46f90fb840d54972a3cce3516b670f6d [CANDIDATE]: Term 1 election: Requested vote from peers 99f19ce112c04731bc751de58aff1415 (127.21.87.66:41941), 8306fc78d42547d6abce7c695407728b (127.21.87.67:41597)
I20260710 13:24:01.209347 23197 tablet_service.cc:1917] Received RequestConsensusVote() RPC: tablet_id: "65ce3b3093924ed9bc44e87b13eb351e" candidate_uuid: "46f90fb840d54972a3cce3516b670f6d" candidate_term: 1 candidate_status { last_received { term: 0 index: 0 } } ignore_live_leader: false dest_uuid: "8306fc78d42547d6abce7c695407728b"
W20260710 13:24:01.210628 23014 leader_election.cc:343] T 65ce3b3093924ed9bc44e87b13eb351e P 46f90fb840d54972a3cce3516b670f6d [CANDIDATE]: Term 1 election: Tablet error from VoteRequest() call to peer 8306fc78d42547d6abce7c695407728b (127.21.87.67:41597): Illegal state: must be running to vote when last-logged opid is not known
I20260710 13:24:01.211601 23244 tablet_bootstrap.cc:492] T 65ce3b3093924ed9bc44e87b13eb351e P 8306fc78d42547d6abce7c695407728b: No bootstrap required, opened a new log
I20260710 13:24:01.212134 23244 ts_tablet_manager.cc:1403] T 65ce3b3093924ed9bc44e87b13eb351e P 8306fc78d42547d6abce7c695407728b: Time spent bootstrapping tablet: real 0.070s	user 0.022s	sys 0.031s
I20260710 13:24:01.212993 23243 tablet_bootstrap.cc:492] T 998a1b99a96e43f08487551476adcb45 P 99f19ce112c04731bc751de58aff1415: No bootstrap required, opened a new log
I20260710 13:24:01.213436 23243 ts_tablet_manager.cc:1403] T 998a1b99a96e43f08487551476adcb45 P 99f19ce112c04731bc751de58aff1415: Time spent bootstrapping tablet: real 0.101s	user 0.041s	sys 0.051s
I20260710 13:24:01.213517 23237 ts_tablet_manager.cc:1434] T 5286a7016b4f447f828026814ae4103c P 46f90fb840d54972a3cce3516b670f6d: Time spent starting tablet: real 0.021s	user 0.007s	sys 0.000s
I20260710 13:24:01.214470 23237 tablet_bootstrap.cc:492] T a3483aab956145f48efb682303dac2a6 P 46f90fb840d54972a3cce3516b670f6d: Bootstrap starting.
