I20260710 13:23:40.500372 27540 leader_election.cc:290] T e17c9ae6d3cd4338becfbc854b6c6cbb P 0c6ed134d5a64645804b78c7a3441640 [CANDIDATE]: Term 3 election: Requested vote from peers c302e86690a34bc6ad991b6988561646 (127.26.177.1:37433), a530c06d7ed045649065c3245e37f254 (127.26.177.3:44045)
I20260710 13:23:40.501154 27466 tablet_service.cc:1917] Received RequestConsensusVote() RPC: tablet_id: "e17c9ae6d3cd4338becfbc854b6c6cbb" candidate_uuid: "0c6ed134d5a64645804b78c7a3441640" candidate_term: 3 candidate_status { last_received { term: 2 index: 2 } } ignore_live_leader: true dest_uuid: "c302e86690a34bc6ad991b6988561646"
I20260710 13:23:40.501655 27466 raft_consensus.cc:3055] T e17c9ae6d3cd4338becfbc854b6c6cbb P c302e86690a34bc6ad991b6988561646 [term 2 LEADER]: Stepping down as leader of term 2
I20260710 13:23:40.501686 27755 raft_consensus.cc:697] T 7e7f83c8c96c487eb1c159d5a2d14520 P 0c6ed134d5a64645804b78c7a3441640 [term 4 LEADER]: Becoming Leader. State: Replica: 0c6ed134d5a64645804b78c7a3441640, State: Running, Role: LEADER
I20260710 13:23:40.501852 27615 tablet_service.cc:1917] Received RequestConsensusVote() RPC: tablet_id: "e17c9ae6d3cd4338becfbc854b6c6cbb" candidate_uuid: "0c6ed134d5a64645804b78c7a3441640" candidate_term: 3 candidate_status { last_received { term: 2 index: 2 } } ignore_live_leader: true dest_uuid: "a530c06d7ed045649065c3245e37f254"
I20260710 13:23:40.502065 27466 raft_consensus.cc:740] T e17c9ae6d3cd4338becfbc854b6c6cbb P c302e86690a34bc6ad991b6988561646 [term 2 LEADER]: Becoming Follower/Learner. State: Replica: c302e86690a34bc6ad991b6988561646, State: Running, Role: LEADER
I20260710 13:23:40.502408 27615 raft_consensus.cc:3060] T e17c9ae6d3cd4338becfbc854b6c6cbb P a530c06d7ed045649065c3245e37f254 [term 2 FOLLOWER]: Advancing to term 3
I20260710 13:23:40.502640 27755 consensus_queue.cc:237] T 7e7f83c8c96c487eb1c159d5a2d14520 P 0c6ed134d5a64645804b78c7a3441640 [LEADER]: Queue going to LEADER mode. State: All replicated index: 0, Majority replicated index: 3, Committed index: 3, Last appended: 3.3, Last appended by leader: 3, Current term: 4, Majority size: 2, State: 0, Mode: LEADER, active raft config: opid_index: -1 OBSOLETE_local: false peers { permanent_uuid: "c302e86690a34bc6ad991b6988561646" member_type: VOTER last_known_addr { host: "127.26.177.1" port: 37433 } } peers { permanent_uuid: "0c6ed134d5a64645804b78c7a3441640" member_type: VOTER last_known_addr { host: "127.26.177.2" port: 40609 } } peers { permanent_uuid: "a530c06d7ed045649065c3245e37f254" member_type: VOTER last_known_addr { host: "127.26.177.3" port: 44045 } }
I20260710 13:23:40.502770 27466 consensus_queue.cc:260] T e17c9ae6d3cd4338becfbc854b6c6cbb P c302e86690a34bc6ad991b6988561646 [NON_LEADER]: Queue going to NON_LEADER mode. State: All replicated index: 0, Majority replicated index: 2, Committed index: 2, Last appended: 2.2, Last appended by leader: 2, Current term: 2, Majority size: -1, State: 0, Mode: NON_LEADER, active raft config: opid_index: -1 OBSOLETE_local: false peers { permanent_uuid: "c302e86690a34bc6ad991b6988561646" member_type: VOTER last_known_addr { host: "127.26.177.1" port: 37433 } } peers { permanent_uuid: "0c6ed134d5a64645804b78c7a3441640" member_type: VOTER last_known_addr { host: "127.26.177.2" port: 40609 } } peers { permanent_uuid: "a530c06d7ed045649065c3245e37f254" member_type: VOTER last_known_addr { host: "127.26.177.3" port: 44045 } }
I20260710 13:23:40.503930 27466 raft_consensus.cc:3060] T e17c9ae6d3cd4338becfbc854b6c6cbb P c302e86690a34bc6ad991b6988561646 [term 2 FOLLOWER]: Advancing to term 3
I20260710 13:23:40.506969 27750 raft_consensus.cc:993] T 46b1dadb21654506811808904ca14ca1 P a530c06d7ed045649065c3245e37f254: : Instructing follower 0c6ed134d5a64645804b78c7a3441640 to start an election
I20260710 13:23:40.507382 27756 raft_consensus.cc:1081] T 46b1dadb21654506811808904ca14ca1 P a530c06d7ed045649065c3245e37f254 [term 3 LEADER]: Signalling peer 0c6ed134d5a64645804b78c7a3441640 to start an election
I20260710 13:23:40.508875 27540 tablet_service.cc:2044] Received Run Leader Election RPC: tablet_id: "46b1dadb21654506811808904ca14ca1"
dest_uuid: "0c6ed134d5a64645804b78c7a3441640"
 from {username='slave'} at 127.0.0.1:59696
I20260710 13:23:40.509426 27540 raft_consensus.cc:493] T 46b1dadb21654506811808904ca14ca1 P 0c6ed134d5a64645804b78c7a3441640 [term 3 FOLLOWER]: Starting forced leader election (received explicit request)
I20260710 13:23:40.509580 27466 raft_consensus.cc:2468] T e17c9ae6d3cd4338becfbc854b6c6cbb P c302e86690a34bc6ad991b6988561646 [term 3 FOLLOWER]: Leader election vote request: Granting yes vote for candidate 0c6ed134d5a64645804b78c7a3441640 in term 3.
I20260710 13:23:40.509824 27540 raft_consensus.cc:3060] T 46b1dadb21654506811808904ca14ca1 P 0c6ed134d5a64645804b78c7a3441640 [term 3 FOLLOWER]: Advancing to term 4
I20260710 13:23:40.510327 27615 raft_consensus.cc:2468] T e17c9ae6d3cd4338becfbc854b6c6cbb P a530c06d7ed045649065c3245e37f254 [term 3 FOLLOWER]: Leader election vote request: Granting yes vote for candidate 0c6ed134d5a64645804b78c7a3441640 in term 3.
I20260710 13:23:40.510789 27506 leader_election.cc:304] T e17c9ae6d3cd4338becfbc854b6c6cbb P 0c6ed134d5a64645804b78c7a3441640 [CANDIDATE]: Term 3 election: Election decided. Result: candidate won. Election summary: received 2 responses out of 3 voters: 2 yes votes; 0 no votes. yes voters: 0c6ed134d5a64645804b78c7a3441640, c302e86690a34bc6ad991b6988561646; no voters: 
I20260710 13:23:40.510553 27362 catalog_manager.cc:5697] T 7e7f83c8c96c487eb1c159d5a2d14520 P 0c6ed134d5a64645804b78c7a3441640 reported cstate change: term changed from 3 to 4, leader changed from a530c06d7ed045649065c3245e37f254 (127.26.177.3) to 0c6ed134d5a64645804b78c7a3441640 (127.26.177.2). New cstate: current_term: 4 leader_uuid: "0c6ed134d5a64645804b78c7a3441640" committed_config { opid_index: -1 OBSOLETE_local: false peers { permanent_uuid: "c302e86690a34bc6ad991b6988561646" member_type: VOTER last_known_addr { host: "127.26.177.1" port: 37433 } health_report { overall_health: UNKNOWN } } peers { permanent_uuid: "0c6ed134d5a64645804b78c7a3441640" member_type: VOTER last_known_addr { host: "127.26.177.2" port: 40609 } health_report { overall_health: HEALTHY } } peers { permanent_uuid: "a530c06d7ed045649065c3245e37f254" member_type: VOTER last_known_addr { host: "127.26.177.3" port: 44045 } health_report { overall_health: UNKNOWN } } }
I20260710 13:23:40.511520 27755 raft_consensus.cc:2804] T e17c9ae6d3cd4338becfbc854b6c6cbb P 0c6ed134d5a64645804b78c7a3441640 [term 3 FOLLOWER]: Leader election won for term 3
I20260710 13:23:40.512176 27755 raft_consensus.cc:697] T e17c9ae6d3cd4338becfbc854b6c6cbb P 0c6ed134d5a64645804b78c7a3441640 [term 3 LEADER]: Becoming Leader. State: Replica: 0c6ed134d5a64645804b78c7a3441640, State: Running, Role: LEADER
I20260710 13:23:40.513023 27755 consensus_queue.cc:237] T e17c9ae6d3cd4338becfbc854b6c6cbb P 0c6ed134d5a64645804b78c7a3441640 [LEADER]: Queue going to LEADER mode. State: All replicated index: 0, Majority replicated index: 2, Committed index: 2, Last appended: 2.2, Last appended by leader: 2, Current term: 3, Majority size: 2, State: 0, Mode: LEADER, active raft config: opid_index: -1 OBSOLETE_local: false peers { permanent_uuid: "c302e86690a34bc6ad991b6988561646" member_type: VOTER last_known_addr { host: "127.26.177.1" port: 37433 } } peers { permanent_uuid: "0c6ed134d5a64645804b78c7a3441640" member_type: VOTER last_known_addr { host: "127.26.177.2" port: 40609 } } peers { permanent_uuid: "a530c06d7ed045649065c3245e37f254" member_type: VOTER last_known_addr { host: "127.26.177.3" port: 44045 } }
I20260710 13:23:40.516388 27540 raft_consensus.cc:515] T 46b1dadb21654506811808904ca14ca1 P 0c6ed134d5a64645804b78c7a3441640 [term 4 FOLLOWER]: Starting forced leader election with config: opid_index: -1 OBSOLETE_local: false peers { permanent_uuid: "c302e86690a34bc6ad991b6988561646" member_type: VOTER last_known_addr { host: "127.26.177.1" port: 37433 } } peers { permanent_uuid: "0c6ed134d5a64645804b78c7a3441640" member_type: VOTER last_known_addr { host: "127.26.177.2" port: 40609 } } peers { permanent_uuid: "a530c06d7ed045649065c3245e37f254" member_type: VOTER last_known_addr { host: "127.26.177.3" port: 44045 } }
I20260710 13:23:40.518486 27540 leader_election.cc:290] T 46b1dadb21654506811808904ca14ca1 P 0c6ed134d5a64645804b78c7a3441640 [CANDIDATE]: Term 4 election: Requested vote from peers c302e86690a34bc6ad991b6988561646 (127.26.177.1:37433), a530c06d7ed045649065c3245e37f254 (127.26.177.3:44045)
I20260710 13:23:40.519166 27466 tablet_service.cc:1917] Received RequestConsensusVote() RPC: tablet_id: "46b1dadb21654506811808904ca14ca1" candidate_uuid: "0c6ed134d5a64645804b78c7a3441640" candidate_term: 4 candidate_status { last_received { term: 3 index: 3 } } ignore_live_leader: true dest_uuid: "c302e86690a34bc6ad991b6988561646"
I20260710 13:23:40.519518 27615 tablet_service.cc:1917] Received RequestConsensusVote() RPC: tablet_id: "46b1dadb21654506811808904ca14ca1" candidate_uuid: "0c6ed134d5a64645804b78c7a3441640" candidate_term: 4 candidate_status { last_received { term: 3 index: 3 } } ignore_live_leader: true dest_uuid: "a530c06d7ed045649065c3245e37f254"
I20260710 13:23:40.519763 27466 raft_consensus.cc:3060] T 46b1dadb21654506811808904ca14ca1 P c302e86690a34bc6ad991b6988561646 [term 3 FOLLOWER]: Advancing to term 4
I20260710 13:23:40.520015 27615 raft_consensus.cc:3055] T 46b1dadb21654506811808904ca14ca1 P a530c06d7ed045649065c3245e37f254 [term 3 LEADER]: Stepping down as leader of term 3
I20260710 13:23:40.520371 27615 raft_consensus.cc:740] T 46b1dadb21654506811808904ca14ca1 P a530c06d7ed045649065c3245e37f254 [term 3 LEADER]: Becoming Follower/Learner. State: Replica: a530c06d7ed045649065c3245e37f254, State: Running, Role: LEADER
I20260710 13:23:40.521019 27615 consensus_queue.cc:260] T 46b1dadb21654506811808904ca14ca1 P a530c06d7ed045649065c3245e37f254 [NON_LEADER]: Queue going to NON_LEADER mode. State: All replicated index: 0, Majority replicated index: 3, Committed index: 3, Last appended: 3.3, Last appended by leader: 3, Current term: 3, Majority size: -1, State: 0, Mode: NON_LEADER, active raft config: opid_index: -1 OBSOLETE_local: false peers { permanent_uuid: "c302e86690a34bc6ad991b6988561646" member_type: VOTER last_known_addr { host: "127.26.177.1" port: 37433 } } peers { permanent_uuid: "0c6ed134d5a64645804b78c7a3441640" member_type: VOTER last_known_addr { host: "127.26.177.2" port: 40609 } } peers { permanent_uuid: "a530c06d7ed045649065c3245e37f254" member_type: VOTER last_known_addr { host: "127.26.177.3" port: 44045 } }
I20260710 13:23:40.522080 27615 raft_consensus.cc:3060] T 46b1dadb21654506811808904ca14ca1 P a530c06d7ed045649065c3245e37f254 [term 3 FOLLOWER]: Advancing to term 4
I20260710 13:23:40.524024 27466 raft_consensus.cc:2468] T 46b1dadb21654506811808904ca14ca1 P c302e86690a34bc6ad991b6988561646 [term 4 FOLLOWER]: Leader election vote request: Granting yes vote for candidate 0c6ed134d5a64645804b78c7a3441640 in term 4.
I20260710 13:23:40.523787 27362 catalog_manager.cc:5697] T e17c9ae6d3cd4338becfbc854b6c6cbb P 0c6ed134d5a64645804b78c7a3441640 reported cstate change: term changed from 2 to 3, leader changed from c302e86690a34bc6ad991b6988561646 (127.26.177.1) to 0c6ed134d5a64645804b78c7a3441640 (127.26.177.2). New cstate: current_term: 3 leader_uuid: "0c6ed134d5a64645804b78c7a3441640" committed_config { opid_index: -1 OBSOLETE_local: false peers { permanent_uuid: "c302e86690a34bc6ad991b6988561646" member_type: VOTER last_known_addr { host: "127.26.177.1" port: 37433 } health_report { overall_health: UNKNOWN } } peers { permanent_uuid: "0c6ed134d5a64645804b78c7a3441640" member_type: VOTER last_known_addr { host: "127.26.177.2" port: 40609 } health_report { overall_health: HEALTHY } } peers { permanent_uuid: "a530c06d7ed045649065c3245e37f254" member_type: VOTER last_known_addr { host: "127.26.177.3" port: 44045 } health_report { overall_health: UNKNOWN } } }
I20260710 13:23:40.524948 27506 leader_election.cc:304] T 46b1dadb21654506811808904ca14ca1 P 0c6ed134d5a64645804b78c7a3441640 [CANDIDATE]: Term 4 election: Election decided. Result: candidate won. Election summary: received 2 responses out of 3 voters: 2 yes votes; 0 no votes. yes voters: 0c6ed134d5a64645804b78c7a3441640, c302e86690a34bc6ad991b6988561646; no voters: 
I20260710 13:23:40.525599 27755 raft_consensus.cc:2804] T 46b1dadb21654506811808904ca14ca1 P 0c6ed134d5a64645804b78c7a3441640 [term 4 FOLLOWER]: Leader election won for term 4
I20260710 13:23:40.526089 27755 raft_consensus.cc:697] T 46b1dadb21654506811808904ca14ca1 P 0c6ed134d5a64645804b78c7a3441640 [term 4 LEADER]: Becoming Leader. State: Replica: 0c6ed134d5a64645804b78c7a3441640, State: Running, Role: LEADER
I20260710 13:23:40.526787 27755 consensus_queue.cc:237] T 46b1dadb21654506811808904ca14ca1 P 0c6ed134d5a64645804b78c7a3441640 [LEADER]: Queue going to LEADER mode. State: All replicated index: 0, Majority replicated index: 3, Committed index: 3, Last appended: 3.3, Last appended by leader: 3, Current term: 4, Majority size: 2, State: 0, Mode: LEADER, active raft config: opid_index: -1 OBSOLETE_local: false peers { permanent_uuid: "c302e86690a34bc6ad991b6988561646" member_type: VOTER last_known_addr { host: "127.26.177.1" port: 37433 } } peers { permanent_uuid: "0c6ed134d5a64645804b78c7a3441640" member_type: VOTER last_known_addr { host: "127.26.177.2" port: 40609 } } peers { permanent_uuid: "a530c06d7ed045649065c3245e37f254" member_type: VOTER last_known_addr { host: "127.26.177.3" port: 44045 } }
I20260710 13:23:40.530678 27615 raft_consensus.cc:2468] T 46b1dadb21654506811808904ca14ca1 P a530c06d7ed045649065c3245e37f254 [term 4 FOLLOWER]: Leader election vote request: Granting yes vote for candidate 0c6ed134d5a64645804b78c7a3441640 in term 4.
I20260710 13:23:40.535568 27362 catalog_manager.cc:5697] T 46b1dadb21654506811808904ca14ca1 P 0c6ed134d5a64645804b78c7a3441640 reported cstate change: term changed from 3 to 4, leader changed from a530c06d7ed045649065c3245e37f254 (127.26.177.3) to 0c6ed134d5a64645804b78c7a3441640 (127.26.177.2). New cstate: current_term: 4 leader_uuid: "0c6ed134d5a64645804b78c7a3441640" committed_config { opid_index: -1 OBSOLETE_local: false peers { permanent_uuid: "c302e86690a34bc6ad991b6988561646" member_type: VOTER last_known_addr { host: "127.26.177.1" port: 37433 } health_report { overall_health: UNKNOWN } } peers { permanent_uuid: "0c6ed134d5a64645804b78c7a3441640" member_type: VOTER last_known_addr { host: "127.26.177.2" port: 40609 } health_report { overall_health: HEALTHY } } peers { permanent_uuid: "a530c06d7ed045649065c3245e37f254" member_type: VOTER last_known_addr { host: "127.26.177.3" port: 44045 } health_report { overall_health: UNKNOWN } } }
I20260710 13:23:40.711555 27762 raft_consensus.cc:993] T 50fb3520f9c84a768e11ca49be252ee8 P c302e86690a34bc6ad991b6988561646: : Instructing follower 0c6ed134d5a64645804b78c7a3441640 to start an election
I20260710 13:23:40.712203 27772 raft_consensus.cc:1081] T 50fb3520f9c84a768e11ca49be252ee8 P c302e86690a34bc6ad991b6988561646 [term 1 LEADER]: Signalling peer 0c6ed134d5a64645804b78c7a3441640 to start an election
I20260710 13:23:40.713757 27540 tablet_service.cc:2044] Received Run Leader Election RPC: tablet_id: "50fb3520f9c84a768e11ca49be252ee8"
dest_uuid: "0c6ed134d5a64645804b78c7a3441640"
 from {username='slave'} at 127.0.0.1:59700
I20260710 13:23:40.714208 27540 raft_consensus.cc:493] T 50fb3520f9c84a768e11ca49be252ee8 P 0c6ed134d5a64645804b78c7a3441640 [term 1 FOLLOWER]: Starting forced leader election (received explicit request)
I20260710 13:23:40.714464 27540 raft_consensus.cc:3060] T 50fb3520f9c84a768e11ca49be252ee8 P 0c6ed134d5a64645804b78c7a3441640 [term 1 FOLLOWER]: Advancing to term 2
I20260710 13:23:40.718804 27540 raft_consensus.cc:515] T 50fb3520f9c84a768e11ca49be252ee8 P 0c6ed134d5a64645804b78c7a3441640 [term 2 FOLLOWER]: Starting forced leader election with config: opid_index: -1 OBSOLETE_local: false peers { permanent_uuid: "c302e86690a34bc6ad991b6988561646" member_type: VOTER last_known_addr { host: "127.26.177.1" port: 37433 } } peers { permanent_uuid: "0c6ed134d5a64645804b78c7a3441640" member_type: VOTER last_known_addr { host: "127.26.177.2" port: 40609 } } peers { permanent_uuid: "a530c06d7ed045649065c3245e37f254" member_type: VOTER last_known_addr { host: "127.26.177.3" port: 44045 } }
I20260710 13:23:40.720443 27540 leader_election.cc:290] T 50fb3520f9c84a768e11ca49be252ee8 P 0c6ed134d5a64645804b78c7a3441640 [CANDIDATE]: Term 2 election: Requested vote from peers c302e86690a34bc6ad991b6988561646 (127.26.177.1:37433), a530c06d7ed045649065c3245e37f254 (127.26.177.3:44045)
I20260710 13:23:40.721175 27466 tablet_service.cc:1917] Received RequestConsensusVote() RPC: tablet_id: "50fb3520f9c84a768e11ca49be252ee8" candidate_uuid: "0c6ed134d5a64645804b78c7a3441640" candidate_term: 2 candidate_status { last_received { term: 1 index: 1 } } ignore_live_leader: true dest_uuid: "c302e86690a34bc6ad991b6988561646"
I20260710 13:23:40.721441 27615 tablet_service.cc:1917] Received RequestConsensusVote() RPC: tablet_id: "50fb3520f9c84a768e11ca49be252ee8" candidate_uuid: "0c6ed134d5a64645804b78c7a3441640" candidate_term: 2 candidate_status { last_received { term: 1 index: 1 } } ignore_live_leader: true dest_uuid: "a530c06d7ed045649065c3245e37f254"
I20260710 13:23:40.721683 27466 raft_consensus.cc:3055] T 50fb3520f9c84a768e11ca49be252ee8 P c302e86690a34bc6ad991b6988561646 [term 1 LEADER]: Stepping down as leader of term 1
I20260710 13:23:40.721939 27615 raft_consensus.cc:3060] T 50fb3520f9c84a768e11ca49be252ee8 P a530c06d7ed045649065c3245e37f254 [term 1 FOLLOWER]: Advancing to term 2
I20260710 13:23:40.721984 27466 raft_consensus.cc:740] T 50fb3520f9c84a768e11ca49be252ee8 P c302e86690a34bc6ad991b6988561646 [term 1 LEADER]: Becoming Follower/Learner. State: Replica: c302e86690a34bc6ad991b6988561646, State: Running, Role: LEADER
I20260710 13:23:40.722647 27466 consensus_queue.cc:260] T 50fb3520f9c84a768e11ca49be252ee8 P c302e86690a34bc6ad991b6988561646 [NON_LEADER]: Queue going to NON_LEADER mode. State: All replicated index: 0, Majority replicated index: 1, Committed index: 1, Last appended: 1.1, Last appended by leader: 1, Current term: 1, Majority size: -1, State: 0, Mode: NON_LEADER, active raft config: opid_index: -1 OBSOLETE_local: false peers { permanent_uuid: "c302e86690a34bc6ad991b6988561646" member_type: VOTER last_known_addr { host: "127.26.177.1" port: 37433 } } peers { permanent_uuid: "0c6ed134d5a64645804b78c7a3441640" member_type: VOTER last_known_addr { host: "127.26.177.2" port: 40609 } } peers { permanent_uuid: "a530c06d7ed045649065c3245e37f254" member_type: VOTER last_known_addr { host: "127.26.177.3" port: 44045 } }
I20260710 13:23:40.723415 27466 raft_consensus.cc:3060] T 50fb3520f9c84a768e11ca49be252ee8 P c302e86690a34bc6ad991b6988561646 [term 1 FOLLOWER]: Advancing to term 2
I20260710 13:23:40.726121 27615 raft_consensus.cc:2468] T 50fb3520f9c84a768e11ca49be252ee8 P a530c06d7ed045649065c3245e37f254 [term 2 FOLLOWER]: Leader election vote request: Granting yes vote for candidate 0c6ed134d5a64645804b78c7a3441640 in term 2.
I20260710 13:23:40.727108 27506 leader_election.cc:304] T 50fb3520f9c84a768e11ca49be252ee8 P 0c6ed134d5a64645804b78c7a3441640 [CANDIDATE]: Term 2 election: Election decided. Result: candidate won. Election summary: received 2 responses out of 3 voters: 2 yes votes; 0 no votes. yes voters: 0c6ed134d5a64645804b78c7a3441640, a530c06d7ed045649065c3245e37f254; no voters: 
I20260710 13:23:40.727356 27466 raft_consensus.cc:2468] T 50fb3520f9c84a768e11ca49be252ee8 P c302e86690a34bc6ad991b6988561646 [term 2 FOLLOWER]: Leader election vote request: Granting yes vote for candidate 0c6ed134d5a64645804b78c7a3441640 in term 2.
I20260710 13:23:40.727907 27755 raft_consensus.cc:2804] T 50fb3520f9c84a768e11ca49be252ee8 P 0c6ed134d5a64645804b78c7a3441640 [term 2 FOLLOWER]: Leader election won for term 2
I20260710 13:23:40.728406 27755 raft_consensus.cc:697] T 50fb3520f9c84a768e11ca49be252ee8 P 0c6ed134d5a64645804b78c7a3441640 [term 2 LEADER]: Becoming Leader. State: Replica: 0c6ed134d5a64645804b78c7a3441640, State: Running, Role: LEADER
I20260710 13:23:40.729092 27755 consensus_queue.cc:237] T 50fb3520f9c84a768e11ca49be252ee8 P 0c6ed134d5a64645804b78c7a3441640 [LEADER]: Queue going to LEADER mode. State: All replicated index: 0, Majority replicated index: 1, Committed index: 1, Last appended: 1.1, Last appended by leader: 1, Current term: 2, Majority size: 2, State: 0, Mode: LEADER, active raft config: opid_index: -1 OBSOLETE_local: false peers { permanent_uuid: "c302e86690a34bc6ad991b6988561646" member_type: VOTER last_known_addr { host: "127.26.177.1" port: 37433 } } peers { permanent_uuid: "0c6ed134d5a64645804b78c7a3441640" member_type: VOTER last_known_addr { host: "127.26.177.2" port: 40609 } } peers { permanent_uuid: "a530c06d7ed045649065c3245e37f254" member_type: VOTER last_known_addr { host: "127.26.177.3" port: 44045 } }
I20260710 13:23:40.735391 27362 catalog_manager.cc:5697] T 50fb3520f9c84a768e11ca49be252ee8 P 0c6ed134d5a64645804b78c7a3441640 reported cstate change: term changed from 1 to 2, leader changed from c302e86690a34bc6ad991b6988561646 (127.26.177.1) to 0c6ed134d5a64645804b78c7a3441640 (127.26.177.2). New cstate: current_term: 2 leader_uuid: "0c6ed134d5a64645804b78c7a3441640" committed_config { opid_index: -1 OBSOLETE_local: false peers { permanent_uuid: "c302e86690a34bc6ad991b6988561646" member_type: VOTER last_known_addr { host: "127.26.177.1" port: 37433 } health_report { overall_health: UNKNOWN } } peers { permanent_uuid: "0c6ed134d5a64645804b78c7a3441640" member_type: VOTER last_known_addr { host: "127.26.177.2" port: 40609 } health_report { overall_health: HEALTHY } } peers { permanent_uuid: "a530c06d7ed045649065c3245e37f254" member_type: VOTER last_known_addr { host: "127.26.177.3" port: 44045 } health_report { overall_health: UNKNOWN } } }
I20260710 13:23:40.895761 27615 raft_consensus.cc:1275] T 7e7f83c8c96c487eb1c159d5a2d14520 P a530c06d7ed045649065c3245e37f254 [term 4 FOLLOWER]: Refusing update from remote peer 0c6ed134d5a64645804b78c7a3441640: Log matching property violated. Preceding OpId in replica: term: 3 index: 3. Preceding OpId from leader: term: 4 index: 4. (index mismatch)
I20260710 13:23:40.897271 27755 consensus_queue.cc:1048] T 7e7f83c8c96c487eb1c159d5a2d14520 P 0c6ed134d5a64645804b78c7a3441640 [LEADER]: Connected to new peer: Peer: permanent_uuid: "a530c06d7ed045649065c3245e37f254" member_type: VOTER last_known_addr { host: "127.26.177.3" port: 44045 }, Status: LMP_MISMATCH, Last received: 0.0, Next index: 4, Last known committed idx: 3, Time since last communication: 0.000s
I20260710 13:23:40.906831 27466 raft_consensus.cc:1275] T 7e7f83c8c96c487eb1c159d5a2d14520 P c302e86690a34bc6ad991b6988561646 [term 4 FOLLOWER]: Refusing update from remote peer 0c6ed134d5a64645804b78c7a3441640: Log matching property violated. Preceding OpId in replica: term: 3 index: 3. Preceding OpId from leader: term: 4 index: 4. (index mismatch)
I20260710 13:23:40.908250 27781 consensus_queue.cc:1048] T 7e7f83c8c96c487eb1c159d5a2d14520 P 0c6ed134d5a64645804b78c7a3441640 [LEADER]: Connected to new peer: Peer: permanent_uuid: "c302e86690a34bc6ad991b6988561646" member_type: VOTER last_known_addr { host: "127.26.177.1" port: 37433 }, Status: LMP_MISMATCH, Last received: 0.0, Next index: 4, Last known committed idx: 3, Time since last communication: 0.000s
I20260710 13:23:40.935597 27615 raft_consensus.cc:1275] T e17c9ae6d3cd4338becfbc854b6c6cbb P a530c06d7ed045649065c3245e37f254 [term 3 FOLLOWER]: Refusing update from remote peer 0c6ed134d5a64645804b78c7a3441640: Log matching property violated. Preceding OpId in replica: term: 2 index: 2. Preceding OpId from leader: term: 3 index: 3. (index mismatch)
I20260710 13:23:40.937405 27781 consensus_queue.cc:1048] T e17c9ae6d3cd4338becfbc854b6c6cbb P 0c6ed134d5a64645804b78c7a3441640 [LEADER]: Connected to new peer: Peer: permanent_uuid: "a530c06d7ed045649065c3245e37f254" member_type: VOTER last_known_addr { host: "127.26.177.3" port: 44045 }, Status: LMP_MISMATCH, Last received: 0.0, Next index: 3, Last known committed idx: 2, Time since last communication: 0.000s
I20260710 13:23:40.945938 27466 raft_consensus.cc:1275] T e17c9ae6d3cd4338becfbc854b6c6cbb P c302e86690a34bc6ad991b6988561646 [term 3 FOLLOWER]: Refusing update from remote peer 0c6ed134d5a64645804b78c7a3441640: Log matching property violated. Preceding OpId in replica: term: 2 index: 2. Preceding OpId from leader: term: 3 index: 3. (index mismatch)
I20260710 13:23:40.947680 27781 consensus_queue.cc:1048] T e17c9ae6d3cd4338becfbc854b6c6cbb P 0c6ed134d5a64645804b78c7a3441640 [LEADER]: Connected to new peer: Peer: permanent_uuid: "c302e86690a34bc6ad991b6988561646" member_type: VOTER last_known_addr { host: "127.26.177.1" port: 37433 }, Status: LMP_MISMATCH, Last received: 0.0, Next index: 3, Last known committed idx: 2, Time since last communication: 0.000s
I20260710 13:23:40.951134 27467 raft_consensus.cc:1275] T f114896920a8437bb79f69db38063fcc P c302e86690a34bc6ad991b6988561646 [term 2 FOLLOWER]: Refusing update from remote peer 0c6ed134d5a64645804b78c7a3441640: Log matching property violated. Preceding OpId in replica: term: 1 index: 1. Preceding OpId from leader: term: 2 index: 2. (index mismatch)
I20260710 13:23:40.953157 27781 consensus_queue.cc:1048] T f114896920a8437bb79f69db38063fcc P 0c6ed134d5a64645804b78c7a3441640 [LEADER]: Connected to new peer: Peer: permanent_uuid: "c302e86690a34bc6ad991b6988561646" member_type: VOTER last_known_addr { host: "127.26.177.1" port: 37433 }, Status: LMP_MISMATCH, Last received: 0.0, Next index: 2, Last known committed idx: 1, Time since last communication: 0.001s
I20260710 13:23:40.964293 27615 raft_consensus.cc:1275] T f114896920a8437bb79f69db38063fcc P a530c06d7ed045649065c3245e37f254 [term 2 FOLLOWER]: Refusing update from remote peer 0c6ed134d5a64645804b78c7a3441640: Log matching property violated. Preceding OpId in replica: term: 1 index: 1. Preceding OpId from leader: term: 2 index: 2. (index mismatch)
I20260710 13:23:40.966051 27773 consensus_queue.cc:1048] T f114896920a8437bb79f69db38063fcc P 0c6ed134d5a64645804b78c7a3441640 [LEADER]: Connected to new peer: Peer: permanent_uuid: "a530c06d7ed045649065c3245e37f254" member_type: VOTER last_known_addr { host: "127.26.177.3" port: 44045 }, Status: LMP_MISMATCH, Last received: 0.0, Next index: 2, Last known committed idx: 1, Time since last communication: 0.000s
I20260710 13:23:41.081621 27615 raft_consensus.cc:1275] T 46b1dadb21654506811808904ca14ca1 P a530c06d7ed045649065c3245e37f254 [term 4 FOLLOWER]: Refusing update from remote peer 0c6ed134d5a64645804b78c7a3441640: Log matching property violated. Preceding OpId in replica: term: 3 index: 3. Preceding OpId from leader: term: 4 index: 4. (index mismatch)
I20260710 13:23:41.082823 27773 consensus_queue.cc:1048] T 46b1dadb21654506811808904ca14ca1 P 0c6ed134d5a64645804b78c7a3441640 [LEADER]: Connected to new peer: Peer: permanent_uuid: "a530c06d7ed045649065c3245e37f254" member_type: VOTER last_known_addr { host: "127.26.177.3" port: 44045 }, Status: LMP_MISMATCH, Last received: 0.0, Next index: 4, Last known committed idx: 3, Time since last communication: 0.000s
I20260710 13:23:41.088016 27467 raft_consensus.cc:1275] T 46b1dadb21654506811808904ca14ca1 P c302e86690a34bc6ad991b6988561646 [term 4 FOLLOWER]: Refusing update from remote peer 0c6ed134d5a64645804b78c7a3441640: Log matching property violated. Preceding OpId in replica: term: 3 index: 3. Preceding OpId from leader: term: 4 index: 4. (index mismatch)
I20260710 13:23:41.089339 27781 consensus_queue.cc:1048] T 46b1dadb21654506811808904ca14ca1 P 0c6ed134d5a64645804b78c7a3441640 [LEADER]: Connected to new peer: Peer: permanent_uuid: "c302e86690a34bc6ad991b6988561646" member_type: VOTER last_known_addr { host: "127.26.177.1" port: 37433 }, Status: LMP_MISMATCH, Last received: 0.0, Next index: 4, Last known committed idx: 3, Time since last communication: 0.000s
I20260710 13:23:41.137812 27615 raft_consensus.cc:1275] T 50fb3520f9c84a768e11ca49be252ee8 P a530c06d7ed045649065c3245e37f254 [term 2 FOLLOWER]: Refusing update from remote peer 0c6ed134d5a64645804b78c7a3441640: Log matching property violated. Preceding OpId in replica: term: 1 index: 1. Preceding OpId from leader: term: 2 index: 2. (index mismatch)
I20260710 13:23:41.139128 27781 consensus_queue.cc:1048] T 50fb3520f9c84a768e11ca49be252ee8 P 0c6ed134d5a64645804b78c7a3441640 [LEADER]: Connected to new peer: Peer: permanent_uuid: "a530c06d7ed045649065c3245e37f254" member_type: VOTER last_known_addr { host: "127.26.177.3" port: 44045 }, Status: LMP_MISMATCH, Last received: 0.0, Next index: 2, Last known committed idx: 1, Time since last communication: 0.000s
I20260710 13:23:41.147042 27467 raft_consensus.cc:1275] T 50fb3520f9c84a768e11ca49be252ee8 P c302e86690a34bc6ad991b6988561646 [term 2 FOLLOWER]: Refusing update from remote peer 0c6ed134d5a64645804b78c7a3441640: Log matching property violated. Preceding OpId in replica: term: 1 index: 1. Preceding OpId from leader: term: 2 index: 2. (index mismatch)
I20260710 13:23:41.148870 27773 consensus_queue.cc:1048] T 50fb3520f9c84a768e11ca49be252ee8 P 0c6ed134d5a64645804b78c7a3441640 [LEADER]: Connected to new peer: Peer: permanent_uuid: "c302e86690a34bc6ad991b6988561646" member_type: VOTER last_known_addr { host: "127.26.177.1" port: 37433 }, Status: LMP_MISMATCH, Last received: 0.0, Next index: 2, Last known committed idx: 1, Time since last communication: 0.000s
I20260710 13:23:44.267266 27332 auto_leader_rebalancer.cc:141] leader rebalance for table test-workload
I20260710 13:23:44.274238 27540 tablet_service.cc:2072] Received LeaderStepDown RPC: tablet_id: "2499339c98e845018d4cb76711a42b4d"
dest_uuid: "0c6ed134d5a64645804b78c7a3441640"
mode: GRACEFUL
new_leader_uuid: "c302e86690a34bc6ad991b6988561646"
 from {username='slave'} at 127.0.0.1:58020
I20260710 13:23:44.274946 27540 raft_consensus.cc:606] T 2499339c98e845018d4cb76711a42b4d P 0c6ed134d5a64645804b78c7a3441640 [term 1 LEADER]: Received request to transfer leadership to TS c302e86690a34bc6ad991b6988561646
I20260710 13:23:44.278326 27540 tablet_service.cc:2072] Received LeaderStepDown RPC: tablet_id: "46b1dadb21654506811808904ca14ca1"
dest_uuid: "0c6ed134d5a64645804b78c7a3441640"
mode: GRACEFUL
new_leader_uuid: "c302e86690a34bc6ad991b6988561646"
 from {username='slave'} at 127.0.0.1:58020
I20260710 13:23:44.278920 27540 raft_consensus.cc:606] T 46b1dadb21654506811808904ca14ca1 P 0c6ed134d5a64645804b78c7a3441640 [term 4 LEADER]: Received request to transfer leadership to TS c302e86690a34bc6ad991b6988561646
I20260710 13:23:44.281301 27540 tablet_service.cc:2072] Received LeaderStepDown RPC: tablet_id: "50fb3520f9c84a768e11ca49be252ee8"
dest_uuid: "0c6ed134d5a64645804b78c7a3441640"
mode: GRACEFUL
new_leader_uuid: "a530c06d7ed045649065c3245e37f254"
 from {username='slave'} at 127.0.0.1:58020
I20260710 13:23:44.281744 27540 raft_consensus.cc:606] T 50fb3520f9c84a768e11ca49be252ee8 P 0c6ed134d5a64645804b78c7a3441640 [term 2 LEADER]: Received request to transfer leadership to TS a530c06d7ed045649065c3245e37f254
I20260710 13:23:44.286339 27540 tablet_service.cc:2072] Received LeaderStepDown RPC: tablet_id: "f114896920a8437bb79f69db38063fcc"
dest_uuid: "0c6ed134d5a64645804b78c7a3441640"
mode: GRACEFUL
new_leader_uuid: "c302e86690a34bc6ad991b6988561646"
 from {username='slave'} at 127.0.0.1:58020
I20260710 13:23:44.287403 27540 raft_consensus.cc:606] T f114896920a8437bb79f69db38063fcc P 0c6ed134d5a64645804b78c7a3441640 [term 2 LEADER]: Received request to transfer leadership to TS c302e86690a34bc6ad991b6988561646
I20260710 13:23:44.291234 27540 tablet_service.cc:2072] Received LeaderStepDown RPC: tablet_id: "f6cff55a68bb4f558e9ab7b268a656bd"
dest_uuid: "0c6ed134d5a64645804b78c7a3441640"
mode: GRACEFUL
new_leader_uuid: "a530c06d7ed045649065c3245e37f254"
 from {username='slave'} at 127.0.0.1:58020
I20260710 13:23:44.291898 27540 raft_consensus.cc:606] T f6cff55a68bb4f558e9ab7b268a656bd P 0c6ed134d5a64645804b78c7a3441640 [term 1 LEADER]: Received request to transfer leadership to TS a530c06d7ed045649065c3245e37f254
W20260710 13:23:44.292516 27563 debug-util.cc:398] Leaking SignalData structure 0x7b080012a060 after lost signal to thread 27335
I20260710 13:23:44.293370 27332 auto_leader_rebalancer.cc:479] table: test-workload, leader rebalance finish, leader transfer count: 5
W20260710 13:23:44.293797 27563 debug-util.cc:398] Leaking SignalData structure 0x7b080012a740 after lost signal to thread 27398
I20260710 13:23:44.293897 27332 auto_leader_rebalancer.cc:554] All tables' leader rebalancing finished this round
W20260710 13:23:44.295076 27563 debug-util.cc:398] Leaking SignalData structure 0x7b08001ae000 after lost signal to thread 27491
W20260710 13:23:44.295783 27563 debug-util.cc:398] Leaking SignalData structure 0x7b08001e25e0 after lost signal to thread 27566
W20260710 13:23:44.296653 27563 debug-util.cc:398] Leaking SignalData structure 0x7b08001cac40 after lost signal to thread 27640
I20260710 13:23:44.453540 27796 raft_consensus.cc:993] T f114896920a8437bb79f69db38063fcc P 0c6ed134d5a64645804b78c7a3441640: : Instructing follower c302e86690a34bc6ad991b6988561646 to start an election
I20260710 13:23:44.454670 27796 raft_consensus.cc:993] T 46b1dadb21654506811808904ca14ca1 P 0c6ed134d5a64645804b78c7a3441640: : Instructing follower c302e86690a34bc6ad991b6988561646 to start an election
I20260710 13:23:44.454721 27800 raft_consensus.cc:1081] T f114896920a8437bb79f69db38063fcc P 0c6ed134d5a64645804b78c7a3441640 [term 2 LEADER]: Signalling peer c302e86690a34bc6ad991b6988561646 to start an election
I20260710 13:23:44.455235 27796 raft_consensus.cc:1081] T 46b1dadb21654506811808904ca14ca1 P 0c6ed134d5a64645804b78c7a3441640 [term 4 LEADER]: Signalling peer c302e86690a34bc6ad991b6988561646 to start an election
I20260710 13:23:44.457147 27464 tablet_service.cc:2044] Received Run Leader Election RPC: tablet_id: "f114896920a8437bb79f69db38063fcc"
dest_uuid: "c302e86690a34bc6ad991b6988561646"
 from {username='slave'} at 127.0.0.1:53236
I20260710 13:23:44.457942 27464 raft_consensus.cc:493] T f114896920a8437bb79f69db38063fcc P c302e86690a34bc6ad991b6988561646 [term 2 FOLLOWER]: Starting forced leader election (received explicit request)
I20260710 13:23:44.458426 27464 raft_consensus.cc:3060] T f114896920a8437bb79f69db38063fcc P c302e86690a34bc6ad991b6988561646 [term 2 FOLLOWER]: Advancing to term 3
I20260710 13:23:44.461251 27467 tablet_service.cc:2044] Received Run Leader Election RPC: tablet_id: "46b1dadb21654506811808904ca14ca1"
dest_uuid: "c302e86690a34bc6ad991b6988561646"
 from {username='slave'} at 127.0.0.1:53236
I20260710 13:23:44.461804 27467 raft_consensus.cc:493] T 46b1dadb21654506811808904ca14ca1 P c302e86690a34bc6ad991b6988561646 [term 4 FOLLOWER]: Starting forced leader election (received explicit request)
I20260710 13:23:44.462157 27467 raft_consensus.cc:3060] T 46b1dadb21654506811808904ca14ca1 P c302e86690a34bc6ad991b6988561646 [term 4 FOLLOWER]: Advancing to term 5
I20260710 13:23:44.466295 27464 raft_consensus.cc:515] T f114896920a8437bb79f69db38063fcc P c302e86690a34bc6ad991b6988561646 [term 3 FOLLOWER]: Starting forced leader election with config: opid_index: -1 OBSOLETE_local: false peers { permanent_uuid: "c302e86690a34bc6ad991b6988561646" member_type: VOTER last_known_addr { host: "127.26.177.1" port: 37433 } } peers { permanent_uuid: "0c6ed134d5a64645804b78c7a3441640" member_type: VOTER last_known_addr { host: "127.26.177.2" port: 40609 } } peers { permanent_uuid: "a530c06d7ed045649065c3245e37f254" member_type: VOTER last_known_addr { host: "127.26.177.3" port: 44045 } }
I20260710 13:23:44.469610 27540 tablet_service.cc:1917] Received RequestConsensusVote() RPC: tablet_id: "f114896920a8437bb79f69db38063fcc" candidate_uuid: "c302e86690a34bc6ad991b6988561646" candidate_term: 3 candidate_status { last_received { term: 2 index: 2 } } ignore_live_leader: true dest_uuid: "0c6ed134d5a64645804b78c7a3441640"
I20260710 13:23:44.470485 27540 raft_consensus.cc:3055] T f114896920a8437bb79f69db38063fcc P 0c6ed134d5a64645804b78c7a3441640 [term 2 LEADER]: Stepping down as leader of term 2
I20260710 13:23:44.470520 27467 raft_consensus.cc:515] T 46b1dadb21654506811808904ca14ca1 P c302e86690a34bc6ad991b6988561646 [term 5 FOLLOWER]: Starting forced leader election with config: opid_index: -1 OBSOLETE_local: false peers { permanent_uuid: "c302e86690a34bc6ad991b6988561646" member_type: VOTER last_known_addr { host: "127.26.177.1" port: 37433 } } peers { permanent_uuid: "0c6ed134d5a64645804b78c7a3441640" member_type: VOTER last_known_addr { host: "127.26.177.2" port: 40609 } } peers { permanent_uuid: "a530c06d7ed045649065c3245e37f254" member_type: VOTER last_known_addr { host: "127.26.177.3" port: 44045 } }
I20260710 13:23:44.470908 27540 raft_consensus.cc:740] T f114896920a8437bb79f69db38063fcc P 0c6ed134d5a64645804b78c7a3441640 [term 2 LEADER]: Becoming Follower/Learner. State: Replica: 0c6ed134d5a64645804b78c7a3441640, State: Running, Role: LEADER
I20260710 13:23:44.471263 27616 tablet_service.cc:1917] Received RequestConsensusVote() RPC: tablet_id: "f114896920a8437bb79f69db38063fcc" candidate_uuid: "c302e86690a34bc6ad991b6988561646" candidate_term: 3 candidate_status { last_received { term: 2 index: 2 } } ignore_live_leader: true dest_uuid: "a530c06d7ed045649065c3245e37f254"
I20260710 13:23:44.471987 27616 raft_consensus.cc:3060] T f114896920a8437bb79f69db38063fcc P a530c06d7ed045649065c3245e37f254 [term 2 FOLLOWER]: Advancing to term 3
I20260710 13:23:44.471916 27540 consensus_queue.cc:260] T f114896920a8437bb79f69db38063fcc P 0c6ed134d5a64645804b78c7a3441640 [NON_LEADER]: Queue going to NON_LEADER mode. State: All replicated index: 0, Majority replicated index: 2, Committed index: 2, Last appended: 2.2, Last appended by leader: 2, Current term: 2, Majority size: -1, State: 0, Mode: NON_LEADER, active raft config: opid_index: -1 OBSOLETE_local: false peers { permanent_uuid: "c302e86690a34bc6ad991b6988561646" member_type: VOTER last_known_addr { host: "127.26.177.1" port: 37433 } } peers { permanent_uuid: "0c6ed134d5a64645804b78c7a3441640" member_type: VOTER last_known_addr { host: "127.26.177.2" port: 40609 } } peers { permanent_uuid: "a530c06d7ed045649065c3245e37f254" member_type: VOTER last_known_addr { host: "127.26.177.3" port: 44045 } }
I20260710 13:23:44.472759 27467 leader_election.cc:290] T 46b1dadb21654506811808904ca14ca1 P c302e86690a34bc6ad991b6988561646 [CANDIDATE]: Term 5 election: Requested vote from peers 0c6ed134d5a64645804b78c7a3441640 (127.26.177.2:40609), a530c06d7ed045649065c3245e37f254 (127.26.177.3:44045)
I20260710 13:23:44.473273 27540 raft_consensus.cc:3060] T f114896920a8437bb79f69db38063fcc P 0c6ed134d5a64645804b78c7a3441640 [term 2 FOLLOWER]: Advancing to term 3
I20260710 13:23:44.477214 27541 tablet_service.cc:1917] Received RequestConsensusVote() RPC: tablet_id: "46b1dadb21654506811808904ca14ca1" candidate_uuid: "c302e86690a34bc6ad991b6988561646" candidate_term: 5 candidate_status { last_received { term: 4 index: 4 } } ignore_live_leader: true dest_uuid: "0c6ed134d5a64645804b78c7a3441640"
I20260710 13:23:44.477731 27541 raft_consensus.cc:3055] T 46b1dadb21654506811808904ca14ca1 P 0c6ed134d5a64645804b78c7a3441640 [term 4 LEADER]: Stepping down as leader of term 4
I20260710 13:23:44.478014 27541 raft_consensus.cc:740] T 46b1dadb21654506811808904ca14ca1 P 0c6ed134d5a64645804b78c7a3441640 [term 4 LEADER]: Becoming Follower/Learner. State: Replica: 0c6ed134d5a64645804b78c7a3441640, State: Running, Role: LEADER
I20260710 13:23:44.478045 27612 tablet_service.cc:1917] Received RequestConsensusVote() RPC: tablet_id: "46b1dadb21654506811808904ca14ca1" candidate_uuid: "c302e86690a34bc6ad991b6988561646" candidate_term: 5 candidate_status { last_received { term: 4 index: 4 } } ignore_live_leader: true dest_uuid: "a530c06d7ed045649065c3245e37f254"
I20260710 13:23:44.478644 27612 raft_consensus.cc:3060] T 46b1dadb21654506811808904ca14ca1 P a530c06d7ed045649065c3245e37f254 [term 4 FOLLOWER]: Advancing to term 5
I20260710 13:23:44.478847 27541 consensus_queue.cc:260] T 46b1dadb21654506811808904ca14ca1 P 0c6ed134d5a64645804b78c7a3441640 [NON_LEADER]: Queue going to NON_LEADER mode. State: All replicated index: 0, Majority replicated index: 4, Committed index: 4, Last appended: 4.4, Last appended by leader: 4, Current term: 4, Majority size: -1, State: 0, Mode: NON_LEADER, active raft config: opid_index: -1 OBSOLETE_local: false peers { permanent_uuid: "c302e86690a34bc6ad991b6988561646" member_type: VOTER last_known_addr { host: "127.26.177.1" port: 37433 } } peers { permanent_uuid: "0c6ed134d5a64645804b78c7a3441640" member_type: VOTER last_known_addr { host: "127.26.177.2" port: 40609 } } peers { permanent_uuid: "a530c06d7ed045649065c3245e37f254" member_type: VOTER last_known_addr { host: "127.26.177.3" port: 44045 } }
I20260710 13:23:44.480015 27541 raft_consensus.cc:3060] T 46b1dadb21654506811808904ca14ca1 P 0c6ed134d5a64645804b78c7a3441640 [term 4 FOLLOWER]: Advancing to term 5
I20260710 13:23:44.480871 27540 raft_consensus.cc:2468] T f114896920a8437bb79f69db38063fcc P 0c6ed134d5a64645804b78c7a3441640 [term 3 FOLLOWER]: Leader election vote request: Granting yes vote for candidate c302e86690a34bc6ad991b6988561646 in term 3.
I20260710 13:23:44.482206 27430 leader_election.cc:304] T f114896920a8437bb79f69db38063fcc P c302e86690a34bc6ad991b6988561646 [CANDIDATE]: Term 3 election: Election decided. Result: candidate won. Election summary: received 2 responses out of 3 voters: 2 yes votes; 0 no votes. yes voters: 0c6ed134d5a64645804b78c7a3441640, c302e86690a34bc6ad991b6988561646; no voters: 
I20260710 13:23:44.485414 27612 raft_consensus.cc:2468] T 46b1dadb21654506811808904ca14ca1 P a530c06d7ed045649065c3245e37f254 [term 5 FOLLOWER]: Leader election vote request: Granting yes vote for candidate c302e86690a34bc6ad991b6988561646 in term 5.
I20260710 13:23:44.486624 27541 raft_consensus.cc:2468] T 46b1dadb21654506811808904ca14ca1 P 0c6ed134d5a64645804b78c7a3441640 [term 5 FOLLOWER]: Leader election vote request: Granting yes vote for candidate c302e86690a34bc6ad991b6988561646 in term 5.
I20260710 13:23:44.487763 27616 raft_consensus.cc:2468] T f114896920a8437bb79f69db38063fcc P a530c06d7ed045649065c3245e37f254 [term 3 FOLLOWER]: Leader election vote request: Granting yes vote for candidate c302e86690a34bc6ad991b6988561646 in term 3.
I20260710 13:23:44.489192 27431 leader_election.cc:304] T 46b1dadb21654506811808904ca14ca1 P c302e86690a34bc6ad991b6988561646 [CANDIDATE]: Term 5 election: Election decided. Result: candidate won. Election summary: received 2 responses out of 3 voters: 2 yes votes; 0 no votes. yes voters: a530c06d7ed045649065c3245e37f254, c302e86690a34bc6ad991b6988561646; no voters: 
I20260710 13:23:44.490691 27802 raft_consensus.cc:2804] T f114896920a8437bb79f69db38063fcc P c302e86690a34bc6ad991b6988561646 [term 3 FOLLOWER]: Leader election won for term 3
I20260710 13:23:44.490806 27464 leader_election.cc:290] T f114896920a8437bb79f69db38063fcc P c302e86690a34bc6ad991b6988561646 [CANDIDATE]: Term 3 election: Requested vote from peers 0c6ed134d5a64645804b78c7a3441640 (127.26.177.2:40609), a530c06d7ed045649065c3245e37f254 (127.26.177.3:44045)
I20260710 13:23:44.493768 27801 raft_consensus.cc:2804] T 46b1dadb21654506811808904ca14ca1 P c302e86690a34bc6ad991b6988561646 [term 5 FOLLOWER]: Leader election won for term 5
I20260710 13:23:44.495785 27802 raft_consensus.cc:697] T f114896920a8437bb79f69db38063fcc P c302e86690a34bc6ad991b6988561646 [term 3 LEADER]: Becoming Leader. State: Replica: c302e86690a34bc6ad991b6988561646, State: Running, Role: LEADER
I20260710 13:23:44.496940 27801 raft_consensus.cc:697] T 46b1dadb21654506811808904ca14ca1 P c302e86690a34bc6ad991b6988561646 [term 5 LEADER]: Becoming Leader. State: Replica: c302e86690a34bc6ad991b6988561646, State: Running, Role: LEADER
I20260710 13:23:44.497174 27802 consensus_queue.cc:237] T f114896920a8437bb79f69db38063fcc P c302e86690a34bc6ad991b6988561646 [LEADER]: Queue going to LEADER mode. State: All replicated index: 0, Majority replicated index: 2, Committed index: 2, Last appended: 2.2, Last appended by leader: 2, Current term: 3, Majority size: 2, State: 0, Mode: LEADER, active raft config: opid_index: -1 OBSOLETE_local: false peers { permanent_uuid: "c302e86690a34bc6ad991b6988561646" member_type: VOTER last_known_addr { host: "127.26.177.1" port: 37433 } } peers { permanent_uuid: "0c6ed134d5a64645804b78c7a3441640" member_type: VOTER last_known_addr { host: "127.26.177.2" port: 40609 } } peers { permanent_uuid: "a530c06d7ed045649065c3245e37f254" member_type: VOTER last_known_addr { host: "127.26.177.3" port: 44045 } }
I20260710 13:23:44.498067 27801 consensus_queue.cc:237] T 46b1dadb21654506811808904ca14ca1 P c302e86690a34bc6ad991b6988561646 [LEADER]: Queue going to LEADER mode. State: All replicated index: 0, Majority replicated index: 4, Committed index: 4, Last appended: 4.4, Last appended by leader: 4, Current term: 5, Majority size: 2, State: 0, Mode: LEADER, active raft config: opid_index: -1 OBSOLETE_local: false peers { permanent_uuid: "c302e86690a34bc6ad991b6988561646" member_type: VOTER last_known_addr { host: "127.26.177.1" port: 37433 } } peers { permanent_uuid: "0c6ed134d5a64645804b78c7a3441640" member_type: VOTER last_known_addr { host: "127.26.177.2" port: 40609 } } peers { permanent_uuid: "a530c06d7ed045649065c3245e37f254" member_type: VOTER last_known_addr { host: "127.26.177.3" port: 44045 } }
I20260710 13:23:44.515304 27362 catalog_manager.cc:5697] T f114896920a8437bb79f69db38063fcc P c302e86690a34bc6ad991b6988561646 reported cstate change: term changed from 2 to 3, leader changed from 0c6ed134d5a64645804b78c7a3441640 (127.26.177.2) to c302e86690a34bc6ad991b6988561646 (127.26.177.1). New cstate: current_term: 3 leader_uuid: "c302e86690a34bc6ad991b6988561646" committed_config { opid_index: -1 OBSOLETE_local: false peers { permanent_uuid: "c302e86690a34bc6ad991b6988561646" member_type: VOTER last_known_addr { host: "127.26.177.1" port: 37433 } health_report { overall_health: HEALTHY } } peers { permanent_uuid: "0c6ed134d5a64645804b78c7a3441640" member_type: VOTER last_known_addr { host: "127.26.177.2" port: 40609 } health_report { overall_health: UNKNOWN } } peers { permanent_uuid: "a530c06d7ed045649065c3245e37f254" member_type: VOTER last_known_addr { host: "127.26.177.3" port: 44045 } health_report { overall_health: UNKNOWN } } }
I20260710 13:23:44.537053 27362 catalog_manager.cc:5697] T 46b1dadb21654506811808904ca14ca1 P c302e86690a34bc6ad991b6988561646 reported cstate change: term changed from 4 to 5, leader changed from 0c6ed134d5a64645804b78c7a3441640 (127.26.177.2) to c302e86690a34bc6ad991b6988561646 (127.26.177.1). New cstate: current_term: 5 leader_uuid: "c302e86690a34bc6ad991b6988561646" committed_config { opid_index: -1 OBSOLETE_local: false peers { permanent_uuid: "c302e86690a34bc6ad991b6988561646" member_type: VOTER last_known_addr { host: "127.26.177.1" port: 37433 } health_report { overall_health: HEALTHY } } peers { permanent_uuid: "0c6ed134d5a64645804b78c7a3441640" member_type: VOTER last_known_addr { host: "127.26.177.2" port: 40609 } health_report { overall_health: UNKNOWN } } peers { permanent_uuid: "a530c06d7ed045649065c3245e37f254" member_type: VOTER last_known_addr { host: "127.26.177.3" port: 44045 } health_report { overall_health: UNKNOWN } } }
I20260710 13:23:44.696390 27794 raft_consensus.cc:993] T f6cff55a68bb4f558e9ab7b268a656bd P 0c6ed134d5a64645804b78c7a3441640: : Instructing follower a530c06d7ed045649065c3245e37f254 to start an election
I20260710 13:23:44.696992 27796 raft_consensus.cc:1081] T f6cff55a68bb4f558e9ab7b268a656bd P 0c6ed134d5a64645804b78c7a3441640 [term 1 LEADER]: Signalling peer a530c06d7ed045649065c3245e37f254 to start an election
I20260710 13:23:44.698484 27612 tablet_service.cc:2044] Received Run Leader Election RPC: tablet_id: "f6cff55a68bb4f558e9ab7b268a656bd"
dest_uuid: "a530c06d7ed045649065c3245e37f254"
 from {username='slave'} at 127.0.0.1:57082
I20260710 13:23:44.699012 27612 raft_consensus.cc:493] T f6cff55a68bb4f558e9ab7b268a656bd P a530c06d7ed045649065c3245e37f254 [term 1 FOLLOWER]: Starting forced leader election (received explicit request)
I20260710 13:23:44.699262 27612 raft_consensus.cc:3060] T f6cff55a68bb4f558e9ab7b268a656bd P a530c06d7ed045649065c3245e37f254 [term 1 FOLLOWER]: Advancing to term 2
I20260710 13:23:44.703476 27612 raft_consensus.cc:515] T f6cff55a68bb4f558e9ab7b268a656bd P a530c06d7ed045649065c3245e37f254 [term 2 FOLLOWER]: Starting forced leader election with config: opid_index: -1 OBSOLETE_local: false peers { permanent_uuid: "c302e86690a34bc6ad991b6988561646" member_type: VOTER last_known_addr { host: "127.26.177.1" port: 37433 } } peers { permanent_uuid: "0c6ed134d5a64645804b78c7a3441640" member_type: VOTER last_known_addr { host: "127.26.177.2" port: 40609 } } peers { permanent_uuid: "a530c06d7ed045649065c3245e37f254" member_type: VOTER last_known_addr { host: "127.26.177.3" port: 44045 } }
I20260710 13:23:44.705324 27612 leader_election.cc:290] T f6cff55a68bb4f558e9ab7b268a656bd P a530c06d7ed045649065c3245e37f254 [CANDIDATE]: Term 2 election: Requested vote from peers c302e86690a34bc6ad991b6988561646 (127.26.177.1:37433), 0c6ed134d5a64645804b78c7a3441640 (127.26.177.2:40609)
I20260710 13:23:44.706172 27464 tablet_service.cc:1917] Received RequestConsensusVote() RPC: tablet_id: "f6cff55a68bb4f558e9ab7b268a656bd" candidate_uuid: "a530c06d7ed045649065c3245e37f254" candidate_term: 2 candidate_status { last_received { term: 1 index: 1 } } ignore_live_leader: true dest_uuid: "c302e86690a34bc6ad991b6988561646"
