I20260710 13:23:33.840245 22200 consensus_queue.cc:260] T d65f3469c35e459ab9b1aedbf0d07dc4 P 435bdcf787ca4ec28bfbc13fafa6add3 [NON_LEADER]: Queue going to NON_LEADER mode. State: All replicated index: 0, Majority replicated index: 0, Committed index: 0, Last appended: 0.0, Last appended by leader: 0, Current term: 0, Majority size: -1, State: 0, Mode: NON_LEADER, active raft config: opid_index: -1 OBSOLETE_local: false peers { permanent_uuid: "21183e2bb73e45dbb6f50e978984a81c" member_type: VOTER last_known_addr { host: "127.21.91.67" port: 33545 } } peers { permanent_uuid: "435bdcf787ca4ec28bfbc13fafa6add3" member_type: VOTER last_known_addr { host: "127.21.91.65" port: 33755 } } peers { permanent_uuid: "c31371b1b94043338d177c3cdf3bf61e" member_type: VOTER last_known_addr { host: "127.21.91.66" port: 41513 } }
I20260710 13:23:33.843683 22198 raft_consensus.cc:515] T 56b14ba64a5c4f14bd688260d5d98445 P 21183e2bb73e45dbb6f50e978984a81c [term 0 FOLLOWER]: Starting pre-election with config: opid_index: -1 OBSOLETE_local: false peers { permanent_uuid: "435bdcf787ca4ec28bfbc13fafa6add3" member_type: VOTER last_known_addr { host: "127.21.91.65" port: 33755 } } peers { permanent_uuid: "c31371b1b94043338d177c3cdf3bf61e" member_type: VOTER last_known_addr { host: "127.21.91.66" port: 41513 } } peers { permanent_uuid: "21183e2bb73e45dbb6f50e978984a81c" member_type: VOTER last_known_addr { host: "127.21.91.67" port: 33545 } }
I20260710 13:23:33.846136 22200 ts_tablet_manager.cc:1434] T d65f3469c35e459ab9b1aedbf0d07dc4 P 435bdcf787ca4ec28bfbc13fafa6add3: Time spent starting tablet: real 0.028s	user 0.008s	sys 0.000s
I20260710 13:23:33.846653 22104 heartbeater.cc:499] Master 127.21.91.126:35707 was elected leader, sending a full tablet report...
I20260710 13:23:33.848675 22198 leader_election.cc:290] T 56b14ba64a5c4f14bd688260d5d98445 P 21183e2bb73e45dbb6f50e978984a81c [CANDIDATE]: Term 1 pre-election: Requested pre-vote from peers 435bdcf787ca4ec28bfbc13fafa6add3 (127.21.91.65:33755), c31371b1b94043338d177c3cdf3bf61e (127.21.91.66:41513)
I20260710 13:23:33.845366 22209 consensus_queue.cc:260] T d65f3469c35e459ab9b1aedbf0d07dc4 P c31371b1b94043338d177c3cdf3bf61e [NON_LEADER]: Queue going to NON_LEADER mode. State: All replicated index: 0, Majority replicated index: 0, Committed index: 0, Last appended: 0.0, Last appended by leader: 0, Current term: 0, Majority size: -1, State: 0, Mode: NON_LEADER, active raft config: opid_index: -1 OBSOLETE_local: false peers { permanent_uuid: "21183e2bb73e45dbb6f50e978984a81c" member_type: VOTER last_known_addr { host: "127.21.91.67" port: 33545 } } peers { permanent_uuid: "435bdcf787ca4ec28bfbc13fafa6add3" member_type: VOTER last_known_addr { host: "127.21.91.65" port: 33755 } } peers { permanent_uuid: "c31371b1b94043338d177c3cdf3bf61e" member_type: VOTER last_known_addr { host: "127.21.91.66" port: 41513 } }
I20260710 13:23:33.850260 22079 tablet_service.cc:1917] Received RequestConsensusVote() RPC: tablet_id: "56b14ba64a5c4f14bd688260d5d98445" candidate_uuid: "21183e2bb73e45dbb6f50e978984a81c" candidate_term: 1 candidate_status { last_received { term: 0 index: 0 } } ignore_live_leader: false dest_uuid: "c31371b1b94043338d177c3cdf3bf61e" is_pre_election: true
I20260710 13:23:33.851485 22200 tablet_bootstrap.cc:492] T 488bc498603a4a82ad7168951b73982b P 435bdcf787ca4ec28bfbc13fafa6add3: Bootstrap starting.
W20260710 13:23:33.851599 22118 leader_election.cc:343] T 56b14ba64a5c4f14bd688260d5d98445 P 21183e2bb73e45dbb6f50e978984a81c [CANDIDATE]: Term 1 pre-election: Tablet error from VoteRequest() call to peer c31371b1b94043338d177c3cdf3bf61e (127.21.91.66:41513): Illegal state: must be running to vote when last-logged opid is not known
I20260710 13:23:33.839823 22210 leader_election.cc:290] T 9593667e2dd844cc8913c1d4c7314a6c P 435bdcf787ca4ec28bfbc13fafa6add3 [CANDIDATE]: Term 1 election: Requested vote from peers c31371b1b94043338d177c3cdf3bf61e (127.21.91.66:41513), 21183e2bb73e45dbb6f50e978984a81c (127.21.91.67:33545)
I20260710 13:23:33.829198 21968 leader_election.cc:304] T a3aa81c57fdb46b8b4349ce47cee0873 P 435bdcf787ca4ec28bfbc13fafa6add3 [CANDIDATE]: Term 1 pre-election: Election decided. Result: candidate won. Election summary: received 3 responses out of 3 voters: 2 yes votes; 1 no votes. yes voters: 21183e2bb73e45dbb6f50e978984a81c, 435bdcf787ca4ec28bfbc13fafa6add3; no voters: c31371b1b94043338d177c3cdf3bf61e
I20260710 13:23:33.867316 22209 ts_tablet_manager.cc:1434] T d65f3469c35e459ab9b1aedbf0d07dc4 P c31371b1b94043338d177c3cdf3bf61e: Time spent starting tablet: real 0.089s	user 0.005s	sys 0.017s
I20260710 13:23:33.868352 22209 tablet_bootstrap.cc:492] T 05c96284c91849f59912c71719033991 P c31371b1b94043338d177c3cdf3bf61e: Bootstrap starting.
I20260710 13:23:33.870325 22210 raft_consensus.cc:2804] T a3aa81c57fdb46b8b4349ce47cee0873 P 435bdcf787ca4ec28bfbc13fafa6add3 [term 0 FOLLOWER]: Leader pre-election won for term 1
I20260710 13:23:33.870805 22210 raft_consensus.cc:493] T a3aa81c57fdb46b8b4349ce47cee0873 P 435bdcf787ca4ec28bfbc13fafa6add3 [term 0 FOLLOWER]: Starting leader election (no leader contacted us within the election timeout)
I20260710 13:23:33.871243 22210 raft_consensus.cc:3060] T a3aa81c57fdb46b8b4349ce47cee0873 P 435bdcf787ca4ec28bfbc13fafa6add3 [term 0 FOLLOWER]: Advancing to term 1
I20260710 13:23:33.877358 22200 tablet_bootstrap.cc:654] T 488bc498603a4a82ad7168951b73982b P 435bdcf787ca4ec28bfbc13fafa6add3: Neither blocks nor log segments found. Creating new log.
I20260710 13:23:33.880209 22218 leader_election.cc:290] T a3aa81c57fdb46b8b4349ce47cee0873 P 21183e2bb73e45dbb6f50e978984a81c [CANDIDATE]: Term 1 election: Requested vote from peers 435bdcf787ca4ec28bfbc13fafa6add3 (127.21.91.65:33755), c31371b1b94043338d177c3cdf3bf61e (127.21.91.66:41513)
I20260710 13:23:33.881381 22079 tablet_service.cc:1917] Received RequestConsensusVote() RPC: tablet_id: "a3aa81c57fdb46b8b4349ce47cee0873" candidate_uuid: "21183e2bb73e45dbb6f50e978984a81c" candidate_term: 1 candidate_status { last_received { term: 0 index: 0 } } ignore_live_leader: false dest_uuid: "c31371b1b94043338d177c3cdf3bf61e"
W20260710 13:23:33.882767 22118 leader_election.cc:343] T a3aa81c57fdb46b8b4349ce47cee0873 P 21183e2bb73e45dbb6f50e978984a81c [CANDIDATE]: Term 1 election: Tablet error from VoteRequest() call to peer c31371b1b94043338d177c3cdf3bf61e (127.21.91.66:41513): Illegal state: must be running to vote when last-logged opid is not known
I20260710 13:23:33.882618 22210 raft_consensus.cc:515] T a3aa81c57fdb46b8b4349ce47cee0873 P 435bdcf787ca4ec28bfbc13fafa6add3 [term 1 FOLLOWER]: Starting leader election with config: opid_index: -1 OBSOLETE_local: false peers { permanent_uuid: "435bdcf787ca4ec28bfbc13fafa6add3" member_type: VOTER last_known_addr { host: "127.21.91.65" port: 33755 } } peers { permanent_uuid: "c31371b1b94043338d177c3cdf3bf61e" member_type: VOTER last_known_addr { host: "127.21.91.66" port: 41513 } } peers { permanent_uuid: "21183e2bb73e45dbb6f50e978984a81c" member_type: VOTER last_known_addr { host: "127.21.91.67" port: 33545 } }
W20260710 13:23:33.885160 21968 outbound_call.cc:321] RPC callback for RPC call kudu.consensus.ConsensusService.RequestConsensusVote -> {remote=127.21.91.67:33545, user_credentials={real_user=slave}} blocked reactor thread for 60683.8us
I20260710 13:23:33.892802 22196 tablet_bootstrap.cc:492] T 488bc498603a4a82ad7168951b73982b P 21183e2bb73e45dbb6f50e978984a81c: No bootstrap required, opened a new log
I20260710 13:23:33.893343 22196 ts_tablet_manager.cc:1403] T 488bc498603a4a82ad7168951b73982b P 21183e2bb73e45dbb6f50e978984a81c: Time spent bootstrapping tablet: real 0.070s	user 0.016s	sys 0.034s
I20260710 13:23:33.893936 22200 tablet_bootstrap.cc:492] T 488bc498603a4a82ad7168951b73982b P 435bdcf787ca4ec28bfbc13fafa6add3: No bootstrap required, opened a new log
I20260710 13:23:33.894428 22200 ts_tablet_manager.cc:1403] T 488bc498603a4a82ad7168951b73982b P 435bdcf787ca4ec28bfbc13fafa6add3: Time spent bootstrapping tablet: real 0.043s	user 0.012s	sys 0.000s
I20260710 13:23:33.897370 22079 tablet_service.cc:1917] Received RequestConsensusVote() RPC: tablet_id: "a3aa81c57fdb46b8b4349ce47cee0873" candidate_uuid: "435bdcf787ca4ec28bfbc13fafa6add3" candidate_term: 1 candidate_status { last_received { term: 0 index: 0 } } ignore_live_leader: false dest_uuid: "c31371b1b94043338d177c3cdf3bf61e"
I20260710 13:23:33.897182 22196 raft_consensus.cc:359] T 488bc498603a4a82ad7168951b73982b P 21183e2bb73e45dbb6f50e978984a81c [term 0 FOLLOWER]: Replica starting. Triggering 0 pending ops. Active config: opid_index: -1 OBSOLETE_local: false peers { permanent_uuid: "435bdcf787ca4ec28bfbc13fafa6add3" member_type: VOTER last_known_addr { host: "127.21.91.65" port: 33755 } } peers { permanent_uuid: "c31371b1b94043338d177c3cdf3bf61e" member_type: VOTER last_known_addr { host: "127.21.91.66" port: 41513 } } peers { permanent_uuid: "21183e2bb73e45dbb6f50e978984a81c" member_type: VOTER last_known_addr { host: "127.21.91.67" port: 33545 } }
I20260710 13:23:33.898061 22196 raft_consensus.cc:385] T 488bc498603a4a82ad7168951b73982b P 21183e2bb73e45dbb6f50e978984a81c [term 0 FOLLOWER]: Consensus starting up: Expiring failure detector timer to make a prompt election more likely
I20260710 13:23:33.898281 22209 tablet_bootstrap.cc:654] T 05c96284c91849f59912c71719033991 P c31371b1b94043338d177c3cdf3bf61e: Neither blocks nor log segments found. Creating new log.
I20260710 13:23:33.898422 22196 raft_consensus.cc:740] T 488bc498603a4a82ad7168951b73982b P 21183e2bb73e45dbb6f50e978984a81c [term 0 FOLLOWER]: Becoming Follower/Learner. State: Replica: 21183e2bb73e45dbb6f50e978984a81c, State: Initialized, Role: FOLLOWER
W20260710 13:23:33.898748 21969 leader_election.cc:343] T a3aa81c57fdb46b8b4349ce47cee0873 P 435bdcf787ca4ec28bfbc13fafa6add3 [CANDIDATE]: Term 1 election: Tablet error from VoteRequest() call to peer c31371b1b94043338d177c3cdf3bf61e (127.21.91.66:41513): Illegal state: must be running to vote when last-logged opid is not known
I20260710 13:23:33.895802 22119 leader_election.cc:304] T 9593667e2dd844cc8913c1d4c7314a6c P 21183e2bb73e45dbb6f50e978984a81c [CANDIDATE]: Term 1 pre-election: Election decided. Result: candidate won. Election summary: received 3 responses out of 3 voters: 2 yes votes; 1 no votes. yes voters: 21183e2bb73e45dbb6f50e978984a81c, 435bdcf787ca4ec28bfbc13fafa6add3; no voters: c31371b1b94043338d177c3cdf3bf61e
I20260710 13:23:33.900002 22210 leader_election.cc:290] T a3aa81c57fdb46b8b4349ce47cee0873 P 435bdcf787ca4ec28bfbc13fafa6add3 [CANDIDATE]: Term 1 election: Requested vote from peers c31371b1b94043338d177c3cdf3bf61e (127.21.91.66:41513), 21183e2bb73e45dbb6f50e978984a81c (127.21.91.67:33545)
I20260710 13:23:33.899566 22196 consensus_queue.cc:260] T 488bc498603a4a82ad7168951b73982b P 21183e2bb73e45dbb6f50e978984a81c [NON_LEADER]: Queue going to NON_LEADER mode. State: All replicated index: 0, Majority replicated index: 0, Committed index: 0, Last appended: 0.0, Last appended by leader: 0, Current term: 0, Majority size: -1, State: 0, Mode: NON_LEADER, active raft config: opid_index: -1 OBSOLETE_local: false peers { permanent_uuid: "435bdcf787ca4ec28bfbc13fafa6add3" member_type: VOTER last_known_addr { host: "127.21.91.65" port: 33755 } } peers { permanent_uuid: "c31371b1b94043338d177c3cdf3bf61e" member_type: VOTER last_known_addr { host: "127.21.91.66" port: 41513 } } peers { permanent_uuid: "21183e2bb73e45dbb6f50e978984a81c" member_type: VOTER last_known_addr { host: "127.21.91.67" port: 33545 } }
I20260710 13:23:33.900403 22152 tablet_service.cc:1917] Received RequestConsensusVote() RPC: tablet_id: "05c96284c91849f59912c71719033991" candidate_uuid: "435bdcf787ca4ec28bfbc13fafa6add3" candidate_term: 1 candidate_status { last_received { term: 0 index: 0 } } ignore_live_leader: false dest_uuid: "21183e2bb73e45dbb6f50e978984a81c"
I20260710 13:23:33.901896 22152 raft_consensus.cc:2393] T 05c96284c91849f59912c71719033991 P 21183e2bb73e45dbb6f50e978984a81c [term 1 FOLLOWER]: Leader election vote request: Denying vote to candidate 435bdcf787ca4ec28bfbc13fafa6add3 in current term 1: Already voted for candidate 21183e2bb73e45dbb6f50e978984a81c in this term.
I20260710 13:23:33.903081 22196 ts_tablet_manager.cc:1434] T 488bc498603a4a82ad7168951b73982b P 21183e2bb73e45dbb6f50e978984a81c: Time spent starting tablet: real 0.009s	user 0.003s	sys 0.003s
I20260710 13:23:33.903578 22153 tablet_service.cc:1917] Received RequestConsensusVote() RPC: tablet_id: "9593667e2dd844cc8913c1d4c7314a6c" candidate_uuid: "435bdcf787ca4ec28bfbc13fafa6add3" candidate_term: 1 candidate_status { last_received { term: 0 index: 0 } } ignore_live_leader: false dest_uuid: "21183e2bb73e45dbb6f50e978984a81c"
I20260710 13:23:33.902987 22210 raft_consensus.cc:493] T 1b75986b675b4ea895880031230ebf00 P 435bdcf787ca4ec28bfbc13fafa6add3 [term 0 FOLLOWER]: Starting pre-election (no leader contacted us within the election timeout)
I20260710 13:23:33.903901 22200 raft_consensus.cc:359] T 488bc498603a4a82ad7168951b73982b P 435bdcf787ca4ec28bfbc13fafa6add3 [term 0 FOLLOWER]: Replica starting. Triggering 0 pending ops. Active config: opid_index: -1 OBSOLETE_local: false peers { permanent_uuid: "435bdcf787ca4ec28bfbc13fafa6add3" member_type: VOTER last_known_addr { host: "127.21.91.65" port: 33755 } } peers { permanent_uuid: "c31371b1b94043338d177c3cdf3bf61e" member_type: VOTER last_known_addr { host: "127.21.91.66" port: 41513 } } peers { permanent_uuid: "21183e2bb73e45dbb6f50e978984a81c" member_type: VOTER last_known_addr { host: "127.21.91.67" port: 33545 } }
I20260710 13:23:33.904628 22200 raft_consensus.cc:385] T 488bc498603a4a82ad7168951b73982b P 435bdcf787ca4ec28bfbc13fafa6add3 [term 0 FOLLOWER]: Consensus starting up: Expiring failure detector timer to make a prompt election more likely
I20260710 13:23:33.904297 22210 raft_consensus.cc:515] T 1b75986b675b4ea895880031230ebf00 P 435bdcf787ca4ec28bfbc13fafa6add3 [term 0 FOLLOWER]: Starting pre-election with config: opid_index: -1 OBSOLETE_local: false peers { permanent_uuid: "435bdcf787ca4ec28bfbc13fafa6add3" member_type: VOTER last_known_addr { host: "127.21.91.65" port: 33755 } } peers { permanent_uuid: "c31371b1b94043338d177c3cdf3bf61e" member_type: VOTER last_known_addr { host: "127.21.91.66" port: 41513 } } peers { permanent_uuid: "21183e2bb73e45dbb6f50e978984a81c" member_type: VOTER last_known_addr { host: "127.21.91.67" port: 33545 } }
I20260710 13:23:33.904955 22200 raft_consensus.cc:740] T 488bc498603a4a82ad7168951b73982b P 435bdcf787ca4ec28bfbc13fafa6add3 [term 0 FOLLOWER]: Becoming Follower/Learner. State: Replica: 435bdcf787ca4ec28bfbc13fafa6add3, State: Initialized, Role: FOLLOWER
I20260710 13:23:33.905679 22196 tablet_bootstrap.cc:492] T 1b75986b675b4ea895880031230ebf00 P 21183e2bb73e45dbb6f50e978984a81c: Bootstrap starting.
I20260710 13:23:33.907886 22200 consensus_queue.cc:260] T 488bc498603a4a82ad7168951b73982b P 435bdcf787ca4ec28bfbc13fafa6add3 [NON_LEADER]: Queue going to NON_LEADER mode. State: All replicated index: 0, Majority replicated index: 0, Committed index: 0, Last appended: 0.0, Last appended by leader: 0, Current term: 0, Majority size: -1, State: 0, Mode: NON_LEADER, active raft config: opid_index: -1 OBSOLETE_local: false peers { permanent_uuid: "435bdcf787ca4ec28bfbc13fafa6add3" member_type: VOTER last_known_addr { host: "127.21.91.65" port: 33755 } } peers { permanent_uuid: "c31371b1b94043338d177c3cdf3bf61e" member_type: VOTER last_known_addr { host: "127.21.91.66" port: 41513 } } peers { permanent_uuid: "21183e2bb73e45dbb6f50e978984a81c" member_type: VOTER last_known_addr { host: "127.21.91.67" port: 33545 } }
I20260710 13:23:33.909190 22210 leader_election.cc:290] T 1b75986b675b4ea895880031230ebf00 P 435bdcf787ca4ec28bfbc13fafa6add3 [CANDIDATE]: Term 1 pre-election: Requested pre-vote from peers c31371b1b94043338d177c3cdf3bf61e (127.21.91.66:41513), 21183e2bb73e45dbb6f50e978984a81c (127.21.91.67:33545)
I20260710 13:23:33.909832 22079 tablet_service.cc:1917] Received RequestConsensusVote() RPC: tablet_id: "1b75986b675b4ea895880031230ebf00" candidate_uuid: "435bdcf787ca4ec28bfbc13fafa6add3" candidate_term: 1 candidate_status { last_received { term: 0 index: 0 } } ignore_live_leader: false dest_uuid: "c31371b1b94043338d177c3cdf3bf61e" is_pre_election: true
I20260710 13:23:33.912779 22200 ts_tablet_manager.cc:1434] T 488bc498603a4a82ad7168951b73982b P 435bdcf787ca4ec28bfbc13fafa6add3: Time spent starting tablet: real 0.018s	user 0.008s	sys 0.000s
I20260710 13:23:33.915498 22209 tablet_bootstrap.cc:492] T 05c96284c91849f59912c71719033991 P c31371b1b94043338d177c3cdf3bf61e: No bootstrap required, opened a new log
I20260710 13:23:33.916805 22209 ts_tablet_manager.cc:1403] T 05c96284c91849f59912c71719033991 P c31371b1b94043338d177c3cdf3bf61e: Time spent bootstrapping tablet: real 0.049s	user 0.022s	sys 0.000s
I20260710 13:23:33.916702 22003 tablet_service.cc:1917] Received RequestConsensusVote() RPC: tablet_id: "05c96284c91849f59912c71719033991" candidate_uuid: "21183e2bb73e45dbb6f50e978984a81c" candidate_term: 1 candidate_status { last_received { term: 0 index: 0 } } ignore_live_leader: false dest_uuid: "435bdcf787ca4ec28bfbc13fafa6add3"
I20260710 13:23:33.917291 22200 tablet_bootstrap.cc:492] T 2b39bb1c75a04b5091e72917a2d8ea43 P 435bdcf787ca4ec28bfbc13fafa6add3: Bootstrap starting.
I20260710 13:23:33.917800 22003 raft_consensus.cc:2393] T 05c96284c91849f59912c71719033991 P 435bdcf787ca4ec28bfbc13fafa6add3 [term 1 FOLLOWER]: Leader election vote request: Denying vote to candidate 21183e2bb73e45dbb6f50e978984a81c in current term 1: Already voted for candidate 435bdcf787ca4ec28bfbc13fafa6add3 in this term.
W20260710 13:23:33.918583 21969 leader_election.cc:343] T 1b75986b675b4ea895880031230ebf00 P 435bdcf787ca4ec28bfbc13fafa6add3 [CANDIDATE]: Term 1 pre-election: Tablet error from VoteRequest() call to peer c31371b1b94043338d177c3cdf3bf61e (127.21.91.66:41513): Illegal state: must be running to vote when last-logged opid is not known
I20260710 13:23:33.919710 22003 tablet_service.cc:1917] Received RequestConsensusVote() RPC: tablet_id: "56b14ba64a5c4f14bd688260d5d98445" candidate_uuid: "21183e2bb73e45dbb6f50e978984a81c" candidate_term: 1 candidate_status { last_received { term: 0 index: 0 } } ignore_live_leader: false dest_uuid: "435bdcf787ca4ec28bfbc13fafa6add3" is_pre_election: true
I20260710 13:23:33.920099 22209 raft_consensus.cc:359] T 05c96284c91849f59912c71719033991 P c31371b1b94043338d177c3cdf3bf61e [term 0 FOLLOWER]: Replica starting. Triggering 0 pending ops. Active config: opid_index: -1 OBSOLETE_local: false peers { permanent_uuid: "435bdcf787ca4ec28bfbc13fafa6add3" member_type: VOTER last_known_addr { host: "127.21.91.65" port: 33755 } } peers { permanent_uuid: "c31371b1b94043338d177c3cdf3bf61e" member_type: VOTER last_known_addr { host: "127.21.91.66" port: 41513 } } peers { permanent_uuid: "21183e2bb73e45dbb6f50e978984a81c" member_type: VOTER last_known_addr { host: "127.21.91.67" port: 33545 } }
I20260710 13:23:33.920931 22209 raft_consensus.cc:385] T 05c96284c91849f59912c71719033991 P c31371b1b94043338d177c3cdf3bf61e [term 0 FOLLOWER]: Consensus starting up: Expiring failure detector timer to make a prompt election more likely
I20260710 13:23:33.900799 22218 raft_consensus.cc:2804] T 9593667e2dd844cc8913c1d4c7314a6c P 21183e2bb73e45dbb6f50e978984a81c [term 0 FOLLOWER]: Leader pre-election won for term 1
I20260710 13:23:33.921397 22209 raft_consensus.cc:740] T 05c96284c91849f59912c71719033991 P c31371b1b94043338d177c3cdf3bf61e [term 0 FOLLOWER]: Becoming Follower/Learner. State: Replica: c31371b1b94043338d177c3cdf3bf61e, State: Initialized, Role: FOLLOWER
I20260710 13:23:33.921515 22153 raft_consensus.cc:3060] T 9593667e2dd844cc8913c1d4c7314a6c P 21183e2bb73e45dbb6f50e978984a81c [term 0 FOLLOWER]: Advancing to term 1
I20260710 13:23:33.922297 22209 consensus_queue.cc:260] T 05c96284c91849f59912c71719033991 P c31371b1b94043338d177c3cdf3bf61e [NON_LEADER]: Queue going to NON_LEADER mode. State: All replicated index: 0, Majority replicated index: 0, Committed index: 0, Last appended: 0.0, Last appended by leader: 0, Current term: 0, Majority size: -1, State: 0, Mode: NON_LEADER, active raft config: opid_index: -1 OBSOLETE_local: false peers { permanent_uuid: "435bdcf787ca4ec28bfbc13fafa6add3" member_type: VOTER last_known_addr { host: "127.21.91.65" port: 33755 } } peers { permanent_uuid: "c31371b1b94043338d177c3cdf3bf61e" member_type: VOTER last_known_addr { host: "127.21.91.66" port: 41513 } } peers { permanent_uuid: "21183e2bb73e45dbb6f50e978984a81c" member_type: VOTER last_known_addr { host: "127.21.91.67" port: 33545 } }
I20260710 13:23:33.915983 22196 tablet_bootstrap.cc:654] T 1b75986b675b4ea895880031230ebf00 P 21183e2bb73e45dbb6f50e978984a81c: Neither blocks nor log segments found. Creating new log.
I20260710 13:23:33.925439 22200 tablet_bootstrap.cc:654] T 2b39bb1c75a04b5091e72917a2d8ea43 P 435bdcf787ca4ec28bfbc13fafa6add3: Neither blocks nor log segments found. Creating new log.
I20260710 13:23:33.927958 22209 ts_tablet_manager.cc:1434] T 05c96284c91849f59912c71719033991 P c31371b1b94043338d177c3cdf3bf61e: Time spent starting tablet: real 0.011s	user 0.007s	sys 0.000s
I20260710 13:23:33.928583 22153 raft_consensus.cc:2468] T 9593667e2dd844cc8913c1d4c7314a6c P 21183e2bb73e45dbb6f50e978984a81c [term 1 FOLLOWER]: Leader election vote request: Granting yes vote for candidate 435bdcf787ca4ec28bfbc13fafa6add3 in term 1.
I20260710 13:23:33.929051 22218 raft_consensus.cc:493] T 9593667e2dd844cc8913c1d4c7314a6c P 21183e2bb73e45dbb6f50e978984a81c [term 1 FOLLOWER]: Starting leader election (no leader contacted us within the election timeout)
I20260710 13:23:33.929275 22209 tablet_bootstrap.cc:492] T a3aa81c57fdb46b8b4349ce47cee0873 P c31371b1b94043338d177c3cdf3bf61e: Bootstrap starting.
I20260710 13:23:33.929414 22218 raft_consensus.cc:3060] T 9593667e2dd844cc8913c1d4c7314a6c P 21183e2bb73e45dbb6f50e978984a81c [term 1 FOLLOWER]: Advancing to term 2
I20260710 13:23:33.933750 22003 tablet_service.cc:1917] Received RequestConsensusVote() RPC: tablet_id: "a3aa81c57fdb46b8b4349ce47cee0873" candidate_uuid: "21183e2bb73e45dbb6f50e978984a81c" candidate_term: 1 candidate_status { last_received { term: 0 index: 0 } } ignore_live_leader: false dest_uuid: "435bdcf787ca4ec28bfbc13fafa6add3"
I20260710 13:23:33.934561 22003 raft_consensus.cc:2393] T a3aa81c57fdb46b8b4349ce47cee0873 P 435bdcf787ca4ec28bfbc13fafa6add3 [term 1 FOLLOWER]: Leader election vote request: Denying vote to candidate 21183e2bb73e45dbb6f50e978984a81c in current term 1: Already voted for candidate 435bdcf787ca4ec28bfbc13fafa6add3 in this term.
I20260710 13:23:33.936053 22152 tablet_service.cc:1917] Received RequestConsensusVote() RPC: tablet_id: "a3aa81c57fdb46b8b4349ce47cee0873" candidate_uuid: "435bdcf787ca4ec28bfbc13fafa6add3" candidate_term: 1 candidate_status { last_received { term: 0 index: 0 } } ignore_live_leader: false dest_uuid: "21183e2bb73e45dbb6f50e978984a81c"
I20260710 13:23:33.936800 22152 raft_consensus.cc:2393] T a3aa81c57fdb46b8b4349ce47cee0873 P 21183e2bb73e45dbb6f50e978984a81c [term 1 FOLLOWER]: Leader election vote request: Denying vote to candidate 435bdcf787ca4ec28bfbc13fafa6add3 in current term 1: Already voted for candidate 21183e2bb73e45dbb6f50e978984a81c in this term.
I20260710 13:23:33.938797 22152 tablet_service.cc:1917] Received RequestConsensusVote() RPC: tablet_id: "1b75986b675b4ea895880031230ebf00" candidate_uuid: "435bdcf787ca4ec28bfbc13fafa6add3" candidate_term: 1 candidate_status { last_received { term: 0 index: 0 } } ignore_live_leader: false dest_uuid: "21183e2bb73e45dbb6f50e978984a81c" is_pre_election: true
I20260710 13:23:33.940761 22119 leader_election.cc:304] T 05c96284c91849f59912c71719033991 P 21183e2bb73e45dbb6f50e978984a81c [CANDIDATE]: Term 1 election: Election decided. Result: candidate lost. Election summary: received 3 responses out of 3 voters: 1 yes votes; 2 no votes. yes voters: 21183e2bb73e45dbb6f50e978984a81c; no voters: 435bdcf787ca4ec28bfbc13fafa6add3, c31371b1b94043338d177c3cdf3bf61e
I20260710 13:23:33.942170 22198 raft_consensus.cc:2749] T 05c96284c91849f59912c71719033991 P 21183e2bb73e45dbb6f50e978984a81c [term 1 FOLLOWER]: Leader election lost for term 1. Reason: could not achieve majority
W20260710 13:23:33.943553 22119 leader_election.cc:343] T 56b14ba64a5c4f14bd688260d5d98445 P 21183e2bb73e45dbb6f50e978984a81c [CANDIDATE]: Term 1 pre-election: Tablet error from VoteRequest() call to peer 435bdcf787ca4ec28bfbc13fafa6add3 (127.21.91.65:33755): Illegal state: must be running to vote when last-logged opid is not known
I20260710 13:23:33.944135 22119 leader_election.cc:304] T 56b14ba64a5c4f14bd688260d5d98445 P 21183e2bb73e45dbb6f50e978984a81c [CANDIDATE]: Term 1 pre-election: Election decided. Result: candidate lost. Election summary: received 3 responses out of 3 voters: 1 yes votes; 2 no votes. yes voters: 21183e2bb73e45dbb6f50e978984a81c; no voters: 435bdcf787ca4ec28bfbc13fafa6add3, c31371b1b94043338d177c3cdf3bf61e
I20260710 13:23:33.945030 22198 raft_consensus.cc:2749] T 56b14ba64a5c4f14bd688260d5d98445 P 21183e2bb73e45dbb6f50e978984a81c [term 0 FOLLOWER]: Leader pre-election lost for term 1. Reason: could not achieve majority
I20260710 13:23:33.946832 22119 leader_election.cc:304] T a3aa81c57fdb46b8b4349ce47cee0873 P 21183e2bb73e45dbb6f50e978984a81c [CANDIDATE]: Term 1 election: Election decided. Result: candidate lost. Election summary: received 3 responses out of 3 voters: 1 yes votes; 2 no votes. yes voters: 21183e2bb73e45dbb6f50e978984a81c; no voters: 435bdcf787ca4ec28bfbc13fafa6add3, c31371b1b94043338d177c3cdf3bf61e
I20260710 13:23:33.944762 22218 raft_consensus.cc:515] T 9593667e2dd844cc8913c1d4c7314a6c P 21183e2bb73e45dbb6f50e978984a81c [term 2 FOLLOWER]: Starting leader election with config: opid_index: -1 OBSOLETE_local: false peers { permanent_uuid: "435bdcf787ca4ec28bfbc13fafa6add3" member_type: VOTER last_known_addr { host: "127.21.91.65" port: 33755 } } peers { permanent_uuid: "c31371b1b94043338d177c3cdf3bf61e" member_type: VOTER last_known_addr { host: "127.21.91.66" port: 41513 } } peers { permanent_uuid: "21183e2bb73e45dbb6f50e978984a81c" member_type: VOTER last_known_addr { host: "127.21.91.67" port: 33545 } }
I20260710 13:23:33.947775 22198 raft_consensus.cc:2749] T a3aa81c57fdb46b8b4349ce47cee0873 P 21183e2bb73e45dbb6f50e978984a81c [term 1 FOLLOWER]: Leader election lost for term 1. Reason: could not achieve majority
I20260710 13:23:33.949949 21968 leader_election.cc:304] T 05c96284c91849f59912c71719033991 P 435bdcf787ca4ec28bfbc13fafa6add3 [CANDIDATE]: Term 1 election: Election decided. Result: candidate lost. Election summary: received 3 responses out of 3 voters: 1 yes votes; 2 no votes. yes voters: 435bdcf787ca4ec28bfbc13fafa6add3; no voters: 21183e2bb73e45dbb6f50e978984a81c, c31371b1b94043338d177c3cdf3bf61e
I20260710 13:23:33.950951 22210 raft_consensus.cc:2749] T 05c96284c91849f59912c71719033991 P 435bdcf787ca4ec28bfbc13fafa6add3 [term 1 FOLLOWER]: Leader election lost for term 1. Reason: could not achieve majority
I20260710 13:23:33.951473 21968 leader_election.cc:304] T a3aa81c57fdb46b8b4349ce47cee0873 P 435bdcf787ca4ec28bfbc13fafa6add3 [CANDIDATE]: Term 1 election: Election decided. Result: candidate lost. Election summary: received 3 responses out of 3 voters: 1 yes votes; 2 no votes. yes voters: 435bdcf787ca4ec28bfbc13fafa6add3; no voters: 21183e2bb73e45dbb6f50e978984a81c, c31371b1b94043338d177c3cdf3bf61e
I20260710 13:23:33.952432 22210 raft_consensus.cc:2749] T a3aa81c57fdb46b8b4349ce47cee0873 P 435bdcf787ca4ec28bfbc13fafa6add3 [term 1 FOLLOWER]: Leader election lost for term 1. Reason: could not achieve majority
W20260710 13:23:33.952868 21968 leader_election.cc:343] T 1b75986b675b4ea895880031230ebf00 P 435bdcf787ca4ec28bfbc13fafa6add3 [CANDIDATE]: Term 1 pre-election: Tablet error from VoteRequest() call to peer 21183e2bb73e45dbb6f50e978984a81c (127.21.91.67:33545): Illegal state: must be running to vote when last-logged opid is not known
I20260710 13:23:33.953444 21968 leader_election.cc:304] T 1b75986b675b4ea895880031230ebf00 P 435bdcf787ca4ec28bfbc13fafa6add3 [CANDIDATE]: Term 1 pre-election: Election decided. Result: candidate lost. Election summary: received 3 responses out of 3 voters: 1 yes votes; 2 no votes. yes voters: 435bdcf787ca4ec28bfbc13fafa6add3; no voters: 21183e2bb73e45dbb6f50e978984a81c, c31371b1b94043338d177c3cdf3bf61e
I20260710 13:23:33.953806 22209 tablet_bootstrap.cc:654] T a3aa81c57fdb46b8b4349ce47cee0873 P c31371b1b94043338d177c3cdf3bf61e: Neither blocks nor log segments found. Creating new log.
I20260710 13:23:33.954356 22210 raft_consensus.cc:2749] T 1b75986b675b4ea895880031230ebf00 P 435bdcf787ca4ec28bfbc13fafa6add3 [term 0 FOLLOWER]: Leader pre-election lost for term 1. Reason: could not achieve majority
I20260710 13:23:33.961323 22079 tablet_service.cc:1917] Received RequestConsensusVote() RPC: tablet_id: "9593667e2dd844cc8913c1d4c7314a6c" candidate_uuid: "21183e2bb73e45dbb6f50e978984a81c" candidate_term: 2 candidate_status { last_received { term: 0 index: 0 } } ignore_live_leader: false dest_uuid: "c31371b1b94043338d177c3cdf3bf61e"
W20260710 13:23:33.962664 22118 leader_election.cc:343] T 9593667e2dd844cc8913c1d4c7314a6c P 21183e2bb73e45dbb6f50e978984a81c [CANDIDATE]: Term 2 election: Tablet error from VoteRequest() call to peer c31371b1b94043338d177c3cdf3bf61e (127.21.91.66:41513): Illegal state: must be running to vote when last-logged opid is not known
I20260710 13:23:33.962734 22218 leader_election.cc:290] T 9593667e2dd844cc8913c1d4c7314a6c P 21183e2bb73e45dbb6f50e978984a81c [CANDIDATE]: Term 2 election: Requested vote from peers 435bdcf787ca4ec28bfbc13fafa6add3 (127.21.91.65:33755), c31371b1b94043338d177c3cdf3bf61e (127.21.91.66:41513)
I20260710 13:23:33.963104 21968 leader_election.cc:304] T 9593667e2dd844cc8913c1d4c7314a6c P 435bdcf787ca4ec28bfbc13fafa6add3 [CANDIDATE]: Term 1 election: Election decided. Result: candidate won. Election summary: received 3 responses out of 3 voters: 2 yes votes; 1 no votes. yes voters: 21183e2bb73e45dbb6f50e978984a81c, 435bdcf787ca4ec28bfbc13fafa6add3; no voters: c31371b1b94043338d177c3cdf3bf61e
I20260710 13:23:33.964092 22210 raft_consensus.cc:2804] T 9593667e2dd844cc8913c1d4c7314a6c P 435bdcf787ca4ec28bfbc13fafa6add3 [term 1 FOLLOWER]: Leader election won for term 1
I20260710 13:23:33.964674 22210 raft_consensus.cc:697] T 9593667e2dd844cc8913c1d4c7314a6c P 435bdcf787ca4ec28bfbc13fafa6add3 [term 1 LEADER]: Becoming Leader. State: Replica: 435bdcf787ca4ec28bfbc13fafa6add3, State: Running, Role: LEADER
I20260710 13:23:33.965749 22210 consensus_queue.cc:237] T 9593667e2dd844cc8913c1d4c7314a6c P 435bdcf787ca4ec28bfbc13fafa6add3 [LEADER]: Queue going to LEADER mode. State: All replicated index: 0, Majority replicated index: 0, Committed index: 0, Last appended: 0.0, Last appended by leader: 0, Current term: 1, Majority size: 2, State: 0, Mode: LEADER, active raft config: opid_index: -1 OBSOLETE_local: false peers { permanent_uuid: "435bdcf787ca4ec28bfbc13fafa6add3" member_type: VOTER last_known_addr { host: "127.21.91.65" port: 33755 } } peers { permanent_uuid: "c31371b1b94043338d177c3cdf3bf61e" member_type: VOTER last_known_addr { host: "127.21.91.66" port: 41513 } } peers { permanent_uuid: "21183e2bb73e45dbb6f50e978984a81c" member_type: VOTER last_known_addr { host: "127.21.91.67" port: 33545 } }
I20260710 13:23:33.967406 22209 tablet_bootstrap.cc:492] T a3aa81c57fdb46b8b4349ce47cee0873 P c31371b1b94043338d177c3cdf3bf61e: No bootstrap required, opened a new log
I20260710 13:23:33.967934 22209 ts_tablet_manager.cc:1403] T a3aa81c57fdb46b8b4349ce47cee0873 P c31371b1b94043338d177c3cdf3bf61e: Time spent bootstrapping tablet: real 0.039s	user 0.015s	sys 0.000s
I20260710 13:23:33.971905 22209 raft_consensus.cc:359] T a3aa81c57fdb46b8b4349ce47cee0873 P c31371b1b94043338d177c3cdf3bf61e [term 0 FOLLOWER]: Replica starting. Triggering 0 pending ops. Active config: opid_index: -1 OBSOLETE_local: false peers { permanent_uuid: "435bdcf787ca4ec28bfbc13fafa6add3" member_type: VOTER last_known_addr { host: "127.21.91.65" port: 33755 } } peers { permanent_uuid: "c31371b1b94043338d177c3cdf3bf61e" member_type: VOTER last_known_addr { host: "127.21.91.66" port: 41513 } } peers { permanent_uuid: "21183e2bb73e45dbb6f50e978984a81c" member_type: VOTER last_known_addr { host: "127.21.91.67" port: 33545 } }
I20260710 13:23:33.972621 22003 tablet_service.cc:1917] Received RequestConsensusVote() RPC: tablet_id: "9593667e2dd844cc8913c1d4c7314a6c" candidate_uuid: "21183e2bb73e45dbb6f50e978984a81c" candidate_term: 2 candidate_status { last_received { term: 0 index: 0 } } ignore_live_leader: false dest_uuid: "435bdcf787ca4ec28bfbc13fafa6add3"
I20260710 13:23:33.972906 22209 raft_consensus.cc:385] T a3aa81c57fdb46b8b4349ce47cee0873 P c31371b1b94043338d177c3cdf3bf61e [term 0 FOLLOWER]: Consensus starting up: Expiring failure detector timer to make a prompt election more likely
I20260710 13:23:33.973461 22209 raft_consensus.cc:740] T a3aa81c57fdb46b8b4349ce47cee0873 P c31371b1b94043338d177c3cdf3bf61e [term 0 FOLLOWER]: Becoming Follower/Learner. State: Replica: c31371b1b94043338d177c3cdf3bf61e, State: Initialized, Role: FOLLOWER
I20260710 13:23:33.974357 22119 leader_election.cc:304] T 9593667e2dd844cc8913c1d4c7314a6c P 21183e2bb73e45dbb6f50e978984a81c [CANDIDATE]: Term 2 election: Election decided. Result: candidate lost. Election summary: received 3 responses out of 3 voters: 1 yes votes; 2 no votes. yes voters: 21183e2bb73e45dbb6f50e978984a81c; no voters: 435bdcf787ca4ec28bfbc13fafa6add3, c31371b1b94043338d177c3cdf3bf61e
I20260710 13:23:33.975457 22218 raft_consensus.cc:2749] T 9593667e2dd844cc8913c1d4c7314a6c P 21183e2bb73e45dbb6f50e978984a81c [term 2 FOLLOWER]: Leader election lost for term 2. Reason: could not achieve majority
I20260710 13:23:33.974469 22209 consensus_queue.cc:260] T a3aa81c57fdb46b8b4349ce47cee0873 P c31371b1b94043338d177c3cdf3bf61e [NON_LEADER]: Queue going to NON_LEADER mode. State: All replicated index: 0, Majority replicated index: 0, Committed index: 0, Last appended: 0.0, Last appended by leader: 0, Current term: 0, Majority size: -1, State: 0, Mode: NON_LEADER, active raft config: opid_index: -1 OBSOLETE_local: false peers { permanent_uuid: "435bdcf787ca4ec28bfbc13fafa6add3" member_type: VOTER last_known_addr { host: "127.21.91.65" port: 33755 } } peers { permanent_uuid: "c31371b1b94043338d177c3cdf3bf61e" member_type: VOTER last_known_addr { host: "127.21.91.66" port: 41513 } } peers { permanent_uuid: "21183e2bb73e45dbb6f50e978984a81c" member_type: VOTER last_known_addr { host: "127.21.91.67" port: 33545 } }
I20260710 13:23:33.978950 22209 ts_tablet_manager.cc:1434] T a3aa81c57fdb46b8b4349ce47cee0873 P c31371b1b94043338d177c3cdf3bf61e: Time spent starting tablet: real 0.011s	user 0.007s	sys 0.000s
I20260710 13:23:33.980329 22209 tablet_bootstrap.cc:492] T 9593667e2dd844cc8913c1d4c7314a6c P c31371b1b94043338d177c3cdf3bf61e: Bootstrap starting.
I20260710 13:23:33.982699 22196 tablet_bootstrap.cc:492] T 1b75986b675b4ea895880031230ebf00 P 21183e2bb73e45dbb6f50e978984a81c: No bootstrap required, opened a new log
I20260710 13:23:33.983183 22196 ts_tablet_manager.cc:1403] T 1b75986b675b4ea895880031230ebf00 P 21183e2bb73e45dbb6f50e978984a81c: Time spent bootstrapping tablet: real 0.078s	user 0.045s	sys 0.019s
I20260710 13:23:33.986156 22196 raft_consensus.cc:359] T 1b75986b675b4ea895880031230ebf00 P 21183e2bb73e45dbb6f50e978984a81c [term 0 FOLLOWER]: Replica starting. Triggering 0 pending ops. Active config: opid_index: -1 OBSOLETE_local: false peers { permanent_uuid: "435bdcf787ca4ec28bfbc13fafa6add3" member_type: VOTER last_known_addr { host: "127.21.91.65" port: 33755 } } peers { permanent_uuid: "c31371b1b94043338d177c3cdf3bf61e" member_type: VOTER last_known_addr { host: "127.21.91.66" port: 41513 } } peers { permanent_uuid: "21183e2bb73e45dbb6f50e978984a81c" member_type: VOTER last_known_addr { host: "127.21.91.67" port: 33545 } }
I20260710 13:23:33.986833 22196 raft_consensus.cc:385] T 1b75986b675b4ea895880031230ebf00 P 21183e2bb73e45dbb6f50e978984a81c [term 0 FOLLOWER]: Consensus starting up: Expiring failure detector timer to make a prompt election more likely
I20260710 13:23:33.987191 22209 tablet_bootstrap.cc:654] T 9593667e2dd844cc8913c1d4c7314a6c P c31371b1b94043338d177c3cdf3bf61e: Neither blocks nor log segments found. Creating new log.
I20260710 13:23:33.987152 22196 raft_consensus.cc:740] T 1b75986b675b4ea895880031230ebf00 P 21183e2bb73e45dbb6f50e978984a81c [term 0 FOLLOWER]: Becoming Follower/Learner. State: Replica: 21183e2bb73e45dbb6f50e978984a81c, State: Initialized, Role: FOLLOWER
I20260710 13:23:33.988276 22196 consensus_queue.cc:260] T 1b75986b675b4ea895880031230ebf00 P 21183e2bb73e45dbb6f50e978984a81c [NON_LEADER]: Queue going to NON_LEADER mode. State: All replicated index: 0, Majority replicated index: 0, Committed index: 0, Last appended: 0.0, Last appended by leader: 0, Current term: 0, Majority size: -1, State: 0, Mode: NON_LEADER, active raft config: opid_index: -1 OBSOLETE_local: false peers { permanent_uuid: "435bdcf787ca4ec28bfbc13fafa6add3" member_type: VOTER last_known_addr { host: "127.21.91.65" port: 33755 } } peers { permanent_uuid: "c31371b1b94043338d177c3cdf3bf61e" member_type: VOTER last_known_addr { host: "127.21.91.66" port: 41513 } } peers { permanent_uuid: "21183e2bb73e45dbb6f50e978984a81c" member_type: VOTER last_known_addr { host: "127.21.91.67" port: 33545 } }
I20260710 13:23:33.990602 22196 ts_tablet_manager.cc:1434] T 1b75986b675b4ea895880031230ebf00 P 21183e2bb73e45dbb6f50e978984a81c: Time spent starting tablet: real 0.007s	user 0.005s	sys 0.000s
I20260710 13:23:33.991601 22196 tablet_bootstrap.cc:492] T b8083cfe138747d4b1d40ef48969bfab P 21183e2bb73e45dbb6f50e978984a81c: Bootstrap starting.
I20260710 13:23:33.998558 22200 tablet_bootstrap.cc:492] T 2b39bb1c75a04b5091e72917a2d8ea43 P 435bdcf787ca4ec28bfbc13fafa6add3: No bootstrap required, opened a new log
I20260710 13:23:33.999008 22196 tablet_bootstrap.cc:654] T b8083cfe138747d4b1d40ef48969bfab P 21183e2bb73e45dbb6f50e978984a81c: Neither blocks nor log segments found. Creating new log.
I20260710 13:23:33.999009 22200 ts_tablet_manager.cc:1403] T 2b39bb1c75a04b5091e72917a2d8ea43 P 435bdcf787ca4ec28bfbc13fafa6add3: Time spent bootstrapping tablet: real 0.082s	user 0.012s	sys 0.041s
I20260710 13:23:34.003077 21901 catalog_manager.cc:5697] T 9593667e2dd844cc8913c1d4c7314a6c P 435bdcf787ca4ec28bfbc13fafa6add3 reported cstate change: term changed from 0 to 1, leader changed from <none> to 435bdcf787ca4ec28bfbc13fafa6add3 (127.21.91.65). New cstate: current_term: 1 leader_uuid: "435bdcf787ca4ec28bfbc13fafa6add3" committed_config { opid_index: -1 OBSOLETE_local: false peers { permanent_uuid: "435bdcf787ca4ec28bfbc13fafa6add3" member_type: VOTER last_known_addr { host: "127.21.91.65" port: 33755 } health_report { overall_health: HEALTHY } } peers { permanent_uuid: "c31371b1b94043338d177c3cdf3bf61e" member_type: VOTER last_known_addr { host: "127.21.91.66" port: 41513 } health_report { overall_health: UNKNOWN } } peers { permanent_uuid: "21183e2bb73e45dbb6f50e978984a81c" member_type: VOTER last_known_addr { host: "127.21.91.67" port: 33545 } health_report { overall_health: UNKNOWN } } }
I20260710 13:23:34.006371 22200 raft_consensus.cc:359] T 2b39bb1c75a04b5091e72917a2d8ea43 P 435bdcf787ca4ec28bfbc13fafa6add3 [term 0 FOLLOWER]: Replica starting. Triggering 0 pending ops. Active config: opid_index: -1 OBSOLETE_local: false peers { permanent_uuid: "435bdcf787ca4ec28bfbc13fafa6add3" member_type: VOTER last_known_addr { host: "127.21.91.65" port: 33755 } } peers { permanent_uuid: "c31371b1b94043338d177c3cdf3bf61e" member_type: VOTER last_known_addr { host: "127.21.91.66" port: 41513 } } peers { permanent_uuid: "21183e2bb73e45dbb6f50e978984a81c" member_type: VOTER last_known_addr { host: "127.21.91.67" port: 33545 } }
I20260710 13:23:34.007323 22200 raft_consensus.cc:385] T 2b39bb1c75a04b5091e72917a2d8ea43 P 435bdcf787ca4ec28bfbc13fafa6add3 [term 0 FOLLOWER]: Consensus starting up: Expiring failure detector timer to make a prompt election more likely
I20260710 13:23:34.007711 22200 raft_consensus.cc:740] T 2b39bb1c75a04b5091e72917a2d8ea43 P 435bdcf787ca4ec28bfbc13fafa6add3 [term 0 FOLLOWER]: Becoming Follower/Learner. State: Replica: 435bdcf787ca4ec28bfbc13fafa6add3, State: Initialized, Role: FOLLOWER
I20260710 13:23:34.008580 22200 consensus_queue.cc:260] T 2b39bb1c75a04b5091e72917a2d8ea43 P 435bdcf787ca4ec28bfbc13fafa6add3 [NON_LEADER]: Queue going to NON_LEADER mode. State: All replicated index: 0, Majority replicated index: 0, Committed index: 0, Last appended: 0.0, Last appended by leader: 0, Current term: 0, Majority size: -1, State: 0, Mode: NON_LEADER, active raft config: opid_index: -1 OBSOLETE_local: false peers { permanent_uuid: "435bdcf787ca4ec28bfbc13fafa6add3" member_type: VOTER last_known_addr { host: "127.21.91.65" port: 33755 } } peers { permanent_uuid: "c31371b1b94043338d177c3cdf3bf61e" member_type: VOTER last_known_addr { host: "127.21.91.66" port: 41513 } } peers { permanent_uuid: "21183e2bb73e45dbb6f50e978984a81c" member_type: VOTER last_known_addr { host: "127.21.91.67" port: 33545 } }
I20260710 13:23:34.014456 22209 tablet_bootstrap.cc:492] T 9593667e2dd844cc8913c1d4c7314a6c P c31371b1b94043338d177c3cdf3bf61e: No bootstrap required, opened a new log
I20260710 13:23:34.014693 22200 ts_tablet_manager.cc:1434] T 2b39bb1c75a04b5091e72917a2d8ea43 P 435bdcf787ca4ec28bfbc13fafa6add3: Time spent starting tablet: real 0.012s	user 0.006s	sys 0.003s
I20260710 13:23:34.015059 22209 ts_tablet_manager.cc:1403] T 9593667e2dd844cc8913c1d4c7314a6c P c31371b1b94043338d177c3cdf3bf61e: Time spent bootstrapping tablet: real 0.035s	user 0.014s	sys 0.014s
I20260710 13:23:34.015633 22200 tablet_bootstrap.cc:492] T 56b14ba64a5c4f14bd688260d5d98445 P 435bdcf787ca4ec28bfbc13fafa6add3: Bootstrap starting.
I20260710 13:23:34.018165 22209 raft_consensus.cc:359] T 9593667e2dd844cc8913c1d4c7314a6c P c31371b1b94043338d177c3cdf3bf61e [term 0 FOLLOWER]: Replica starting. Triggering 0 pending ops. Active config: opid_index: -1 OBSOLETE_local: false peers { permanent_uuid: "435bdcf787ca4ec28bfbc13fafa6add3" member_type: VOTER last_known_addr { host: "127.21.91.65" port: 33755 } } peers { permanent_uuid: "c31371b1b94043338d177c3cdf3bf61e" member_type: VOTER last_known_addr { host: "127.21.91.66" port: 41513 } } peers { permanent_uuid: "21183e2bb73e45dbb6f50e978984a81c" member_type: VOTER last_known_addr { host: "127.21.91.67" port: 33545 } }
I20260710 13:23:34.018980 22209 raft_consensus.cc:385] T 9593667e2dd844cc8913c1d4c7314a6c P c31371b1b94043338d177c3cdf3bf61e [term 0 FOLLOWER]: Consensus starting up: Expiring failure detector timer to make a prompt election more likely
I20260710 13:23:34.019400 22209 raft_consensus.cc:740] T 9593667e2dd844cc8913c1d4c7314a6c P c31371b1b94043338d177c3cdf3bf61e [term 0 FOLLOWER]: Becoming Follower/Learner. State: Replica: c31371b1b94043338d177c3cdf3bf61e, State: Initialized, Role: FOLLOWER
I20260710 13:23:34.020186 22209 consensus_queue.cc:260] T 9593667e2dd844cc8913c1d4c7314a6c P c31371b1b94043338d177c3cdf3bf61e [NON_LEADER]: Queue going to NON_LEADER mode. State: All replicated index: 0, Majority replicated index: 0, Committed index: 0, Last appended: 0.0, Last appended by leader: 0, Current term: 0, Majority size: -1, State: 0, Mode: NON_LEADER, active raft config: opid_index: -1 OBSOLETE_local: false peers { permanent_uuid: "435bdcf787ca4ec28bfbc13fafa6add3" member_type: VOTER last_known_addr { host: "127.21.91.65" port: 33755 } } peers { permanent_uuid: "c31371b1b94043338d177c3cdf3bf61e" member_type: VOTER last_known_addr { host: "127.21.91.66" port: 41513 } } peers { permanent_uuid: "21183e2bb73e45dbb6f50e978984a81c" member_type: VOTER last_known_addr { host: "127.21.91.67" port: 33545 } }
I20260710 13:23:34.022351 22200 tablet_bootstrap.cc:654] T 56b14ba64a5c4f14bd688260d5d98445 P 435bdcf787ca4ec28bfbc13fafa6add3: Neither blocks nor log segments found. Creating new log.
I20260710 13:23:34.022810 22209 ts_tablet_manager.cc:1434] T 9593667e2dd844cc8913c1d4c7314a6c P c31371b1b94043338d177c3cdf3bf61e: Time spent starting tablet: real 0.007s	user 0.007s	sys 0.000s
I20260710 13:23:34.024048 22209 tablet_bootstrap.cc:492] T 56b14ba64a5c4f14bd688260d5d98445 P c31371b1b94043338d177c3cdf3bf61e: Bootstrap starting.
I20260710 13:23:34.039781 22209 tablet_bootstrap.cc:654] T 56b14ba64a5c4f14bd688260d5d98445 P c31371b1b94043338d177c3cdf3bf61e: Neither blocks nor log segments found. Creating new log.
I20260710 13:23:34.041934 22196 tablet_bootstrap.cc:492] T b8083cfe138747d4b1d40ef48969bfab P 21183e2bb73e45dbb6f50e978984a81c: No bootstrap required, opened a new log
I20260710 13:23:34.042362 22196 ts_tablet_manager.cc:1403] T b8083cfe138747d4b1d40ef48969bfab P 21183e2bb73e45dbb6f50e978984a81c: Time spent bootstrapping tablet: real 0.051s	user 0.011s	sys 0.010s
I20260710 13:23:34.044875 22196 raft_consensus.cc:359] T b8083cfe138747d4b1d40ef48969bfab P 21183e2bb73e45dbb6f50e978984a81c [term 0 FOLLOWER]: Replica starting. Triggering 0 pending ops. Active config: opid_index: -1 OBSOLETE_local: false peers { permanent_uuid: "435bdcf787ca4ec28bfbc13fafa6add3" member_type: VOTER last_known_addr { host: "127.21.91.65" port: 33755 } } peers { permanent_uuid: "c31371b1b94043338d177c3cdf3bf61e" member_type: VOTER last_known_addr { host: "127.21.91.66" port: 41513 } } peers { permanent_uuid: "21183e2bb73e45dbb6f50e978984a81c" member_type: VOTER last_known_addr { host: "127.21.91.67" port: 33545 } }
I20260710 13:23:34.045498 22196 raft_consensus.cc:385] T b8083cfe138747d4b1d40ef48969bfab P 21183e2bb73e45dbb6f50e978984a81c [term 0 FOLLOWER]: Consensus starting up: Expiring failure detector timer to make a prompt election more likely
I20260710 13:23:34.045760 22196 raft_consensus.cc:740] T b8083cfe138747d4b1d40ef48969bfab P 21183e2bb73e45dbb6f50e978984a81c [term 0 FOLLOWER]: Becoming Follower/Learner. State: Replica: 21183e2bb73e45dbb6f50e978984a81c, State: Initialized, Role: FOLLOWER
I20260710 13:23:34.046569 22196 consensus_queue.cc:260] T b8083cfe138747d4b1d40ef48969bfab P 21183e2bb73e45dbb6f50e978984a81c [NON_LEADER]: Queue going to NON_LEADER mode. State: All replicated index: 0, Majority replicated index: 0, Committed index: 0, Last appended: 0.0, Last appended by leader: 0, Current term: 0, Majority size: -1, State: 0, Mode: NON_LEADER, active raft config: opid_index: -1 OBSOLETE_local: false peers { permanent_uuid: "435bdcf787ca4ec28bfbc13fafa6add3" member_type: VOTER last_known_addr { host: "127.21.91.65" port: 33755 } } peers { permanent_uuid: "c31371b1b94043338d177c3cdf3bf61e" member_type: VOTER last_known_addr { host: "127.21.91.66" port: 41513 } } peers { permanent_uuid: "21183e2bb73e45dbb6f50e978984a81c" member_type: VOTER last_known_addr { host: "127.21.91.67" port: 33545 } }
I20260710 13:23:34.049911 22221 raft_consensus.cc:493] T a3aa81c57fdb46b8b4349ce47cee0873 P c31371b1b94043338d177c3cdf3bf61e [term 0 FOLLOWER]: Starting pre-election (no leader contacted us within the election timeout)
I20260710 13:23:34.050559 22196 ts_tablet_manager.cc:1434] T b8083cfe138747d4b1d40ef48969bfab P 21183e2bb73e45dbb6f50e978984a81c: Time spent starting tablet: real 0.008s	user 0.007s	sys 0.000s
I20260710 13:23:34.050489 22221 raft_consensus.cc:515] T a3aa81c57fdb46b8b4349ce47cee0873 P c31371b1b94043338d177c3cdf3bf61e [term 0 FOLLOWER]: Starting pre-election with config: opid_index: -1 OBSOLETE_local: false peers { permanent_uuid: "435bdcf787ca4ec28bfbc13fafa6add3" member_type: VOTER last_known_addr { host: "127.21.91.65" port: 33755 } } peers { permanent_uuid: "c31371b1b94043338d177c3cdf3bf61e" member_type: VOTER last_known_addr { host: "127.21.91.66" port: 41513 } } peers { permanent_uuid: "21183e2bb73e45dbb6f50e978984a81c" member_type: VOTER last_known_addr { host: "127.21.91.67" port: 33545 } }
I20260710 13:23:34.053153 22196 tablet_bootstrap.cc:492] T 2b39bb1c75a04b5091e72917a2d8ea43 P 21183e2bb73e45dbb6f50e978984a81c: Bootstrap starting.
I20260710 13:23:34.053978 22200 tablet_bootstrap.cc:492] T 56b14ba64a5c4f14bd688260d5d98445 P 435bdcf787ca4ec28bfbc13fafa6add3: No bootstrap required, opened a new log
I20260710 13:23:34.054471 22200 ts_tablet_manager.cc:1403] T 56b14ba64a5c4f14bd688260d5d98445 P 435bdcf787ca4ec28bfbc13fafa6add3: Time spent bootstrapping tablet: real 0.039s	user 0.013s	sys 0.023s
I20260710 13:23:34.056979 22200 raft_consensus.cc:359] T 56b14ba64a5c4f14bd688260d5d98445 P 435bdcf787ca4ec28bfbc13fafa6add3 [term 0 FOLLOWER]: Replica starting. Triggering 0 pending ops. Active config: opid_index: -1 OBSOLETE_local: false peers { permanent_uuid: "435bdcf787ca4ec28bfbc13fafa6add3" member_type: VOTER last_known_addr { host: "127.21.91.65" port: 33755 } } peers { permanent_uuid: "c31371b1b94043338d177c3cdf3bf61e" member_type: VOTER last_known_addr { host: "127.21.91.66" port: 41513 } } peers { permanent_uuid: "21183e2bb73e45dbb6f50e978984a81c" member_type: VOTER last_known_addr { host: "127.21.91.67" port: 33545 } }
I20260710 13:23:34.057603 22200 raft_consensus.cc:385] T 56b14ba64a5c4f14bd688260d5d98445 P 435bdcf787ca4ec28bfbc13fafa6add3 [term 0 FOLLOWER]: Consensus starting up: Expiring failure detector timer to make a prompt election more likely
I20260710 13:23:34.057853 22200 raft_consensus.cc:740] T 56b14ba64a5c4f14bd688260d5d98445 P 435bdcf787ca4ec28bfbc13fafa6add3 [term 0 FOLLOWER]: Becoming Follower/Learner. State: Replica: 435bdcf787ca4ec28bfbc13fafa6add3, State: Initialized, Role: FOLLOWER
