I20260710 13:23:57.687999 23190 raft_consensus.cc:359] T 79719bb9258c495a8eb78a452352c760 P ee9b1e3003cd44a0b0894fa45806ab5a [term 0 FOLLOWER]: Replica starting. Triggering 0 pending ops. Active config: opid_index: -1 OBSOLETE_local: false peers { permanent_uuid: "bcf0bce970bd4c938b1c4cbcfbe2d78e" member_type: VOTER last_known_addr { host: "127.21.91.65" port: 33161 } } peers { permanent_uuid: "ee9b1e3003cd44a0b0894fa45806ab5a" member_type: VOTER last_known_addr { host: "127.21.91.66" port: 37347 } } peers { permanent_uuid: "4007d44bd363496490bdf4fce127eff7" member_type: VOTER last_known_addr { host: "127.21.91.67" port: 40215 } }
I20260710 13:23:57.688611 23190 raft_consensus.cc:385] T 79719bb9258c495a8eb78a452352c760 P ee9b1e3003cd44a0b0894fa45806ab5a [term 0 FOLLOWER]: Consensus starting up: Expiring failure detector timer to make a prompt election more likely
I20260710 13:23:57.688912 23190 raft_consensus.cc:740] T 79719bb9258c495a8eb78a452352c760 P ee9b1e3003cd44a0b0894fa45806ab5a [term 0 FOLLOWER]: Becoming Follower/Learner. State: Replica: ee9b1e3003cd44a0b0894fa45806ab5a, State: Initialized, Role: FOLLOWER
I20260710 13:23:57.690021 23190 consensus_queue.cc:260] T 79719bb9258c495a8eb78a452352c760 P ee9b1e3003cd44a0b0894fa45806ab5a [NON_LEADER]: Queue going to NON_LEADER mode. State: All replicated index: 0, Majority replicated index: 0, Committed index: 0, Last appended: 0.0, Last appended by leader: 0, Current term: 0, Majority size: -1, State: 0, Mode: NON_LEADER, active raft config: opid_index: -1 OBSOLETE_local: false peers { permanent_uuid: "bcf0bce970bd4c938b1c4cbcfbe2d78e" member_type: VOTER last_known_addr { host: "127.21.91.65" port: 33161 } } peers { permanent_uuid: "ee9b1e3003cd44a0b0894fa45806ab5a" member_type: VOTER last_known_addr { host: "127.21.91.66" port: 37347 } } peers { permanent_uuid: "4007d44bd363496490bdf4fce127eff7" member_type: VOTER last_known_addr { host: "127.21.91.67" port: 40215 } }
I20260710 13:23:57.696218 23190 ts_tablet_manager.cc:1434] T 79719bb9258c495a8eb78a452352c760 P ee9b1e3003cd44a0b0894fa45806ab5a: Time spent starting tablet: real 0.046s	user 0.006s	sys 0.000s
I20260710 13:23:57.699853 22897 catalog_manager.cc:5697] T 7eb1bcaf8ebe4eb4b0f10580116b2c13 P 4007d44bd363496490bdf4fce127eff7 reported cstate change: term changed from 0 to 1, leader changed from <none> to 4007d44bd363496490bdf4fce127eff7 (127.21.91.67). New cstate: current_term: 1 leader_uuid: "4007d44bd363496490bdf4fce127eff7" committed_config { opid_index: -1 OBSOLETE_local: false peers { permanent_uuid: "bcf0bce970bd4c938b1c4cbcfbe2d78e" member_type: VOTER last_known_addr { host: "127.21.91.65" port: 33161 } health_report { overall_health: UNKNOWN } } peers { permanent_uuid: "ee9b1e3003cd44a0b0894fa45806ab5a" member_type: VOTER last_known_addr { host: "127.21.91.66" port: 37347 } health_report { overall_health: UNKNOWN } } peers { permanent_uuid: "4007d44bd363496490bdf4fce127eff7" member_type: VOTER last_known_addr { host: "127.21.91.67" port: 40215 } health_report { overall_health: HEALTHY } } }
I20260710 13:23:57.686275 23247 consensus_queue.cc:1048] T a512a4b90e14405f84a098b90cf07fae P bcf0bce970bd4c938b1c4cbcfbe2d78e [LEADER]: Connected to new peer: Peer: permanent_uuid: "ee9b1e3003cd44a0b0894fa45806ab5a" member_type: VOTER last_known_addr { host: "127.21.91.66" port: 37347 }, Status: LMP_MISMATCH, Last received: 0.0, Next index: 1, Last known committed idx: 0, Time since last communication: 0.011s
I20260710 13:23:57.708365 23188 tablet_bootstrap.cc:492] T 826525cdc5c3434aa4f12e6e62295296 P bcf0bce970bd4c938b1c4cbcfbe2d78e: Bootstrap starting.
I20260710 13:23:57.706168 23230 consensus_queue.cc:1048] T 50b1850c989246ed8e13d112f28e3122 P ee9b1e3003cd44a0b0894fa45806ab5a [LEADER]: Connected to new peer: Peer: permanent_uuid: "4007d44bd363496490bdf4fce127eff7" member_type: VOTER last_known_addr { host: "127.21.91.67" port: 40215 }, Status: LMP_MISMATCH, Last received: 0.0, Next index: 1, Last known committed idx: 0, Time since last communication: 0.000s
I20260710 13:23:57.706873 22996 raft_consensus.cc:2468] T aa425fd98d94437895ab1b2c7d5dab90 P bcf0bce970bd4c938b1c4cbcfbe2d78e [term 1 FOLLOWER]: Leader election vote request: Granting yes vote for candidate ee9b1e3003cd44a0b0894fa45806ab5a in term 1.
I20260710 13:23:57.722836 23220 leader_election.cc:290] T 40b0d32e34c64b80b1a9c6da82a6caf5 P ee9b1e3003cd44a0b0894fa45806ab5a [CANDIDATE]: Term 1 pre-election: Requested pre-vote from peers bcf0bce970bd4c938b1c4cbcfbe2d78e (127.21.91.65:33161), 4007d44bd363496490bdf4fce127eff7 (127.21.91.67:40215)
W20260710 13:23:57.729424 23039 outbound_call.cc:321] RPC callback for RPC call kudu.consensus.ConsensusService.UpdateConsensus -> {remote=127.21.91.65:33161, user_credentials={real_user=slave}} blocked reactor thread for 77201.2us
I20260710 13:23:57.798157 23247 consensus_queue.cc:1048] T 34d2152e0ad942e48bc765a0007a9596 P bcf0bce970bd4c938b1c4cbcfbe2d78e [LEADER]: Connected to new peer: Peer: permanent_uuid: "ee9b1e3003cd44a0b0894fa45806ab5a" member_type: VOTER last_known_addr { host: "127.21.91.66" port: 37347 }, Status: LMP_MISMATCH, Last received: 0.0, Next index: 1, Last known committed idx: 0, Time since last communication: 0.001s
I20260710 13:23:57.785503 22999 raft_consensus.cc:2468] T 4d075ca615df496d9c4d991cd38c6e1b P bcf0bce970bd4c938b1c4cbcfbe2d78e [term 1 FOLLOWER]: Leader election vote request: Granting yes vote for candidate ee9b1e3003cd44a0b0894fa45806ab5a in term 1.
I20260710 13:23:57.804116 23146 raft_consensus.cc:2468] T 4d075ca615df496d9c4d991cd38c6e1b P 4007d44bd363496490bdf4fce127eff7 [term 1 FOLLOWER]: Leader election vote request: Granting yes vote for candidate ee9b1e3003cd44a0b0894fa45806ab5a in term 1.
I20260710 13:23:57.859820 23038 leader_election.cc:304] T 4d075ca615df496d9c4d991cd38c6e1b P ee9b1e3003cd44a0b0894fa45806ab5a [CANDIDATE]: Term 1 election: Election decided. Result: candidate won. Election summary: received 2 responses out of 3 voters: 2 yes votes; 0 no votes. yes voters: 4007d44bd363496490bdf4fce127eff7, ee9b1e3003cd44a0b0894fa45806ab5a; no voters: 
I20260710 13:23:57.860997 23228 raft_consensus.cc:2804] T 4d075ca615df496d9c4d991cd38c6e1b P ee9b1e3003cd44a0b0894fa45806ab5a [term 1 FOLLOWER]: Leader election won for term 1
I20260710 13:23:57.861564 23228 raft_consensus.cc:697] T 4d075ca615df496d9c4d991cd38c6e1b P ee9b1e3003cd44a0b0894fa45806ab5a [term 1 LEADER]: Becoming Leader. State: Replica: ee9b1e3003cd44a0b0894fa45806ab5a, State: Running, Role: LEADER
I20260710 13:23:57.862617 23228 consensus_queue.cc:237] T 4d075ca615df496d9c4d991cd38c6e1b P ee9b1e3003cd44a0b0894fa45806ab5a [LEADER]: Queue going to LEADER mode. State: All replicated index: 0, Majority replicated index: 0, Committed index: 0, Last appended: 0.0, Last appended by leader: 0, Current term: 1, Majority size: 2, State: 0, Mode: LEADER, active raft config: opid_index: -1 OBSOLETE_local: false peers { permanent_uuid: "bcf0bce970bd4c938b1c4cbcfbe2d78e" member_type: VOTER last_known_addr { host: "127.21.91.65" port: 33161 } } peers { permanent_uuid: "ee9b1e3003cd44a0b0894fa45806ab5a" member_type: VOTER last_known_addr { host: "127.21.91.66" port: 37347 } } peers { permanent_uuid: "4007d44bd363496490bdf4fce127eff7" member_type: VOTER last_known_addr { host: "127.21.91.67" port: 40215 } }
W20260710 13:23:57.902444 23114 leader_election.cc:343] T 826525cdc5c3434aa4f12e6e62295296 P 4007d44bd363496490bdf4fce127eff7 [CANDIDATE]: Term 1 pre-election: Tablet error from VoteRequest() call to peer ee9b1e3003cd44a0b0894fa45806ab5a (127.21.91.66:37347): Illegal state: must be running to vote when last-logged opid is not known
I20260710 13:23:57.795490 22993 tablet_service.cc:1917] Received RequestConsensusVote() RPC: tablet_id: "826525cdc5c3434aa4f12e6e62295296" candidate_uuid: "4007d44bd363496490bdf4fce127eff7" candidate_term: 1 candidate_status { last_received { term: 0 index: 0 } } ignore_live_leader: false dest_uuid: "bcf0bce970bd4c938b1c4cbcfbe2d78e" is_pre_election: true
I20260710 13:23:57.909760 23190 tablet_bootstrap.cc:492] T 826525cdc5c3434aa4f12e6e62295296 P ee9b1e3003cd44a0b0894fa45806ab5a: Bootstrap starting.
I20260710 13:23:57.916687 23143 tablet_service.cc:1917] Received RequestConsensusVote() RPC: tablet_id: "40b0d32e34c64b80b1a9c6da82a6caf5" candidate_uuid: "ee9b1e3003cd44a0b0894fa45806ab5a" candidate_term: 1 candidate_status { last_received { term: 0 index: 0 } } ignore_live_leader: false dest_uuid: "4007d44bd363496490bdf4fce127eff7" is_pre_election: true
I20260710 13:23:57.908806 23147 raft_consensus.cc:2468] T aa425fd98d94437895ab1b2c7d5dab90 P 4007d44bd363496490bdf4fce127eff7 [term 1 FOLLOWER]: Leader election vote request: Granting yes vote for candidate ee9b1e3003cd44a0b0894fa45806ab5a in term 1.
W20260710 13:23:57.909464 23038 outbound_call.cc:321] RPC callback for RPC call kudu.consensus.ConsensusService.RequestConsensusVote -> {remote=127.21.91.67:40215, user_credentials={real_user=slave}} blocked reactor thread for 49781.6us
W20260710 13:23:57.927795 23285 log.cc:927] Time spent T 5f829a1ad9f242219f126e79c88eb7e9 P bcf0bce970bd4c938b1c4cbcfbe2d78e: Append to log took a long time: real 0.235s	user 0.001s	sys 0.000s
I20260710 13:23:57.988583 23220 raft_consensus.cc:493] T 79719bb9258c495a8eb78a452352c760 P ee9b1e3003cd44a0b0894fa45806ab5a [term 0 FOLLOWER]: Starting pre-election (no leader contacted us within the election timeout)
I20260710 13:23:57.989230 23220 raft_consensus.cc:515] T 79719bb9258c495a8eb78a452352c760 P ee9b1e3003cd44a0b0894fa45806ab5a [term 0 FOLLOWER]: Starting pre-election with config: opid_index: -1 OBSOLETE_local: false peers { permanent_uuid: "bcf0bce970bd4c938b1c4cbcfbe2d78e" member_type: VOTER last_known_addr { host: "127.21.91.65" port: 33161 } } peers { permanent_uuid: "ee9b1e3003cd44a0b0894fa45806ab5a" member_type: VOTER last_known_addr { host: "127.21.91.66" port: 37347 } } peers { permanent_uuid: "4007d44bd363496490bdf4fce127eff7" member_type: VOTER last_known_addr { host: "127.21.91.67" port: 40215 } }
I20260710 13:23:57.991493 23289 raft_consensus.cc:493] T a210b4053537427587f93044765b9fbc P ee9b1e3003cd44a0b0894fa45806ab5a [term 0 FOLLOWER]: Starting pre-election (no leader contacted us within the election timeout)
I20260710 13:23:57.992174 23289 raft_consensus.cc:515] T a210b4053537427587f93044765b9fbc P ee9b1e3003cd44a0b0894fa45806ab5a [term 0 FOLLOWER]: Starting pre-election with config: opid_index: -1 OBSOLETE_local: false peers { permanent_uuid: "bcf0bce970bd4c938b1c4cbcfbe2d78e" member_type: VOTER last_known_addr { host: "127.21.91.65" port: 33161 } } peers { permanent_uuid: "ee9b1e3003cd44a0b0894fa45806ab5a" member_type: VOTER last_known_addr { host: "127.21.91.66" port: 37347 } } peers { permanent_uuid: "4007d44bd363496490bdf4fce127eff7" member_type: VOTER last_known_addr { host: "127.21.91.67" port: 40215 } }
I20260710 13:23:57.994731 23289 leader_election.cc:290] T a210b4053537427587f93044765b9fbc P ee9b1e3003cd44a0b0894fa45806ab5a [CANDIDATE]: Term 1 pre-election: Requested pre-vote from peers bcf0bce970bd4c938b1c4cbcfbe2d78e (127.21.91.65:33161), 4007d44bd363496490bdf4fce127eff7 (127.21.91.67:40215)
I20260710 13:23:57.984452 23196 raft_consensus.cc:493] T a210b4053537427587f93044765b9fbc P bcf0bce970bd4c938b1c4cbcfbe2d78e [term 0 FOLLOWER]: Starting pre-election (no leader contacted us within the election timeout)
I20260710 13:23:57.996472 23196 raft_consensus.cc:515] T a210b4053537427587f93044765b9fbc P bcf0bce970bd4c938b1c4cbcfbe2d78e [term 0 FOLLOWER]: Starting pre-election with config: opid_index: -1 OBSOLETE_local: false peers { permanent_uuid: "bcf0bce970bd4c938b1c4cbcfbe2d78e" member_type: VOTER last_known_addr { host: "127.21.91.65" port: 33161 } } peers { permanent_uuid: "ee9b1e3003cd44a0b0894fa45806ab5a" member_type: VOTER last_known_addr { host: "127.21.91.66" port: 37347 } } peers { permanent_uuid: "4007d44bd363496490bdf4fce127eff7" member_type: VOTER last_known_addr { host: "127.21.91.67" port: 40215 } }
W20260710 13:23:57.986682 23038 leader_election.cc:343] T 40b0d32e34c64b80b1a9c6da82a6caf5 P ee9b1e3003cd44a0b0894fa45806ab5a [CANDIDATE]: Term 1 pre-election: Tablet error from VoteRequest() call to peer 4007d44bd363496490bdf4fce127eff7 (127.21.91.67:40215): Illegal state: must be running to vote when last-logged opid is not known
I20260710 13:23:57.999554 23038 leader_election.cc:304] T aa425fd98d94437895ab1b2c7d5dab90 P ee9b1e3003cd44a0b0894fa45806ab5a [CANDIDATE]: Term 1 election: Election decided. Result: candidate won. Election summary: received 2 responses out of 3 voters: 2 yes votes; 0 no votes. yes voters: 4007d44bd363496490bdf4fce127eff7, ee9b1e3003cd44a0b0894fa45806ab5a; no voters: 
W20260710 13:23:57.951623 23113 leader_election.cc:343] T 826525cdc5c3434aa4f12e6e62295296 P 4007d44bd363496490bdf4fce127eff7 [CANDIDATE]: Term 1 pre-election: Tablet error from VoteRequest() call to peer bcf0bce970bd4c938b1c4cbcfbe2d78e (127.21.91.65:33161): Illegal state: must be running to vote when last-logged opid is not known
I20260710 13:23:58.001112 23113 leader_election.cc:304] T 826525cdc5c3434aa4f12e6e62295296 P 4007d44bd363496490bdf4fce127eff7 [CANDIDATE]: Term 1 pre-election: Election decided. Result: candidate lost. Election summary: received 3 responses out of 3 voters: 1 yes votes; 2 no votes. yes voters: 4007d44bd363496490bdf4fce127eff7; no voters: bcf0bce970bd4c938b1c4cbcfbe2d78e, ee9b1e3003cd44a0b0894fa45806ab5a
I20260710 13:23:58.023577 22999 tablet_service.cc:1917] Received RequestConsensusVote() RPC: tablet_id: "40b0d32e34c64b80b1a9c6da82a6caf5" candidate_uuid: "ee9b1e3003cd44a0b0894fa45806ab5a" candidate_term: 1 candidate_status { last_received { term: 0 index: 0 } } ignore_live_leader: false dest_uuid: "bcf0bce970bd4c938b1c4cbcfbe2d78e" is_pre_election: true
I20260710 13:23:58.049415 23190 tablet_bootstrap.cc:654] T 826525cdc5c3434aa4f12e6e62295296 P ee9b1e3003cd44a0b0894fa45806ab5a: Neither blocks nor log segments found. Creating new log.
W20260710 13:23:58.046464 23113 outbound_call.cc:321] RPC callback for RPC call kudu.consensus.ConsensusService.RequestConsensusVote -> {remote=127.21.91.65:33161, user_credentials={real_user=slave}} blocked reactor thread for 98456.6us
I20260710 13:23:58.062724 23196 leader_election.cc:290] T a210b4053537427587f93044765b9fbc P bcf0bce970bd4c938b1c4cbcfbe2d78e [CANDIDATE]: Term 1 pre-election: Requested pre-vote from peers ee9b1e3003cd44a0b0894fa45806ab5a (127.21.91.66:37347), 4007d44bd363496490bdf4fce127eff7 (127.21.91.67:40215)
I20260710 13:23:58.029610 23250 raft_consensus.cc:2749] T 826525cdc5c3434aa4f12e6e62295296 P 4007d44bd363496490bdf4fce127eff7 [term 0 FOLLOWER]: Leader pre-election lost for term 1. Reason: could not achieve majority
I20260710 13:23:58.045449 23289 raft_consensus.cc:2804] T aa425fd98d94437895ab1b2c7d5dab90 P ee9b1e3003cd44a0b0894fa45806ab5a [term 1 FOLLOWER]: Leader election won for term 1
I20260710 13:23:58.074823 23189 tablet_bootstrap.cc:492] T 0442c7890f86463691803694213131c7 P 4007d44bd363496490bdf4fce127eff7: No bootstrap required, opened a new log
I20260710 13:23:58.075337 23189 ts_tablet_manager.cc:1403] T 0442c7890f86463691803694213131c7 P 4007d44bd363496490bdf4fce127eff7: Time spent bootstrapping tablet: real 0.489s	user 0.019s	sys 0.023s
I20260710 13:23:58.078446 23189 raft_consensus.cc:359] T 0442c7890f86463691803694213131c7 P 4007d44bd363496490bdf4fce127eff7 [term 0 FOLLOWER]: Replica starting. Triggering 0 pending ops. Active config: opid_index: -1 OBSOLETE_local: false peers { permanent_uuid: "bcf0bce970bd4c938b1c4cbcfbe2d78e" member_type: VOTER last_known_addr { host: "127.21.91.65" port: 33161 } } peers { permanent_uuid: "ee9b1e3003cd44a0b0894fa45806ab5a" member_type: VOTER last_known_addr { host: "127.21.91.66" port: 37347 } } peers { permanent_uuid: "4007d44bd363496490bdf4fce127eff7" member_type: VOTER last_known_addr { host: "127.21.91.67" port: 40215 } }
I20260710 13:23:58.079044 23188 tablet_bootstrap.cc:654] T 826525cdc5c3434aa4f12e6e62295296 P bcf0bce970bd4c938b1c4cbcfbe2d78e: Neither blocks nor log segments found. Creating new log.
I20260710 13:23:58.079303 23189 raft_consensus.cc:385] T 0442c7890f86463691803694213131c7 P 4007d44bd363496490bdf4fce127eff7 [term 0 FOLLOWER]: Consensus starting up: Expiring failure detector timer to make a prompt election more likely
I20260710 13:23:58.079756 23189 raft_consensus.cc:740] T 0442c7890f86463691803694213131c7 P 4007d44bd363496490bdf4fce127eff7 [term 0 FOLLOWER]: Becoming Follower/Learner. State: Replica: 4007d44bd363496490bdf4fce127eff7, State: Initialized, Role: FOLLOWER
I20260710 13:23:58.080693 23189 consensus_queue.cc:260] T 0442c7890f86463691803694213131c7 P 4007d44bd363496490bdf4fce127eff7 [NON_LEADER]: Queue going to NON_LEADER mode. State: All replicated index: 0, Majority replicated index: 0, Committed index: 0, Last appended: 0.0, Last appended by leader: 0, Current term: 0, Majority size: -1, State: 0, Mode: NON_LEADER, active raft config: opid_index: -1 OBSOLETE_local: false peers { permanent_uuid: "bcf0bce970bd4c938b1c4cbcfbe2d78e" member_type: VOTER last_known_addr { host: "127.21.91.65" port: 33161 } } peers { permanent_uuid: "ee9b1e3003cd44a0b0894fa45806ab5a" member_type: VOTER last_known_addr { host: "127.21.91.66" port: 37347 } } peers { permanent_uuid: "4007d44bd363496490bdf4fce127eff7" member_type: VOTER last_known_addr { host: "127.21.91.67" port: 40215 } }
W20260710 13:23:58.082159 23039 outbound_call.cc:321] RPC callback for RPC call kudu.consensus.ConsensusService.UpdateConsensus -> {remote=127.21.91.65:33161, user_credentials={real_user=slave}} blocked reactor thread for 48287.4us
I20260710 13:23:58.086241 23220 leader_election.cc:290] T 79719bb9258c495a8eb78a452352c760 P ee9b1e3003cd44a0b0894fa45806ab5a [CANDIDATE]: Term 1 pre-election: Requested pre-vote from peers bcf0bce970bd4c938b1c4cbcfbe2d78e (127.21.91.65:33161), 4007d44bd363496490bdf4fce127eff7 (127.21.91.67:40215)
I20260710 13:23:58.097482 23145 tablet_service.cc:1917] Received RequestConsensusVote() RPC: tablet_id: "a210b4053537427587f93044765b9fbc" candidate_uuid: "ee9b1e3003cd44a0b0894fa45806ab5a" candidate_term: 1 candidate_status { last_received { term: 0 index: 0 } } ignore_live_leader: false dest_uuid: "4007d44bd363496490bdf4fce127eff7" is_pre_election: true
I20260710 13:23:58.098302 23289 raft_consensus.cc:697] T aa425fd98d94437895ab1b2c7d5dab90 P ee9b1e3003cd44a0b0894fa45806ab5a [term 1 LEADER]: Becoming Leader. State: Replica: ee9b1e3003cd44a0b0894fa45806ab5a, State: Running, Role: LEADER
I20260710 13:23:58.100749 23074 tablet_service.cc:1917] Received RequestConsensusVote() RPC: tablet_id: "a210b4053537427587f93044765b9fbc" candidate_uuid: "bcf0bce970bd4c938b1c4cbcfbe2d78e" candidate_term: 1 candidate_status { last_received { term: 0 index: 0 } } ignore_live_leader: false dest_uuid: "ee9b1e3003cd44a0b0894fa45806ab5a" is_pre_election: true
I20260710 13:23:58.101296 23074 raft_consensus.cc:2468] T a210b4053537427587f93044765b9fbc P ee9b1e3003cd44a0b0894fa45806ab5a [term 0 FOLLOWER]: Leader pre-election vote request: Granting yes vote for candidate bcf0bce970bd4c938b1c4cbcfbe2d78e in term 0.
I20260710 13:23:58.098577 23189 ts_tablet_manager.cc:1434] T 0442c7890f86463691803694213131c7 P 4007d44bd363496490bdf4fce127eff7: Time spent starting tablet: real 0.023s	user 0.006s	sys 0.002s
I20260710 13:23:58.042990 22895 catalog_manager.cc:5697] T c256297487484c669402b54773af9583 P 4007d44bd363496490bdf4fce127eff7 reported cstate change: term changed from 0 to 1, leader changed from <none> to 4007d44bd363496490bdf4fce127eff7 (127.21.91.67). New cstate: current_term: 1 leader_uuid: "4007d44bd363496490bdf4fce127eff7" committed_config { opid_index: -1 OBSOLETE_local: false peers { permanent_uuid: "bcf0bce970bd4c938b1c4cbcfbe2d78e" member_type: VOTER last_known_addr { host: "127.21.91.65" port: 33161 } health_report { overall_health: UNKNOWN } } peers { permanent_uuid: "ee9b1e3003cd44a0b0894fa45806ab5a" member_type: VOTER last_known_addr { host: "127.21.91.66" port: 37347 } health_report { overall_health: UNKNOWN } } peers { permanent_uuid: "4007d44bd363496490bdf4fce127eff7" member_type: VOTER last_known_addr { host: "127.21.91.67" port: 40215 } health_report { overall_health: HEALTHY } } }
I20260710 13:23:58.103410 23141 tablet_service.cc:1917] Received RequestConsensusVote() RPC: tablet_id: "a210b4053537427587f93044765b9fbc" candidate_uuid: "bcf0bce970bd4c938b1c4cbcfbe2d78e" candidate_term: 1 candidate_status { last_received { term: 0 index: 0 } } ignore_live_leader: false dest_uuid: "4007d44bd363496490bdf4fce127eff7" is_pre_election: true
I20260710 13:23:58.101039 23289 consensus_queue.cc:237] T aa425fd98d94437895ab1b2c7d5dab90 P ee9b1e3003cd44a0b0894fa45806ab5a [LEADER]: Queue going to LEADER mode. State: All replicated index: 0, Majority replicated index: 0, Committed index: 0, Last appended: 0.0, Last appended by leader: 0, Current term: 1, Majority size: 2, State: 0, Mode: LEADER, active raft config: opid_index: -1 OBSOLETE_local: false peers { permanent_uuid: "bcf0bce970bd4c938b1c4cbcfbe2d78e" member_type: VOTER last_known_addr { host: "127.21.91.65" port: 33161 } } peers { permanent_uuid: "ee9b1e3003cd44a0b0894fa45806ab5a" member_type: VOTER last_known_addr { host: "127.21.91.66" port: 37347 } } peers { permanent_uuid: "4007d44bd363496490bdf4fce127eff7" member_type: VOTER last_known_addr { host: "127.21.91.67" port: 40215 } }
I20260710 13:23:58.106535 23190 tablet_bootstrap.cc:492] T 826525cdc5c3434aa4f12e6e62295296 P ee9b1e3003cd44a0b0894fa45806ab5a: No bootstrap required, opened a new log
I20260710 13:23:58.106714 23189 tablet_bootstrap.cc:492] T a210b4053537427587f93044765b9fbc P 4007d44bd363496490bdf4fce127eff7: Bootstrap starting.
I20260710 13:23:58.106992 23190 ts_tablet_manager.cc:1403] T 826525cdc5c3434aa4f12e6e62295296 P ee9b1e3003cd44a0b0894fa45806ab5a: Time spent bootstrapping tablet: real 0.197s	user 0.021s	sys 0.009s
I20260710 13:23:58.108713 22965 leader_election.cc:304] T a210b4053537427587f93044765b9fbc P bcf0bce970bd4c938b1c4cbcfbe2d78e [CANDIDATE]: Term 1 pre-election: Election decided. Result: candidate won. Election summary: received 2 responses out of 3 voters: 2 yes votes; 0 no votes. yes voters: bcf0bce970bd4c938b1c4cbcfbe2d78e, ee9b1e3003cd44a0b0894fa45806ab5a; no voters: 
I20260710 13:23:58.110061 23247 raft_consensus.cc:2804] T a210b4053537427587f93044765b9fbc P bcf0bce970bd4c938b1c4cbcfbe2d78e [term 0 FOLLOWER]: Leader pre-election won for term 1
I20260710 13:23:58.110414 23247 raft_consensus.cc:493] T a210b4053537427587f93044765b9fbc P bcf0bce970bd4c938b1c4cbcfbe2d78e [term 0 FOLLOWER]: Starting leader election (no leader contacted us within the election timeout)
I20260710 13:23:58.110805 23072 raft_consensus.cc:3060] T 79719bb9258c495a8eb78a452352c760 P ee9b1e3003cd44a0b0894fa45806ab5a [term 0 FOLLOWER]: Advancing to term 1
I20260710 13:23:58.112344 23147 tablet_service.cc:1917] Received RequestConsensusVote() RPC: tablet_id: "79719bb9258c495a8eb78a452352c760" candidate_uuid: "ee9b1e3003cd44a0b0894fa45806ab5a" candidate_term: 1 candidate_status { last_received { term: 0 index: 0 } } ignore_live_leader: false dest_uuid: "4007d44bd363496490bdf4fce127eff7" is_pre_election: true
I20260710 13:23:58.113085 23147 raft_consensus.cc:2393] T 79719bb9258c495a8eb78a452352c760 P 4007d44bd363496490bdf4fce127eff7 [term 1 FOLLOWER]: Leader pre-election vote request: Denying vote to candidate ee9b1e3003cd44a0b0894fa45806ab5a in current term 1: Already voted for candidate bcf0bce970bd4c938b1c4cbcfbe2d78e in this term.
I20260710 13:23:58.110795 23247 raft_consensus.cc:3060] T a210b4053537427587f93044765b9fbc P bcf0bce970bd4c938b1c4cbcfbe2d78e [term 0 FOLLOWER]: Advancing to term 1
I20260710 13:23:58.111667 23190 raft_consensus.cc:359] T 826525cdc5c3434aa4f12e6e62295296 P ee9b1e3003cd44a0b0894fa45806ab5a [term 0 FOLLOWER]: Replica starting. Triggering 0 pending ops. Active config: opid_index: -1 OBSOLETE_local: false peers { permanent_uuid: "bcf0bce970bd4c938b1c4cbcfbe2d78e" member_type: VOTER last_known_addr { host: "127.21.91.65" port: 33161 } } peers { permanent_uuid: "ee9b1e3003cd44a0b0894fa45806ab5a" member_type: VOTER last_known_addr { host: "127.21.91.66" port: 37347 } } peers { permanent_uuid: "4007d44bd363496490bdf4fce127eff7" member_type: VOTER last_known_addr { host: "127.21.91.67" port: 40215 } }
I20260710 13:23:58.116312 23248 consensus_queue.cc:1048] T 79719bb9258c495a8eb78a452352c760 P bcf0bce970bd4c938b1c4cbcfbe2d78e [LEADER]: Connected to new peer: Peer: permanent_uuid: "4007d44bd363496490bdf4fce127eff7" member_type: VOTER last_known_addr { host: "127.21.91.67" port: 40215 }, Status: LMP_MISMATCH, Last received: 0.0, Next index: 1, Last known committed idx: 0, Time since last communication: 0.000s
I20260710 13:23:58.116984 23190 raft_consensus.cc:385] T 826525cdc5c3434aa4f12e6e62295296 P ee9b1e3003cd44a0b0894fa45806ab5a [term 0 FOLLOWER]: Consensus starting up: Expiring failure detector timer to make a prompt election more likely
I20260710 13:23:58.117956 23190 raft_consensus.cc:740] T 826525cdc5c3434aa4f12e6e62295296 P ee9b1e3003cd44a0b0894fa45806ab5a [term 0 FOLLOWER]: Becoming Follower/Learner. State: Replica: ee9b1e3003cd44a0b0894fa45806ab5a, State: Initialized, Role: FOLLOWER
I20260710 13:23:58.118583 23190 consensus_queue.cc:260] T 826525cdc5c3434aa4f12e6e62295296 P ee9b1e3003cd44a0b0894fa45806ab5a [NON_LEADER]: Queue going to NON_LEADER mode. State: All replicated index: 0, Majority replicated index: 0, Committed index: 0, Last appended: 0.0, Last appended by leader: 0, Current term: 0, Majority size: -1, State: 0, Mode: NON_LEADER, active raft config: opid_index: -1 OBSOLETE_local: false peers { permanent_uuid: "bcf0bce970bd4c938b1c4cbcfbe2d78e" member_type: VOTER last_known_addr { host: "127.21.91.65" port: 33161 } } peers { permanent_uuid: "ee9b1e3003cd44a0b0894fa45806ab5a" member_type: VOTER last_known_addr { host: "127.21.91.66" port: 37347 } } peers { permanent_uuid: "4007d44bd363496490bdf4fce127eff7" member_type: VOTER last_known_addr { host: "127.21.91.67" port: 40215 } }
I20260710 13:23:58.121202 23190 ts_tablet_manager.cc:1434] T 826525cdc5c3434aa4f12e6e62295296 P ee9b1e3003cd44a0b0894fa45806ab5a: Time spent starting tablet: real 0.014s	user 0.004s	sys 0.004s
W20260710 13:23:58.122001 22963 leader_election.cc:343] T a210b4053537427587f93044765b9fbc P bcf0bce970bd4c938b1c4cbcfbe2d78e [CANDIDATE]: Term 1 pre-election: Tablet error from VoteRequest() call to peer 4007d44bd363496490bdf4fce127eff7 (127.21.91.67:40215): Illegal state: must be running to vote when last-logged opid is not known
I20260710 13:23:58.122021 23250 consensus_queue.cc:1048] T c256297487484c669402b54773af9583 P 4007d44bd363496490bdf4fce127eff7 [LEADER]: Connected to new peer: Peer: permanent_uuid: "bcf0bce970bd4c938b1c4cbcfbe2d78e" member_type: VOTER last_known_addr { host: "127.21.91.65" port: 33161 }, Status: LMP_MISMATCH, Last received: 0.0, Next index: 1, Last known committed idx: 0, Time since last communication: 0.001s
I20260710 13:23:58.118257 23252 consensus_queue.cc:1048] T 5f829a1ad9f242219f126e79c88eb7e9 P bcf0bce970bd4c938b1c4cbcfbe2d78e [LEADER]: Connected to new peer: Peer: permanent_uuid: "4007d44bd363496490bdf4fce127eff7" member_type: VOTER last_known_addr { host: "127.21.91.67" port: 40215 }, Status: LMP_MISMATCH, Last received: 0.0, Next index: 1, Last known committed idx: 0, Time since last communication: 0.006s
I20260710 13:23:58.124619 23190 tablet_bootstrap.cc:492] T 5f829a1ad9f242219f126e79c88eb7e9 P ee9b1e3003cd44a0b0894fa45806ab5a: Bootstrap starting.
I20260710 13:23:58.116699 23249 consensus_queue.cc:1048] T aa58951cfcf849948876640b3711161e P 4007d44bd363496490bdf4fce127eff7 [LEADER]: Connected to new peer: Peer: permanent_uuid: "bcf0bce970bd4c938b1c4cbcfbe2d78e" member_type: VOTER last_known_addr { host: "127.21.91.65" port: 33161 }, Status: LMP_MISMATCH, Last received: 0.0, Next index: 1, Last known committed idx: 0, Time since last communication: 0.010s
W20260710 13:23:58.126147 23039 leader_election.cc:343] T 40b0d32e34c64b80b1a9c6da82a6caf5 P ee9b1e3003cd44a0b0894fa45806ab5a [CANDIDATE]: Term 1 pre-election: Tablet error from VoteRequest() call to peer bcf0bce970bd4c938b1c4cbcfbe2d78e (127.21.91.65:33161): Illegal state: must be running to vote when last-logged opid is not known
W20260710 13:23:58.124869 23038 leader_election.cc:343] T a210b4053537427587f93044765b9fbc P ee9b1e3003cd44a0b0894fa45806ab5a [CANDIDATE]: Term 1 pre-election: Tablet error from VoteRequest() call to peer 4007d44bd363496490bdf4fce127eff7 (127.21.91.67:40215): Illegal state: must be running to vote when last-logged opid is not known
I20260710 13:23:58.135237 23252 consensus_queue.cc:1048] T 79719bb9258c495a8eb78a452352c760 P bcf0bce970bd4c938b1c4cbcfbe2d78e [LEADER]: Connected to new peer: Peer: permanent_uuid: "ee9b1e3003cd44a0b0894fa45806ab5a" member_type: VOTER last_known_addr { host: "127.21.91.66" port: 37347 }, Status: LMP_MISMATCH, Last received: 0.0, Next index: 1, Last known committed idx: 0, Time since last communication: 0.001s
I20260710 13:23:58.155141 23250 consensus_queue.cc:1048] T 7eb1bcaf8ebe4eb4b0f10580116b2c13 P 4007d44bd363496490bdf4fce127eff7 [LEADER]: Connected to new peer: Peer: permanent_uuid: "bcf0bce970bd4c938b1c4cbcfbe2d78e" member_type: VOTER last_known_addr { host: "127.21.91.65" port: 33161 }, Status: LMP_MISMATCH, Last received: 0.0, Next index: 1, Last known committed idx: 0, Time since last communication: 0.001s
I20260710 13:23:58.169369 22896 catalog_manager.cc:5697] T 4d075ca615df496d9c4d991cd38c6e1b P ee9b1e3003cd44a0b0894fa45806ab5a reported cstate change: term changed from 0 to 1, leader changed from <none> to ee9b1e3003cd44a0b0894fa45806ab5a (127.21.91.66). New cstate: current_term: 1 leader_uuid: "ee9b1e3003cd44a0b0894fa45806ab5a" committed_config { opid_index: -1 OBSOLETE_local: false peers { permanent_uuid: "bcf0bce970bd4c938b1c4cbcfbe2d78e" member_type: VOTER last_known_addr { host: "127.21.91.65" port: 33161 } health_report { overall_health: UNKNOWN } } peers { permanent_uuid: "ee9b1e3003cd44a0b0894fa45806ab5a" member_type: VOTER last_known_addr { host: "127.21.91.66" port: 37347 } health_report { overall_health: HEALTHY } } peers { permanent_uuid: "4007d44bd363496490bdf4fce127eff7" member_type: VOTER last_known_addr { host: "127.21.91.67" port: 40215 } health_report { overall_health: UNKNOWN } } }
I20260710 13:23:58.133345 23039 leader_election.cc:304] T 40b0d32e34c64b80b1a9c6da82a6caf5 P ee9b1e3003cd44a0b0894fa45806ab5a [CANDIDATE]: Term 1 pre-election: Election decided. Result: candidate lost. Election summary: received 3 responses out of 3 voters: 1 yes votes; 2 no votes. yes voters: ee9b1e3003cd44a0b0894fa45806ab5a; no voters: 4007d44bd363496490bdf4fce127eff7, bcf0bce970bd4c938b1c4cbcfbe2d78e
I20260710 13:23:58.180935 23188 tablet_bootstrap.cc:492] T 826525cdc5c3434aa4f12e6e62295296 P bcf0bce970bd4c938b1c4cbcfbe2d78e: No bootstrap required, opened a new log
I20260710 13:23:58.181447 23188 ts_tablet_manager.cc:1403] T 826525cdc5c3434aa4f12e6e62295296 P bcf0bce970bd4c938b1c4cbcfbe2d78e: Time spent bootstrapping tablet: real 0.473s	user 0.044s	sys 0.048s
I20260710 13:23:58.178097 23220 raft_consensus.cc:2749] T 40b0d32e34c64b80b1a9c6da82a6caf5 P ee9b1e3003cd44a0b0894fa45806ab5a [term 0 FOLLOWER]: Leader pre-election lost for term 1. Reason: could not achieve majority
W20260710 13:23:58.182102 23039 outbound_call.cc:321] RPC callback for RPC call kudu.consensus.ConsensusService.RequestConsensusVote -> {remote=127.21.91.65:33161, user_credentials={real_user=slave}} blocked reactor thread for 57772.6us
I20260710 13:23:58.191963 23189 tablet_bootstrap.cc:654] T a210b4053537427587f93044765b9fbc P 4007d44bd363496490bdf4fce127eff7: Neither blocks nor log segments found. Creating new log.
W20260710 13:23:58.203266 22965 consensus_peers.cc:597] T 5f829a1ad9f242219f126e79c88eb7e9 P bcf0bce970bd4c938b1c4cbcfbe2d78e -> Peer ee9b1e3003cd44a0b0894fa45806ab5a (127.21.91.66:37347): Couldn't send request to peer ee9b1e3003cd44a0b0894fa45806ab5a. Error code: TABLET_NOT_RUNNING (12). Status: Illegal state: Tablet not RUNNING: BOOTSTRAPPING. This is attempt 1: this message will repeat every 5th retry.
I20260710 13:23:58.210287 23250 consensus_queue.cc:1048] T aa58951cfcf849948876640b3711161e P 4007d44bd363496490bdf4fce127eff7 [LEADER]: Connected to new peer: Peer: permanent_uuid: "ee9b1e3003cd44a0b0894fa45806ab5a" member_type: VOTER last_known_addr { host: "127.21.91.66" port: 37347 }, Status: LMP_MISMATCH, Last received: 0.0, Next index: 1, Last known committed idx: 0, Time since last communication: 0.000s
I20260710 13:23:58.211720 22997 tablet_service.cc:1917] Received RequestConsensusVote() RPC: tablet_id: "79719bb9258c495a8eb78a452352c760" candidate_uuid: "ee9b1e3003cd44a0b0894fa45806ab5a" candidate_term: 1 candidate_status { last_received { term: 0 index: 0 } } ignore_live_leader: false dest_uuid: "bcf0bce970bd4c938b1c4cbcfbe2d78e" is_pre_election: true
I20260710 13:23:58.211927 23247 raft_consensus.cc:515] T a210b4053537427587f93044765b9fbc P bcf0bce970bd4c938b1c4cbcfbe2d78e [term 1 FOLLOWER]: Starting leader election with config: opid_index: -1 OBSOLETE_local: false peers { permanent_uuid: "bcf0bce970bd4c938b1c4cbcfbe2d78e" member_type: VOTER last_known_addr { host: "127.21.91.65" port: 33161 } } peers { permanent_uuid: "ee9b1e3003cd44a0b0894fa45806ab5a" member_type: VOTER last_known_addr { host: "127.21.91.66" port: 37347 } } peers { permanent_uuid: "4007d44bd363496490bdf4fce127eff7" member_type: VOTER last_known_addr { host: "127.21.91.67" port: 40215 } }
I20260710 13:23:58.210290 22996 tablet_service.cc:1917] Received RequestConsensusVote() RPC: tablet_id: "a210b4053537427587f93044765b9fbc" candidate_uuid: "ee9b1e3003cd44a0b0894fa45806ab5a" candidate_term: 1 candidate_status { last_received { term: 0 index: 0 } } ignore_live_leader: false dest_uuid: "bcf0bce970bd4c938b1c4cbcfbe2d78e" is_pre_election: true
I20260710 13:23:58.213541 22996 raft_consensus.cc:2393] T a210b4053537427587f93044765b9fbc P bcf0bce970bd4c938b1c4cbcfbe2d78e [term 1 FOLLOWER]: Leader pre-election vote request: Denying vote to candidate ee9b1e3003cd44a0b0894fa45806ab5a in current term 1: Already voted for candidate bcf0bce970bd4c938b1c4cbcfbe2d78e in this term.
I20260710 13:23:58.213980 23247 leader_election.cc:290] T a210b4053537427587f93044765b9fbc P bcf0bce970bd4c938b1c4cbcfbe2d78e [CANDIDATE]: Term 1 election: Requested vote from peers ee9b1e3003cd44a0b0894fa45806ab5a (127.21.91.66:37347), 4007d44bd363496490bdf4fce127eff7 (127.21.91.67:40215)
I20260710 13:23:58.215987 23074 tablet_service.cc:1917] Received RequestConsensusVote() RPC: tablet_id: "a210b4053537427587f93044765b9fbc" candidate_uuid: "bcf0bce970bd4c938b1c4cbcfbe2d78e" candidate_term: 1 candidate_status { last_received { term: 0 index: 0 } } ignore_live_leader: false dest_uuid: "ee9b1e3003cd44a0b0894fa45806ab5a"
I20260710 13:23:58.216361 23141 tablet_service.cc:1917] Received RequestConsensusVote() RPC: tablet_id: "a210b4053537427587f93044765b9fbc" candidate_uuid: "bcf0bce970bd4c938b1c4cbcfbe2d78e" candidate_term: 1 candidate_status { last_received { term: 0 index: 0 } } ignore_live_leader: false dest_uuid: "4007d44bd363496490bdf4fce127eff7"
I20260710 13:23:58.216777 23074 raft_consensus.cc:3060] T a210b4053537427587f93044765b9fbc P ee9b1e3003cd44a0b0894fa45806ab5a [term 0 FOLLOWER]: Advancing to term 1
W20260710 13:23:58.217694 22963 leader_election.cc:343] T a210b4053537427587f93044765b9fbc P bcf0bce970bd4c938b1c4cbcfbe2d78e [CANDIDATE]: Term 1 election: Tablet error from VoteRequest() call to peer 4007d44bd363496490bdf4fce127eff7 (127.21.91.67:40215): Illegal state: must be running to vote when last-logged opid is not known
I20260710 13:23:58.229012 23039 leader_election.cc:304] T 79719bb9258c495a8eb78a452352c760 P ee9b1e3003cd44a0b0894fa45806ab5a [CANDIDATE]: Term 1 pre-election: Election decided. Result: candidate lost. Election summary: received 3 responses out of 3 voters: 1 yes votes; 2 no votes. yes voters: ee9b1e3003cd44a0b0894fa45806ab5a; no voters: 4007d44bd363496490bdf4fce127eff7, bcf0bce970bd4c938b1c4cbcfbe2d78e
I20260710 13:23:58.230633 23039 leader_election.cc:304] T a210b4053537427587f93044765b9fbc P ee9b1e3003cd44a0b0894fa45806ab5a [CANDIDATE]: Term 1 pre-election: Election decided. Result: candidate lost. Election summary: received 3 responses out of 3 voters: 1 yes votes; 2 no votes. yes voters: ee9b1e3003cd44a0b0894fa45806ab5a; no voters: 4007d44bd363496490bdf4fce127eff7, bcf0bce970bd4c938b1c4cbcfbe2d78e
I20260710 13:23:58.234509 23289 raft_consensus.cc:2749] T 79719bb9258c495a8eb78a452352c760 P ee9b1e3003cd44a0b0894fa45806ab5a [term 1 FOLLOWER]: Leader pre-election lost for term 1. Reason: could not achieve majority
I20260710 13:23:58.244961 23188 raft_consensus.cc:359] T 826525cdc5c3434aa4f12e6e62295296 P bcf0bce970bd4c938b1c4cbcfbe2d78e [term 0 FOLLOWER]: Replica starting. Triggering 0 pending ops. Active config: opid_index: -1 OBSOLETE_local: false peers { permanent_uuid: "bcf0bce970bd4c938b1c4cbcfbe2d78e" member_type: VOTER last_known_addr { host: "127.21.91.65" port: 33161 } } peers { permanent_uuid: "ee9b1e3003cd44a0b0894fa45806ab5a" member_type: VOTER last_known_addr { host: "127.21.91.66" port: 37347 } } peers { permanent_uuid: "4007d44bd363496490bdf4fce127eff7" member_type: VOTER last_known_addr { host: "127.21.91.67" port: 40215 } }
I20260710 13:23:58.245693 23188 raft_consensus.cc:385] T 826525cdc5c3434aa4f12e6e62295296 P bcf0bce970bd4c938b1c4cbcfbe2d78e [term 0 FOLLOWER]: Consensus starting up: Expiring failure detector timer to make a prompt election more likely
I20260710 13:23:58.245940 23188 raft_consensus.cc:740] T 826525cdc5c3434aa4f12e6e62295296 P bcf0bce970bd4c938b1c4cbcfbe2d78e [term 0 FOLLOWER]: Becoming Follower/Learner. State: Replica: bcf0bce970bd4c938b1c4cbcfbe2d78e, State: Initialized, Role: FOLLOWER
I20260710 13:23:58.246091 23190 tablet_bootstrap.cc:654] T 5f829a1ad9f242219f126e79c88eb7e9 P ee9b1e3003cd44a0b0894fa45806ab5a: Neither blocks nor log segments found. Creating new log.
I20260710 13:23:58.246706 23188 consensus_queue.cc:260] T 826525cdc5c3434aa4f12e6e62295296 P bcf0bce970bd4c938b1c4cbcfbe2d78e [NON_LEADER]: Queue going to NON_LEADER mode. State: All replicated index: 0, Majority replicated index: 0, Committed index: 0, Last appended: 0.0, Last appended by leader: 0, Current term: 0, Majority size: -1, State: 0, Mode: NON_LEADER, active raft config: opid_index: -1 OBSOLETE_local: false peers { permanent_uuid: "bcf0bce970bd4c938b1c4cbcfbe2d78e" member_type: VOTER last_known_addr { host: "127.21.91.65" port: 33161 } } peers { permanent_uuid: "ee9b1e3003cd44a0b0894fa45806ab5a" member_type: VOTER last_known_addr { host: "127.21.91.66" port: 37347 } } peers { permanent_uuid: "4007d44bd363496490bdf4fce127eff7" member_type: VOTER last_known_addr { host: "127.21.91.67" port: 40215 } }
I20260710 13:23:58.249401 23074 raft_consensus.cc:2468] T a210b4053537427587f93044765b9fbc P ee9b1e3003cd44a0b0894fa45806ab5a [term 1 FOLLOWER]: Leader election vote request: Granting yes vote for candidate bcf0bce970bd4c938b1c4cbcfbe2d78e in term 1.
W20260710 13:23:58.249571 23039 consensus_peers.cc:597] T 9a9a359b164048839dc426cc626af163 P ee9b1e3003cd44a0b0894fa45806ab5a -> Peer bcf0bce970bd4c938b1c4cbcfbe2d78e (127.21.91.65:33161): Couldn't send request to peer bcf0bce970bd4c938b1c4cbcfbe2d78e. Error code: TABLET_NOT_RUNNING (12). Status: Illegal state: Tablet not RUNNING: INITIALIZED. This is attempt 1: this message will repeat every 5th retry.
I20260710 13:23:58.250005 23230 raft_consensus.cc:2749] T a210b4053537427587f93044765b9fbc P ee9b1e3003cd44a0b0894fa45806ab5a [term 1 FOLLOWER]: Leader pre-election lost for term 1. Reason: could not achieve majority
I20260710 13:23:58.252234 23250 consensus_queue.cc:1048] T 7eb1bcaf8ebe4eb4b0f10580116b2c13 P 4007d44bd363496490bdf4fce127eff7 [LEADER]: Connected to new peer: Peer: permanent_uuid: "ee9b1e3003cd44a0b0894fa45806ab5a" member_type: VOTER last_known_addr { host: "127.21.91.66" port: 37347 }, Status: LMP_MISMATCH, Last received: 0.0, Next index: 1, Last known committed idx: 0, Time since last communication: 0.000s
I20260710 13:23:58.252619 23249 consensus_queue.cc:1048] T c256297487484c669402b54773af9583 P 4007d44bd363496490bdf4fce127eff7 [LEADER]: Connected to new peer: Peer: permanent_uuid: "ee9b1e3003cd44a0b0894fa45806ab5a" member_type: VOTER last_known_addr { host: "127.21.91.66" port: 37347 }, Status: LMP_MISMATCH, Last received: 0.0, Next index: 1, Last known committed idx: 0, Time since last communication: 0.000s
I20260710 13:23:58.262391 23188 ts_tablet_manager.cc:1434] T 826525cdc5c3434aa4f12e6e62295296 P bcf0bce970bd4c938b1c4cbcfbe2d78e: Time spent starting tablet: real 0.081s	user 0.007s	sys 0.002s
I20260710 13:23:58.263564 23188 tablet_bootstrap.cc:492] T 40b0d32e34c64b80b1a9c6da82a6caf5 P bcf0bce970bd4c938b1c4cbcfbe2d78e: Bootstrap starting.
I20260710 13:23:58.268761 22965 leader_election.cc:304] T a210b4053537427587f93044765b9fbc P bcf0bce970bd4c938b1c4cbcfbe2d78e [CANDIDATE]: Term 1 election: Election decided. Result: candidate won. Election summary: received 3 responses out of 3 voters: 2 yes votes; 1 no votes. yes voters: bcf0bce970bd4c938b1c4cbcfbe2d78e, ee9b1e3003cd44a0b0894fa45806ab5a; no voters: 4007d44bd363496490bdf4fce127eff7
I20260710 13:23:58.270598 23307 raft_consensus.cc:2804] T a210b4053537427587f93044765b9fbc P bcf0bce970bd4c938b1c4cbcfbe2d78e [term 1 FOLLOWER]: Leader election won for term 1
W20260710 13:23:58.271466 23305 log.cc:927] Time spent T 5f829a1ad9f242219f126e79c88eb7e9 P 4007d44bd363496490bdf4fce127eff7: Append to log took a long time: real 0.072s	user 0.000s	sys 0.001s
I20260710 13:23:58.273844 23307 raft_consensus.cc:697] T a210b4053537427587f93044765b9fbc P bcf0bce970bd4c938b1c4cbcfbe2d78e [term 1 LEADER]: Becoming Leader. State: Replica: bcf0bce970bd4c938b1c4cbcfbe2d78e, State: Running, Role: LEADER
I20260710 13:23:58.275025 23307 consensus_queue.cc:237] T a210b4053537427587f93044765b9fbc P bcf0bce970bd4c938b1c4cbcfbe2d78e [LEADER]: Queue going to LEADER mode. State: All replicated index: 0, Majority replicated index: 0, Committed index: 0, Last appended: 0.0, Last appended by leader: 0, Current term: 1, Majority size: 2, State: 0, Mode: LEADER, active raft config: opid_index: -1 OBSOLETE_local: false peers { permanent_uuid: "bcf0bce970bd4c938b1c4cbcfbe2d78e" member_type: VOTER last_known_addr { host: "127.21.91.65" port: 33161 } } peers { permanent_uuid: "ee9b1e3003cd44a0b0894fa45806ab5a" member_type: VOTER last_known_addr { host: "127.21.91.66" port: 37347 } } peers { permanent_uuid: "4007d44bd363496490bdf4fce127eff7" member_type: VOTER last_known_addr { host: "127.21.91.67" port: 40215 } }
I20260710 13:23:58.272953 23289 consensus_queue.cc:1048] T 9a9a359b164048839dc426cc626af163 P ee9b1e3003cd44a0b0894fa45806ab5a [LEADER]: Connected to new peer: Peer: permanent_uuid: "4007d44bd363496490bdf4fce127eff7" member_type: VOTER last_known_addr { host: "127.21.91.67" port: 40215 }, Status: LMP_MISMATCH, Last received: 0.0, Next index: 1, Last known committed idx: 0, Time since last communication: 0.014s
I20260710 13:23:58.313479 23188 tablet_bootstrap.cc:654] T 40b0d32e34c64b80b1a9c6da82a6caf5 P bcf0bce970bd4c938b1c4cbcfbe2d78e: Neither blocks nor log segments found. Creating new log.
I20260710 13:23:58.317138 22896 catalog_manager.cc:5697] T 5f829a1ad9f242219f126e79c88eb7e9 P 4007d44bd363496490bdf4fce127eff7 reported cstate change: term changed from 0 to 1, leader changed from <none> to bcf0bce970bd4c938b1c4cbcfbe2d78e (127.21.91.65). New cstate: current_term: 1 leader_uuid: "bcf0bce970bd4c938b1c4cbcfbe2d78e" committed_config { opid_index: -1 OBSOLETE_local: false peers { permanent_uuid: "bcf0bce970bd4c938b1c4cbcfbe2d78e" member_type: VOTER last_known_addr { host: "127.21.91.65" port: 33161 } } peers { permanent_uuid: "ee9b1e3003cd44a0b0894fa45806ab5a" member_type: VOTER last_known_addr { host: "127.21.91.66" port: 37347 } } peers { permanent_uuid: "4007d44bd363496490bdf4fce127eff7" member_type: VOTER last_known_addr { host: "127.21.91.67" port: 40215 } } }
I20260710 13:23:58.330626 23230 consensus_queue.cc:1048] T 4d075ca615df496d9c4d991cd38c6e1b P ee9b1e3003cd44a0b0894fa45806ab5a [LEADER]: Connected to new peer: Peer: permanent_uuid: "bcf0bce970bd4c938b1c4cbcfbe2d78e" member_type: VOTER last_known_addr { host: "127.21.91.65" port: 33161 }, Status: LMP_MISMATCH, Last received: 0.0, Next index: 1, Last known committed idx: 0, Time since last communication: 0.007s
I20260710 13:23:58.344933 23189 tablet_bootstrap.cc:492] T a210b4053537427587f93044765b9fbc P 4007d44bd363496490bdf4fce127eff7: No bootstrap required, opened a new log
I20260710 13:23:58.346415 23189 ts_tablet_manager.cc:1403] T a210b4053537427587f93044765b9fbc P 4007d44bd363496490bdf4fce127eff7: Time spent bootstrapping tablet: real 0.242s	user 0.017s	sys 0.028s
W20260710 13:23:58.338517 23113 outbound_call.cc:321] RPC callback for RPC call kudu.consensus.ConsensusService.UpdateConsensus -> {remote=127.21.91.65:33161, user_credentials={real_user=slave}} blocked reactor thread for 53942.5us
I20260710 13:23:58.362545 23189 raft_consensus.cc:359] T a210b4053537427587f93044765b9fbc P 4007d44bd363496490bdf4fce127eff7 [term 0 FOLLOWER]: Replica starting. Triggering 0 pending ops. Active config: opid_index: -1 OBSOLETE_local: false peers { permanent_uuid: "bcf0bce970bd4c938b1c4cbcfbe2d78e" member_type: VOTER last_known_addr { host: "127.21.91.65" port: 33161 } } peers { permanent_uuid: "ee9b1e3003cd44a0b0894fa45806ab5a" member_type: VOTER last_known_addr { host: "127.21.91.66" port: 37347 } } peers { permanent_uuid: "4007d44bd363496490bdf4fce127eff7" member_type: VOTER last_known_addr { host: "127.21.91.67" port: 40215 } }
I20260710 13:23:58.363286 23189 raft_consensus.cc:385] T a210b4053537427587f93044765b9fbc P 4007d44bd363496490bdf4fce127eff7 [term 0 FOLLOWER]: Consensus starting up: Expiring failure detector timer to make a prompt election more likely
I20260710 13:23:58.363608 23189 raft_consensus.cc:740] T a210b4053537427587f93044765b9fbc P 4007d44bd363496490bdf4fce127eff7 [term 0 FOLLOWER]: Becoming Follower/Learner. State: Replica: 4007d44bd363496490bdf4fce127eff7, State: Initialized, Role: FOLLOWER
I20260710 13:23:58.368294 23289 consensus_queue.cc:1048] T 4d075ca615df496d9c4d991cd38c6e1b P ee9b1e3003cd44a0b0894fa45806ab5a [LEADER]: Connected to new peer: Peer: permanent_uuid: "4007d44bd363496490bdf4fce127eff7" member_type: VOTER last_known_addr { host: "127.21.91.67" port: 40215 }, Status: LMP_MISMATCH, Last received: 0.0, Next index: 1, Last known committed idx: 0, Time since last communication: 0.000s
I20260710 13:23:58.421545 23189 consensus_queue.cc:260] T a210b4053537427587f93044765b9fbc P 4007d44bd363496490bdf4fce127eff7 [NON_LEADER]: Queue going to NON_LEADER mode. State: All replicated index: 0, Majority replicated index: 0, Committed index: 0, Last appended: 0.0, Last appended by leader: 0, Current term: 0, Majority size: -1, State: 0, Mode: NON_LEADER, active raft config: opid_index: -1 OBSOLETE_local: false peers { permanent_uuid: "bcf0bce970bd4c938b1c4cbcfbe2d78e" member_type: VOTER last_known_addr { host: "127.21.91.65" port: 33161 } } peers { permanent_uuid: "ee9b1e3003cd44a0b0894fa45806ab5a" member_type: VOTER last_known_addr { host: "127.21.91.66" port: 37347 } } peers { permanent_uuid: "4007d44bd363496490bdf4fce127eff7" member_type: VOTER last_known_addr { host: "127.21.91.67" port: 40215 } }
I20260710 13:23:58.428884 23189 ts_tablet_manager.cc:1434] T a210b4053537427587f93044765b9fbc P 4007d44bd363496490bdf4fce127eff7: Time spent starting tablet: real 0.082s	user 0.010s	sys 0.000s
I20260710 13:23:58.429819 23189 tablet_bootstrap.cc:492] T 2cba156676364ee9abc00a246c811ba2 P 4007d44bd363496490bdf4fce127eff7: Bootstrap starting.
I20260710 13:23:58.420939 23220 raft_consensus.cc:493] T 826525cdc5c3434aa4f12e6e62295296 P ee9b1e3003cd44a0b0894fa45806ab5a [term 0 FOLLOWER]: Starting pre-election (no leader contacted us within the election timeout)
I20260710 13:23:58.432060 23220 raft_consensus.cc:515] T 826525cdc5c3434aa4f12e6e62295296 P ee9b1e3003cd44a0b0894fa45806ab5a [term 0 FOLLOWER]: Starting pre-election with config: opid_index: -1 OBSOLETE_local: false peers { permanent_uuid: "bcf0bce970bd4c938b1c4cbcfbe2d78e" member_type: VOTER last_known_addr { host: "127.21.91.65" port: 33161 } } peers { permanent_uuid: "ee9b1e3003cd44a0b0894fa45806ab5a" member_type: VOTER last_known_addr { host: "127.21.91.66" port: 37347 } } peers { permanent_uuid: "4007d44bd363496490bdf4fce127eff7" member_type: VOTER last_known_addr { host: "127.21.91.67" port: 40215 } }
I20260710 13:23:58.439715 23190 tablet_bootstrap.cc:492] T 5f829a1ad9f242219f126e79c88eb7e9 P ee9b1e3003cd44a0b0894fa45806ab5a: No bootstrap required, opened a new log
I20260710 13:23:58.440593 23190 ts_tablet_manager.cc:1403] T 5f829a1ad9f242219f126e79c88eb7e9 P ee9b1e3003cd44a0b0894fa45806ab5a: Time spent bootstrapping tablet: real 0.317s	user 0.017s	sys 0.013s
I20260710 13:23:58.448289 23252 raft_consensus.cc:493] T 826525cdc5c3434aa4f12e6e62295296 P bcf0bce970bd4c938b1c4cbcfbe2d78e [term 0 FOLLOWER]: Starting pre-election (no leader contacted us within the election timeout)
I20260710 13:23:58.448810 23252 raft_consensus.cc:515] T 826525cdc5c3434aa4f12e6e62295296 P bcf0bce970bd4c938b1c4cbcfbe2d78e [term 0 FOLLOWER]: Starting pre-election with config: opid_index: -1 OBSOLETE_local: false peers { permanent_uuid: "bcf0bce970bd4c938b1c4cbcfbe2d78e" member_type: VOTER last_known_addr { host: "127.21.91.65" port: 33161 } } peers { permanent_uuid: "ee9b1e3003cd44a0b0894fa45806ab5a" member_type: VOTER last_known_addr { host: "127.21.91.66" port: 37347 } } peers { permanent_uuid: "4007d44bd363496490bdf4fce127eff7" member_type: VOTER last_known_addr { host: "127.21.91.67" port: 40215 } }
