I20260710 13:23:54.667191 23146 ts_tablet_manager.cc:1434] T 77b81555e18948438921f43c074bdf88 P 68b4ac8cb2e44619a82f61102032df19: Time spent starting tablet: real 0.011s	user 0.006s	sys 0.001s
I20260710 13:23:54.667951 23146 tablet_bootstrap.cc:492] T a25dd9a60f68499693c3e9d9584d2610 P 68b4ac8cb2e44619a82f61102032df19: Bootstrap starting.
I20260710 13:23:54.670120 23144 raft_consensus.cc:359] T fc3dc1f9e67b40c38670178e7cd947b5 P ece53715e3b048c28d846774c63fea94 [term 0 FOLLOWER]: Replica starting. Triggering 0 pending ops. Active config: opid_index: -1 OBSOLETE_local: false peers { permanent_uuid: "ece53715e3b048c28d846774c63fea94" member_type: VOTER last_known_addr { host: "127.21.82.129" port: 45001 } } peers { permanent_uuid: "68b4ac8cb2e44619a82f61102032df19" member_type: VOTER last_known_addr { host: "127.21.82.130" port: 38603 } } peers { permanent_uuid: "b85efe011f2b42d0a114f6937d64f180" member_type: VOTER last_known_addr { host: "127.21.82.131" port: 46791 } }
I20260710 13:23:54.671356 23144 raft_consensus.cc:385] T fc3dc1f9e67b40c38670178e7cd947b5 P ece53715e3b048c28d846774c63fea94 [term 0 FOLLOWER]: Consensus starting up: Expiring failure detector timer to make a prompt election more likely
I20260710 13:23:54.671674 23144 raft_consensus.cc:740] T fc3dc1f9e67b40c38670178e7cd947b5 P ece53715e3b048c28d846774c63fea94 [term 0 FOLLOWER]: Becoming Follower/Learner. State: Replica: ece53715e3b048c28d846774c63fea94, State: Initialized, Role: FOLLOWER
I20260710 13:23:54.672465 23144 consensus_queue.cc:260] T fc3dc1f9e67b40c38670178e7cd947b5 P ece53715e3b048c28d846774c63fea94 [NON_LEADER]: Queue going to NON_LEADER mode. State: All replicated index: 0, Majority replicated index: 0, Committed index: 0, Last appended: 0.0, Last appended by leader: 0, Current term: 0, Majority size: -1, State: 0, Mode: NON_LEADER, active raft config: opid_index: -1 OBSOLETE_local: false peers { permanent_uuid: "ece53715e3b048c28d846774c63fea94" member_type: VOTER last_known_addr { host: "127.21.82.129" port: 45001 } } peers { permanent_uuid: "68b4ac8cb2e44619a82f61102032df19" member_type: VOTER last_known_addr { host: "127.21.82.130" port: 38603 } } peers { permanent_uuid: "b85efe011f2b42d0a114f6937d64f180" member_type: VOTER last_known_addr { host: "127.21.82.131" port: 46791 } }
I20260710 13:23:54.675345 23144 ts_tablet_manager.cc:1434] T fc3dc1f9e67b40c38670178e7cd947b5 P ece53715e3b048c28d846774c63fea94: Time spent starting tablet: real 0.012s	user 0.004s	sys 0.002s
I20260710 13:23:54.676272 23144 tablet_bootstrap.cc:492] T 3cedff40e02541969a9f6ae16c0cb078 P ece53715e3b048c28d846774c63fea94: Bootstrap starting.
I20260710 13:23:54.676590 23145 raft_consensus.cc:359] T d312813bf18b40c1983892158be88ba0 P b85efe011f2b42d0a114f6937d64f180 [term 0 FOLLOWER]: Replica starting. Triggering 0 pending ops. Active config: opid_index: -1 OBSOLETE_local: false peers { permanent_uuid: "ece53715e3b048c28d846774c63fea94" member_type: VOTER last_known_addr { host: "127.21.82.129" port: 45001 } } peers { permanent_uuid: "68b4ac8cb2e44619a82f61102032df19" member_type: VOTER last_known_addr { host: "127.21.82.130" port: 38603 } } peers { permanent_uuid: "b85efe011f2b42d0a114f6937d64f180" member_type: VOTER last_known_addr { host: "127.21.82.131" port: 46791 } }
I20260710 13:23:54.677219 23145 raft_consensus.cc:385] T d312813bf18b40c1983892158be88ba0 P b85efe011f2b42d0a114f6937d64f180 [term 0 FOLLOWER]: Consensus starting up: Expiring failure detector timer to make a prompt election more likely
I20260710 13:23:54.677505 23145 raft_consensus.cc:740] T d312813bf18b40c1983892158be88ba0 P b85efe011f2b42d0a114f6937d64f180 [term 0 FOLLOWER]: Becoming Follower/Learner. State: Replica: b85efe011f2b42d0a114f6937d64f180, State: Initialized, Role: FOLLOWER
I20260710 13:23:54.679185 23145 consensus_queue.cc:260] T d312813bf18b40c1983892158be88ba0 P b85efe011f2b42d0a114f6937d64f180 [NON_LEADER]: Queue going to NON_LEADER mode. State: All replicated index: 0, Majority replicated index: 0, Committed index: 0, Last appended: 0.0, Last appended by leader: 0, Current term: 0, Majority size: -1, State: 0, Mode: NON_LEADER, active raft config: opid_index: -1 OBSOLETE_local: false peers { permanent_uuid: "ece53715e3b048c28d846774c63fea94" member_type: VOTER last_known_addr { host: "127.21.82.129" port: 45001 } } peers { permanent_uuid: "68b4ac8cb2e44619a82f61102032df19" member_type: VOTER last_known_addr { host: "127.21.82.130" port: 38603 } } peers { permanent_uuid: "b85efe011f2b42d0a114f6937d64f180" member_type: VOTER last_known_addr { host: "127.21.82.131" port: 46791 } }
I20260710 13:23:54.681161 23145 ts_tablet_manager.cc:1434] T d312813bf18b40c1983892158be88ba0 P b85efe011f2b42d0a114f6937d64f180: Time spent starting tablet: real 0.030s	user 0.004s	sys 0.000s
I20260710 13:23:54.682063 23145 tablet_bootstrap.cc:492] T 6424e9bbe5da4828ac98125f531116de P b85efe011f2b42d0a114f6937d64f180: Bootstrap starting.
I20260710 13:23:54.683552 23146 tablet_bootstrap.cc:654] T a25dd9a60f68499693c3e9d9584d2610 P 68b4ac8cb2e44619a82f61102032df19: Neither blocks nor log segments found. Creating new log.
I20260710 13:23:54.684338 22850 catalog_manager.cc:5697] T 8ecfc5c9ad214b1c8fe3ed408c5f2236 P ece53715e3b048c28d846774c63fea94 reported cstate change: term changed from 0 to 1, leader changed from <none> to ece53715e3b048c28d846774c63fea94 (127.21.82.129). New cstate: current_term: 1 leader_uuid: "ece53715e3b048c28d846774c63fea94" committed_config { opid_index: -1 OBSOLETE_local: false peers { permanent_uuid: "ece53715e3b048c28d846774c63fea94" member_type: VOTER last_known_addr { host: "127.21.82.129" port: 45001 } health_report { overall_health: HEALTHY } } peers { permanent_uuid: "68b4ac8cb2e44619a82f61102032df19" member_type: VOTER last_known_addr { host: "127.21.82.130" port: 38603 } health_report { overall_health: UNKNOWN } } peers { permanent_uuid: "b85efe011f2b42d0a114f6937d64f180" member_type: VOTER last_known_addr { host: "127.21.82.131" port: 46791 } health_report { overall_health: UNKNOWN } } }
I20260710 13:23:54.686668 23144 tablet_bootstrap.cc:654] T 3cedff40e02541969a9f6ae16c0cb078 P ece53715e3b048c28d846774c63fea94: Neither blocks nor log segments found. Creating new log.
I20260710 13:23:54.690274 23145 tablet_bootstrap.cc:654] T 6424e9bbe5da4828ac98125f531116de P b85efe011f2b42d0a114f6937d64f180: Neither blocks nor log segments found. Creating new log.
I20260710 13:23:54.697983 23146 tablet_bootstrap.cc:492] T a25dd9a60f68499693c3e9d9584d2610 P 68b4ac8cb2e44619a82f61102032df19: No bootstrap required, opened a new log
I20260710 13:23:54.698295 23144 tablet_bootstrap.cc:492] T 3cedff40e02541969a9f6ae16c0cb078 P ece53715e3b048c28d846774c63fea94: No bootstrap required, opened a new log
I20260710 13:23:54.698432 23146 ts_tablet_manager.cc:1403] T a25dd9a60f68499693c3e9d9584d2610 P 68b4ac8cb2e44619a82f61102032df19: Time spent bootstrapping tablet: real 0.031s	user 0.012s	sys 0.006s
I20260710 13:23:54.698683 23144 ts_tablet_manager.cc:1403] T 3cedff40e02541969a9f6ae16c0cb078 P ece53715e3b048c28d846774c63fea94: Time spent bootstrapping tablet: real 0.023s	user 0.011s	sys 0.003s
I20260710 13:23:54.700888 23146 raft_consensus.cc:359] T a25dd9a60f68499693c3e9d9584d2610 P 68b4ac8cb2e44619a82f61102032df19 [term 0 FOLLOWER]: Replica starting. Triggering 0 pending ops. Active config: opid_index: -1 OBSOLETE_local: false peers { permanent_uuid: "ece53715e3b048c28d846774c63fea94" member_type: VOTER last_known_addr { host: "127.21.82.129" port: 45001 } } peers { permanent_uuid: "68b4ac8cb2e44619a82f61102032df19" member_type: VOTER last_known_addr { host: "127.21.82.130" port: 38603 } } peers { permanent_uuid: "b85efe011f2b42d0a114f6937d64f180" member_type: VOTER last_known_addr { host: "127.21.82.131" port: 46791 } }
I20260710 13:23:54.701023 23144 raft_consensus.cc:359] T 3cedff40e02541969a9f6ae16c0cb078 P ece53715e3b048c28d846774c63fea94 [term 0 FOLLOWER]: Replica starting. Triggering 0 pending ops. Active config: opid_index: -1 OBSOLETE_local: false peers { permanent_uuid: "ece53715e3b048c28d846774c63fea94" member_type: VOTER last_known_addr { host: "127.21.82.129" port: 45001 } } peers { permanent_uuid: "68b4ac8cb2e44619a82f61102032df19" member_type: VOTER last_known_addr { host: "127.21.82.130" port: 38603 } } peers { permanent_uuid: "b85efe011f2b42d0a114f6937d64f180" member_type: VOTER last_known_addr { host: "127.21.82.131" port: 46791 } }
I20260710 13:23:54.701562 23146 raft_consensus.cc:385] T a25dd9a60f68499693c3e9d9584d2610 P 68b4ac8cb2e44619a82f61102032df19 [term 0 FOLLOWER]: Consensus starting up: Expiring failure detector timer to make a prompt election more likely
I20260710 13:23:54.701664 23144 raft_consensus.cc:385] T 3cedff40e02541969a9f6ae16c0cb078 P ece53715e3b048c28d846774c63fea94 [term 0 FOLLOWER]: Consensus starting up: Expiring failure detector timer to make a prompt election more likely
I20260710 13:23:54.701097 22852 catalog_manager.cc:5697] T 3e845ec2ee4246ddb0b890dd15a7843c P b85efe011f2b42d0a114f6937d64f180 reported cstate change: term changed from 0 to 1, leader changed from <none> to b85efe011f2b42d0a114f6937d64f180 (127.21.82.131). New cstate: current_term: 1 leader_uuid: "b85efe011f2b42d0a114f6937d64f180" committed_config { opid_index: -1 OBSOLETE_local: false peers { permanent_uuid: "ece53715e3b048c28d846774c63fea94" member_type: VOTER last_known_addr { host: "127.21.82.129" port: 45001 } health_report { overall_health: UNKNOWN } } peers { permanent_uuid: "68b4ac8cb2e44619a82f61102032df19" member_type: VOTER last_known_addr { host: "127.21.82.130" port: 38603 } health_report { overall_health: UNKNOWN } } peers { permanent_uuid: "b85efe011f2b42d0a114f6937d64f180" member_type: VOTER last_known_addr { host: "127.21.82.131" port: 46791 } health_report { overall_health: HEALTHY } } }
I20260710 13:23:54.702258 23144 raft_consensus.cc:740] T 3cedff40e02541969a9f6ae16c0cb078 P ece53715e3b048c28d846774c63fea94 [term 0 FOLLOWER]: Becoming Follower/Learner. State: Replica: ece53715e3b048c28d846774c63fea94, State: Initialized, Role: FOLLOWER
I20260710 13:23:54.703190 23144 consensus_queue.cc:260] T 3cedff40e02541969a9f6ae16c0cb078 P ece53715e3b048c28d846774c63fea94 [NON_LEADER]: Queue going to NON_LEADER mode. State: All replicated index: 0, Majority replicated index: 0, Committed index: 0, Last appended: 0.0, Last appended by leader: 0, Current term: 0, Majority size: -1, State: 0, Mode: NON_LEADER, active raft config: opid_index: -1 OBSOLETE_local: false peers { permanent_uuid: "ece53715e3b048c28d846774c63fea94" member_type: VOTER last_known_addr { host: "127.21.82.129" port: 45001 } } peers { permanent_uuid: "68b4ac8cb2e44619a82f61102032df19" member_type: VOTER last_known_addr { host: "127.21.82.130" port: 38603 } } peers { permanent_uuid: "b85efe011f2b42d0a114f6937d64f180" member_type: VOTER last_known_addr { host: "127.21.82.131" port: 46791 } }
I20260710 13:23:54.703222 22852 catalog_manager.cc:5697] T 77b81555e18948438921f43c074bdf88 P b85efe011f2b42d0a114f6937d64f180 reported cstate change: term changed from 0 to 1, leader changed from <none> to b85efe011f2b42d0a114f6937d64f180 (127.21.82.131). New cstate: current_term: 1 leader_uuid: "b85efe011f2b42d0a114f6937d64f180" committed_config { opid_index: -1 OBSOLETE_local: false peers { permanent_uuid: "ece53715e3b048c28d846774c63fea94" member_type: VOTER last_known_addr { host: "127.21.82.129" port: 45001 } health_report { overall_health: UNKNOWN } } peers { permanent_uuid: "68b4ac8cb2e44619a82f61102032df19" member_type: VOTER last_known_addr { host: "127.21.82.130" port: 38603 } health_report { overall_health: UNKNOWN } } peers { permanent_uuid: "b85efe011f2b42d0a114f6937d64f180" member_type: VOTER last_known_addr { host: "127.21.82.131" port: 46791 } health_report { overall_health: HEALTHY } } }
I20260710 13:23:54.705950 23144 ts_tablet_manager.cc:1434] T 3cedff40e02541969a9f6ae16c0cb078 P ece53715e3b048c28d846774c63fea94: Time spent starting tablet: real 0.007s	user 0.007s	sys 0.000s
I20260710 13:23:54.701858 23146 raft_consensus.cc:740] T a25dd9a60f68499693c3e9d9584d2610 P 68b4ac8cb2e44619a82f61102032df19 [term 0 FOLLOWER]: Becoming Follower/Learner. State: Replica: 68b4ac8cb2e44619a82f61102032df19, State: Initialized, Role: FOLLOWER
I20260710 13:23:54.707007 23144 tablet_bootstrap.cc:492] T 93c1e85776de4544a7b3ccaee2b28d51 P ece53715e3b048c28d846774c63fea94: Bootstrap starting.
I20260710 13:23:54.707208 23145 tablet_bootstrap.cc:492] T 6424e9bbe5da4828ac98125f531116de P b85efe011f2b42d0a114f6937d64f180: No bootstrap required, opened a new log
I20260710 13:23:54.706995 23146 consensus_queue.cc:260] T a25dd9a60f68499693c3e9d9584d2610 P 68b4ac8cb2e44619a82f61102032df19 [NON_LEADER]: Queue going to NON_LEADER mode. State: All replicated index: 0, Majority replicated index: 0, Committed index: 0, Last appended: 0.0, Last appended by leader: 0, Current term: 0, Majority size: -1, State: 0, Mode: NON_LEADER, active raft config: opid_index: -1 OBSOLETE_local: false peers { permanent_uuid: "ece53715e3b048c28d846774c63fea94" member_type: VOTER last_known_addr { host: "127.21.82.129" port: 45001 } } peers { permanent_uuid: "68b4ac8cb2e44619a82f61102032df19" member_type: VOTER last_known_addr { host: "127.21.82.130" port: 38603 } } peers { permanent_uuid: "b85efe011f2b42d0a114f6937d64f180" member_type: VOTER last_known_addr { host: "127.21.82.131" port: 46791 } }
I20260710 13:23:54.708369 23145 ts_tablet_manager.cc:1403] T 6424e9bbe5da4828ac98125f531116de P b85efe011f2b42d0a114f6937d64f180: Time spent bootstrapping tablet: real 0.027s	user 0.012s	sys 0.002s
I20260710 13:23:54.709368 23146 ts_tablet_manager.cc:1434] T a25dd9a60f68499693c3e9d9584d2610 P 68b4ac8cb2e44619a82f61102032df19: Time spent starting tablet: real 0.011s	user 0.003s	sys 0.004s
I20260710 13:23:54.710311 23146 tablet_bootstrap.cc:492] T d267580d46684d05bbef368c9a8cb135 P 68b4ac8cb2e44619a82f61102032df19: Bootstrap starting.
I20260710 13:23:54.710886 23145 raft_consensus.cc:359] T 6424e9bbe5da4828ac98125f531116de P b85efe011f2b42d0a114f6937d64f180 [term 0 FOLLOWER]: Replica starting. Triggering 0 pending ops. Active config: opid_index: -1 OBSOLETE_local: false peers { permanent_uuid: "ece53715e3b048c28d846774c63fea94" member_type: VOTER last_known_addr { host: "127.21.82.129" port: 45001 } } peers { permanent_uuid: "68b4ac8cb2e44619a82f61102032df19" member_type: VOTER last_known_addr { host: "127.21.82.130" port: 38603 } } peers { permanent_uuid: "b85efe011f2b42d0a114f6937d64f180" member_type: VOTER last_known_addr { host: "127.21.82.131" port: 46791 } }
I20260710 13:23:54.711555 23145 raft_consensus.cc:385] T 6424e9bbe5da4828ac98125f531116de P b85efe011f2b42d0a114f6937d64f180 [term 0 FOLLOWER]: Consensus starting up: Expiring failure detector timer to make a prompt election more likely
I20260710 13:23:54.711817 23145 raft_consensus.cc:740] T 6424e9bbe5da4828ac98125f531116de P b85efe011f2b42d0a114f6937d64f180 [term 0 FOLLOWER]: Becoming Follower/Learner. State: Replica: b85efe011f2b42d0a114f6937d64f180, State: Initialized, Role: FOLLOWER
I20260710 13:23:54.712612 23145 consensus_queue.cc:260] T 6424e9bbe5da4828ac98125f531116de P b85efe011f2b42d0a114f6937d64f180 [NON_LEADER]: Queue going to NON_LEADER mode. State: All replicated index: 0, Majority replicated index: 0, Committed index: 0, Last appended: 0.0, Last appended by leader: 0, Current term: 0, Majority size: -1, State: 0, Mode: NON_LEADER, active raft config: opid_index: -1 OBSOLETE_local: false peers { permanent_uuid: "ece53715e3b048c28d846774c63fea94" member_type: VOTER last_known_addr { host: "127.21.82.129" port: 45001 } } peers { permanent_uuid: "68b4ac8cb2e44619a82f61102032df19" member_type: VOTER last_known_addr { host: "127.21.82.130" port: 38603 } } peers { permanent_uuid: "b85efe011f2b42d0a114f6937d64f180" member_type: VOTER last_known_addr { host: "127.21.82.131" port: 46791 } }
I20260710 13:23:54.713300 23144 tablet_bootstrap.cc:654] T 93c1e85776de4544a7b3ccaee2b28d51 P ece53715e3b048c28d846774c63fea94: Neither blocks nor log segments found. Creating new log.
I20260710 13:23:54.715001 23145 ts_tablet_manager.cc:1434] T 6424e9bbe5da4828ac98125f531116de P b85efe011f2b42d0a114f6937d64f180: Time spent starting tablet: real 0.006s	user 0.005s	sys 0.000s
I20260710 13:23:54.715827 23145 tablet_bootstrap.cc:492] T fc3dc1f9e67b40c38670178e7cd947b5 P b85efe011f2b42d0a114f6937d64f180: Bootstrap starting.
I20260710 13:23:54.716883 23146 tablet_bootstrap.cc:654] T d267580d46684d05bbef368c9a8cb135 P 68b4ac8cb2e44619a82f61102032df19: Neither blocks nor log segments found. Creating new log.
I20260710 13:23:54.724073 23145 tablet_bootstrap.cc:654] T fc3dc1f9e67b40c38670178e7cd947b5 P b85efe011f2b42d0a114f6937d64f180: Neither blocks nor log segments found. Creating new log.
I20260710 13:23:54.729660 23144 tablet_bootstrap.cc:492] T 93c1e85776de4544a7b3ccaee2b28d51 P ece53715e3b048c28d846774c63fea94: No bootstrap required, opened a new log
I20260710 13:23:54.730158 23144 ts_tablet_manager.cc:1403] T 93c1e85776de4544a7b3ccaee2b28d51 P ece53715e3b048c28d846774c63fea94: Time spent bootstrapping tablet: real 0.023s	user 0.019s	sys 0.003s
I20260710 13:23:54.731961 23145 tablet_bootstrap.cc:492] T fc3dc1f9e67b40c38670178e7cd947b5 P b85efe011f2b42d0a114f6937d64f180: No bootstrap required, opened a new log
I20260710 13:23:54.732719 23145 ts_tablet_manager.cc:1403] T fc3dc1f9e67b40c38670178e7cd947b5 P b85efe011f2b42d0a114f6937d64f180: Time spent bootstrapping tablet: real 0.017s	user 0.013s	sys 0.000s
I20260710 13:23:54.732718 23144 raft_consensus.cc:359] T 93c1e85776de4544a7b3ccaee2b28d51 P ece53715e3b048c28d846774c63fea94 [term 0 FOLLOWER]: Replica starting. Triggering 0 pending ops. Active config: opid_index: -1 OBSOLETE_local: false peers { permanent_uuid: "ece53715e3b048c28d846774c63fea94" member_type: VOTER last_known_addr { host: "127.21.82.129" port: 45001 } } peers { permanent_uuid: "68b4ac8cb2e44619a82f61102032df19" member_type: VOTER last_known_addr { host: "127.21.82.130" port: 38603 } } peers { permanent_uuid: "b85efe011f2b42d0a114f6937d64f180" member_type: VOTER last_known_addr { host: "127.21.82.131" port: 46791 } }
I20260710 13:23:54.733573 23144 raft_consensus.cc:385] T 93c1e85776de4544a7b3ccaee2b28d51 P ece53715e3b048c28d846774c63fea94 [term 0 FOLLOWER]: Consensus starting up: Expiring failure detector timer to make a prompt election more likely
I20260710 13:23:54.733845 23144 raft_consensus.cc:740] T 93c1e85776de4544a7b3ccaee2b28d51 P ece53715e3b048c28d846774c63fea94 [term 0 FOLLOWER]: Becoming Follower/Learner. State: Replica: ece53715e3b048c28d846774c63fea94, State: Initialized, Role: FOLLOWER
I20260710 13:23:54.734789 23146 tablet_bootstrap.cc:492] T d267580d46684d05bbef368c9a8cb135 P 68b4ac8cb2e44619a82f61102032df19: No bootstrap required, opened a new log
I20260710 13:23:54.734618 23144 consensus_queue.cc:260] T 93c1e85776de4544a7b3ccaee2b28d51 P ece53715e3b048c28d846774c63fea94 [NON_LEADER]: Queue going to NON_LEADER mode. State: All replicated index: 0, Majority replicated index: 0, Committed index: 0, Last appended: 0.0, Last appended by leader: 0, Current term: 0, Majority size: -1, State: 0, Mode: NON_LEADER, active raft config: opid_index: -1 OBSOLETE_local: false peers { permanent_uuid: "ece53715e3b048c28d846774c63fea94" member_type: VOTER last_known_addr { host: "127.21.82.129" port: 45001 } } peers { permanent_uuid: "68b4ac8cb2e44619a82f61102032df19" member_type: VOTER last_known_addr { host: "127.21.82.130" port: 38603 } } peers { permanent_uuid: "b85efe011f2b42d0a114f6937d64f180" member_type: VOTER last_known_addr { host: "127.21.82.131" port: 46791 } }
I20260710 13:23:54.735343 23146 ts_tablet_manager.cc:1403] T d267580d46684d05bbef368c9a8cb135 P 68b4ac8cb2e44619a82f61102032df19: Time spent bootstrapping tablet: real 0.025s	user 0.014s	sys 0.006s
I20260710 13:23:54.736891 23144 ts_tablet_manager.cc:1434] T 93c1e85776de4544a7b3ccaee2b28d51 P ece53715e3b048c28d846774c63fea94: Time spent starting tablet: real 0.006s	user 0.006s	sys 0.000s
I20260710 13:23:54.737767 23144 tablet_bootstrap.cc:492] T 6424e9bbe5da4828ac98125f531116de P ece53715e3b048c28d846774c63fea94: Bootstrap starting.
I20260710 13:23:54.738102 23146 raft_consensus.cc:359] T d267580d46684d05bbef368c9a8cb135 P 68b4ac8cb2e44619a82f61102032df19 [term 0 FOLLOWER]: Replica starting. Triggering 0 pending ops. Active config: opid_index: -1 OBSOLETE_local: false peers { permanent_uuid: "ece53715e3b048c28d846774c63fea94" member_type: VOTER last_known_addr { host: "127.21.82.129" port: 45001 } } peers { permanent_uuid: "68b4ac8cb2e44619a82f61102032df19" member_type: VOTER last_known_addr { host: "127.21.82.130" port: 38603 } } peers { permanent_uuid: "b85efe011f2b42d0a114f6937d64f180" member_type: VOTER last_known_addr { host: "127.21.82.131" port: 46791 } }
I20260710 13:23:54.738832 23146 raft_consensus.cc:385] T d267580d46684d05bbef368c9a8cb135 P 68b4ac8cb2e44619a82f61102032df19 [term 0 FOLLOWER]: Consensus starting up: Expiring failure detector timer to make a prompt election more likely
I20260710 13:23:54.738554 23145 raft_consensus.cc:359] T fc3dc1f9e67b40c38670178e7cd947b5 P b85efe011f2b42d0a114f6937d64f180 [term 0 FOLLOWER]: Replica starting. Triggering 0 pending ops. Active config: opid_index: -1 OBSOLETE_local: false peers { permanent_uuid: "ece53715e3b048c28d846774c63fea94" member_type: VOTER last_known_addr { host: "127.21.82.129" port: 45001 } } peers { permanent_uuid: "68b4ac8cb2e44619a82f61102032df19" member_type: VOTER last_known_addr { host: "127.21.82.130" port: 38603 } } peers { permanent_uuid: "b85efe011f2b42d0a114f6937d64f180" member_type: VOTER last_known_addr { host: "127.21.82.131" port: 46791 } }
I20260710 13:23:54.739202 23146 raft_consensus.cc:740] T d267580d46684d05bbef368c9a8cb135 P 68b4ac8cb2e44619a82f61102032df19 [term 0 FOLLOWER]: Becoming Follower/Learner. State: Replica: 68b4ac8cb2e44619a82f61102032df19, State: Initialized, Role: FOLLOWER
I20260710 13:23:54.739323 23145 raft_consensus.cc:385] T fc3dc1f9e67b40c38670178e7cd947b5 P b85efe011f2b42d0a114f6937d64f180 [term 0 FOLLOWER]: Consensus starting up: Expiring failure detector timer to make a prompt election more likely
I20260710 13:23:54.739753 23145 raft_consensus.cc:740] T fc3dc1f9e67b40c38670178e7cd947b5 P b85efe011f2b42d0a114f6937d64f180 [term 0 FOLLOWER]: Becoming Follower/Learner. State: Replica: b85efe011f2b42d0a114f6937d64f180, State: Initialized, Role: FOLLOWER
I20260710 13:23:54.740152 23146 consensus_queue.cc:260] T d267580d46684d05bbef368c9a8cb135 P 68b4ac8cb2e44619a82f61102032df19 [NON_LEADER]: Queue going to NON_LEADER mode. State: All replicated index: 0, Majority replicated index: 0, Committed index: 0, Last appended: 0.0, Last appended by leader: 0, Current term: 0, Majority size: -1, State: 0, Mode: NON_LEADER, active raft config: opid_index: -1 OBSOLETE_local: false peers { permanent_uuid: "ece53715e3b048c28d846774c63fea94" member_type: VOTER last_known_addr { host: "127.21.82.129" port: 45001 } } peers { permanent_uuid: "68b4ac8cb2e44619a82f61102032df19" member_type: VOTER last_known_addr { host: "127.21.82.130" port: 38603 } } peers { permanent_uuid: "b85efe011f2b42d0a114f6937d64f180" member_type: VOTER last_known_addr { host: "127.21.82.131" port: 46791 } }
I20260710 13:23:54.740545 23145 consensus_queue.cc:260] T fc3dc1f9e67b40c38670178e7cd947b5 P b85efe011f2b42d0a114f6937d64f180 [NON_LEADER]: Queue going to NON_LEADER mode. State: All replicated index: 0, Majority replicated index: 0, Committed index: 0, Last appended: 0.0, Last appended by leader: 0, Current term: 0, Majority size: -1, State: 0, Mode: NON_LEADER, active raft config: opid_index: -1 OBSOLETE_local: false peers { permanent_uuid: "ece53715e3b048c28d846774c63fea94" member_type: VOTER last_known_addr { host: "127.21.82.129" port: 45001 } } peers { permanent_uuid: "68b4ac8cb2e44619a82f61102032df19" member_type: VOTER last_known_addr { host: "127.21.82.130" port: 38603 } } peers { permanent_uuid: "b85efe011f2b42d0a114f6937d64f180" member_type: VOTER last_known_addr { host: "127.21.82.131" port: 46791 } }
I20260710 13:23:54.742606 23146 ts_tablet_manager.cc:1434] T d267580d46684d05bbef368c9a8cb135 P 68b4ac8cb2e44619a82f61102032df19: Time spent starting tablet: real 0.007s	user 0.005s	sys 0.000s
I20260710 13:23:54.742810 23145 ts_tablet_manager.cc:1434] T fc3dc1f9e67b40c38670178e7cd947b5 P b85efe011f2b42d0a114f6937d64f180: Time spent starting tablet: real 0.010s	user 0.005s	sys 0.000s
I20260710 13:23:54.743592 23146 tablet_bootstrap.cc:492] T d312813bf18b40c1983892158be88ba0 P 68b4ac8cb2e44619a82f61102032df19: Bootstrap starting.
I20260710 13:23:54.743685 23145 tablet_bootstrap.cc:492] T 44897f0e77b04db0aafbaec9c81cdcdd P b85efe011f2b42d0a114f6937d64f180: Bootstrap starting.
I20260710 13:23:54.751943 23179 raft_consensus.cc:493] T fc3dc1f9e67b40c38670178e7cd947b5 P ece53715e3b048c28d846774c63fea94 [term 0 FOLLOWER]: Starting pre-election (no leader contacted us within the election timeout)
I20260710 13:23:54.752578 23179 raft_consensus.cc:515] T fc3dc1f9e67b40c38670178e7cd947b5 P ece53715e3b048c28d846774c63fea94 [term 0 FOLLOWER]: Starting pre-election with config: opid_index: -1 OBSOLETE_local: false peers { permanent_uuid: "ece53715e3b048c28d846774c63fea94" member_type: VOTER last_known_addr { host: "127.21.82.129" port: 45001 } } peers { permanent_uuid: "68b4ac8cb2e44619a82f61102032df19" member_type: VOTER last_known_addr { host: "127.21.82.130" port: 38603 } } peers { permanent_uuid: "b85efe011f2b42d0a114f6937d64f180" member_type: VOTER last_known_addr { host: "127.21.82.131" port: 46791 } }
I20260710 13:23:54.755048 23179 leader_election.cc:290] T fc3dc1f9e67b40c38670178e7cd947b5 P ece53715e3b048c28d846774c63fea94 [CANDIDATE]: Term 1 pre-election: Requested pre-vote from peers 68b4ac8cb2e44619a82f61102032df19 (127.21.82.130:38603), b85efe011f2b42d0a114f6937d64f180 (127.21.82.131:46791)
I20260710 13:23:54.756064 23027 tablet_service.cc:1917] Received RequestConsensusVote() RPC: tablet_id: "fc3dc1f9e67b40c38670178e7cd947b5" candidate_uuid: "ece53715e3b048c28d846774c63fea94" candidate_term: 1 candidate_status { last_received { term: 0 index: 0 } } ignore_live_leader: false dest_uuid: "68b4ac8cb2e44619a82f61102032df19" is_pre_election: true
I20260710 13:23:54.756599 23102 tablet_service.cc:1917] Received RequestConsensusVote() RPC: tablet_id: "fc3dc1f9e67b40c38670178e7cd947b5" candidate_uuid: "ece53715e3b048c28d846774c63fea94" candidate_term: 1 candidate_status { last_received { term: 0 index: 0 } } ignore_live_leader: false dest_uuid: "b85efe011f2b42d0a114f6937d64f180" is_pre_election: true
I20260710 13:23:54.756836 23191 consensus_queue.cc:1048] T a54f45e3f1614341b928921e3724c01f P 68b4ac8cb2e44619a82f61102032df19 [LEADER]: Connected to new peer: Peer: permanent_uuid: "ece53715e3b048c28d846774c63fea94" member_type: VOTER last_known_addr { host: "127.21.82.129" port: 45001 }, Status: LMP_MISMATCH, Last received: 0.0, Next index: 1, Last known committed idx: 0, Time since last communication: 0.000s
I20260710 13:23:54.757187 23102 raft_consensus.cc:2468] T fc3dc1f9e67b40c38670178e7cd947b5 P b85efe011f2b42d0a114f6937d64f180 [term 0 FOLLOWER]: Leader pre-election vote request: Granting yes vote for candidate ece53715e3b048c28d846774c63fea94 in term 0.
W20260710 13:23:54.757479 22919 leader_election.cc:343] T fc3dc1f9e67b40c38670178e7cd947b5 P ece53715e3b048c28d846774c63fea94 [CANDIDATE]: Term 1 pre-election: Tablet error from VoteRequest() call to peer 68b4ac8cb2e44619a82f61102032df19 (127.21.82.130:38603): Illegal state: must be running to vote when last-logged opid is not known
I20260710 13:23:54.758555 22918 leader_election.cc:304] T fc3dc1f9e67b40c38670178e7cd947b5 P ece53715e3b048c28d846774c63fea94 [CANDIDATE]: Term 1 pre-election: Election decided. Result: candidate won. Election summary: received 3 responses out of 3 voters: 2 yes votes; 1 no votes. yes voters: b85efe011f2b42d0a114f6937d64f180, ece53715e3b048c28d846774c63fea94; no voters: 68b4ac8cb2e44619a82f61102032df19
I20260710 13:23:54.759214 23144 tablet_bootstrap.cc:654] T 6424e9bbe5da4828ac98125f531116de P ece53715e3b048c28d846774c63fea94: Neither blocks nor log segments found. Creating new log.
I20260710 13:23:54.759660 23168 raft_consensus.cc:2804] T fc3dc1f9e67b40c38670178e7cd947b5 P ece53715e3b048c28d846774c63fea94 [term 0 FOLLOWER]: Leader pre-election won for term 1
I20260710 13:23:54.760033 23168 raft_consensus.cc:493] T fc3dc1f9e67b40c38670178e7cd947b5 P ece53715e3b048c28d846774c63fea94 [term 0 FOLLOWER]: Starting leader election (no leader contacted us within the election timeout)
I20260710 13:23:54.760334 23168 raft_consensus.cc:3060] T fc3dc1f9e67b40c38670178e7cd947b5 P ece53715e3b048c28d846774c63fea94 [term 0 FOLLOWER]: Advancing to term 1
I20260710 13:23:54.765878 23146 tablet_bootstrap.cc:654] T d312813bf18b40c1983892158be88ba0 P 68b4ac8cb2e44619a82f61102032df19: Neither blocks nor log segments found. Creating new log.
I20260710 13:23:54.765894 23168 raft_consensus.cc:515] T fc3dc1f9e67b40c38670178e7cd947b5 P ece53715e3b048c28d846774c63fea94 [term 1 FOLLOWER]: Starting leader election with config: opid_index: -1 OBSOLETE_local: false peers { permanent_uuid: "ece53715e3b048c28d846774c63fea94" member_type: VOTER last_known_addr { host: "127.21.82.129" port: 45001 } } peers { permanent_uuid: "68b4ac8cb2e44619a82f61102032df19" member_type: VOTER last_known_addr { host: "127.21.82.130" port: 38603 } } peers { permanent_uuid: "b85efe011f2b42d0a114f6937d64f180" member_type: VOTER last_known_addr { host: "127.21.82.131" port: 46791 } }
I20260710 13:23:54.769042 23027 tablet_service.cc:1917] Received RequestConsensusVote() RPC: tablet_id: "fc3dc1f9e67b40c38670178e7cd947b5" candidate_uuid: "ece53715e3b048c28d846774c63fea94" candidate_term: 1 candidate_status { last_received { term: 0 index: 0 } } ignore_live_leader: false dest_uuid: "68b4ac8cb2e44619a82f61102032df19"
W20260710 13:23:54.770514 22919 leader_election.cc:343] T fc3dc1f9e67b40c38670178e7cd947b5 P ece53715e3b048c28d846774c63fea94 [CANDIDATE]: Term 1 election: Tablet error from VoteRequest() call to peer 68b4ac8cb2e44619a82f61102032df19 (127.21.82.130:38603): Illegal state: must be running to vote when last-logged opid is not known
I20260710 13:23:54.771167 23157 consensus_queue.cc:1048] T a54f45e3f1614341b928921e3724c01f P 68b4ac8cb2e44619a82f61102032df19 [LEADER]: Connected to new peer: Peer: permanent_uuid: "b85efe011f2b42d0a114f6937d64f180" member_type: VOTER last_known_addr { host: "127.21.82.131" port: 46791 }, Status: LMP_MISMATCH, Last received: 0.0, Next index: 1, Last known committed idx: 0, Time since last communication: 0.001s
I20260710 13:23:54.772481 23102 tablet_service.cc:1917] Received RequestConsensusVote() RPC: tablet_id: "fc3dc1f9e67b40c38670178e7cd947b5" candidate_uuid: "ece53715e3b048c28d846774c63fea94" candidate_term: 1 candidate_status { last_received { term: 0 index: 0 } } ignore_live_leader: false dest_uuid: "b85efe011f2b42d0a114f6937d64f180"
I20260710 13:23:54.773025 23102 raft_consensus.cc:3060] T fc3dc1f9e67b40c38670178e7cd947b5 P b85efe011f2b42d0a114f6937d64f180 [term 0 FOLLOWER]: Advancing to term 1
I20260710 13:23:54.775836 23236 raft_consensus.cc:493] T d267580d46684d05bbef368c9a8cb135 P b85efe011f2b42d0a114f6937d64f180 [term 0 FOLLOWER]: Starting pre-election (no leader contacted us within the election timeout)
I20260710 13:23:54.776455 23236 raft_consensus.cc:515] T d267580d46684d05bbef368c9a8cb135 P b85efe011f2b42d0a114f6937d64f180 [term 0 FOLLOWER]: Starting pre-election with config: opid_index: -1 OBSOLETE_local: false peers { permanent_uuid: "ece53715e3b048c28d846774c63fea94" member_type: VOTER last_known_addr { host: "127.21.82.129" port: 45001 } } peers { permanent_uuid: "68b4ac8cb2e44619a82f61102032df19" member_type: VOTER last_known_addr { host: "127.21.82.130" port: 38603 } } peers { permanent_uuid: "b85efe011f2b42d0a114f6937d64f180" member_type: VOTER last_known_addr { host: "127.21.82.131" port: 46791 } }
I20260710 13:23:54.779690 23102 raft_consensus.cc:2468] T fc3dc1f9e67b40c38670178e7cd947b5 P b85efe011f2b42d0a114f6937d64f180 [term 1 FOLLOWER]: Leader election vote request: Granting yes vote for candidate ece53715e3b048c28d846774c63fea94 in term 1.
I20260710 13:23:54.780830 22918 leader_election.cc:304] T fc3dc1f9e67b40c38670178e7cd947b5 P ece53715e3b048c28d846774c63fea94 [CANDIDATE]: Term 1 election: Election decided. Result: candidate won. Election summary: received 3 responses out of 3 voters: 2 yes votes; 1 no votes. yes voters: b85efe011f2b42d0a114f6937d64f180, ece53715e3b048c28d846774c63fea94; no voters: 68b4ac8cb2e44619a82f61102032df19
I20260710 13:23:54.781427 23236 leader_election.cc:290] T d267580d46684d05bbef368c9a8cb135 P b85efe011f2b42d0a114f6937d64f180 [CANDIDATE]: Term 1 pre-election: Requested pre-vote from peers ece53715e3b048c28d846774c63fea94 (127.21.82.129:45001), 68b4ac8cb2e44619a82f61102032df19 (127.21.82.130:38603)
I20260710 13:23:54.781682 23179 raft_consensus.cc:2804] T fc3dc1f9e67b40c38670178e7cd947b5 P ece53715e3b048c28d846774c63fea94 [term 1 FOLLOWER]: Leader election won for term 1
I20260710 13:23:54.782174 23179 raft_consensus.cc:697] T fc3dc1f9e67b40c38670178e7cd947b5 P ece53715e3b048c28d846774c63fea94 [term 1 LEADER]: Becoming Leader. State: Replica: ece53715e3b048c28d846774c63fea94, State: Running, Role: LEADER
I20260710 13:23:54.782974 23179 consensus_queue.cc:237] T fc3dc1f9e67b40c38670178e7cd947b5 P ece53715e3b048c28d846774c63fea94 [LEADER]: Queue going to LEADER mode. State: All replicated index: 0, Majority replicated index: 0, Committed index: 0, Last appended: 0.0, Last appended by leader: 0, Current term: 1, Majority size: 2, State: 0, Mode: LEADER, active raft config: opid_index: -1 OBSOLETE_local: false peers { permanent_uuid: "ece53715e3b048c28d846774c63fea94" member_type: VOTER last_known_addr { host: "127.21.82.129" port: 45001 } } peers { permanent_uuid: "68b4ac8cb2e44619a82f61102032df19" member_type: VOTER last_known_addr { host: "127.21.82.130" port: 38603 } } peers { permanent_uuid: "b85efe011f2b42d0a114f6937d64f180" member_type: VOTER last_known_addr { host: "127.21.82.131" port: 46791 } }
I20260710 13:23:54.780854 22954 tablet_service.cc:1917] Received RequestConsensusVote() RPC: tablet_id: "d267580d46684d05bbef368c9a8cb135" candidate_uuid: "b85efe011f2b42d0a114f6937d64f180" candidate_term: 1 candidate_status { last_received { term: 0 index: 0 } } ignore_live_leader: false dest_uuid: "ece53715e3b048c28d846774c63fea94" is_pre_election: true
I20260710 13:23:54.786106 22954 raft_consensus.cc:2468] T d267580d46684d05bbef368c9a8cb135 P ece53715e3b048c28d846774c63fea94 [term 0 FOLLOWER]: Leader pre-election vote request: Granting yes vote for candidate b85efe011f2b42d0a114f6937d64f180 in term 0.
I20260710 13:23:54.787230 23070 leader_election.cc:304] T d267580d46684d05bbef368c9a8cb135 P b85efe011f2b42d0a114f6937d64f180 [CANDIDATE]: Term 1 pre-election: Election decided. Result: candidate won. Election summary: received 2 responses out of 3 voters: 2 yes votes; 0 no votes. yes voters: b85efe011f2b42d0a114f6937d64f180, ece53715e3b048c28d846774c63fea94; no voters: 
I20260710 13:23:54.788259 23027 tablet_service.cc:1917] Received RequestConsensusVote() RPC: tablet_id: "d267580d46684d05bbef368c9a8cb135" candidate_uuid: "b85efe011f2b42d0a114f6937d64f180" candidate_term: 1 candidate_status { last_received { term: 0 index: 0 } } ignore_live_leader: false dest_uuid: "68b4ac8cb2e44619a82f61102032df19" is_pre_election: true
I20260710 13:23:54.788849 23027 raft_consensus.cc:2468] T d267580d46684d05bbef368c9a8cb135 P 68b4ac8cb2e44619a82f61102032df19 [term 0 FOLLOWER]: Leader pre-election vote request: Granting yes vote for candidate b85efe011f2b42d0a114f6937d64f180 in term 0.
I20260710 13:23:54.789613 23236 raft_consensus.cc:2804] T d267580d46684d05bbef368c9a8cb135 P b85efe011f2b42d0a114f6937d64f180 [term 0 FOLLOWER]: Leader pre-election won for term 1
I20260710 13:23:54.789964 23236 raft_consensus.cc:493] T d267580d46684d05bbef368c9a8cb135 P b85efe011f2b42d0a114f6937d64f180 [term 0 FOLLOWER]: Starting leader election (no leader contacted us within the election timeout)
I20260710 13:23:54.790282 23236 raft_consensus.cc:3060] T d267580d46684d05bbef368c9a8cb135 P b85efe011f2b42d0a114f6937d64f180 [term 0 FOLLOWER]: Advancing to term 1
I20260710 13:23:54.790899 23145 tablet_bootstrap.cc:654] T 44897f0e77b04db0aafbaec9c81cdcdd P b85efe011f2b42d0a114f6937d64f180: Neither blocks nor log segments found. Creating new log.
I20260710 13:23:54.797799 23168 leader_election.cc:290] T fc3dc1f9e67b40c38670178e7cd947b5 P ece53715e3b048c28d846774c63fea94 [CANDIDATE]: Term 1 election: Requested vote from peers 68b4ac8cb2e44619a82f61102032df19 (127.21.82.130:38603), b85efe011f2b42d0a114f6937d64f180 (127.21.82.131:46791)
I20260710 13:23:54.799305 23236 raft_consensus.cc:515] T d267580d46684d05bbef368c9a8cb135 P b85efe011f2b42d0a114f6937d64f180 [term 1 FOLLOWER]: Starting leader election with config: opid_index: -1 OBSOLETE_local: false peers { permanent_uuid: "ece53715e3b048c28d846774c63fea94" member_type: VOTER last_known_addr { host: "127.21.82.129" port: 45001 } } peers { permanent_uuid: "68b4ac8cb2e44619a82f61102032df19" member_type: VOTER last_known_addr { host: "127.21.82.130" port: 38603 } } peers { permanent_uuid: "b85efe011f2b42d0a114f6937d64f180" member_type: VOTER last_known_addr { host: "127.21.82.131" port: 46791 } }
I20260710 13:23:54.806082 22954 tablet_service.cc:1917] Received RequestConsensusVote() RPC: tablet_id: "d267580d46684d05bbef368c9a8cb135" candidate_uuid: "b85efe011f2b42d0a114f6937d64f180" candidate_term: 1 candidate_status { last_received { term: 0 index: 0 } } ignore_live_leader: false dest_uuid: "ece53715e3b048c28d846774c63fea94"
I20260710 13:23:54.806654 22954 raft_consensus.cc:3060] T d267580d46684d05bbef368c9a8cb135 P ece53715e3b048c28d846774c63fea94 [term 0 FOLLOWER]: Advancing to term 1
I20260710 13:23:54.812232 23027 raft_consensus.cc:3060] T 53833be645834ea6998e90232e252436 P 68b4ac8cb2e44619a82f61102032df19 [term 0 FOLLOWER]: Advancing to term 1
I20260710 13:23:54.811794 22850 catalog_manager.cc:5697] T fc3dc1f9e67b40c38670178e7cd947b5 P ece53715e3b048c28d846774c63fea94 reported cstate change: term changed from 0 to 1, leader changed from <none> to ece53715e3b048c28d846774c63fea94 (127.21.82.129). New cstate: current_term: 1 leader_uuid: "ece53715e3b048c28d846774c63fea94" committed_config { opid_index: -1 OBSOLETE_local: false peers { permanent_uuid: "ece53715e3b048c28d846774c63fea94" member_type: VOTER last_known_addr { host: "127.21.82.129" port: 45001 } health_report { overall_health: HEALTHY } } peers { permanent_uuid: "68b4ac8cb2e44619a82f61102032df19" member_type: VOTER last_known_addr { host: "127.21.82.130" port: 38603 } health_report { overall_health: UNKNOWN } } peers { permanent_uuid: "b85efe011f2b42d0a114f6937d64f180" member_type: VOTER last_known_addr { host: "127.21.82.131" port: 46791 } health_report { overall_health: UNKNOWN } } }
I20260710 13:23:54.813593 22954 raft_consensus.cc:2468] T d267580d46684d05bbef368c9a8cb135 P ece53715e3b048c28d846774c63fea94 [term 1 FOLLOWER]: Leader election vote request: Granting yes vote for candidate b85efe011f2b42d0a114f6937d64f180 in term 1.
I20260710 13:23:54.814739 23070 leader_election.cc:304] T d267580d46684d05bbef368c9a8cb135 P b85efe011f2b42d0a114f6937d64f180 [CANDIDATE]: Term 1 election: Election decided. Result: candidate won. Election summary: received 2 responses out of 3 voters: 2 yes votes; 0 no votes. yes voters: b85efe011f2b42d0a114f6937d64f180, ece53715e3b048c28d846774c63fea94; no voters: 
I20260710 13:23:54.815537 23150 raft_consensus.cc:2804] T d267580d46684d05bbef368c9a8cb135 P b85efe011f2b42d0a114f6937d64f180 [term 1 FOLLOWER]: Leader election won for term 1
I20260710 13:23:54.816110 23150 raft_consensus.cc:697] T d267580d46684d05bbef368c9a8cb135 P b85efe011f2b42d0a114f6937d64f180 [term 1 LEADER]: Becoming Leader. State: Replica: b85efe011f2b42d0a114f6937d64f180, State: Running, Role: LEADER
I20260710 13:23:54.817090 23028 tablet_service.cc:1917] Received RequestConsensusVote() RPC: tablet_id: "d267580d46684d05bbef368c9a8cb135" candidate_uuid: "b85efe011f2b42d0a114f6937d64f180" candidate_term: 1 candidate_status { last_received { term: 0 index: 0 } } ignore_live_leader: false dest_uuid: "68b4ac8cb2e44619a82f61102032df19"
I20260710 13:23:54.817696 23028 raft_consensus.cc:3060] T d267580d46684d05bbef368c9a8cb135 P 68b4ac8cb2e44619a82f61102032df19 [term 0 FOLLOWER]: Advancing to term 1
I20260710 13:23:54.817107 23150 consensus_queue.cc:237] T d267580d46684d05bbef368c9a8cb135 P b85efe011f2b42d0a114f6937d64f180 [LEADER]: Queue going to LEADER mode. State: All replicated index: 0, Majority replicated index: 0, Committed index: 0, Last appended: 0.0, Last appended by leader: 0, Current term: 1, Majority size: 2, State: 0, Mode: LEADER, active raft config: opid_index: -1 OBSOLETE_local: false peers { permanent_uuid: "ece53715e3b048c28d846774c63fea94" member_type: VOTER last_known_addr { host: "127.21.82.129" port: 45001 } } peers { permanent_uuid: "68b4ac8cb2e44619a82f61102032df19" member_type: VOTER last_known_addr { host: "127.21.82.130" port: 38603 } } peers { permanent_uuid: "b85efe011f2b42d0a114f6937d64f180" member_type: VOTER last_known_addr { host: "127.21.82.131" port: 46791 } }
I20260710 13:23:54.823989 23028 raft_consensus.cc:2468] T d267580d46684d05bbef368c9a8cb135 P 68b4ac8cb2e44619a82f61102032df19 [term 1 FOLLOWER]: Leader election vote request: Granting yes vote for candidate b85efe011f2b42d0a114f6937d64f180 in term 1.
I20260710 13:23:54.825492 23236 leader_election.cc:290] T d267580d46684d05bbef368c9a8cb135 P b85efe011f2b42d0a114f6937d64f180 [CANDIDATE]: Term 1 election: Requested vote from peers ece53715e3b048c28d846774c63fea94 (127.21.82.129:45001), 68b4ac8cb2e44619a82f61102032df19 (127.21.82.130:38603)
I20260710 13:23:54.828651 23146 tablet_bootstrap.cc:492] T d312813bf18b40c1983892158be88ba0 P 68b4ac8cb2e44619a82f61102032df19: No bootstrap required, opened a new log
I20260710 13:23:54.829097 23146 ts_tablet_manager.cc:1403] T d312813bf18b40c1983892158be88ba0 P 68b4ac8cb2e44619a82f61102032df19: Time spent bootstrapping tablet: real 0.086s	user 0.013s	sys 0.026s
I20260710 13:23:54.830927 23144 tablet_bootstrap.cc:492] T 6424e9bbe5da4828ac98125f531116de P ece53715e3b048c28d846774c63fea94: No bootstrap required, opened a new log
I20260710 13:23:54.831323 23144 ts_tablet_manager.cc:1403] T 6424e9bbe5da4828ac98125f531116de P ece53715e3b048c28d846774c63fea94: Time spent bootstrapping tablet: real 0.094s	user 0.027s	sys 0.012s
I20260710 13:23:54.831717 23146 raft_consensus.cc:359] T d312813bf18b40c1983892158be88ba0 P 68b4ac8cb2e44619a82f61102032df19 [term 0 FOLLOWER]: Replica starting. Triggering 0 pending ops. Active config: opid_index: -1 OBSOLETE_local: false peers { permanent_uuid: "ece53715e3b048c28d846774c63fea94" member_type: VOTER last_known_addr { host: "127.21.82.129" port: 45001 } } peers { permanent_uuid: "68b4ac8cb2e44619a82f61102032df19" member_type: VOTER last_known_addr { host: "127.21.82.130" port: 38603 } } peers { permanent_uuid: "b85efe011f2b42d0a114f6937d64f180" member_type: VOTER last_known_addr { host: "127.21.82.131" port: 46791 } }
I20260710 13:23:54.832469 23146 raft_consensus.cc:385] T d312813bf18b40c1983892158be88ba0 P 68b4ac8cb2e44619a82f61102032df19 [term 0 FOLLOWER]: Consensus starting up: Expiring failure detector timer to make a prompt election more likely
I20260710 13:23:54.832741 23146 raft_consensus.cc:740] T d312813bf18b40c1983892158be88ba0 P 68b4ac8cb2e44619a82f61102032df19 [term 0 FOLLOWER]: Becoming Follower/Learner. State: Replica: 68b4ac8cb2e44619a82f61102032df19, State: Initialized, Role: FOLLOWER
I20260710 13:23:54.833654 23144 raft_consensus.cc:359] T 6424e9bbe5da4828ac98125f531116de P ece53715e3b048c28d846774c63fea94 [term 0 FOLLOWER]: Replica starting. Triggering 0 pending ops. Active config: opid_index: -1 OBSOLETE_local: false peers { permanent_uuid: "ece53715e3b048c28d846774c63fea94" member_type: VOTER last_known_addr { host: "127.21.82.129" port: 45001 } } peers { permanent_uuid: "68b4ac8cb2e44619a82f61102032df19" member_type: VOTER last_known_addr { host: "127.21.82.130" port: 38603 } } peers { permanent_uuid: "b85efe011f2b42d0a114f6937d64f180" member_type: VOTER last_known_addr { host: "127.21.82.131" port: 46791 } }
I20260710 13:23:54.833879 23146 consensus_queue.cc:260] T d312813bf18b40c1983892158be88ba0 P 68b4ac8cb2e44619a82f61102032df19 [NON_LEADER]: Queue going to NON_LEADER mode. State: All replicated index: 0, Majority replicated index: 0, Committed index: 0, Last appended: 0.0, Last appended by leader: 0, Current term: 0, Majority size: -1, State: 0, Mode: NON_LEADER, active raft config: opid_index: -1 OBSOLETE_local: false peers { permanent_uuid: "ece53715e3b048c28d846774c63fea94" member_type: VOTER last_known_addr { host: "127.21.82.129" port: 45001 } } peers { permanent_uuid: "68b4ac8cb2e44619a82f61102032df19" member_type: VOTER last_known_addr { host: "127.21.82.130" port: 38603 } } peers { permanent_uuid: "b85efe011f2b42d0a114f6937d64f180" member_type: VOTER last_known_addr { host: "127.21.82.131" port: 46791 } }
I20260710 13:23:54.834357 23144 raft_consensus.cc:385] T 6424e9bbe5da4828ac98125f531116de P ece53715e3b048c28d846774c63fea94 [term 0 FOLLOWER]: Consensus starting up: Expiring failure detector timer to make a prompt election more likely
I20260710 13:23:54.834681 23144 raft_consensus.cc:740] T 6424e9bbe5da4828ac98125f531116de P ece53715e3b048c28d846774c63fea94 [term 0 FOLLOWER]: Becoming Follower/Learner. State: Replica: ece53715e3b048c28d846774c63fea94, State: Initialized, Role: FOLLOWER
I20260710 13:23:54.835345 23144 consensus_queue.cc:260] T 6424e9bbe5da4828ac98125f531116de P ece53715e3b048c28d846774c63fea94 [NON_LEADER]: Queue going to NON_LEADER mode. State: All replicated index: 0, Majority replicated index: 0, Committed index: 0, Last appended: 0.0, Last appended by leader: 0, Current term: 0, Majority size: -1, State: 0, Mode: NON_LEADER, active raft config: opid_index: -1 OBSOLETE_local: false peers { permanent_uuid: "ece53715e3b048c28d846774c63fea94" member_type: VOTER last_known_addr { host: "127.21.82.129" port: 45001 } } peers { permanent_uuid: "68b4ac8cb2e44619a82f61102032df19" member_type: VOTER last_known_addr { host: "127.21.82.130" port: 38603 } } peers { permanent_uuid: "b85efe011f2b42d0a114f6937d64f180" member_type: VOTER last_known_addr { host: "127.21.82.131" port: 46791 } }
I20260710 13:23:54.837281 23144 ts_tablet_manager.cc:1434] T 6424e9bbe5da4828ac98125f531116de P ece53715e3b048c28d846774c63fea94: Time spent starting tablet: real 0.006s	user 0.004s	sys 0.000s
I20260710 13:23:54.840301 23144 tablet_bootstrap.cc:492] T 44897f0e77b04db0aafbaec9c81cdcdd P ece53715e3b048c28d846774c63fea94: Bootstrap starting.
I20260710 13:23:54.842216 23150 consensus_queue.cc:1048] T 53833be645834ea6998e90232e252436 P b85efe011f2b42d0a114f6937d64f180 [LEADER]: Connected to new peer: Peer: permanent_uuid: "68b4ac8cb2e44619a82f61102032df19" member_type: VOTER last_known_addr { host: "127.21.82.130" port: 38603 }, Status: LMP_MISMATCH, Last received: 0.0, Next index: 1, Last known committed idx: 0, Time since last communication: 0.000s
I20260710 13:23:54.847779 23146 ts_tablet_manager.cc:1434] T d312813bf18b40c1983892158be88ba0 P 68b4ac8cb2e44619a82f61102032df19: Time spent starting tablet: real 0.018s	user 0.003s	sys 0.004s
I20260710 13:23:54.848977 23146 tablet_bootstrap.cc:492] T 3cedff40e02541969a9f6ae16c0cb078 P 68b4ac8cb2e44619a82f61102032df19: Bootstrap starting.
I20260710 13:23:54.853240 23144 tablet_bootstrap.cc:654] T 44897f0e77b04db0aafbaec9c81cdcdd P ece53715e3b048c28d846774c63fea94: Neither blocks nor log segments found. Creating new log.
I20260710 13:23:54.852447 22853 catalog_manager.cc:5697] T d267580d46684d05bbef368c9a8cb135 P b85efe011f2b42d0a114f6937d64f180 reported cstate change: term changed from 0 to 1, leader changed from <none> to b85efe011f2b42d0a114f6937d64f180 (127.21.82.131). New cstate: current_term: 1 leader_uuid: "b85efe011f2b42d0a114f6937d64f180" committed_config { opid_index: -1 OBSOLETE_local: false peers { permanent_uuid: "ece53715e3b048c28d846774c63fea94" member_type: VOTER last_known_addr { host: "127.21.82.129" port: 45001 } health_report { overall_health: UNKNOWN } } peers { permanent_uuid: "68b4ac8cb2e44619a82f61102032df19" member_type: VOTER last_known_addr { host: "127.21.82.130" port: 38603 } health_report { overall_health: UNKNOWN } } peers { permanent_uuid: "b85efe011f2b42d0a114f6937d64f180" member_type: VOTER last_known_addr { host: "127.21.82.131" port: 46791 } health_report { overall_health: HEALTHY } } }
I20260710 13:23:54.856096 23146 tablet_bootstrap.cc:654] T 3cedff40e02541969a9f6ae16c0cb078 P 68b4ac8cb2e44619a82f61102032df19: Neither blocks nor log segments found. Creating new log.
I20260710 13:23:54.862773 23145 tablet_bootstrap.cc:492] T 44897f0e77b04db0aafbaec9c81cdcdd P b85efe011f2b42d0a114f6937d64f180: No bootstrap required, opened a new log
I20260710 13:23:54.863339 23145 ts_tablet_manager.cc:1403] T 44897f0e77b04db0aafbaec9c81cdcdd P b85efe011f2b42d0a114f6937d64f180: Time spent bootstrapping tablet: real 0.120s	user 0.021s	sys 0.003s
I20260710 13:23:54.864734 23144 tablet_bootstrap.cc:492] T 44897f0e77b04db0aafbaec9c81cdcdd P ece53715e3b048c28d846774c63fea94: No bootstrap required, opened a new log
I20260710 13:23:54.865199 23144 ts_tablet_manager.cc:1403] T 44897f0e77b04db0aafbaec9c81cdcdd P ece53715e3b048c28d846774c63fea94: Time spent bootstrapping tablet: real 0.025s	user 0.007s	sys 0.008s
