I20260710 13:23:51.577278 17606 catalog_manager.cc:1511] Loading table and tablet metadata into memory...
I20260710 13:23:51.584843 17606 catalog_manager.cc:1520] Initializing Kudu cluster ID...
I20260710 13:23:51.585863 16536 internal_mini_cluster.cc:184] Waiting to initialize catalog manager on master 0
I20260710 13:23:51.593653 17606 catalog_manager.cc:1383] Generated new cluster ID: 9b7147eb1b1c49c5bd2dbefaa33fa3fe
I20260710 13:23:51.593986 17606 catalog_manager.cc:1531] Initializing Kudu internal certificate authority...
I20260710 13:23:51.616168 17606 catalog_manager.cc:1406] Generated new certificate authority record
I20260710 13:23:51.617508 17606 catalog_manager.cc:1540] Loading token signing keys...
I20260710 13:23:51.631798 17606 catalog_manager.cc:6070] T 00000000000000000000000000000000 P f20873d5586343ce95d8bd67b346fac7: Generated new TSK 0
I20260710 13:23:51.632458 17606 catalog_manager.cc:1550] Initializing in-progress tserver states...
I20260710 13:23:51.653096 16536 file_cache.cc:504] Constructed file cache file cache with capacity 419430
W20260710 13:23:51.659765 17616 instance_detector.cc:116] could not retrieve AWS instance metadata: Network error: curl error: HTTP response code said error: The requested URL returned error: 404
W20260710 13:23:51.661160 17617 instance_detector.cc:116] could not retrieve Azure instance metadata: Network error: curl error: HTTP response code said error: The requested URL returned error: 404
W20260710 13:23:51.663195 17619 instance_detector.cc:116] could not retrieve OpenStack instance metadata: Network error: curl error: HTTP response code said error: The requested URL returned error: 404
I20260710 13:23:51.663596 16536 server_base.cc:1061] running on GCE node
I20260710 13:23:51.664602 16536 hybrid_clock.cc:584] initializing the hybrid clock with 'system_unsync' time source
W20260710 13:23:51.664780 16536 system_unsync_time.cc:38] NTP support is disabled. Clock error bounds will not be accurate. This configuration is not suitable for distributed clusters.
I20260710 13:23:51.665010 16536 hybrid_clock.cc:648] HybridClock initialized: now 1783689831664984 us; error 0 us; skew 500 ppm
I20260710 13:23:51.665513 16536 server_base.cc:861] Flag tcmalloc_max_total_thread_cache_bytes is not working since tcmalloc is not enabled.
I20260710 13:23:51.667757 16536 webserver.cc:533] Webserver started at http://127.16.38.1:34691/ using document root <none> and password file <none>
I20260710 13:23:51.668206 16536 fs_manager.cc:362] Metadata directory not provided
I20260710 13:23:51.668362 16536 fs_manager.cc:368] Using write-ahead log directory (fs_wal_dir) as metadata directory
I20260710 13:23:51.668573 16536 server_base.cc:909] This appears to be a new deployment of Kudu; creating new FS layout
I20260710 13:23:51.669662 16536 fs_manager.cc:1068] Generated new instance metadata in path /tmp/dist-test-taskOAos2n/test-tmp/auto_leader_rebalancer-test.0.LeaderRebalancerTest.AddTserver.1783689806212522-16536-0/minicluster-data/ts-0-root/instance:
uuid: "9f222b1f5a9d49fc89c93de933cc7879"
format_stamp: "Formatted at 2026-07-10 13:23:51 on dist-test-slave-zsmw"
I20260710 13:23:51.674198 16536 fs_manager.cc:696] Time spent creating directory manager: real 0.004s	user 0.005s	sys 0.000s
I20260710 13:23:51.677520 17624 log_block_manager.cc:4127] Time spent loading block containers with low live blocks: real 0.000s	user 0.000s	sys 0.000s
I20260710 13:23:51.678357 16536 fs_manager.cc:730] Time spent opening block manager: real 0.002s	user 0.003s	sys 0.000s
I20260710 13:23:51.678673 16536 fs_manager.cc:647] Opened local filesystem: /tmp/dist-test-taskOAos2n/test-tmp/auto_leader_rebalancer-test.0.LeaderRebalancerTest.AddTserver.1783689806212522-16536-0/minicluster-data/ts-0-root
uuid: "9f222b1f5a9d49fc89c93de933cc7879"
format_stamp: "Formatted at 2026-07-10 13:23:51 on dist-test-slave-zsmw"
I20260710 13:23:51.678973 16536 fs_report.cc:389] FS layout report
--------------------
wal directory: /tmp/dist-test-taskOAos2n/test-tmp/auto_leader_rebalancer-test.0.LeaderRebalancerTest.AddTserver.1783689806212522-16536-0/minicluster-data/ts-0-root
metadata directory: /tmp/dist-test-taskOAos2n/test-tmp/auto_leader_rebalancer-test.0.LeaderRebalancerTest.AddTserver.1783689806212522-16536-0/minicluster-data/ts-0-root
1 data directories: /tmp/dist-test-taskOAos2n/test-tmp/auto_leader_rebalancer-test.0.LeaderRebalancerTest.AddTserver.1783689806212522-16536-0/minicluster-data/ts-0-root/data
Total live blocks: 0
Total live bytes: 0
Total live bytes (after alignment): 0
Total number of LBM containers: 0 (0 full)
Did not check for missing blocks
Did not check for orphaned blocks
Total full LBM containers with extra space: 0 (0 repaired)
Total full LBM container extra space in bytes: 0 (0 repaired)
Total incomplete LBM containers: 0 (0 repaired)
Total LBM partial records: 0 (0 repaired)
Total corrupted LBM metadata records in RocksDB: 0 (0 repaired)
I20260710 13:23:51.693995 16536 rpc_server.cc:225] running with OpenSSL 1.1.1  11 Sep 2018
I20260710 13:23:51.695309 16536 kserver.cc:163] Server-wide thread pool size limit: 3276
I20260710 13:23:51.696849 16536 txn_system_client.cc:432] TxnSystemClient initialization is disabled...
I20260710 13:23:51.699296 16536 ts_tablet_manager.cc:585] Loaded tablet metadata (0 total tablets, 0 live tablets)
I20260710 13:23:51.699539 16536 ts_tablet_manager.cc:531] Time spent load tablet metadata: real 0.000s	user 0.000s	sys 0.000s
I20260710 13:23:51.699785 16536 ts_tablet_manager.cc:616] Registered 0 tablets
I20260710 13:23:51.699978 16536 ts_tablet_manager.cc:595] Time spent register tablets: real 0.000s	user 0.000s	sys 0.000s
I20260710 13:23:51.743597 16536 rpc_server.cc:307] RPC server started. Bound to: 127.16.38.1:39741
I20260710 13:23:51.743698 17686 acceptor_pool.cc:272] collecting diagnostics on the listening RPC socket 127.16.38.1:39741 every 8 connection(s)
I20260710 13:23:51.748785 16536 file_cache.cc:504] Constructed file cache file cache with capacity 419430
W20260710 13:23:51.756503 17691 instance_detector.cc:116] could not retrieve AWS instance metadata: Network error: curl error: HTTP response code said error: The requested URL returned error: 404
W20260710 13:23:51.756556 17692 instance_detector.cc:116] could not retrieve Azure instance metadata: Network error: curl error: HTTP response code said error: The requested URL returned error: 404
I20260710 13:23:51.760633 16536 server_base.cc:1061] running on GCE node
W20260710 13:23:51.760602 17694 instance_detector.cc:116] could not retrieve OpenStack instance metadata: Network error: curl error: HTTP response code said error: The requested URL returned error: 404
I20260710 13:23:51.761674 17687 heartbeater.cc:344] Connected to a master server at 127.16.38.62:36079
I20260710 13:23:51.762216 17687 heartbeater.cc:461] Registering TS with master...
I20260710 13:23:51.762487 16536 hybrid_clock.cc:584] initializing the hybrid clock with 'system_unsync' time source
W20260710 13:23:51.762709 16536 system_unsync_time.cc:38] NTP support is disabled. Clock error bounds will not be accurate. This configuration is not suitable for distributed clusters.
I20260710 13:23:51.762892 16536 hybrid_clock.cc:648] HybridClock initialized: now 1783689831762861 us; error 0 us; skew 500 ppm
I20260710 13:23:51.763019 17687 heartbeater.cc:507] Master 127.16.38.62:36079 requested a full tablet report, sending...
I20260710 13:23:51.763545 16536 server_base.cc:861] Flag tcmalloc_max_total_thread_cache_bytes is not working since tcmalloc is not enabled.
I20260710 13:23:51.765425 17560 ts_manager.cc:194] Registered new tserver with Master: 9f222b1f5a9d49fc89c93de933cc7879 (127.16.38.1:39741)
I20260710 13:23:51.766335 16536 webserver.cc:533] Webserver started at http://127.16.38.2:45841/ using document root <none> and password file <none>
I20260710 13:23:51.766898 16536 fs_manager.cc:362] Metadata directory not provided
I20260710 13:23:51.767099 16536 fs_manager.cc:368] Using write-ahead log directory (fs_wal_dir) as metadata directory
I20260710 13:23:51.767398 17560 master_service.cc:502] Signed X509 certificate for tserver {username='slave'} at 127.0.0.1:47758
I20260710 13:23:51.767398 16536 server_base.cc:909] This appears to be a new deployment of Kudu; creating new FS layout
I20260710 13:23:51.769076 16536 fs_manager.cc:1068] Generated new instance metadata in path /tmp/dist-test-taskOAos2n/test-tmp/auto_leader_rebalancer-test.0.LeaderRebalancerTest.AddTserver.1783689806212522-16536-0/minicluster-data/ts-1-root/instance:
uuid: "a603ac6a45664153b8dd443def1e2b42"
format_stamp: "Formatted at 2026-07-10 13:23:51 on dist-test-slave-zsmw"
I20260710 13:23:51.773801 16536 fs_manager.cc:696] Time spent creating directory manager: real 0.004s	user 0.004s	sys 0.000s
I20260710 13:23:51.777127 17699 log_block_manager.cc:4127] Time spent loading block containers with low live blocks: real 0.000s	user 0.000s	sys 0.000s
I20260710 13:23:51.778112 16536 fs_manager.cc:730] Time spent opening block manager: real 0.002s	user 0.003s	sys 0.000s
I20260710 13:23:51.778393 16536 fs_manager.cc:647] Opened local filesystem: /tmp/dist-test-taskOAos2n/test-tmp/auto_leader_rebalancer-test.0.LeaderRebalancerTest.AddTserver.1783689806212522-16536-0/minicluster-data/ts-1-root
uuid: "a603ac6a45664153b8dd443def1e2b42"
format_stamp: "Formatted at 2026-07-10 13:23:51 on dist-test-slave-zsmw"
I20260710 13:23:51.778640 16536 fs_report.cc:389] FS layout report
--------------------
wal directory: /tmp/dist-test-taskOAos2n/test-tmp/auto_leader_rebalancer-test.0.LeaderRebalancerTest.AddTserver.1783689806212522-16536-0/minicluster-data/ts-1-root
metadata directory: /tmp/dist-test-taskOAos2n/test-tmp/auto_leader_rebalancer-test.0.LeaderRebalancerTest.AddTserver.1783689806212522-16536-0/minicluster-data/ts-1-root
1 data directories: /tmp/dist-test-taskOAos2n/test-tmp/auto_leader_rebalancer-test.0.LeaderRebalancerTest.AddTserver.1783689806212522-16536-0/minicluster-data/ts-1-root/data
Total live blocks: 0
Total live bytes: 0
Total live bytes (after alignment): 0
Total number of LBM containers: 0 (0 full)
Did not check for missing blocks
Did not check for orphaned blocks
Total full LBM containers with extra space: 0 (0 repaired)
Total full LBM container extra space in bytes: 0 (0 repaired)
Total incomplete LBM containers: 0 (0 repaired)
Total LBM partial records: 0 (0 repaired)
Total corrupted LBM metadata records in RocksDB: 0 (0 repaired)
I20260710 13:23:51.789462 16536 rpc_server.cc:225] running with OpenSSL 1.1.1  11 Sep 2018
I20260710 13:23:51.790680 16536 kserver.cc:163] Server-wide thread pool size limit: 3276
I20260710 13:23:51.792152 16536 txn_system_client.cc:432] TxnSystemClient initialization is disabled...
I20260710 13:23:51.794538 16536 ts_tablet_manager.cc:585] Loaded tablet metadata (0 total tablets, 0 live tablets)
I20260710 13:23:51.794755 16536 ts_tablet_manager.cc:531] Time spent load tablet metadata: real 0.000s	user 0.000s	sys 0.000s
I20260710 13:23:51.795039 16536 ts_tablet_manager.cc:616] Registered 0 tablets
I20260710 13:23:51.795213 16536 ts_tablet_manager.cc:595] Time spent register tablets: real 0.000s	user 0.000s	sys 0.000s
I20260710 13:23:51.837018 16536 rpc_server.cc:307] RPC server started. Bound to: 127.16.38.2:42087
I20260710 13:23:51.837118 17761 acceptor_pool.cc:272] collecting diagnostics on the listening RPC socket 127.16.38.2:42087 every 8 connection(s)
I20260710 13:23:51.842245 16536 file_cache.cc:504] Constructed file cache file cache with capacity 419430
W20260710 13:23:51.849484 17765 instance_detector.cc:116] could not retrieve AWS instance metadata: Network error: curl error: HTTP response code said error: The requested URL returned error: 404
W20260710 13:23:51.851945 17766 instance_detector.cc:116] could not retrieve Azure instance metadata: Network error: curl error: HTTP response code said error: The requested URL returned error: 404
W20260710 13:23:51.855175 17768 instance_detector.cc:116] could not retrieve OpenStack instance metadata: Network error: curl error: HTTP response code said error: The requested URL returned error: 404
I20260710 13:23:51.855877 16536 server_base.cc:1061] running on GCE node
I20260710 13:23:51.856968 17762 heartbeater.cc:344] Connected to a master server at 127.16.38.62:36079
I20260710 13:23:51.857002 16536 hybrid_clock.cc:584] initializing the hybrid clock with 'system_unsync' time source
W20260710 13:23:51.857396 16536 system_unsync_time.cc:38] NTP support is disabled. Clock error bounds will not be accurate. This configuration is not suitable for distributed clusters.
I20260710 13:23:51.857424 17762 heartbeater.cc:461] Registering TS with master...
I20260710 13:23:51.857652 16536 hybrid_clock.cc:648] HybridClock initialized: now 1783689831857605 us; error 0 us; skew 500 ppm
I20260710 13:23:51.858312 16536 server_base.cc:861] Flag tcmalloc_max_total_thread_cache_bytes is not working since tcmalloc is not enabled.
I20260710 13:23:51.858315 17762 heartbeater.cc:507] Master 127.16.38.62:36079 requested a full tablet report, sending...
I20260710 13:23:51.860689 17560 ts_manager.cc:194] Registered new tserver with Master: a603ac6a45664153b8dd443def1e2b42 (127.16.38.2:42087)
I20260710 13:23:51.861462 16536 webserver.cc:533] Webserver started at http://127.16.38.3:42767/ using document root <none> and password file <none>
I20260710 13:23:51.861986 16536 fs_manager.cc:362] Metadata directory not provided
I20260710 13:23:51.862205 16536 fs_manager.cc:368] Using write-ahead log directory (fs_wal_dir) as metadata directory
I20260710 13:23:51.862275 17560 master_service.cc:502] Signed X509 certificate for tserver {username='slave'} at 127.0.0.1:47770
I20260710 13:23:51.862489 16536 server_base.cc:909] This appears to be a new deployment of Kudu; creating new FS layout
I20260710 13:23:51.863981 16536 fs_manager.cc:1068] Generated new instance metadata in path /tmp/dist-test-taskOAos2n/test-tmp/auto_leader_rebalancer-test.0.LeaderRebalancerTest.AddTserver.1783689806212522-16536-0/minicluster-data/ts-2-root/instance:
uuid: "99364bfad7f6406588baff9eb6708e0e"
format_stamp: "Formatted at 2026-07-10 13:23:51 on dist-test-slave-zsmw"
I20260710 13:23:51.869020 16536 fs_manager.cc:696] Time spent creating directory manager: real 0.004s	user 0.005s	sys 0.002s
I20260710 13:23:51.872617 17773 log_block_manager.cc:4127] Time spent loading block containers with low live blocks: real 0.000s	user 0.000s	sys 0.000s
I20260710 13:23:51.873426 16536 fs_manager.cc:730] Time spent opening block manager: real 0.002s	user 0.000s	sys 0.003s
I20260710 13:23:51.873777 16536 fs_manager.cc:647] Opened local filesystem: /tmp/dist-test-taskOAos2n/test-tmp/auto_leader_rebalancer-test.0.LeaderRebalancerTest.AddTserver.1783689806212522-16536-0/minicluster-data/ts-2-root
uuid: "99364bfad7f6406588baff9eb6708e0e"
format_stamp: "Formatted at 2026-07-10 13:23:51 on dist-test-slave-zsmw"
I20260710 13:23:51.874115 16536 fs_report.cc:389] FS layout report
--------------------
wal directory: /tmp/dist-test-taskOAos2n/test-tmp/auto_leader_rebalancer-test.0.LeaderRebalancerTest.AddTserver.1783689806212522-16536-0/minicluster-data/ts-2-root
metadata directory: /tmp/dist-test-taskOAos2n/test-tmp/auto_leader_rebalancer-test.0.LeaderRebalancerTest.AddTserver.1783689806212522-16536-0/minicluster-data/ts-2-root
1 data directories: /tmp/dist-test-taskOAos2n/test-tmp/auto_leader_rebalancer-test.0.LeaderRebalancerTest.AddTserver.1783689806212522-16536-0/minicluster-data/ts-2-root/data
Total live blocks: 0
Total live bytes: 0
Total live bytes (after alignment): 0
Total number of LBM containers: 0 (0 full)
Did not check for missing blocks
Did not check for orphaned blocks
Total full LBM containers with extra space: 0 (0 repaired)
Total full LBM container extra space in bytes: 0 (0 repaired)
Total incomplete LBM containers: 0 (0 repaired)
Total LBM partial records: 0 (0 repaired)
Total corrupted LBM metadata records in RocksDB: 0 (0 repaired)
I20260710 13:23:51.897289 16536 rpc_server.cc:225] running with OpenSSL 1.1.1  11 Sep 2018
I20260710 13:23:51.898542 16536 kserver.cc:163] Server-wide thread pool size limit: 3276
I20260710 13:23:51.900039 16536 txn_system_client.cc:432] TxnSystemClient initialization is disabled...
I20260710 13:23:51.902254 16536 ts_tablet_manager.cc:585] Loaded tablet metadata (0 total tablets, 0 live tablets)
I20260710 13:23:51.902483 16536 ts_tablet_manager.cc:531] Time spent load tablet metadata: real 0.000s	user 0.000s	sys 0.000s
I20260710 13:23:51.902731 16536 ts_tablet_manager.cc:616] Registered 0 tablets
I20260710 13:23:51.902915 16536 ts_tablet_manager.cc:595] Time spent register tablets: real 0.000s	user 0.000s	sys 0.000s
I20260710 13:23:51.943154 16536 rpc_server.cc:307] RPC server started. Bound to: 127.16.38.3:46505
I20260710 13:23:51.943259 17835 acceptor_pool.cc:272] collecting diagnostics on the listening RPC socket 127.16.38.3:46505 every 8 connection(s)
I20260710 13:23:51.957218 17836 heartbeater.cc:344] Connected to a master server at 127.16.38.62:36079
I20260710 13:23:51.957645 17836 heartbeater.cc:461] Registering TS with master...
I20260710 13:23:51.958441 17836 heartbeater.cc:507] Master 127.16.38.62:36079 requested a full tablet report, sending...
I20260710 13:23:51.960291 17560 ts_manager.cc:194] Registered new tserver with Master: 99364bfad7f6406588baff9eb6708e0e (127.16.38.3:46505)
I20260710 13:23:51.960587 16536 internal_mini_cluster.cc:371] 3 TS(s) registered with all masters after 0.014410797s
I20260710 13:23:51.962042 17560 master_service.cc:502] Signed X509 certificate for tserver {username='slave'} at 127.0.0.1:47786
I20260710 13:23:51.988216 17560 catalog_manager.cc:2283] Servicing CreateTable request from {username='slave'} at 127.0.0.1:47794:
name: "test-workload"
schema {
  columns {
    name: "key"
    type: INT32
    is_key: true
    is_nullable: false
    encoding: AUTO_ENCODING
    compression: DEFAULT_COMPRESSION
    cfile_block_size: 0
    immutable: false
  }
  columns {
    name: "int_val"
    type: INT32
    is_key: false
    is_nullable: false
    encoding: AUTO_ENCODING
    compression: DEFAULT_COMPRESSION
    cfile_block_size: 0
    immutable: false
  }
  columns {
    name: "string_val"
    type: STRING
    is_key: false
    is_nullable: true
    encoding: AUTO_ENCODING
    compression: DEFAULT_COMPRESSION
    cfile_block_size: 0
    immutable: false
  }
}
num_replicas: 3
split_rows_range_bounds {
  rows: "\004\001\000UUU\005\004\001\000\252\252\252\n\004\001\000\377\377\377\017\004\001\000TUU\025\004\001\000\251\252\252\032\004\001\000\376\377\377\037\004\001\000SUU%\004\001\000\250\252\252*\004\001\000\375\377\377/\004\001\000RUU5\004\001\000\247\252\252:\004\001\000\374\377\377?\004\001\000QUUE\004\001\000\246\252\252J\004\001\000\373\377\377O\004\001\000PUUU\004\001\000\245\252\252Z\004\001\000\372\377\377_\004\001\000OUUe\004\001\000\244\252\252j\004\001\000\371\377\377o\004\001\000NUUu\004\001\000\243\252\252z""\004\001\000UUU\005\004\001\000\252\252\252\n\004\001\000\377\377\377\017\004\001\000TUU\025\004\001\000\251\252\252\032\004\001\000\376\377\377\037\004\001\000SUU%\004\001\000\250\252\252*\004\001\000\375\377\377/\004\001\000RUU5\004\001\000\247\252\252:\004\001\000\374\377\377?\004\001\000QUUE\004\001\000\246\252\252J\004\001\000\373\377\377O\004\001\000PUUU\004\001\000\245\252\252Z\004\001\000\372\377\377_\004\001\000OUUe\004\001\000\244\252\252j\004\001\000\371\377\377o\004\001\000NUUu\004\001\000\243\252\252z"
  indirect_data: """"
}
partition_schema {
  range_schema {
    columns {
      name: "key"
    }
  }
}
W20260710 13:23:51.992048 17560 catalog_manager.cc:7077] The number of live tablet servers is not enough to re-replicate a tablet replica of the newly created table test-workload in case of a server failure: 4 tablet servers would be needed, 3 are available. Consider bringing up more tablet servers.
I20260710 13:23:52.122620 17727 tablet_service.cc:1511] Processing CreateTablet for tablet 342b8ad991b740da92a838cb8c1c30e9 (DEFAULT_TABLE table=test-workload [id=59a838fba0c446c68721baeb1bb7579d]), partition=RANGE (key) PARTITION VALUES < 89478485
I20260710 13:23:52.124197 17727 data_dirs.cc:400] Could only allocate 1 dirs of requested 3 for tablet 342b8ad991b740da92a838cb8c1c30e9. 1 dirs total, 0 dirs full, 0 dirs failed
I20260710 13:23:52.123764 17725 tablet_service.cc:1511] Processing CreateTablet for tablet 124b165fadfc446e8dbe7b66e77a43ae (DEFAULT_TABLE table=test-workload [id=59a838fba0c446c68721baeb1bb7579d]), partition=RANGE (key) PARTITION 178956970 <= VALUES < 268435455
I20260710 13:23:52.122669 17726 tablet_service.cc:1511] Processing CreateTablet for tablet 11f8609d836f489c9329f43e5284e58a (DEFAULT_TABLE table=test-workload [id=59a838fba0c446c68721baeb1bb7579d]), partition=RANGE (key) PARTITION 89478485 <= VALUES < 178956970
I20260710 13:23:52.125406 17725 data_dirs.cc:400] Could only allocate 1 dirs of requested 3 for tablet 124b165fadfc446e8dbe7b66e77a43ae. 1 dirs total, 0 dirs full, 0 dirs failed
I20260710 13:23:52.123858 17723 tablet_service.cc:1511] Processing CreateTablet for tablet 7d71f8d58eb048c18bfbb9e5681eeb1d (DEFAULT_TABLE table=test-workload [id=59a838fba0c446c68721baeb1bb7579d]), partition=RANGE (key) PARTITION 357913940 <= VALUES < 447392425
I20260710 13:23:52.126230 17726 data_dirs.cc:400] Could only allocate 1 dirs of requested 3 for tablet 11f8609d836f489c9329f43e5284e58a. 1 dirs total, 0 dirs full, 0 dirs failed
I20260710 13:23:52.126765 17722 tablet_service.cc:1511] Processing CreateTablet for tablet fab79552b8914204a3bc2851a82407c7 (DEFAULT_TABLE table=test-workload [id=59a838fba0c446c68721baeb1bb7579d]), partition=RANGE (key) PARTITION 447392425 <= VALUES < 536870910
I20260710 13:23:52.128080 17722 data_dirs.cc:400] Could only allocate 1 dirs of requested 3 for tablet fab79552b8914204a3bc2851a82407c7. 1 dirs total, 0 dirs full, 0 dirs failed
I20260710 13:23:52.123766 17724 tablet_service.cc:1511] Processing CreateTablet for tablet 650fedd08d72406d8f5c6cc9f521865f (DEFAULT_TABLE table=test-workload [id=59a838fba0c446c68721baeb1bb7579d]), partition=RANGE (key) PARTITION 268435455 <= VALUES < 357913940
I20260710 13:23:52.129240 17723 data_dirs.cc:400] Could only allocate 1 dirs of requested 3 for tablet 7d71f8d58eb048c18bfbb9e5681eeb1d. 1 dirs total, 0 dirs full, 0 dirs failed
I20260710 13:23:52.130041 17724 data_dirs.cc:400] Could only allocate 1 dirs of requested 3 for tablet 650fedd08d72406d8f5c6cc9f521865f. 1 dirs total, 0 dirs full, 0 dirs failed
I20260710 13:23:52.131801 17721 tablet_service.cc:1511] Processing CreateTablet for tablet fca37ec6cf15471ea25d234263e8c3d7 (DEFAULT_TABLE table=test-workload [id=59a838fba0c446c68721baeb1bb7579d]), partition=RANGE (key) PARTITION 536870910 <= VALUES < 626349395
I20260710 13:23:52.133085 17721 data_dirs.cc:400] Could only allocate 1 dirs of requested 3 for tablet fca37ec6cf15471ea25d234263e8c3d7. 1 dirs total, 0 dirs full, 0 dirs failed
I20260710 13:23:52.154937 17720 tablet_service.cc:1511] Processing CreateTablet for tablet 8fde1ffe02724905940a7868cf98ab38 (DEFAULT_TABLE table=test-workload [id=59a838fba0c446c68721baeb1bb7579d]), partition=RANGE (key) PARTITION 626349395 <= VALUES < 715827880
I20260710 13:23:52.156354 17720 data_dirs.cc:400] Could only allocate 1 dirs of requested 3 for tablet 8fde1ffe02724905940a7868cf98ab38. 1 dirs total, 0 dirs full, 0 dirs failed
I20260710 13:23:52.160393 17851 tablet_bootstrap.cc:492] T 342b8ad991b740da92a838cb8c1c30e9 P a603ac6a45664153b8dd443def1e2b42: Bootstrap starting.
I20260710 13:23:52.163923 17801 tablet_service.cc:1511] Processing CreateTablet for tablet 342b8ad991b740da92a838cb8c1c30e9 (DEFAULT_TABLE table=test-workload [id=59a838fba0c446c68721baeb1bb7579d]), partition=RANGE (key) PARTITION VALUES < 89478485
I20260710 13:23:52.165385 17801 data_dirs.cc:400] Could only allocate 1 dirs of requested 3 for tablet 342b8ad991b740da92a838cb8c1c30e9. 1 dirs total, 0 dirs full, 0 dirs failed
I20260710 13:23:52.167630 17851 tablet_bootstrap.cc:654] T 342b8ad991b740da92a838cb8c1c30e9 P a603ac6a45664153b8dd443def1e2b42: Neither blocks nor log segments found. Creating new log.
I20260710 13:23:52.175762 17800 tablet_service.cc:1511] Processing CreateTablet for tablet 11f8609d836f489c9329f43e5284e58a (DEFAULT_TABLE table=test-workload [id=59a838fba0c446c68721baeb1bb7579d]), partition=RANGE (key) PARTITION 89478485 <= VALUES < 178956970
I20260710 13:23:52.177537 17800 data_dirs.cc:400] Could only allocate 1 dirs of requested 3 for tablet 11f8609d836f489c9329f43e5284e58a. 1 dirs total, 0 dirs full, 0 dirs failed
I20260710 13:23:52.178696 17799 tablet_service.cc:1511] Processing CreateTablet for tablet 124b165fadfc446e8dbe7b66e77a43ae (DEFAULT_TABLE table=test-workload [id=59a838fba0c446c68721baeb1bb7579d]), partition=RANGE (key) PARTITION 178956970 <= VALUES < 268435455
I20260710 13:23:52.180042 17799 data_dirs.cc:400] Could only allocate 1 dirs of requested 3 for tablet 124b165fadfc446e8dbe7b66e77a43ae. 1 dirs total, 0 dirs full, 0 dirs failed
I20260710 13:23:52.183884 17798 tablet_service.cc:1511] Processing CreateTablet for tablet 650fedd08d72406d8f5c6cc9f521865f (DEFAULT_TABLE table=test-workload [id=59a838fba0c446c68721baeb1bb7579d]), partition=RANGE (key) PARTITION 268435455 <= VALUES < 357913940
I20260710 13:23:52.186209 17797 tablet_service.cc:1511] Processing CreateTablet for tablet 7d71f8d58eb048c18bfbb9e5681eeb1d (DEFAULT_TABLE table=test-workload [id=59a838fba0c446c68721baeb1bb7579d]), partition=RANGE (key) PARTITION 357913940 <= VALUES < 447392425
I20260710 13:23:52.187036 17652 tablet_service.cc:1511] Processing CreateTablet for tablet 342b8ad991b740da92a838cb8c1c30e9 (DEFAULT_TABLE table=test-workload [id=59a838fba0c446c68721baeb1bb7579d]), partition=RANGE (key) PARTITION VALUES < 89478485
I20260710 13:23:52.187615 17797 data_dirs.cc:400] Could only allocate 1 dirs of requested 3 for tablet 7d71f8d58eb048c18bfbb9e5681eeb1d. 1 dirs total, 0 dirs full, 0 dirs failed
I20260710 13:23:52.188381 17652 data_dirs.cc:400] Could only allocate 1 dirs of requested 3 for tablet 342b8ad991b740da92a838cb8c1c30e9. 1 dirs total, 0 dirs full, 0 dirs failed
I20260710 13:23:52.189954 17796 tablet_service.cc:1511] Processing CreateTablet for tablet fab79552b8914204a3bc2851a82407c7 (DEFAULT_TABLE table=test-workload [id=59a838fba0c446c68721baeb1bb7579d]), partition=RANGE (key) PARTITION 447392425 <= VALUES < 536870910
I20260710 13:23:52.191241 17796 data_dirs.cc:400] Could only allocate 1 dirs of requested 3 for tablet fab79552b8914204a3bc2851a82407c7. 1 dirs total, 0 dirs full, 0 dirs failed
I20260710 13:23:52.194010 17795 tablet_service.cc:1511] Processing CreateTablet for tablet fca37ec6cf15471ea25d234263e8c3d7 (DEFAULT_TABLE table=test-workload [id=59a838fba0c446c68721baeb1bb7579d]), partition=RANGE (key) PARTITION 536870910 <= VALUES < 626349395
I20260710 13:23:52.195266 17795 data_dirs.cc:400] Could only allocate 1 dirs of requested 3 for tablet fca37ec6cf15471ea25d234263e8c3d7. 1 dirs total, 0 dirs full, 0 dirs failed
I20260710 13:23:52.197916 17794 tablet_service.cc:1511] Processing CreateTablet for tablet 8fde1ffe02724905940a7868cf98ab38 (DEFAULT_TABLE table=test-workload [id=59a838fba0c446c68721baeb1bb7579d]), partition=RANGE (key) PARTITION 626349395 <= VALUES < 715827880
I20260710 13:23:52.199179 17794 data_dirs.cc:400] Could only allocate 1 dirs of requested 3 for tablet 8fde1ffe02724905940a7868cf98ab38. 1 dirs total, 0 dirs full, 0 dirs failed
I20260710 13:23:52.200295 17649 tablet_service.cc:1511] Processing CreateTablet for tablet 650fedd08d72406d8f5c6cc9f521865f (DEFAULT_TABLE table=test-workload [id=59a838fba0c446c68721baeb1bb7579d]), partition=RANGE (key) PARTITION 268435455 <= VALUES < 357913940
I20260710 13:23:52.201717 17649 data_dirs.cc:400] Could only allocate 1 dirs of requested 3 for tablet 650fedd08d72406d8f5c6cc9f521865f. 1 dirs total, 0 dirs full, 0 dirs failed
I20260710 13:23:52.201915 17651 tablet_service.cc:1511] Processing CreateTablet for tablet 11f8609d836f489c9329f43e5284e58a (DEFAULT_TABLE table=test-workload [id=59a838fba0c446c68721baeb1bb7579d]), partition=RANGE (key) PARTITION 89478485 <= VALUES < 178956970
I20260710 13:23:52.203222 17651 data_dirs.cc:400] Could only allocate 1 dirs of requested 3 for tablet 11f8609d836f489c9329f43e5284e58a. 1 dirs total, 0 dirs full, 0 dirs failed
I20260710 13:23:52.203553 17648 tablet_service.cc:1511] Processing CreateTablet for tablet 7d71f8d58eb048c18bfbb9e5681eeb1d (DEFAULT_TABLE table=test-workload [id=59a838fba0c446c68721baeb1bb7579d]), partition=RANGE (key) PARTITION 357913940 <= VALUES < 447392425
I20260710 13:23:52.206036 17647 tablet_service.cc:1511] Processing CreateTablet for tablet fab79552b8914204a3bc2851a82407c7 (DEFAULT_TABLE table=test-workload [id=59a838fba0c446c68721baeb1bb7579d]), partition=RANGE (key) PARTITION 447392425 <= VALUES < 536870910
I20260710 13:23:52.208534 17646 tablet_service.cc:1511] Processing CreateTablet for tablet fca37ec6cf15471ea25d234263e8c3d7 (DEFAULT_TABLE table=test-workload [id=59a838fba0c446c68721baeb1bb7579d]), partition=RANGE (key) PARTITION 536870910 <= VALUES < 626349395
I20260710 13:23:52.209153 17792 tablet_service.cc:1511] Processing CreateTablet for tablet 302d25924c6d46b6a52379bd13201adf (DEFAULT_TABLE table=test-workload [id=59a838fba0c446c68721baeb1bb7579d]), partition=RANGE (key) PARTITION 805306365 <= VALUES < 894784850
I20260710 13:23:52.210511 17792 data_dirs.cc:400] Could only allocate 1 dirs of requested 3 for tablet 302d25924c6d46b6a52379bd13201adf. 1 dirs total, 0 dirs full, 0 dirs failed
I20260710 13:23:52.211035 17645 tablet_service.cc:1511] Processing CreateTablet for tablet 8fde1ffe02724905940a7868cf98ab38 (DEFAULT_TABLE table=test-workload [id=59a838fba0c446c68721baeb1bb7579d]), partition=RANGE (key) PARTITION 626349395 <= VALUES < 715827880
I20260710 13:23:52.212103 17727 tablet_service.cc:1511] Processing CreateTablet for tablet 0ca5dd151c9c47c7b876614c4940e774 (DEFAULT_TABLE table=test-workload [id=59a838fba0c446c68721baeb1bb7579d]), partition=RANGE (key) PARTITION 1163220305 <= VALUES < 1252698790
I20260710 13:23:52.208745 17793 tablet_service.cc:1511] Processing CreateTablet for tablet c58c62893c2047b29225bd861496716d (DEFAULT_TABLE table=test-workload [id=59a838fba0c446c68721baeb1bb7579d]), partition=RANGE (key) PARTITION 715827880 <= VALUES < 805306365
I20260710 13:23:52.213382 17727 data_dirs.cc:400] Could only allocate 1 dirs of requested 3 for tablet 0ca5dd151c9c47c7b876614c4940e774. 1 dirs total, 0 dirs full, 0 dirs failed
I20260710 13:23:52.214185 17793 data_dirs.cc:400] Could only allocate 1 dirs of requested 3 for tablet c58c62893c2047b29225bd861496716d. 1 dirs total, 0 dirs full, 0 dirs failed
I20260710 13:23:52.215620 17650 tablet_service.cc:1511] Processing CreateTablet for tablet 124b165fadfc446e8dbe7b66e77a43ae (DEFAULT_TABLE table=test-workload [id=59a838fba0c446c68721baeb1bb7579d]), partition=RANGE (key) PARTITION 178956970 <= VALUES < 268435455
I20260710 13:23:52.213383 17643 tablet_service.cc:1511] Processing CreateTablet for tablet 302d25924c6d46b6a52379bd13201adf (DEFAULT_TABLE table=test-workload [id=59a838fba0c446c68721baeb1bb7579d]), partition=RANGE (key) PARTITION 805306365 <= VALUES < 894784850
I20260710 13:23:52.217309 17644 tablet_service.cc:1511] Processing CreateTablet for tablet c58c62893c2047b29225bd861496716d (DEFAULT_TABLE table=test-workload [id=59a838fba0c446c68721baeb1bb7579d]), partition=RANGE (key) PARTITION 715827880 <= VALUES < 805306365
I20260710 13:23:52.217908 17725 tablet_service.cc:1511] Processing CreateTablet for tablet c58c62893c2047b29225bd861496716d (DEFAULT_TABLE table=test-workload [id=59a838fba0c446c68721baeb1bb7579d]), partition=RANGE (key) PARTITION 715827880 <= VALUES < 805306365
I20260710 13:23:52.204807 17648 data_dirs.cc:400] Could only allocate 1 dirs of requested 3 for tablet 7d71f8d58eb048c18bfbb9e5681eeb1d. 1 dirs total, 0 dirs full, 0 dirs failed
I20260710 13:23:52.219159 17725 data_dirs.cc:400] Could only allocate 1 dirs of requested 3 for tablet c58c62893c2047b29225bd861496716d. 1 dirs total, 0 dirs full, 0 dirs failed
I20260710 13:23:52.221290 17798 data_dirs.cc:400] Could only allocate 1 dirs of requested 3 for tablet 650fedd08d72406d8f5c6cc9f521865f. 1 dirs total, 0 dirs full, 0 dirs failed
I20260710 13:23:52.226068 17721 tablet_service.cc:1511] Processing CreateTablet for tablet 302d25924c6d46b6a52379bd13201adf (DEFAULT_TABLE table=test-workload [id=59a838fba0c446c68721baeb1bb7579d]), partition=RANGE (key) PARTITION 805306365 <= VALUES < 894784850
I20260710 13:23:52.227813 17721 data_dirs.cc:400] Could only allocate 1 dirs of requested 3 for tablet 302d25924c6d46b6a52379bd13201adf. 1 dirs total, 0 dirs full, 0 dirs failed
I20260710 13:23:52.233985 17722 tablet_service.cc:1511] Processing CreateTablet for tablet 4076a67a8fb140cbb142850670b3db7d (DEFAULT_TABLE table=test-workload [id=59a838fba0c446c68721baeb1bb7579d]), partition=RANGE (key) PARTITION 1073741820 <= VALUES < 1163220305
I20260710 13:23:52.235647 17722 data_dirs.cc:400] Could only allocate 1 dirs of requested 3 for tablet 4076a67a8fb140cbb142850670b3db7d. 1 dirs total, 0 dirs full, 0 dirs failed
I20260710 13:23:52.245950 17726 tablet_service.cc:1511] Processing CreateTablet for tablet cd9dd37fdd3a4afaa7836fc6df9b56b6 (DEFAULT_TABLE table=test-workload [id=59a838fba0c446c68721baeb1bb7579d]), partition=RANGE (key) PARTITION 894784850 <= VALUES < 984263335
I20260710 13:23:52.248059 17726 data_dirs.cc:400] Could only allocate 1 dirs of requested 3 for tablet cd9dd37fdd3a4afaa7836fc6df9b56b6. 1 dirs total, 0 dirs full, 0 dirs failed
I20260710 13:23:52.250206 17644 data_dirs.cc:400] Could only allocate 1 dirs of requested 3 for tablet c58c62893c2047b29225bd861496716d. 1 dirs total, 0 dirs full, 0 dirs failed
I20260710 13:23:52.254127 17643 data_dirs.cc:400] Could only allocate 1 dirs of requested 3 for tablet 302d25924c6d46b6a52379bd13201adf. 1 dirs total, 0 dirs full, 0 dirs failed
I20260710 13:23:52.257289 17645 data_dirs.cc:400] Could only allocate 1 dirs of requested 3 for tablet 8fde1ffe02724905940a7868cf98ab38. 1 dirs total, 0 dirs full, 0 dirs failed
I20260710 13:23:52.259637 17650 data_dirs.cc:400] Could only allocate 1 dirs of requested 3 for tablet 124b165fadfc446e8dbe7b66e77a43ae. 1 dirs total, 0 dirs full, 0 dirs failed
I20260710 13:23:52.249995 17795 tablet_service.cc:1511] Processing CreateTablet for tablet cd9dd37fdd3a4afaa7836fc6df9b56b6 (DEFAULT_TABLE table=test-workload [id=59a838fba0c446c68721baeb1bb7579d]), partition=RANGE (key) PARTITION 894784850 <= VALUES < 984263335
I20260710 13:23:52.265260 17646 data_dirs.cc:400] Could only allocate 1 dirs of requested 3 for tablet fca37ec6cf15471ea25d234263e8c3d7. 1 dirs total, 0 dirs full, 0 dirs failed
I20260710 13:23:52.269328 17647 data_dirs.cc:400] Could only allocate 1 dirs of requested 3 for tablet fab79552b8914204a3bc2851a82407c7. 1 dirs total, 0 dirs full, 0 dirs failed
I20260710 13:23:52.269963 17795 data_dirs.cc:400] Could only allocate 1 dirs of requested 3 for tablet cd9dd37fdd3a4afaa7836fc6df9b56b6. 1 dirs total, 0 dirs full, 0 dirs failed
I20260710 13:23:52.281898 17792 tablet_service.cc:1511] Processing CreateTablet for tablet 99154dcdd6ff475c915679914f794658 (DEFAULT_TABLE table=test-workload [id=59a838fba0c446c68721baeb1bb7579d]), partition=RANGE (key) PARTITION 984263335 <= VALUES < 1073741820
I20260710 13:23:52.283488 17792 data_dirs.cc:400] Could only allocate 1 dirs of requested 3 for tablet 99154dcdd6ff475c915679914f794658. 1 dirs total, 0 dirs full, 0 dirs failed
I20260710 13:23:52.313968 17720 tablet_service.cc:1511] Processing CreateTablet for tablet 125025eb9fb94dbc8c0385996ff650f7 (DEFAULT_TABLE table=test-workload [id=59a838fba0c446c68721baeb1bb7579d]), partition=RANGE (key) PARTITION 1252698790 <= VALUES < 1342177275
I20260710 13:23:52.315932 17720 data_dirs.cc:400] Could only allocate 1 dirs of requested 3 for tablet 125025eb9fb94dbc8c0385996ff650f7. 1 dirs total, 0 dirs full, 0 dirs failed
I20260710 13:23:52.322206 17724 tablet_service.cc:1511] Processing CreateTablet for tablet 99154dcdd6ff475c915679914f794658 (DEFAULT_TABLE table=test-workload [id=59a838fba0c446c68721baeb1bb7579d]), partition=RANGE (key) PARTITION 984263335 <= VALUES < 1073741820
I20260710 13:23:52.324136 17724 data_dirs.cc:400] Could only allocate 1 dirs of requested 3 for tablet 99154dcdd6ff475c915679914f794658. 1 dirs total, 0 dirs full, 0 dirs failed
I20260710 13:23:52.328703 17652 tablet_service.cc:1511] Processing CreateTablet for tablet cd9dd37fdd3a4afaa7836fc6df9b56b6 (DEFAULT_TABLE table=test-workload [id=59a838fba0c446c68721baeb1bb7579d]), partition=RANGE (key) PARTITION 894784850 <= VALUES < 984263335
I20260710 13:23:52.330197 17652 data_dirs.cc:400] Could only allocate 1 dirs of requested 3 for tablet cd9dd37fdd3a4afaa7836fc6df9b56b6. 1 dirs total, 0 dirs full, 0 dirs failed
I20260710 13:23:52.332134 17721 tablet_service.cc:1511] Processing CreateTablet for tablet c8879750a27b4bedaadd4eb998628ede (DEFAULT_TABLE table=test-workload [id=59a838fba0c446c68721baeb1bb7579d]), partition=RANGE (key) PARTITION 1342177275 <= VALUES < 1431655760
I20260710 13:23:52.333527 17721 data_dirs.cc:400] Could only allocate 1 dirs of requested 3 for tablet c8879750a27b4bedaadd4eb998628ede. 1 dirs total, 0 dirs full, 0 dirs failed
I20260710 13:23:52.341944 17853 tablet_bootstrap.cc:492] T 342b8ad991b740da92a838cb8c1c30e9 P 9f222b1f5a9d49fc89c93de933cc7879: Bootstrap starting.
I20260710 13:23:52.346374 17854 tablet_bootstrap.cc:492] T 342b8ad991b740da92a838cb8c1c30e9 P 99364bfad7f6406588baff9eb6708e0e: Bootstrap starting.
I20260710 13:23:52.352049 17727 tablet_service.cc:1511] Processing CreateTablet for tablet de3334aa671a402198b7ea996f34e436 (DEFAULT_TABLE table=test-workload [id=59a838fba0c446c68721baeb1bb7579d]), partition=RANGE (key) PARTITION 1431655760 <= VALUES < 1521134245
I20260710 13:23:52.354883 17800 tablet_service.cc:1511] Processing CreateTablet for tablet 4076a67a8fb140cbb142850670b3db7d (DEFAULT_TABLE table=test-workload [id=59a838fba0c446c68721baeb1bb7579d]), partition=RANGE (key) PARTITION 1073741820 <= VALUES < 1163220305
I20260710 13:23:52.362943 17648 tablet_service.cc:1511] Processing CreateTablet for tablet 99154dcdd6ff475c915679914f794658 (DEFAULT_TABLE table=test-workload [id=59a838fba0c446c68721baeb1bb7579d]), partition=RANGE (key) PARTITION 984263335 <= VALUES < 1073741820
I20260710 13:23:52.383817 17648 data_dirs.cc:400] Could only allocate 1 dirs of requested 3 for tablet 99154dcdd6ff475c915679914f794658. 1 dirs total, 0 dirs full, 0 dirs failed
I20260710 13:23:52.358450 17723 tablet_service.cc:1511] Processing CreateTablet for tablet 0c2dd76ba3e2481b9b5ef6276fd680a3 (DEFAULT_TABLE table=test-workload [id=59a838fba0c446c68721baeb1bb7579d]), partition=RANGE (key) PARTITION 1521134245 <= VALUES < 1610612730
I20260710 13:23:52.387249 17719 tablet_service.cc:1511] Processing CreateTablet for tablet 19f5533f04fb407b8a12a6491c08cee1 (DEFAULT_TABLE table=test-workload [id=59a838fba0c446c68721baeb1bb7579d]), partition=RANGE (key) PARTITION 1610612730 <= VALUES < 1700091215
I20260710 13:23:52.389853 17794 tablet_service.cc:1511] Processing CreateTablet for tablet 0ca5dd151c9c47c7b876614c4940e774 (DEFAULT_TABLE table=test-workload [id=59a838fba0c446c68721baeb1bb7579d]), partition=RANGE (key) PARTITION 1163220305 <= VALUES < 1252698790
I20260710 13:23:52.390004 17646 tablet_service.cc:1511] Processing CreateTablet for tablet 0ca5dd151c9c47c7b876614c4940e774 (DEFAULT_TABLE table=test-workload [id=59a838fba0c446c68721baeb1bb7579d]), partition=RANGE (key) PARTITION 1163220305 <= VALUES < 1252698790
I20260710 13:23:52.390995 17719 data_dirs.cc:400] Could only allocate 1 dirs of requested 3 for tablet 19f5533f04fb407b8a12a6491c08cee1. 1 dirs total, 0 dirs full, 0 dirs failed
I20260710 13:23:52.391372 17646 data_dirs.cc:400] Could only allocate 1 dirs of requested 3 for tablet 0ca5dd151c9c47c7b876614c4940e774. 1 dirs total, 0 dirs full, 0 dirs failed
I20260710 13:23:52.393589 17851 tablet_bootstrap.cc:492] T 342b8ad991b740da92a838cb8c1c30e9 P a603ac6a45664153b8dd443def1e2b42: No bootstrap required, opened a new log
I20260710 13:23:52.394133 17851 ts_tablet_manager.cc:1403] T 342b8ad991b740da92a838cb8c1c30e9 P a603ac6a45664153b8dd443def1e2b42: Time spent bootstrapping tablet: real 0.234s	user 0.028s	sys 0.036s
I20260710 13:23:52.393939 17801 tablet_service.cc:1511] Processing CreateTablet for tablet 125025eb9fb94dbc8c0385996ff650f7 (DEFAULT_TABLE table=test-workload [id=59a838fba0c446c68721baeb1bb7579d]), partition=RANGE (key) PARTITION 1252698790 <= VALUES < 1342177275
I20260710 13:23:52.398536 17727 data_dirs.cc:400] Could only allocate 1 dirs of requested 3 for tablet de3334aa671a402198b7ea996f34e436. 1 dirs total, 0 dirs full, 0 dirs failed
I20260710 13:23:52.398744 17649 tablet_service.cc:1511] Processing CreateTablet for tablet 125025eb9fb94dbc8c0385996ff650f7 (DEFAULT_TABLE table=test-workload [id=59a838fba0c446c68721baeb1bb7579d]), partition=RANGE (key) PARTITION 1252698790 <= VALUES < 1342177275
I20260710 13:23:52.400049 17649 data_dirs.cc:400] Could only allocate 1 dirs of requested 3 for tablet 125025eb9fb94dbc8c0385996ff650f7. 1 dirs total, 0 dirs full, 0 dirs failed
I20260710 13:23:52.400591 17723 data_dirs.cc:400] Could only allocate 1 dirs of requested 3 for tablet 0c2dd76ba3e2481b9b5ef6276fd680a3. 1 dirs total, 0 dirs full, 0 dirs failed
I20260710 13:23:52.370004 17644 tablet_service.cc:1511] Processing CreateTablet for tablet 4076a67a8fb140cbb142850670b3db7d (DEFAULT_TABLE table=test-workload [id=59a838fba0c446c68721baeb1bb7579d]), partition=RANGE (key) PARTITION 1073741820 <= VALUES < 1163220305
I20260710 13:23:52.417392 17800 data_dirs.cc:400] Could only allocate 1 dirs of requested 3 for tablet 4076a67a8fb140cbb142850670b3db7d. 1 dirs total, 0 dirs full, 0 dirs failed
I20260710 13:23:52.418790 17725 tablet_service.cc:1511] Processing CreateTablet for tablet 51ab36f410314cdfaa7649de81f866a4 (DEFAULT_TABLE table=test-workload [id=59a838fba0c446c68721baeb1bb7579d]), partition=RANGE (key) PARTITION 1700091215 <= VALUES < 1789569700
I20260710 13:23:52.420083 17725 data_dirs.cc:400] Could only allocate 1 dirs of requested 3 for tablet 51ab36f410314cdfaa7649de81f866a4. 1 dirs total, 0 dirs full, 0 dirs failed
I20260710 13:23:52.422540 17794 data_dirs.cc:400] Could only allocate 1 dirs of requested 3 for tablet 0ca5dd151c9c47c7b876614c4940e774. 1 dirs total, 0 dirs full, 0 dirs failed
I20260710 13:23:52.423805 17854 tablet_bootstrap.cc:654] T 342b8ad991b740da92a838cb8c1c30e9 P 99364bfad7f6406588baff9eb6708e0e: Neither blocks nor log segments found. Creating new log.
I20260710 13:23:52.426944 17799 tablet_service.cc:1511] Processing CreateTablet for tablet c8879750a27b4bedaadd4eb998628ede (DEFAULT_TABLE table=test-workload [id=59a838fba0c446c68721baeb1bb7579d]), partition=RANGE (key) PARTITION 1342177275 <= VALUES < 1431655760
I20260710 13:23:52.428296 17799 data_dirs.cc:400] Could only allocate 1 dirs of requested 3 for tablet c8879750a27b4bedaadd4eb998628ede. 1 dirs total, 0 dirs full, 0 dirs failed
I20260710 13:23:52.429629 17851 raft_consensus.cc:359] T 342b8ad991b740da92a838cb8c1c30e9 P a603ac6a45664153b8dd443def1e2b42 [term 0 FOLLOWER]: Replica starting. Triggering 0 pending ops. Active config: opid_index: -1 OBSOLETE_local: false peers { permanent_uuid: "9f222b1f5a9d49fc89c93de933cc7879" member_type: VOTER last_known_addr { host: "127.16.38.1" port: 39741 } } peers { permanent_uuid: "a603ac6a45664153b8dd443def1e2b42" member_type: VOTER last_known_addr { host: "127.16.38.2" port: 42087 } } peers { permanent_uuid: "99364bfad7f6406588baff9eb6708e0e" member_type: VOTER last_known_addr { host: "127.16.38.3" port: 46505 } }
I20260710 13:23:52.430368 17851 raft_consensus.cc:385] T 342b8ad991b740da92a838cb8c1c30e9 P a603ac6a45664153b8dd443def1e2b42 [term 0 FOLLOWER]: Consensus starting up: Expiring failure detector timer to make a prompt election more likely
I20260710 13:23:52.430670 17851 raft_consensus.cc:740] T 342b8ad991b740da92a838cb8c1c30e9 P a603ac6a45664153b8dd443def1e2b42 [term 0 FOLLOWER]: Becoming Follower/Learner. State: Replica: a603ac6a45664153b8dd443def1e2b42, State: Initialized, Role: FOLLOWER
I20260710 13:23:52.430773 17796 tablet_service.cc:1511] Processing CreateTablet for tablet de3334aa671a402198b7ea996f34e436 (DEFAULT_TABLE table=test-workload [id=59a838fba0c446c68721baeb1bb7579d]), partition=RANGE (key) PARTITION 1431655760 <= VALUES < 1521134245
I20260710 13:23:52.432096 17796 data_dirs.cc:400] Could only allocate 1 dirs of requested 3 for tablet de3334aa671a402198b7ea996f34e436. 1 dirs total, 0 dirs full, 0 dirs failed
I20260710 13:23:52.434415 17797 tablet_service.cc:1511] Processing CreateTablet for tablet 0c2dd76ba3e2481b9b5ef6276fd680a3 (DEFAULT_TABLE table=test-workload [id=59a838fba0c446c68721baeb1bb7579d]), partition=RANGE (key) PARTITION 1521134245 <= VALUES < 1610612730
I20260710 13:23:52.434873 17798 tablet_service.cc:1511] Processing CreateTablet for tablet 19f5533f04fb407b8a12a6491c08cee1 (DEFAULT_TABLE table=test-workload [id=59a838fba0c446c68721baeb1bb7579d]), partition=RANGE (key) PARTITION 1610612730 <= VALUES < 1700091215
I20260710 13:23:52.435709 17797 data_dirs.cc:400] Could only allocate 1 dirs of requested 3 for tablet 0c2dd76ba3e2481b9b5ef6276fd680a3. 1 dirs total, 0 dirs full, 0 dirs failed
I20260710 13:23:52.436275 17644 data_dirs.cc:400] Could only allocate 1 dirs of requested 3 for tablet 4076a67a8fb140cbb142850670b3db7d. 1 dirs total, 0 dirs full, 0 dirs failed
I20260710 13:23:52.441452 17801 data_dirs.cc:400] Could only allocate 1 dirs of requested 3 for tablet 125025eb9fb94dbc8c0385996ff650f7. 1 dirs total, 0 dirs full, 0 dirs failed
I20260710 13:23:52.445206 17798 data_dirs.cc:400] Could only allocate 1 dirs of requested 3 for tablet 19f5533f04fb407b8a12a6491c08cee1. 1 dirs total, 0 dirs full, 0 dirs failed
I20260710 13:23:52.448479 17793 tablet_service.cc:1511] Processing CreateTablet for tablet 51ab36f410314cdfaa7649de81f866a4 (DEFAULT_TABLE table=test-workload [id=59a838fba0c446c68721baeb1bb7579d]), partition=RANGE (key) PARTITION 1700091215 <= VALUES < 1789569700
I20260710 13:23:52.451452 17718 tablet_service.cc:1511] Processing CreateTablet for tablet 34c627d3eaa34185a89d18a028593a7f (DEFAULT_TABLE table=test-workload [id=59a838fba0c446c68721baeb1bb7579d]), partition=RANGE (key) PARTITION 1789569700 <= VALUES < 1879048185
I20260710 13:23:52.458261 17718 data_dirs.cc:400] Could only allocate 1 dirs of requested 3 for tablet 34c627d3eaa34185a89d18a028593a7f. 1 dirs total, 0 dirs full, 0 dirs failed
I20260710 13:23:52.450448 17851 consensus_queue.cc:260] T 342b8ad991b740da92a838cb8c1c30e9 P a603ac6a45664153b8dd443def1e2b42 [NON_LEADER]: Queue going to NON_LEADER mode. State: All replicated index: 0, Majority replicated index: 0, Committed index: 0, Last appended: 0.0, Last appended by leader: 0, Current term: 0, Majority size: -1, State: 0, Mode: NON_LEADER, active raft config: opid_index: -1 OBSOLETE_local: false peers { permanent_uuid: "9f222b1f5a9d49fc89c93de933cc7879" member_type: VOTER last_known_addr { host: "127.16.38.1" port: 39741 } } peers { permanent_uuid: "a603ac6a45664153b8dd443def1e2b42" member_type: VOTER last_known_addr { host: "127.16.38.2" port: 42087 } } peers { permanent_uuid: "99364bfad7f6406588baff9eb6708e0e" member_type: VOTER last_known_addr { host: "127.16.38.3" port: 46505 } }
I20260710 13:23:52.444729 17853 tablet_bootstrap.cc:654] T 342b8ad991b740da92a838cb8c1c30e9 P 9f222b1f5a9d49fc89c93de933cc7879: Neither blocks nor log segments found. Creating new log.
I20260710 13:23:52.435388 17643 tablet_service.cc:1511] Processing CreateTablet for tablet c8879750a27b4bedaadd4eb998628ede (DEFAULT_TABLE table=test-workload [id=59a838fba0c446c68721baeb1bb7579d]), partition=RANGE (key) PARTITION 1342177275 <= VALUES < 1431655760
I20260710 13:23:52.451457 17793 data_dirs.cc:400] Could only allocate 1 dirs of requested 3 for tablet 51ab36f410314cdfaa7649de81f866a4. 1 dirs total, 0 dirs full, 0 dirs failed
I20260710 13:23:52.470074 17645 tablet_service.cc:1511] Processing CreateTablet for tablet 0c2dd76ba3e2481b9b5ef6276fd680a3 (DEFAULT_TABLE table=test-workload [id=59a838fba0c446c68721baeb1bb7579d]), partition=RANGE (key) PARTITION 1521134245 <= VALUES < 1610612730
I20260710 13:23:52.471408 17645 data_dirs.cc:400] Could only allocate 1 dirs of requested 3 for tablet 0c2dd76ba3e2481b9b5ef6276fd680a3. 1 dirs total, 0 dirs full, 0 dirs failed
I20260710 13:23:52.471899 17650 tablet_service.cc:1511] Processing CreateTablet for tablet 19f5533f04fb407b8a12a6491c08cee1 (DEFAULT_TABLE table=test-workload [id=59a838fba0c446c68721baeb1bb7579d]), partition=RANGE (key) PARTITION 1610612730 <= VALUES < 1700091215
I20260710 13:23:52.455667 17651 tablet_service.cc:1511] Processing CreateTablet for tablet de3334aa671a402198b7ea996f34e436 (DEFAULT_TABLE table=test-workload [id=59a838fba0c446c68721baeb1bb7579d]), partition=RANGE (key) PARTITION 1431655760 <= VALUES < 1521134245
I20260710 13:23:52.473996 17651 data_dirs.cc:400] Could only allocate 1 dirs of requested 3 for tablet de3334aa671a402198b7ea996f34e436. 1 dirs total, 0 dirs full, 0 dirs failed
I20260710 13:23:52.479039 17647 tablet_service.cc:1511] Processing CreateTablet for tablet 51ab36f410314cdfaa7649de81f866a4 (DEFAULT_TABLE table=test-workload [id=59a838fba0c446c68721baeb1bb7579d]), partition=RANGE (key) PARTITION 1700091215 <= VALUES < 1789569700
I20260710 13:23:52.497412 17726 tablet_service.cc:1511] Processing CreateTablet for tablet a3b1abe0218e4ae48de93a3e055fb9a7 (DEFAULT_TABLE table=test-workload [id=59a838fba0c446c68721baeb1bb7579d]), partition=RANGE (key) PARTITION 1879048185 <= VALUES < 1968526670
