I20260710 13:15:12.190307   898 consensus_queue.cc:237] T 158e014e23a84d539f65ad36ed820312 P ca32432d6ff140f3963fc870ec5c6483 [LEADER]: Queue going to LEADER mode. State: All replicated index: 0, Majority replicated index: 3, Committed index: 3, Last appended: 3.3, Last appended by leader: 3, Current term: 4, Majority size: 2, State: 0, Mode: LEADER, active raft config: opid_index: -1 OBSOLETE_local: false peers { permanent_uuid: "ca32432d6ff140f3963fc870ec5c6483" member_type: VOTER last_known_addr { host: "127.0.107.193" port: 33807 } } peers { permanent_uuid: "8c558ee4d34540be88aaaf65fb0a6f33" member_type: VOTER last_known_addr { host: "127.0.107.194" port: 36393 } } peers { permanent_uuid: "97615af7d47349bd87ddc2a6eb10f887" member_type: VOTER last_known_addr { host: "127.0.107.195" port: 33741 } }
I20260710 13:15:12.195901   463 catalog_manager.cc:5697] T 158e014e23a84d539f65ad36ed820312 P ca32432d6ff140f3963fc870ec5c6483 reported cstate change: term changed from 3 to 4, leader changed from 8c558ee4d34540be88aaaf65fb0a6f33 (127.0.107.194) to ca32432d6ff140f3963fc870ec5c6483 (127.0.107.193). New cstate: current_term: 4 leader_uuid: "ca32432d6ff140f3963fc870ec5c6483" committed_config { opid_index: -1 OBSOLETE_local: false peers { permanent_uuid: "ca32432d6ff140f3963fc870ec5c6483" member_type: VOTER last_known_addr { host: "127.0.107.193" port: 33807 } health_report { overall_health: HEALTHY } } peers { permanent_uuid: "8c558ee4d34540be88aaaf65fb0a6f33" member_type: VOTER last_known_addr { host: "127.0.107.194" port: 36393 } health_report { overall_health: UNKNOWN } } peers { permanent_uuid: "97615af7d47349bd87ddc2a6eb10f887" member_type: VOTER last_known_addr { host: "127.0.107.195" port: 33741 } health_report { overall_health: UNKNOWN } } }
I20260710 13:15:12.262046   902 raft_consensus.cc:993] T e04224e4e0ac447897d818074a8ceebc P 8c558ee4d34540be88aaaf65fb0a6f33: : Instructing follower ca32432d6ff140f3963fc870ec5c6483 to start an election
I20260710 13:15:12.262558   867 raft_consensus.cc:1081] T e04224e4e0ac447897d818074a8ceebc P 8c558ee4d34540be88aaaf65fb0a6f33 [term 4 LEADER]: Signalling peer ca32432d6ff140f3963fc870ec5c6483 to start an election
I20260710 13:15:12.263782   891 raft_consensus.cc:993] T c94baec8fd504a69a8567c204bb5b394 P 8c558ee4d34540be88aaaf65fb0a6f33: : Instructing follower 97615af7d47349bd87ddc2a6eb10f887 to start an election
I20260710 13:15:12.264024   565 tablet_service.cc:2044] Received Run Leader Election RPC: tablet_id: "e04224e4e0ac447897d818074a8ceebc"
dest_uuid: "ca32432d6ff140f3963fc870ec5c6483"
 from {username='slave'} at 127.0.0.1:60264
I20260710 13:15:12.264238   867 raft_consensus.cc:1081] T c94baec8fd504a69a8567c204bb5b394 P 8c558ee4d34540be88aaaf65fb0a6f33 [term 1 LEADER]: Signalling peer 97615af7d47349bd87ddc2a6eb10f887 to start an election
I20260710 13:15:12.264483   565 raft_consensus.cc:493] T e04224e4e0ac447897d818074a8ceebc P ca32432d6ff140f3963fc870ec5c6483 [term 4 FOLLOWER]: Starting forced leader election (received explicit request)
I20260710 13:15:12.264740   565 raft_consensus.cc:3060] T e04224e4e0ac447897d818074a8ceebc P ca32432d6ff140f3963fc870ec5c6483 [term 4 FOLLOWER]: Advancing to term 5
I20260710 13:15:12.265578   714 tablet_service.cc:2044] Received Run Leader Election RPC: tablet_id: "c94baec8fd504a69a8567c204bb5b394"
dest_uuid: "97615af7d47349bd87ddc2a6eb10f887"
 from {username='slave'} at 127.0.0.1:40414
I20260710 13:15:12.265967   714 raft_consensus.cc:493] T c94baec8fd504a69a8567c204bb5b394 P 97615af7d47349bd87ddc2a6eb10f887 [term 1 FOLLOWER]: Starting forced leader election (received explicit request)
I20260710 13:15:12.266203   714 raft_consensus.cc:3060] T c94baec8fd504a69a8567c204bb5b394 P 97615af7d47349bd87ddc2a6eb10f887 [term 1 FOLLOWER]: Advancing to term 2
I20260710 13:15:12.268473   565 raft_consensus.cc:515] T e04224e4e0ac447897d818074a8ceebc P ca32432d6ff140f3963fc870ec5c6483 [term 5 FOLLOWER]: Starting forced leader election with config: opid_index: -1 OBSOLETE_local: false peers { permanent_uuid: "ca32432d6ff140f3963fc870ec5c6483" member_type: VOTER last_known_addr { host: "127.0.107.193" port: 33807 } } peers { permanent_uuid: "8c558ee4d34540be88aaaf65fb0a6f33" member_type: VOTER last_known_addr { host: "127.0.107.194" port: 36393 } } peers { permanent_uuid: "97615af7d47349bd87ddc2a6eb10f887" member_type: VOTER last_known_addr { host: "127.0.107.195" port: 33741 } }
I20260710 13:15:12.269887   714 raft_consensus.cc:515] T c94baec8fd504a69a8567c204bb5b394 P 97615af7d47349bd87ddc2a6eb10f887 [term 2 FOLLOWER]: Starting forced leader election with config: opid_index: -1 OBSOLETE_local: false peers { permanent_uuid: "ca32432d6ff140f3963fc870ec5c6483" member_type: VOTER last_known_addr { host: "127.0.107.193" port: 33807 } } peers { permanent_uuid: "8c558ee4d34540be88aaaf65fb0a6f33" member_type: VOTER last_known_addr { host: "127.0.107.194" port: 36393 } } peers { permanent_uuid: "97615af7d47349bd87ddc2a6eb10f887" member_type: VOTER last_known_addr { host: "127.0.107.195" port: 33741 } }
I20260710 13:15:12.270587   639 tablet_service.cc:1917] Received RequestConsensusVote() RPC: tablet_id: "e04224e4e0ac447897d818074a8ceebc" candidate_uuid: "ca32432d6ff140f3963fc870ec5c6483" candidate_term: 5 candidate_status { last_received { term: 4 index: 4 } } ignore_live_leader: true dest_uuid: "8c558ee4d34540be88aaaf65fb0a6f33"
I20260710 13:15:12.270905   715 tablet_service.cc:1917] Received RequestConsensusVote() RPC: tablet_id: "e04224e4e0ac447897d818074a8ceebc" candidate_uuid: "ca32432d6ff140f3963fc870ec5c6483" candidate_term: 5 candidate_status { last_received { term: 4 index: 4 } } ignore_live_leader: true dest_uuid: "97615af7d47349bd87ddc2a6eb10f887"
I20260710 13:15:12.271117   639 raft_consensus.cc:3055] T e04224e4e0ac447897d818074a8ceebc P 8c558ee4d34540be88aaaf65fb0a6f33 [term 4 LEADER]: Stepping down as leader of term 4
I20260710 13:15:12.271430   715 raft_consensus.cc:3060] T e04224e4e0ac447897d818074a8ceebc P 97615af7d47349bd87ddc2a6eb10f887 [term 4 FOLLOWER]: Advancing to term 5
I20260710 13:15:12.271436   639 raft_consensus.cc:740] T e04224e4e0ac447897d818074a8ceebc P 8c558ee4d34540be88aaaf65fb0a6f33 [term 4 LEADER]: Becoming Follower/Learner. State: Replica: 8c558ee4d34540be88aaaf65fb0a6f33, State: Running, Role: LEADER
I20260710 13:15:12.272675   714 leader_election.cc:290] T c94baec8fd504a69a8567c204bb5b394 P 97615af7d47349bd87ddc2a6eb10f887 [CANDIDATE]: Term 2 election: Requested vote from peers ca32432d6ff140f3963fc870ec5c6483 (127.0.107.193:33807), 8c558ee4d34540be88aaaf65fb0a6f33 (127.0.107.194:36393)
I20260710 13:15:12.272369   639 consensus_queue.cc:260] T e04224e4e0ac447897d818074a8ceebc P 8c558ee4d34540be88aaaf65fb0a6f33 [NON_LEADER]: Queue going to NON_LEADER mode. State: All replicated index: 0, Majority replicated index: 4, Committed index: 4, Last appended: 4.4, Last appended by leader: 4, Current term: 4, Majority size: -1, State: 0, Mode: NON_LEADER, active raft config: opid_index: -1 OBSOLETE_local: false peers { permanent_uuid: "ca32432d6ff140f3963fc870ec5c6483" member_type: VOTER last_known_addr { host: "127.0.107.193" port: 33807 } } peers { permanent_uuid: "8c558ee4d34540be88aaaf65fb0a6f33" member_type: VOTER last_known_addr { host: "127.0.107.194" port: 36393 } } peers { permanent_uuid: "97615af7d47349bd87ddc2a6eb10f887" member_type: VOTER last_known_addr { host: "127.0.107.195" port: 33741 } }
I20260710 13:15:12.273216   639 raft_consensus.cc:3060] T e04224e4e0ac447897d818074a8ceebc P 8c558ee4d34540be88aaaf65fb0a6f33 [term 4 FOLLOWER]: Advancing to term 5
I20260710 13:15:12.273908   566 tablet_service.cc:1917] Received RequestConsensusVote() RPC: tablet_id: "c94baec8fd504a69a8567c204bb5b394" candidate_uuid: "97615af7d47349bd87ddc2a6eb10f887" candidate_term: 2 candidate_status { last_received { term: 1 index: 1 } } ignore_live_leader: true dest_uuid: "ca32432d6ff140f3963fc870ec5c6483"
I20260710 13:15:12.274433   566 raft_consensus.cc:3060] T c94baec8fd504a69a8567c204bb5b394 P ca32432d6ff140f3963fc870ec5c6483 [term 1 FOLLOWER]: Advancing to term 2
I20260710 13:15:12.270193   565 leader_election.cc:290] T e04224e4e0ac447897d818074a8ceebc P ca32432d6ff140f3963fc870ec5c6483 [CANDIDATE]: Term 5 election: Requested vote from peers 8c558ee4d34540be88aaaf65fb0a6f33 (127.0.107.194:36393), 97615af7d47349bd87ddc2a6eb10f887 (127.0.107.195:33741)
I20260710 13:15:12.277398   640 tablet_service.cc:1917] Received RequestConsensusVote() RPC: tablet_id: "c94baec8fd504a69a8567c204bb5b394" candidate_uuid: "97615af7d47349bd87ddc2a6eb10f887" candidate_term: 2 candidate_status { last_received { term: 1 index: 1 } } ignore_live_leader: true dest_uuid: "8c558ee4d34540be88aaaf65fb0a6f33"
I20260710 13:15:12.277889   639 raft_consensus.cc:2468] T e04224e4e0ac447897d818074a8ceebc P 8c558ee4d34540be88aaaf65fb0a6f33 [term 5 FOLLOWER]: Leader election vote request: Granting yes vote for candidate ca32432d6ff140f3963fc870ec5c6483 in term 5.
I20260710 13:15:12.277930   640 raft_consensus.cc:3055] T c94baec8fd504a69a8567c204bb5b394 P 8c558ee4d34540be88aaaf65fb0a6f33 [term 1 LEADER]: Stepping down as leader of term 1
I20260710 13:15:12.278445   640 raft_consensus.cc:740] T c94baec8fd504a69a8567c204bb5b394 P 8c558ee4d34540be88aaaf65fb0a6f33 [term 1 LEADER]: Becoming Follower/Learner. State: Replica: 8c558ee4d34540be88aaaf65fb0a6f33, State: Running, Role: LEADER
I20260710 13:15:12.278954   529 leader_election.cc:304] T e04224e4e0ac447897d818074a8ceebc P ca32432d6ff140f3963fc870ec5c6483 [CANDIDATE]: Term 5 election: Election decided. Result: candidate won. Election summary: received 2 responses out of 3 voters: 2 yes votes; 0 no votes. yes voters: 8c558ee4d34540be88aaaf65fb0a6f33, ca32432d6ff140f3963fc870ec5c6483; no voters: 
I20260710 13:15:12.279685   898 raft_consensus.cc:2804] T e04224e4e0ac447897d818074a8ceebc P ca32432d6ff140f3963fc870ec5c6483 [term 5 FOLLOWER]: Leader election won for term 5
I20260710 13:15:12.279377   640 consensus_queue.cc:260] T c94baec8fd504a69a8567c204bb5b394 P 8c558ee4d34540be88aaaf65fb0a6f33 [NON_LEADER]: Queue going to NON_LEADER mode. State: All replicated index: 0, Majority replicated index: 1, Committed index: 1, Last appended: 1.1, Last appended by leader: 1, Current term: 1, Majority size: -1, State: 0, Mode: NON_LEADER, active raft config: opid_index: -1 OBSOLETE_local: false peers { permanent_uuid: "ca32432d6ff140f3963fc870ec5c6483" member_type: VOTER last_known_addr { host: "127.0.107.193" port: 33807 } } peers { permanent_uuid: "8c558ee4d34540be88aaaf65fb0a6f33" member_type: VOTER last_known_addr { host: "127.0.107.194" port: 36393 } } peers { permanent_uuid: "97615af7d47349bd87ddc2a6eb10f887" member_type: VOTER last_known_addr { host: "127.0.107.195" port: 33741 } }
I20260710 13:15:12.280056   898 raft_consensus.cc:697] T e04224e4e0ac447897d818074a8ceebc P ca32432d6ff140f3963fc870ec5c6483 [term 5 LEADER]: Becoming Leader. State: Replica: ca32432d6ff140f3963fc870ec5c6483, State: Running, Role: LEADER
I20260710 13:15:12.280579   640 raft_consensus.cc:3060] T c94baec8fd504a69a8567c204bb5b394 P 8c558ee4d34540be88aaaf65fb0a6f33 [term 1 FOLLOWER]: Advancing to term 2
I20260710 13:15:12.280741   898 consensus_queue.cc:237] T e04224e4e0ac447897d818074a8ceebc P ca32432d6ff140f3963fc870ec5c6483 [LEADER]: Queue going to LEADER mode. State: All replicated index: 0, Majority replicated index: 4, Committed index: 4, Last appended: 4.4, Last appended by leader: 4, Current term: 5, Majority size: 2, State: 0, Mode: LEADER, active raft config: opid_index: -1 OBSOLETE_local: false peers { permanent_uuid: "ca32432d6ff140f3963fc870ec5c6483" member_type: VOTER last_known_addr { host: "127.0.107.193" port: 33807 } } peers { permanent_uuid: "8c558ee4d34540be88aaaf65fb0a6f33" member_type: VOTER last_known_addr { host: "127.0.107.194" port: 36393 } } peers { permanent_uuid: "97615af7d47349bd87ddc2a6eb10f887" member_type: VOTER last_known_addr { host: "127.0.107.195" port: 33741 } }
I20260710 13:15:12.282030   566 raft_consensus.cc:2468] T c94baec8fd504a69a8567c204bb5b394 P ca32432d6ff140f3963fc870ec5c6483 [term 2 FOLLOWER]: Leader election vote request: Granting yes vote for candidate 97615af7d47349bd87ddc2a6eb10f887 in term 2.
I20260710 13:15:12.282346   715 raft_consensus.cc:2468] T e04224e4e0ac447897d818074a8ceebc P 97615af7d47349bd87ddc2a6eb10f887 [term 5 FOLLOWER]: Leader election vote request: Granting yes vote for candidate ca32432d6ff140f3963fc870ec5c6483 in term 5.
I20260710 13:15:12.283545   680 leader_election.cc:304] T c94baec8fd504a69a8567c204bb5b394 P 97615af7d47349bd87ddc2a6eb10f887 [CANDIDATE]: Term 2 election: Election decided. Result: candidate won. Election summary: received 2 responses out of 3 voters: 2 yes votes; 0 no votes. yes voters: 97615af7d47349bd87ddc2a6eb10f887, ca32432d6ff140f3963fc870ec5c6483; no voters: 
I20260710 13:15:12.284379   890 raft_consensus.cc:2804] T c94baec8fd504a69a8567c204bb5b394 P 97615af7d47349bd87ddc2a6eb10f887 [term 2 FOLLOWER]: Leader election won for term 2
I20260710 13:15:12.284852   890 raft_consensus.cc:697] T c94baec8fd504a69a8567c204bb5b394 P 97615af7d47349bd87ddc2a6eb10f887 [term 2 LEADER]: Becoming Leader. State: Replica: 97615af7d47349bd87ddc2a6eb10f887, State: Running, Role: LEADER
I20260710 13:15:12.285712   890 consensus_queue.cc:237] T c94baec8fd504a69a8567c204bb5b394 P 97615af7d47349bd87ddc2a6eb10f887 [LEADER]: Queue going to LEADER mode. State: All replicated index: 0, Majority replicated index: 1, Committed index: 1, Last appended: 1.1, Last appended by leader: 1, Current term: 2, Majority size: 2, State: 0, Mode: LEADER, active raft config: opid_index: -1 OBSOLETE_local: false peers { permanent_uuid: "ca32432d6ff140f3963fc870ec5c6483" member_type: VOTER last_known_addr { host: "127.0.107.193" port: 33807 } } peers { permanent_uuid: "8c558ee4d34540be88aaaf65fb0a6f33" member_type: VOTER last_known_addr { host: "127.0.107.194" port: 36393 } } peers { permanent_uuid: "97615af7d47349bd87ddc2a6eb10f887" member_type: VOTER last_known_addr { host: "127.0.107.195" port: 33741 } }
I20260710 13:15:12.287508   640 raft_consensus.cc:2468] T c94baec8fd504a69a8567c204bb5b394 P 8c558ee4d34540be88aaaf65fb0a6f33 [term 2 FOLLOWER]: Leader election vote request: Granting yes vote for candidate 97615af7d47349bd87ddc2a6eb10f887 in term 2.
I20260710 13:15:12.288633   463 catalog_manager.cc:5697] T e04224e4e0ac447897d818074a8ceebc P ca32432d6ff140f3963fc870ec5c6483 reported cstate change: term changed from 4 to 5, leader changed from 8c558ee4d34540be88aaaf65fb0a6f33 (127.0.107.194) to ca32432d6ff140f3963fc870ec5c6483 (127.0.107.193). New cstate: current_term: 5 leader_uuid: "ca32432d6ff140f3963fc870ec5c6483" committed_config { opid_index: -1 OBSOLETE_local: false peers { permanent_uuid: "ca32432d6ff140f3963fc870ec5c6483" member_type: VOTER last_known_addr { host: "127.0.107.193" port: 33807 } health_report { overall_health: HEALTHY } } peers { permanent_uuid: "8c558ee4d34540be88aaaf65fb0a6f33" member_type: VOTER last_known_addr { host: "127.0.107.194" port: 36393 } health_report { overall_health: UNKNOWN } } peers { permanent_uuid: "97615af7d47349bd87ddc2a6eb10f887" member_type: VOTER last_known_addr { host: "127.0.107.195" port: 33741 } health_report { overall_health: UNKNOWN } } }
I20260710 13:15:12.294078   459 catalog_manager.cc:5697] T c94baec8fd504a69a8567c204bb5b394 P 97615af7d47349bd87ddc2a6eb10f887 reported cstate change: term changed from 1 to 2, leader changed from 8c558ee4d34540be88aaaf65fb0a6f33 (127.0.107.194) to 97615af7d47349bd87ddc2a6eb10f887 (127.0.107.195). New cstate: current_term: 2 leader_uuid: "97615af7d47349bd87ddc2a6eb10f887" committed_config { opid_index: -1 OBSOLETE_local: false peers { permanent_uuid: "ca32432d6ff140f3963fc870ec5c6483" member_type: VOTER last_known_addr { host: "127.0.107.193" port: 33807 } health_report { overall_health: UNKNOWN } } peers { permanent_uuid: "8c558ee4d34540be88aaaf65fb0a6f33" member_type: VOTER last_known_addr { host: "127.0.107.194" port: 36393 } health_report { overall_health: UNKNOWN } } peers { permanent_uuid: "97615af7d47349bd87ddc2a6eb10f887" member_type: VOTER last_known_addr { host: "127.0.107.195" port: 33741 } health_report { overall_health: HEALTHY } } }
I20260710 13:15:12.555756   640 raft_consensus.cc:1275] T 9f83a0e9bae34eb893c4d09fb73fc027 P 8c558ee4d34540be88aaaf65fb0a6f33 [term 4 FOLLOWER]: Refusing update from remote peer 97615af7d47349bd87ddc2a6eb10f887: Log matching property violated. Preceding OpId in replica: term: 3 index: 3. Preceding OpId from leader: term: 4 index: 4. (index mismatch)
I20260710 13:15:12.556941   890 consensus_queue.cc:1048] T 9f83a0e9bae34eb893c4d09fb73fc027 P 97615af7d47349bd87ddc2a6eb10f887 [LEADER]: Connected to new peer: Peer: permanent_uuid: "8c558ee4d34540be88aaaf65fb0a6f33" member_type: VOTER last_known_addr { host: "127.0.107.194" port: 36393 }, Status: LMP_MISMATCH, Last received: 0.0, Next index: 4, Last known committed idx: 3, Time since last communication: 0.000s
I20260710 13:15:12.566411   566 raft_consensus.cc:1275] T 9f83a0e9bae34eb893c4d09fb73fc027 P ca32432d6ff140f3963fc870ec5c6483 [term 4 FOLLOWER]: Refusing update from remote peer 97615af7d47349bd87ddc2a6eb10f887: Log matching property violated. Preceding OpId in replica: term: 3 index: 3. Preceding OpId from leader: term: 4 index: 4. (index mismatch)
I20260710 13:15:12.568055   907 consensus_queue.cc:1048] T 9f83a0e9bae34eb893c4d09fb73fc027 P 97615af7d47349bd87ddc2a6eb10f887 [LEADER]: Connected to new peer: Peer: permanent_uuid: "ca32432d6ff140f3963fc870ec5c6483" member_type: VOTER last_known_addr { host: "127.0.107.193" port: 33807 }, Status: LMP_MISMATCH, Last received: 0.0, Next index: 4, Last known committed idx: 3, Time since last communication: 0.001s
I20260710 13:15:12.572466   715 raft_consensus.cc:1275] T aba487ad0b7946ec8aff2c2f1651f88e P 97615af7d47349bd87ddc2a6eb10f887 [term 2 FOLLOWER]: Refusing update from remote peer ca32432d6ff140f3963fc870ec5c6483: Log matching property violated. Preceding OpId in replica: term: 1 index: 1. Preceding OpId from leader: term: 2 index: 2. (index mismatch)
I20260710 13:15:12.574115   898 consensus_queue.cc:1048] T aba487ad0b7946ec8aff2c2f1651f88e P ca32432d6ff140f3963fc870ec5c6483 [LEADER]: Connected to new peer: Peer: permanent_uuid: "97615af7d47349bd87ddc2a6eb10f887" member_type: VOTER last_known_addr { host: "127.0.107.195" port: 33741 }, Status: LMP_MISMATCH, Last received: 0.0, Next index: 2, Last known committed idx: 1, Time since last communication: 0.000s
I20260710 13:15:12.585203   640 raft_consensus.cc:1275] T aba487ad0b7946ec8aff2c2f1651f88e P 8c558ee4d34540be88aaaf65fb0a6f33 [term 2 FOLLOWER]: Refusing update from remote peer ca32432d6ff140f3963fc870ec5c6483: Log matching property violated. Preceding OpId in replica: term: 1 index: 1. Preceding OpId from leader: term: 2 index: 2. (index mismatch)
I20260710 13:15:12.586460   899 consensus_queue.cc:1048] T aba487ad0b7946ec8aff2c2f1651f88e P ca32432d6ff140f3963fc870ec5c6483 [LEADER]: Connected to new peer: Peer: permanent_uuid: "8c558ee4d34540be88aaaf65fb0a6f33" member_type: VOTER last_known_addr { host: "127.0.107.194" port: 36393 }, Status: LMP_MISMATCH, Last received: 0.0, Next index: 2, Last known committed idx: 1, Time since last communication: 0.001s
I20260710 13:15:12.696890   640 raft_consensus.cc:1275] T 158e014e23a84d539f65ad36ed820312 P 8c558ee4d34540be88aaaf65fb0a6f33 [term 4 FOLLOWER]: Refusing update from remote peer ca32432d6ff140f3963fc870ec5c6483: Log matching property violated. Preceding OpId in replica: term: 3 index: 3. Preceding OpId from leader: term: 4 index: 4. (index mismatch)
I20260710 13:15:12.698153   912 consensus_queue.cc:1048] T 158e014e23a84d539f65ad36ed820312 P ca32432d6ff140f3963fc870ec5c6483 [LEADER]: Connected to new peer: Peer: permanent_uuid: "8c558ee4d34540be88aaaf65fb0a6f33" member_type: VOTER last_known_addr { host: "127.0.107.194" port: 36393 }, Status: LMP_MISMATCH, Last received: 0.0, Next index: 4, Last known committed idx: 3, Time since last communication: 0.000s
I20260710 13:15:12.706453   715 raft_consensus.cc:1275] T 158e014e23a84d539f65ad36ed820312 P 97615af7d47349bd87ddc2a6eb10f887 [term 4 FOLLOWER]: Refusing update from remote peer ca32432d6ff140f3963fc870ec5c6483: Log matching property violated. Preceding OpId in replica: term: 3 index: 3. Preceding OpId from leader: term: 4 index: 4. (index mismatch)
I20260710 13:15:12.708307   912 consensus_queue.cc:1048] T 158e014e23a84d539f65ad36ed820312 P ca32432d6ff140f3963fc870ec5c6483 [LEADER]: Connected to new peer: Peer: permanent_uuid: "97615af7d47349bd87ddc2a6eb10f887" member_type: VOTER last_known_addr { host: "127.0.107.195" port: 33741 }, Status: LMP_MISMATCH, Last received: 0.0, Next index: 4, Last known committed idx: 3, Time since last communication: 0.000s
I20260710 13:15:12.717536   640 raft_consensus.cc:1275] T c94baec8fd504a69a8567c204bb5b394 P 8c558ee4d34540be88aaaf65fb0a6f33 [term 2 FOLLOWER]: Refusing update from remote peer 97615af7d47349bd87ddc2a6eb10f887: Log matching property violated. Preceding OpId in replica: term: 1 index: 1. Preceding OpId from leader: term: 2 index: 2. (index mismatch)
I20260710 13:15:12.718583   907 consensus_queue.cc:1048] T c94baec8fd504a69a8567c204bb5b394 P 97615af7d47349bd87ddc2a6eb10f887 [LEADER]: Connected to new peer: Peer: permanent_uuid: "8c558ee4d34540be88aaaf65fb0a6f33" member_type: VOTER last_known_addr { host: "127.0.107.194" port: 36393 }, Status: LMP_MISMATCH, Last received: 0.0, Next index: 2, Last known committed idx: 1, Time since last communication: 0.000s
I20260710 13:15:12.724069   715 raft_consensus.cc:1275] T e04224e4e0ac447897d818074a8ceebc P 97615af7d47349bd87ddc2a6eb10f887 [term 5 FOLLOWER]: Refusing update from remote peer ca32432d6ff140f3963fc870ec5c6483: Log matching property violated. Preceding OpId in replica: term: 4 index: 4. Preceding OpId from leader: term: 5 index: 5. (index mismatch)
I20260710 13:15:12.725991   912 consensus_queue.cc:1048] T e04224e4e0ac447897d818074a8ceebc P ca32432d6ff140f3963fc870ec5c6483 [LEADER]: Connected to new peer: Peer: permanent_uuid: "97615af7d47349bd87ddc2a6eb10f887" member_type: VOTER last_known_addr { host: "127.0.107.195" port: 33741 }, Status: LMP_MISMATCH, Last received: 0.0, Next index: 5, Last known committed idx: 4, Time since last communication: 0.000s
I20260710 13:15:12.728124   566 raft_consensus.cc:1275] T c94baec8fd504a69a8567c204bb5b394 P ca32432d6ff140f3963fc870ec5c6483 [term 2 FOLLOWER]: Refusing update from remote peer 97615af7d47349bd87ddc2a6eb10f887: Log matching property violated. Preceding OpId in replica: term: 1 index: 1. Preceding OpId from leader: term: 2 index: 2. (index mismatch)
I20260710 13:15:12.731650   892 consensus_queue.cc:1048] T c94baec8fd504a69a8567c204bb5b394 P 97615af7d47349bd87ddc2a6eb10f887 [LEADER]: Connected to new peer: Peer: permanent_uuid: "ca32432d6ff140f3963fc870ec5c6483" member_type: VOTER last_known_addr { host: "127.0.107.193" port: 33807 }, Status: LMP_MISMATCH, Last received: 0.0, Next index: 2, Last known committed idx: 1, Time since last communication: 0.001s
I20260710 13:15:12.737823   640 raft_consensus.cc:1275] T e04224e4e0ac447897d818074a8ceebc P 8c558ee4d34540be88aaaf65fb0a6f33 [term 5 FOLLOWER]: Refusing update from remote peer ca32432d6ff140f3963fc870ec5c6483: Log matching property violated. Preceding OpId in replica: term: 4 index: 4. Preceding OpId from leader: term: 5 index: 5. (index mismatch)
I20260710 13:15:12.739527   919 consensus_queue.cc:1048] T e04224e4e0ac447897d818074a8ceebc P ca32432d6ff140f3963fc870ec5c6483 [LEADER]: Connected to new peer: Peer: permanent_uuid: "8c558ee4d34540be88aaaf65fb0a6f33" member_type: VOTER last_known_addr { host: "127.0.107.194" port: 36393 }, Status: LMP_MISMATCH, Last received: 0.0, Next index: 5, Last known committed idx: 4, Time since last communication: 0.000s
I20260710 13:15:12.892611   431 auto_leader_rebalancer.cc:141] leader rebalance for table test-workload
I20260710 13:15:12.897730   431 tablet_server.cc:179] TabletServer@127.0.107.193:0 shutting down...
I20260710 13:15:12.919042   431 ts_tablet_manager.cc:1507] Shutting down tablet manager...
I20260710 13:15:12.919732   431 tablet_replica.cc:333] T 9f83a0e9bae34eb893c4d09fb73fc027 P ca32432d6ff140f3963fc870ec5c6483: stopping tablet replica
I20260710 13:15:12.920439   431 raft_consensus.cc:2243] T 9f83a0e9bae34eb893c4d09fb73fc027 P ca32432d6ff140f3963fc870ec5c6483 [term 4 FOLLOWER]: Raft consensus shutting down.
I20260710 13:15:12.920909   431 raft_consensus.cc:2272] T 9f83a0e9bae34eb893c4d09fb73fc027 P ca32432d6ff140f3963fc870ec5c6483 [term 4 FOLLOWER]: Raft consensus is shut down!
I20260710 13:15:12.923753   431 tablet_replica.cc:333] T c94baec8fd504a69a8567c204bb5b394 P ca32432d6ff140f3963fc870ec5c6483: stopping tablet replica
I20260710 13:15:12.924304   431 raft_consensus.cc:2243] T c94baec8fd504a69a8567c204bb5b394 P ca32432d6ff140f3963fc870ec5c6483 [term 2 FOLLOWER]: Raft consensus shutting down.
I20260710 13:15:12.924683   431 raft_consensus.cc:2272] T c94baec8fd504a69a8567c204bb5b394 P ca32432d6ff140f3963fc870ec5c6483 [term 2 FOLLOWER]: Raft consensus is shut down!
I20260710 13:15:12.926421   431 tablet_replica.cc:333] T 160b13dafbdc42afba20d3a7ea6f95a4 P ca32432d6ff140f3963fc870ec5c6483: stopping tablet replica
I20260710 13:15:12.926910   431 raft_consensus.cc:2243] T 160b13dafbdc42afba20d3a7ea6f95a4 P ca32432d6ff140f3963fc870ec5c6483 [term 2 FOLLOWER]: Raft consensus shutting down.
I20260710 13:15:12.927295   431 raft_consensus.cc:2272] T 160b13dafbdc42afba20d3a7ea6f95a4 P ca32432d6ff140f3963fc870ec5c6483 [term 2 FOLLOWER]: Raft consensus is shut down!
I20260710 13:15:12.928782   431 tablet_replica.cc:333] T 291338f336254870844e3c324f2a5ef8 P ca32432d6ff140f3963fc870ec5c6483: stopping tablet replica
I20260710 13:15:12.929212   431 raft_consensus.cc:2243] T 291338f336254870844e3c324f2a5ef8 P ca32432d6ff140f3963fc870ec5c6483 [term 2 FOLLOWER]: Raft consensus shutting down.
I20260710 13:15:12.929556   431 raft_consensus.cc:2272] T 291338f336254870844e3c324f2a5ef8 P ca32432d6ff140f3963fc870ec5c6483 [term 2 FOLLOWER]: Raft consensus is shut down!
I20260710 13:15:12.931089   431 tablet_replica.cc:333] T 89234320028c4eedb246321ae9726d5c P ca32432d6ff140f3963fc870ec5c6483: stopping tablet replica
I20260710 13:15:12.931509   431 raft_consensus.cc:2243] T 89234320028c4eedb246321ae9726d5c P ca32432d6ff140f3963fc870ec5c6483 [term 2 FOLLOWER]: Raft consensus shutting down.
I20260710 13:15:12.931867   431 raft_consensus.cc:2272] T 89234320028c4eedb246321ae9726d5c P ca32432d6ff140f3963fc870ec5c6483 [term 2 FOLLOWER]: Raft consensus is shut down!
I20260710 13:15:12.933386   431 tablet_replica.cc:333] T aba487ad0b7946ec8aff2c2f1651f88e P ca32432d6ff140f3963fc870ec5c6483: stopping tablet replica
I20260710 13:15:12.933810   431 raft_consensus.cc:2243] T aba487ad0b7946ec8aff2c2f1651f88e P ca32432d6ff140f3963fc870ec5c6483 [term 2 LEADER]: Raft consensus shutting down.
I20260710 13:15:12.934448   431 raft_consensus.cc:2272] T aba487ad0b7946ec8aff2c2f1651f88e P ca32432d6ff140f3963fc870ec5c6483 [term 2 FOLLOWER]: Raft consensus is shut down!
I20260710 13:15:12.936369   431 tablet_replica.cc:333] T e04224e4e0ac447897d818074a8ceebc P ca32432d6ff140f3963fc870ec5c6483: stopping tablet replica
I20260710 13:15:12.936786   431 raft_consensus.cc:2243] T e04224e4e0ac447897d818074a8ceebc P ca32432d6ff140f3963fc870ec5c6483 [term 5 LEADER]: Raft consensus shutting down.
I20260710 13:15:12.937417   431 raft_consensus.cc:2272] T e04224e4e0ac447897d818074a8ceebc P ca32432d6ff140f3963fc870ec5c6483 [term 5 FOLLOWER]: Raft consensus is shut down!
I20260710 13:15:12.939126   431 tablet_replica.cc:333] T 158e014e23a84d539f65ad36ed820312 P ca32432d6ff140f3963fc870ec5c6483: stopping tablet replica
I20260710 13:15:12.939543   431 raft_consensus.cc:2243] T 158e014e23a84d539f65ad36ed820312 P ca32432d6ff140f3963fc870ec5c6483 [term 4 LEADER]: Raft consensus shutting down.
I20260710 13:15:12.940356   431 raft_consensus.cc:2272] T 158e014e23a84d539f65ad36ed820312 P ca32432d6ff140f3963fc870ec5c6483 [term 4 FOLLOWER]: Raft consensus is shut down!
W20260710 13:15:12.941097   680 proxy.cc:239] Call had error, refreshing address and retrying: Remote error: Service unavailable: service kudu.consensus.ConsensusService not registered on TabletServer
I20260710 13:15:12.942116   431 tablet_replica.cc:333] T c8f736bc85674cdba130888b2fddb9bf P ca32432d6ff140f3963fc870ec5c6483: stopping tablet replica
I20260710 13:15:12.942737   431 raft_consensus.cc:2243] T c8f736bc85674cdba130888b2fddb9bf P ca32432d6ff140f3963fc870ec5c6483 [term 2 FOLLOWER]: Raft consensus shutting down.
I20260710 13:15:12.943173   431 raft_consensus.cc:2272] T c8f736bc85674cdba130888b2fddb9bf P ca32432d6ff140f3963fc870ec5c6483 [term 2 FOLLOWER]: Raft consensus is shut down!
W20260710 13:15:12.943951   680 consensus_peers.cc:597] T 160b13dafbdc42afba20d3a7ea6f95a4 P 97615af7d47349bd87ddc2a6eb10f887 -> Peer ca32432d6ff140f3963fc870ec5c6483 (127.0.107.193:33807): Couldn't send request to peer ca32432d6ff140f3963fc870ec5c6483. Status: Remote error: Service unavailable: service kudu.consensus.ConsensusService not registered on TabletServer. This is attempt 1: this message will repeat every 5th retry.
I20260710 13:15:13.032059   431 tablet_server.cc:196] TabletServer@127.0.107.193:0 shutdown complete.
W20260710 13:15:13.034909   680 consensus_peers.cc:597] T 9f83a0e9bae34eb893c4d09fb73fc027 P 97615af7d47349bd87ddc2a6eb10f887 -> Peer ca32432d6ff140f3963fc870ec5c6483 (127.0.107.193:33807): Couldn't send request to peer ca32432d6ff140f3963fc870ec5c6483. Status: Network error: Client connection negotiation failed: client connection to 127.0.107.193:33807: connect: Connection refused (error 111). This is attempt 1: this message will repeat every 5th retry.
I20260710 13:15:13.049667   431 tablet_server.cc:179] TabletServer@127.0.107.194:0 shutting down...
I20260710 13:15:13.069716   431 ts_tablet_manager.cc:1507] Shutting down tablet manager...
I20260710 13:15:13.070394   431 tablet_replica.cc:333] T 160b13dafbdc42afba20d3a7ea6f95a4 P 8c558ee4d34540be88aaaf65fb0a6f33: stopping tablet replica
I20260710 13:15:13.070958   431 raft_consensus.cc:2243] T 160b13dafbdc42afba20d3a7ea6f95a4 P 8c558ee4d34540be88aaaf65fb0a6f33 [term 2 FOLLOWER]: Raft consensus shutting down.
I20260710 13:15:13.071493   431 raft_consensus.cc:2272] T 160b13dafbdc42afba20d3a7ea6f95a4 P 8c558ee4d34540be88aaaf65fb0a6f33 [term 2 FOLLOWER]: Raft consensus is shut down!
I20260710 13:15:13.073259   431 tablet_replica.cc:333] T c94baec8fd504a69a8567c204bb5b394 P 8c558ee4d34540be88aaaf65fb0a6f33: stopping tablet replica
I20260710 13:15:13.073717   431 raft_consensus.cc:2243] T c94baec8fd504a69a8567c204bb5b394 P 8c558ee4d34540be88aaaf65fb0a6f33 [term 2 FOLLOWER]: Raft consensus shutting down.
I20260710 13:15:13.074046   431 raft_consensus.cc:2272] T c94baec8fd504a69a8567c204bb5b394 P 8c558ee4d34540be88aaaf65fb0a6f33 [term 2 FOLLOWER]: Raft consensus is shut down!
I20260710 13:15:13.075969   431 tablet_replica.cc:333] T 291338f336254870844e3c324f2a5ef8 P 8c558ee4d34540be88aaaf65fb0a6f33: stopping tablet replica
I20260710 13:15:13.076438   431 raft_consensus.cc:2243] T 291338f336254870844e3c324f2a5ef8 P 8c558ee4d34540be88aaaf65fb0a6f33 [term 2 LEADER]: Raft consensus shutting down.
I20260710 13:15:13.077142   431 raft_consensus.cc:2272] T 291338f336254870844e3c324f2a5ef8 P 8c558ee4d34540be88aaaf65fb0a6f33 [term 2 FOLLOWER]: Raft consensus is shut down!
I20260710 13:15:13.078644   431 tablet_replica.cc:333] T 158e014e23a84d539f65ad36ed820312 P 8c558ee4d34540be88aaaf65fb0a6f33: stopping tablet replica
I20260710 13:15:13.079119   431 raft_consensus.cc:2243] T 158e014e23a84d539f65ad36ed820312 P 8c558ee4d34540be88aaaf65fb0a6f33 [term 4 FOLLOWER]: Raft consensus shutting down.
I20260710 13:15:13.079468   431 raft_consensus.cc:2272] T 158e014e23a84d539f65ad36ed820312 P 8c558ee4d34540be88aaaf65fb0a6f33 [term 4 FOLLOWER]: Raft consensus is shut down!
I20260710 13:15:13.081359   431 tablet_replica.cc:333] T c8f736bc85674cdba130888b2fddb9bf P 8c558ee4d34540be88aaaf65fb0a6f33: stopping tablet replica
I20260710 13:15:13.081802   431 raft_consensus.cc:2243] T c8f736bc85674cdba130888b2fddb9bf P 8c558ee4d34540be88aaaf65fb0a6f33 [term 2 LEADER]: Raft consensus shutting down.
I20260710 13:15:13.082465   431 raft_consensus.cc:2272] T c8f736bc85674cdba130888b2fddb9bf P 8c558ee4d34540be88aaaf65fb0a6f33 [term 2 FOLLOWER]: Raft consensus is shut down!
I20260710 13:15:13.083884   431 tablet_replica.cc:333] T e04224e4e0ac447897d818074a8ceebc P 8c558ee4d34540be88aaaf65fb0a6f33: stopping tablet replica
I20260710 13:15:13.084374   431 raft_consensus.cc:2243] T e04224e4e0ac447897d818074a8ceebc P 8c558ee4d34540be88aaaf65fb0a6f33 [term 5 FOLLOWER]: Raft consensus shutting down.
I20260710 13:15:13.084718   431 raft_consensus.cc:2272] T e04224e4e0ac447897d818074a8ceebc P 8c558ee4d34540be88aaaf65fb0a6f33 [term 5 FOLLOWER]: Raft consensus is shut down!
I20260710 13:15:13.086534   431 tablet_replica.cc:333] T 89234320028c4eedb246321ae9726d5c P 8c558ee4d34540be88aaaf65fb0a6f33: stopping tablet replica
I20260710 13:15:13.087008   431 raft_consensus.cc:2243] T 89234320028c4eedb246321ae9726d5c P 8c558ee4d34540be88aaaf65fb0a6f33 [term 2 LEADER]: Raft consensus shutting down.
I20260710 13:15:13.087644   431 raft_consensus.cc:2272] T 89234320028c4eedb246321ae9726d5c P 8c558ee4d34540be88aaaf65fb0a6f33 [term 2 FOLLOWER]: Raft consensus is shut down!
I20260710 13:15:13.089047   431 tablet_replica.cc:333] T aba487ad0b7946ec8aff2c2f1651f88e P 8c558ee4d34540be88aaaf65fb0a6f33: stopping tablet replica
I20260710 13:15:13.089437   431 raft_consensus.cc:2243] T aba487ad0b7946ec8aff2c2f1651f88e P 8c558ee4d34540be88aaaf65fb0a6f33 [term 2 FOLLOWER]: Raft consensus shutting down.
I20260710 13:15:13.089812   431 raft_consensus.cc:2272] T aba487ad0b7946ec8aff2c2f1651f88e P 8c558ee4d34540be88aaaf65fb0a6f33 [term 2 FOLLOWER]: Raft consensus is shut down!
I20260710 13:15:13.091657   431 tablet_replica.cc:333] T 9f83a0e9bae34eb893c4d09fb73fc027 P 8c558ee4d34540be88aaaf65fb0a6f33: stopping tablet replica
I20260710 13:15:13.092039   431 raft_consensus.cc:2243] T 9f83a0e9bae34eb893c4d09fb73fc027 P 8c558ee4d34540be88aaaf65fb0a6f33 [term 4 FOLLOWER]: Raft consensus shutting down.
I20260710 13:15:13.092446   431 raft_consensus.cc:2272] T 9f83a0e9bae34eb893c4d09fb73fc027 P 8c558ee4d34540be88aaaf65fb0a6f33 [term 4 FOLLOWER]: Raft consensus is shut down!
I20260710 13:15:13.118597   431 tablet_server.cc:196] TabletServer@127.0.107.194:0 shutdown complete.
I20260710 13:15:13.133332   431 tablet_server.cc:179] TabletServer@127.0.107.195:0 shutting down...
I20260710 13:15:13.151306   431 ts_tablet_manager.cc:1507] Shutting down tablet manager...
I20260710 13:15:13.152056   431 tablet_replica.cc:333] T c94baec8fd504a69a8567c204bb5b394 P 97615af7d47349bd87ddc2a6eb10f887: stopping tablet replica
I20260710 13:15:13.152681   431 raft_consensus.cc:2243] T c94baec8fd504a69a8567c204bb5b394 P 97615af7d47349bd87ddc2a6eb10f887 [term 2 LEADER]: Raft consensus shutting down.
I20260710 13:15:13.153352   431 raft_consensus.cc:2272] T c94baec8fd504a69a8567c204bb5b394 P 97615af7d47349bd87ddc2a6eb10f887 [term 2 FOLLOWER]: Raft consensus is shut down!
I20260710 13:15:13.155566   431 tablet_replica.cc:333] T 291338f336254870844e3c324f2a5ef8 P 97615af7d47349bd87ddc2a6eb10f887: stopping tablet replica
I20260710 13:15:13.156006   431 raft_consensus.cc:2243] T 291338f336254870844e3c324f2a5ef8 P 97615af7d47349bd87ddc2a6eb10f887 [term 2 FOLLOWER]: Raft consensus shutting down.
I20260710 13:15:13.156440   431 raft_consensus.cc:2272] T 291338f336254870844e3c324f2a5ef8 P 97615af7d47349bd87ddc2a6eb10f887 [term 2 FOLLOWER]: Raft consensus is shut down!
I20260710 13:15:13.157955   431 tablet_replica.cc:333] T 160b13dafbdc42afba20d3a7ea6f95a4 P 97615af7d47349bd87ddc2a6eb10f887: stopping tablet replica
I20260710 13:15:13.158428   431 raft_consensus.cc:2243] T 160b13dafbdc42afba20d3a7ea6f95a4 P 97615af7d47349bd87ddc2a6eb10f887 [term 2 LEADER]: Raft consensus shutting down.
I20260710 13:15:13.159061   431 raft_consensus.cc:2272] T 160b13dafbdc42afba20d3a7ea6f95a4 P 97615af7d47349bd87ddc2a6eb10f887 [term 2 FOLLOWER]: Raft consensus is shut down!
I20260710 13:15:13.160514   431 tablet_replica.cc:333] T e04224e4e0ac447897d818074a8ceebc P 97615af7d47349bd87ddc2a6eb10f887: stopping tablet replica
I20260710 13:15:13.160913   431 raft_consensus.cc:2243] T e04224e4e0ac447897d818074a8ceebc P 97615af7d47349bd87ddc2a6eb10f887 [term 5 FOLLOWER]: Raft consensus shutting down.
I20260710 13:15:13.161242   431 raft_consensus.cc:2272] T e04224e4e0ac447897d818074a8ceebc P 97615af7d47349bd87ddc2a6eb10f887 [term 5 FOLLOWER]: Raft consensus is shut down!
I20260710 13:15:13.162985   431 tablet_replica.cc:333] T c8f736bc85674cdba130888b2fddb9bf P 97615af7d47349bd87ddc2a6eb10f887: stopping tablet replica
I20260710 13:15:13.163399   431 raft_consensus.cc:2243] T c8f736bc85674cdba130888b2fddb9bf P 97615af7d47349bd87ddc2a6eb10f887 [term 2 FOLLOWER]: Raft consensus shutting down.
I20260710 13:15:13.163730   431 raft_consensus.cc:2272] T c8f736bc85674cdba130888b2fddb9bf P 97615af7d47349bd87ddc2a6eb10f887 [term 2 FOLLOWER]: Raft consensus is shut down!
I20260710 13:15:13.165162   431 tablet_replica.cc:333] T 158e014e23a84d539f65ad36ed820312 P 97615af7d47349bd87ddc2a6eb10f887: stopping tablet replica
I20260710 13:15:13.165557   431 raft_consensus.cc:2243] T 158e014e23a84d539f65ad36ed820312 P 97615af7d47349bd87ddc2a6eb10f887 [term 4 FOLLOWER]: Raft consensus shutting down.
I20260710 13:15:13.165881   431 raft_consensus.cc:2272] T 158e014e23a84d539f65ad36ed820312 P 97615af7d47349bd87ddc2a6eb10f887 [term 4 FOLLOWER]: Raft consensus is shut down!
I20260710 13:15:13.167457   431 tablet_replica.cc:333] T aba487ad0b7946ec8aff2c2f1651f88e P 97615af7d47349bd87ddc2a6eb10f887: stopping tablet replica
I20260710 13:15:13.167845   431 raft_consensus.cc:2243] T aba487ad0b7946ec8aff2c2f1651f88e P 97615af7d47349bd87ddc2a6eb10f887 [term 2 FOLLOWER]: Raft consensus shutting down.
I20260710 13:15:13.168190   431 raft_consensus.cc:2272] T aba487ad0b7946ec8aff2c2f1651f88e P 97615af7d47349bd87ddc2a6eb10f887 [term 2 FOLLOWER]: Raft consensus is shut down!
I20260710 13:15:13.169889   431 tablet_replica.cc:333] T 89234320028c4eedb246321ae9726d5c P 97615af7d47349bd87ddc2a6eb10f887: stopping tablet replica
I20260710 13:15:13.170310   431 raft_consensus.cc:2243] T 89234320028c4eedb246321ae9726d5c P 97615af7d47349bd87ddc2a6eb10f887 [term 2 FOLLOWER]: Raft consensus shutting down.
I20260710 13:15:13.170681   431 raft_consensus.cc:2272] T 89234320028c4eedb246321ae9726d5c P 97615af7d47349bd87ddc2a6eb10f887 [term 2 FOLLOWER]: Raft consensus is shut down!
I20260710 13:15:13.172192   431 tablet_replica.cc:333] T 9f83a0e9bae34eb893c4d09fb73fc027 P 97615af7d47349bd87ddc2a6eb10f887: stopping tablet replica
I20260710 13:15:13.172575   431 raft_consensus.cc:2243] T 9f83a0e9bae34eb893c4d09fb73fc027 P 97615af7d47349bd87ddc2a6eb10f887 [term 4 LEADER]: Raft consensus shutting down.
I20260710 13:15:13.173203   431 raft_consensus.cc:2272] T 9f83a0e9bae34eb893c4d09fb73fc027 P 97615af7d47349bd87ddc2a6eb10f887 [term 4 FOLLOWER]: Raft consensus is shut down!
I20260710 13:15:13.198239   431 tablet_server.cc:196] TabletServer@127.0.107.195:0 shutdown complete.
I20260710 13:15:13.213796   431 master.cc:562] Master@127.0.107.254:36003 shutting down...
I20260710 13:15:13.335376   431 raft_consensus.cc:2243] T 00000000000000000000000000000000 P e46a634318b34a19b1d779ce2cc67348 [term 1 LEADER]: Raft consensus shutting down.
I20260710 13:15:13.335865   431 raft_consensus.cc:2272] T 00000000000000000000000000000000 P e46a634318b34a19b1d779ce2cc67348 [term 1 FOLLOWER]: Raft consensus is shut down!
I20260710 13:15:13.336217   431 tablet_replica.cc:333] T 00000000000000000000000000000000 P e46a634318b34a19b1d779ce2cc67348: stopping tablet replica
I20260710 13:15:13.354107   431 master.cc:584] Master@127.0.107.254:36003 shutdown complete.
8c558ee4d34540be88aaaf65fb0a6f33  4
97615af7d47349bd87ddc2a6eb10f887  1
ca32432d6ff140f3963fc870ec5c6483  4
[       OK ] LeaderRebalancerTest.FunctionalTestForDivided (12200 ms)
[ RUN      ] LeaderRebalancerTest.FunctionalTestForNotDivided
I20260710 13:15:13.389037   431 internal_mini_cluster.cc:156] Creating distributed mini masters. Addrs: 127.0.107.254:38597
I20260710 13:15:13.390079   431 file_cache.cc:504] Constructed file cache file cache with capacity 419430
W20260710 13:15:13.395025   923 instance_detector.cc:116] could not retrieve AWS instance metadata: Network error: curl error: HTTP response code said error: The requested URL returned error: 404
W20260710 13:15:13.395283   924 instance_detector.cc:116] could not retrieve Azure instance metadata: Network error: curl error: HTTP response code said error: The requested URL returned error: 404
W20260710 13:15:13.396332   926 instance_detector.cc:116] could not retrieve OpenStack instance metadata: Network error: curl error: HTTP response code said error: The requested URL returned error: 404
I20260710 13:15:13.397030   431 server_base.cc:1061] running on GCE node
I20260710 13:15:13.397722   431 hybrid_clock.cc:584] initializing the hybrid clock with 'system_unsync' time source
W20260710 13:15:13.397889   431 system_unsync_time.cc:38] NTP support is disabled. Clock error bounds will not be accurate. This configuration is not suitable for distributed clusters.
I20260710 13:15:13.398007   431 hybrid_clock.cc:648] HybridClock initialized: now 1783689313397996 us; error 0 us; skew 500 ppm
I20260710 13:15:13.398452   431 server_base.cc:861] Flag tcmalloc_max_total_thread_cache_bytes is not working since tcmalloc is not enabled.
I20260710 13:15:13.400827   431 webserver.cc:533] Webserver started at http://127.0.107.254:39317/ using document root <none> and password file <none>
I20260710 13:15:13.401270   431 fs_manager.cc:362] Metadata directory not provided
I20260710 13:15:13.401422   431 fs_manager.cc:368] Using write-ahead log directory (fs_wal_dir) as metadata directory
I20260710 13:15:13.401635   431 server_base.cc:909] This appears to be a new deployment of Kudu; creating new FS layout
I20260710 13:15:13.402667   431 fs_manager.cc:1068] Generated new instance metadata in path /tmp/dist-test-taskUGkbtM/test-tmp/auto_leader_rebalancer-test.0.LeaderRebalancerTest.FunctionalTestForNotDivided.1783689301027250-431-0/minicluster-data/master-0-root/instance:
uuid: "76b5c202dd0244c1be0b399736991c1b"
format_stamp: "Formatted at 2026-07-10 13:15:13 on dist-test-slave-krhr"
I20260710 13:15:13.406878   431 fs_manager.cc:696] Time spent creating directory manager: real 0.004s	user 0.006s	sys 0.000s
I20260710 13:15:13.410167   931 log_block_manager.cc:4127] Time spent loading block containers with low live blocks: real 0.000s	user 0.000s	sys 0.000s
I20260710 13:15:13.410908   431 fs_manager.cc:730] Time spent opening block manager: real 0.002s	user 0.002s	sys 0.000s
I20260710 13:15:13.411181   431 fs_manager.cc:647] Opened local filesystem: /tmp/dist-test-taskUGkbtM/test-tmp/auto_leader_rebalancer-test.0.LeaderRebalancerTest.FunctionalTestForNotDivided.1783689301027250-431-0/minicluster-data/master-0-root
uuid: "76b5c202dd0244c1be0b399736991c1b"
format_stamp: "Formatted at 2026-07-10 13:15:13 on dist-test-slave-krhr"
I20260710 13:15:13.411448   431 fs_report.cc:389] FS layout report
--------------------
wal directory: /tmp/dist-test-taskUGkbtM/test-tmp/auto_leader_rebalancer-test.0.LeaderRebalancerTest.FunctionalTestForNotDivided.1783689301027250-431-0/minicluster-data/master-0-root
metadata directory: /tmp/dist-test-taskUGkbtM/test-tmp/auto_leader_rebalancer-test.0.LeaderRebalancerTest.FunctionalTestForNotDivided.1783689301027250-431-0/minicluster-data/master-0-root
1 data directories: /tmp/dist-test-taskUGkbtM/test-tmp/auto_leader_rebalancer-test.0.LeaderRebalancerTest.FunctionalTestForNotDivided.1783689301027250-431-0/minicluster-data/master-0-root/data
Total live blocks: 0
Total live bytes: 0
Total live bytes (after alignment): 0
Total number of LBM containers: 0 (0 full)
Did not check for missing blocks
Did not check for orphaned blocks
Total full LBM containers with extra space: 0 (0 repaired)
Total full LBM container extra space in bytes: 0 (0 repaired)
Total incomplete LBM containers: 0 (0 repaired)
Total LBM partial records: 0 (0 repaired)
Total corrupted LBM metadata records in RocksDB: 0 (0 repaired)
I20260710 13:15:13.430371   431 rpc_server.cc:225] running with OpenSSL 1.1.1  11 Sep 2018
I20260710 13:15:13.431617   431 kserver.cc:163] Server-wide thread pool size limit: 3276
I20260710 13:15:13.467451   431 rpc_server.cc:307] RPC server started. Bound to: 127.0.107.254:38597
I20260710 13:15:13.467550   982 acceptor_pool.cc:272] collecting diagnostics on the listening RPC socket 127.0.107.254:38597 every 8 connection(s)
I20260710 13:15:13.471095   983 data_dirs.cc:400] Could only allocate 1 dirs of requested 3 for tablet 00000000000000000000000000000000. 1 dirs total, 0 dirs full, 0 dirs failed
I20260710 13:15:13.479840   983 tablet_bootstrap.cc:492] T 00000000000000000000000000000000 P 76b5c202dd0244c1be0b399736991c1b: Bootstrap starting.
I20260710 13:15:13.484448   983 tablet_bootstrap.cc:654] T 00000000000000000000000000000000 P 76b5c202dd0244c1be0b399736991c1b: Neither blocks nor log segments found. Creating new log.
I20260710 13:15:13.488272   983 tablet_bootstrap.cc:492] T 00000000000000000000000000000000 P 76b5c202dd0244c1be0b399736991c1b: No bootstrap required, opened a new log
I20260710 13:15:13.490187   983 raft_consensus.cc:359] T 00000000000000000000000000000000 P 76b5c202dd0244c1be0b399736991c1b [term 0 FOLLOWER]: Replica starting. Triggering 0 pending ops. Active config: opid_index: -1 OBSOLETE_local: true peers { permanent_uuid: "76b5c202dd0244c1be0b399736991c1b" member_type: VOTER }
I20260710 13:15:13.490548   983 raft_consensus.cc:385] T 00000000000000000000000000000000 P 76b5c202dd0244c1be0b399736991c1b [term 0 FOLLOWER]: Consensus starting up: Expiring failure detector timer to make a prompt election more likely
I20260710 13:15:13.490721   983 raft_consensus.cc:740] T 00000000000000000000000000000000 P 76b5c202dd0244c1be0b399736991c1b [term 0 FOLLOWER]: Becoming Follower/Learner. State: Replica: 76b5c202dd0244c1be0b399736991c1b, State: Initialized, Role: FOLLOWER
I20260710 13:15:13.491166   983 consensus_queue.cc:260] T 00000000000000000000000000000000 P 76b5c202dd0244c1be0b399736991c1b [NON_LEADER]: Queue going to NON_LEADER mode. State: All replicated index: 0, Majority replicated index: 0, Committed index: 0, Last appended: 0.0, Last appended by leader: 0, Current term: 0, Majority size: -1, State: 0, Mode: NON_LEADER, active raft config: opid_index: -1 OBSOLETE_local: true peers { permanent_uuid: "76b5c202dd0244c1be0b399736991c1b" member_type: VOTER }
I20260710 13:15:13.491564   983 raft_consensus.cc:399] T 00000000000000000000000000000000 P 76b5c202dd0244c1be0b399736991c1b [term 0 FOLLOWER]: Only one voter in the Raft config. Triggering election immediately
I20260710 13:15:13.491746   983 raft_consensus.cc:493] T 00000000000000000000000000000000 P 76b5c202dd0244c1be0b399736991c1b [term 0 FOLLOWER]: Starting leader election (initial election of a single-replica configuration)
I20260710 13:15:13.491948   983 raft_consensus.cc:3060] T 00000000000000000000000000000000 P 76b5c202dd0244c1be0b399736991c1b [term 0 FOLLOWER]: Advancing to term 1
I20260710 13:15:13.495644   983 raft_consensus.cc:515] T 00000000000000000000000000000000 P 76b5c202dd0244c1be0b399736991c1b [term 1 FOLLOWER]: Starting leader election with config: opid_index: -1 OBSOLETE_local: true peers { permanent_uuid: "76b5c202dd0244c1be0b399736991c1b" member_type: VOTER }
I20260710 13:15:13.496124   983 leader_election.cc:304] T 00000000000000000000000000000000 P 76b5c202dd0244c1be0b399736991c1b [CANDIDATE]: Term 1 election: Election decided. Result: candidate won. Election summary: received 1 responses out of 1 voters: 1 yes votes; 0 no votes. yes voters: 76b5c202dd0244c1be0b399736991c1b; no voters: 
I20260710 13:15:13.497153   983 leader_election.cc:290] T 00000000000000000000000000000000 P 76b5c202dd0244c1be0b399736991c1b [CANDIDATE]: Term 1 election: Requested vote from peers 
I20260710 13:15:13.497433   986 raft_consensus.cc:2804] T 00000000000000000000000000000000 P 76b5c202dd0244c1be0b399736991c1b [term 1 FOLLOWER]: Leader election won for term 1
I20260710 13:15:13.498665   986 raft_consensus.cc:697] T 00000000000000000000000000000000 P 76b5c202dd0244c1be0b399736991c1b [term 1 LEADER]: Becoming Leader. State: Replica: 76b5c202dd0244c1be0b399736991c1b, State: Running, Role: LEADER
I20260710 13:15:13.499217   986 consensus_queue.cc:237] T 00000000000000000000000000000000 P 76b5c202dd0244c1be0b399736991c1b [LEADER]: Queue going to LEADER mode. State: All replicated index: 0, Majority replicated index: 0, Committed index: 0, Last appended: 0.0, Last appended by leader: 0, Current term: 1, Majority size: 1, State: 0, Mode: LEADER, active raft config: opid_index: -1 OBSOLETE_local: true peers { permanent_uuid: "76b5c202dd0244c1be0b399736991c1b" member_type: VOTER }
I20260710 13:15:13.499845   983 sys_catalog.cc:565] T 00000000000000000000000000000000 P 76b5c202dd0244c1be0b399736991c1b [sys.catalog]: configured and running, proceeding with master startup.
I20260710 13:15:13.503060   987 sys_catalog.cc:455] T 00000000000000000000000000000000 P 76b5c202dd0244c1be0b399736991c1b [sys.catalog]: SysCatalogTable state changed. Reason: RaftConsensus started. Latest consensus state: current_term: 1 leader_uuid: "76b5c202dd0244c1be0b399736991c1b" committed_config { opid_index: -1 OBSOLETE_local: true peers { permanent_uuid: "76b5c202dd0244c1be0b399736991c1b" member_type: VOTER } }
