I20260710 13:23:26.349155 17093 tablet_bootstrap.cc:492] T 515cc0e1afa044f6b4a0fc5910de039f P e225f890a12e47dcb47f31d92beea490: No bootstrap required, opened a new log
I20260710 13:23:26.351478 17093 ts_tablet_manager.cc:1403] T 515cc0e1afa044f6b4a0fc5910de039f P e225f890a12e47dcb47f31d92beea490: Time spent bootstrapping tablet: real 0.090s	user 0.016s	sys 0.006s
I20260710 13:23:26.370898 17093 raft_consensus.cc:359] T 515cc0e1afa044f6b4a0fc5910de039f P e225f890a12e47dcb47f31d92beea490 [term 0 FOLLOWER]: Replica starting. Triggering 0 pending ops. Active config: opid_index: -1 OBSOLETE_local: false peers { permanent_uuid: "84de769a8bca434db764e785d0c712d7" member_type: VOTER last_known_addr { host: "127.16.94.193" port: 43317 } } peers { permanent_uuid: "9fe0645eb892405a9403027136a00204" member_type: VOTER last_known_addr { host: "127.16.94.194" port: 40093 } } peers { permanent_uuid: "e225f890a12e47dcb47f31d92beea490" member_type: VOTER last_known_addr { host: "127.16.94.195" port: 44027 } }
I20260710 13:23:26.371622 17093 raft_consensus.cc:385] T 515cc0e1afa044f6b4a0fc5910de039f P e225f890a12e47dcb47f31d92beea490 [term 0 FOLLOWER]: Consensus starting up: Expiring failure detector timer to make a prompt election more likely
I20260710 13:23:26.372402 17093 raft_consensus.cc:740] T 515cc0e1afa044f6b4a0fc5910de039f P e225f890a12e47dcb47f31d92beea490 [term 0 FOLLOWER]: Becoming Follower/Learner. State: Replica: e225f890a12e47dcb47f31d92beea490, State: Initialized, Role: FOLLOWER
I20260710 13:23:26.373131 17093 consensus_queue.cc:260] T 515cc0e1afa044f6b4a0fc5910de039f P e225f890a12e47dcb47f31d92beea490 [NON_LEADER]: Queue going to NON_LEADER mode. State: All replicated index: 0, Majority replicated index: 0, Committed index: 0, Last appended: 0.0, Last appended by leader: 0, Current term: 0, Majority size: -1, State: 0, Mode: NON_LEADER, active raft config: opid_index: -1 OBSOLETE_local: false peers { permanent_uuid: "84de769a8bca434db764e785d0c712d7" member_type: VOTER last_known_addr { host: "127.16.94.193" port: 43317 } } peers { permanent_uuid: "9fe0645eb892405a9403027136a00204" member_type: VOTER last_known_addr { host: "127.16.94.194" port: 40093 } } peers { permanent_uuid: "e225f890a12e47dcb47f31d92beea490" member_type: VOTER last_known_addr { host: "127.16.94.195" port: 44027 } }
I20260710 13:23:26.375485 17093 ts_tablet_manager.cc:1434] T 515cc0e1afa044f6b4a0fc5910de039f P e225f890a12e47dcb47f31d92beea490: Time spent starting tablet: real 0.024s	user 0.006s	sys 0.000s
I20260710 13:23:26.374756 16793 catalog_manager.cc:5697] T fd85dd89c5a94c7587ea2f0dceeb4df1 P 9fe0645eb892405a9403027136a00204 reported cstate change: term changed from 0 to 1, leader changed from <none> to 9fe0645eb892405a9403027136a00204 (127.16.94.194). New cstate: current_term: 1 leader_uuid: "9fe0645eb892405a9403027136a00204" committed_config { opid_index: -1 OBSOLETE_local: false peers { permanent_uuid: "84de769a8bca434db764e785d0c712d7" member_type: VOTER last_known_addr { host: "127.16.94.193" port: 43317 } health_report { overall_health: UNKNOWN } } peers { permanent_uuid: "9fe0645eb892405a9403027136a00204" member_type: VOTER last_known_addr { host: "127.16.94.194" port: 40093 } health_report { overall_health: HEALTHY } } peers { permanent_uuid: "e225f890a12e47dcb47f31d92beea490" member_type: VOTER last_known_addr { host: "127.16.94.195" port: 44027 } health_report { overall_health: UNKNOWN } } }
I20260710 13:23:26.376430 17093 tablet_bootstrap.cc:492] T ead5135809eb4c45ac0b9cddaaadcb5b P e225f890a12e47dcb47f31d92beea490: Bootstrap starting.
I20260710 13:23:26.384157 17093 tablet_bootstrap.cc:654] T ead5135809eb4c45ac0b9cddaaadcb5b P e225f890a12e47dcb47f31d92beea490: Neither blocks nor log segments found. Creating new log.
I20260710 13:23:26.395280 16794 catalog_manager.cc:5697] T e6e0881db46746e58a8dadf770e1fcce P 84de769a8bca434db764e785d0c712d7 reported cstate change: term changed from 0 to 1, leader changed from <none> to 84de769a8bca434db764e785d0c712d7 (127.16.94.193). New cstate: current_term: 1 leader_uuid: "84de769a8bca434db764e785d0c712d7" committed_config { opid_index: -1 OBSOLETE_local: false peers { permanent_uuid: "84de769a8bca434db764e785d0c712d7" member_type: VOTER last_known_addr { host: "127.16.94.193" port: 43317 } health_report { overall_health: HEALTHY } } peers { permanent_uuid: "9fe0645eb892405a9403027136a00204" member_type: VOTER last_known_addr { host: "127.16.94.194" port: 40093 } health_report { overall_health: UNKNOWN } } peers { permanent_uuid: "e225f890a12e47dcb47f31d92beea490" member_type: VOTER last_known_addr { host: "127.16.94.195" port: 44027 } health_report { overall_health: UNKNOWN } } }
I20260710 13:23:26.397930 16794 catalog_manager.cc:5697] T 515cc0e1afa044f6b4a0fc5910de039f P 84de769a8bca434db764e785d0c712d7 reported cstate change: term changed from 0 to 1, leader changed from <none> to 84de769a8bca434db764e785d0c712d7 (127.16.94.193). New cstate: current_term: 1 leader_uuid: "84de769a8bca434db764e785d0c712d7" committed_config { opid_index: -1 OBSOLETE_local: false peers { permanent_uuid: "84de769a8bca434db764e785d0c712d7" member_type: VOTER last_known_addr { host: "127.16.94.193" port: 43317 } health_report { overall_health: HEALTHY } } peers { permanent_uuid: "9fe0645eb892405a9403027136a00204" member_type: VOTER last_known_addr { host: "127.16.94.194" port: 40093 } health_report { overall_health: UNKNOWN } } peers { permanent_uuid: "e225f890a12e47dcb47f31d92beea490" member_type: VOTER last_known_addr { host: "127.16.94.195" port: 44027 } health_report { overall_health: UNKNOWN } } }
I20260710 13:23:26.399840 17093 tablet_bootstrap.cc:492] T ead5135809eb4c45ac0b9cddaaadcb5b P e225f890a12e47dcb47f31d92beea490: No bootstrap required, opened a new log
I20260710 13:23:26.400326 17093 ts_tablet_manager.cc:1403] T ead5135809eb4c45ac0b9cddaaadcb5b P e225f890a12e47dcb47f31d92beea490: Time spent bootstrapping tablet: real 0.024s	user 0.009s	sys 0.007s
I20260710 13:23:26.402988 17093 raft_consensus.cc:359] T ead5135809eb4c45ac0b9cddaaadcb5b P e225f890a12e47dcb47f31d92beea490 [term 0 FOLLOWER]: Replica starting. Triggering 0 pending ops. Active config: opid_index: -1 OBSOLETE_local: false peers { permanent_uuid: "84de769a8bca434db764e785d0c712d7" member_type: VOTER last_known_addr { host: "127.16.94.193" port: 43317 } } peers { permanent_uuid: "9fe0645eb892405a9403027136a00204" member_type: VOTER last_known_addr { host: "127.16.94.194" port: 40093 } } peers { permanent_uuid: "e225f890a12e47dcb47f31d92beea490" member_type: VOTER last_known_addr { host: "127.16.94.195" port: 44027 } }
I20260710 13:23:26.403650 17093 raft_consensus.cc:385] T ead5135809eb4c45ac0b9cddaaadcb5b P e225f890a12e47dcb47f31d92beea490 [term 0 FOLLOWER]: Consensus starting up: Expiring failure detector timer to make a prompt election more likely
I20260710 13:23:26.403915 17093 raft_consensus.cc:740] T ead5135809eb4c45ac0b9cddaaadcb5b P e225f890a12e47dcb47f31d92beea490 [term 0 FOLLOWER]: Becoming Follower/Learner. State: Replica: e225f890a12e47dcb47f31d92beea490, State: Initialized, Role: FOLLOWER
I20260710 13:23:26.403946 17133 consensus_queue.cc:1048] T ead5135809eb4c45ac0b9cddaaadcb5b P 84de769a8bca434db764e785d0c712d7 [LEADER]: Connected to new peer: Peer: permanent_uuid: "9fe0645eb892405a9403027136a00204" member_type: VOTER last_known_addr { host: "127.16.94.194" port: 40093 }, Status: LMP_MISMATCH, Last received: 0.0, Next index: 1, Last known committed idx: 0, Time since last communication: 0.000s
W20260710 13:23:26.408511 16863 consensus_peers.cc:597] T ead5135809eb4c45ac0b9cddaaadcb5b P 84de769a8bca434db764e785d0c712d7 -> Peer e225f890a12e47dcb47f31d92beea490 (127.16.94.195:44027): Couldn't send request to peer e225f890a12e47dcb47f31d92beea490. Error code: TABLET_NOT_RUNNING (12). Status: Illegal state: Tablet not RUNNING: BOOTSTRAPPING. This is attempt 1: this message will repeat every 5th retry.
I20260710 13:23:26.409286 17093 consensus_queue.cc:260] T ead5135809eb4c45ac0b9cddaaadcb5b P e225f890a12e47dcb47f31d92beea490 [NON_LEADER]: Queue going to NON_LEADER mode. State: All replicated index: 0, Majority replicated index: 0, Committed index: 0, Last appended: 0.0, Last appended by leader: 0, Current term: 0, Majority size: -1, State: 0, Mode: NON_LEADER, active raft config: opid_index: -1 OBSOLETE_local: false peers { permanent_uuid: "84de769a8bca434db764e785d0c712d7" member_type: VOTER last_known_addr { host: "127.16.94.193" port: 43317 } } peers { permanent_uuid: "9fe0645eb892405a9403027136a00204" member_type: VOTER last_known_addr { host: "127.16.94.194" port: 40093 } } peers { permanent_uuid: "e225f890a12e47dcb47f31d92beea490" member_type: VOTER last_known_addr { host: "127.16.94.195" port: 44027 } }
I20260710 13:23:26.411798 17093 ts_tablet_manager.cc:1434] T ead5135809eb4c45ac0b9cddaaadcb5b P e225f890a12e47dcb47f31d92beea490: Time spent starting tablet: real 0.011s	user 0.006s	sys 0.001s
I20260710 13:23:26.492568 17106 raft_consensus.cc:493] T 515cc0e1afa044f6b4a0fc5910de039f P e225f890a12e47dcb47f31d92beea490 [term 0 FOLLOWER]: Starting pre-election (no leader contacted us within the election timeout)
I20260710 13:23:26.493258 17106 raft_consensus.cc:515] T 515cc0e1afa044f6b4a0fc5910de039f P e225f890a12e47dcb47f31d92beea490 [term 0 FOLLOWER]: Starting pre-election with config: opid_index: -1 OBSOLETE_local: false peers { permanent_uuid: "84de769a8bca434db764e785d0c712d7" member_type: VOTER last_known_addr { host: "127.16.94.193" port: 43317 } } peers { permanent_uuid: "9fe0645eb892405a9403027136a00204" member_type: VOTER last_known_addr { host: "127.16.94.194" port: 40093 } } peers { permanent_uuid: "e225f890a12e47dcb47f31d92beea490" member_type: VOTER last_known_addr { host: "127.16.94.195" port: 44027 } }
I20260710 13:23:26.495537 17106 leader_election.cc:290] T 515cc0e1afa044f6b4a0fc5910de039f P e225f890a12e47dcb47f31d92beea490 [CANDIDATE]: Term 1 pre-election: Requested pre-vote from peers 84de769a8bca434db764e785d0c712d7 (127.16.94.193:43317), 9fe0645eb892405a9403027136a00204 (127.16.94.194:40093)
I20260710 13:23:26.496562 16897 tablet_service.cc:1917] Received RequestConsensusVote() RPC: tablet_id: "515cc0e1afa044f6b4a0fc5910de039f" candidate_uuid: "e225f890a12e47dcb47f31d92beea490" candidate_term: 1 candidate_status { last_received { term: 0 index: 0 } } ignore_live_leader: false dest_uuid: "84de769a8bca434db764e785d0c712d7" is_pre_election: true
I20260710 13:23:26.496920 16971 tablet_service.cc:1917] Received RequestConsensusVote() RPC: tablet_id: "515cc0e1afa044f6b4a0fc5910de039f" candidate_uuid: "e225f890a12e47dcb47f31d92beea490" candidate_term: 1 candidate_status { last_received { term: 0 index: 0 } } ignore_live_leader: false dest_uuid: "9fe0645eb892405a9403027136a00204" is_pre_election: true
I20260710 13:23:26.497822 16971 raft_consensus.cc:2393] T 515cc0e1afa044f6b4a0fc5910de039f P 9fe0645eb892405a9403027136a00204 [term 1 FOLLOWER]: Leader pre-election vote request: Denying vote to candidate e225f890a12e47dcb47f31d92beea490 in current term 1: Already voted for candidate 84de769a8bca434db764e785d0c712d7 in this term.
I20260710 13:23:26.498934 17013 leader_election.cc:304] T 515cc0e1afa044f6b4a0fc5910de039f P e225f890a12e47dcb47f31d92beea490 [CANDIDATE]: Term 1 pre-election: Election decided. Result: candidate lost. Election summary: received 3 responses out of 3 voters: 1 yes votes; 2 no votes. yes voters: e225f890a12e47dcb47f31d92beea490; no voters: 84de769a8bca434db764e785d0c712d7, 9fe0645eb892405a9403027136a00204
I20260710 13:23:26.499820 17106 raft_consensus.cc:3060] T 515cc0e1afa044f6b4a0fc5910de039f P e225f890a12e47dcb47f31d92beea490 [term 0 FOLLOWER]: Advancing to term 1
I20260710 13:23:26.504869 17106 raft_consensus.cc:2749] T 515cc0e1afa044f6b4a0fc5910de039f P e225f890a12e47dcb47f31d92beea490 [term 1 FOLLOWER]: Leader pre-election lost for term 1. Reason: could not achieve majority
I20260710 13:23:26.523460 17110 consensus_queue.cc:1048] T 9dd65b269d2f416b906bcd4b85deb1ee P 9fe0645eb892405a9403027136a00204 [LEADER]: Connected to new peer: Peer: permanent_uuid: "e225f890a12e47dcb47f31d92beea490" member_type: VOTER last_known_addr { host: "127.16.94.195" port: 44027 }, Status: LMP_MISMATCH, Last received: 0.0, Next index: 1, Last known committed idx: 0, Time since last communication: 0.000s
I20260710 13:23:26.535615 17142 consensus_queue.cc:1048] T 9dd65b269d2f416b906bcd4b85deb1ee P 9fe0645eb892405a9403027136a00204 [LEADER]: Connected to new peer: Peer: permanent_uuid: "84de769a8bca434db764e785d0c712d7" member_type: VOTER last_known_addr { host: "127.16.94.193" port: 43317 }, Status: LMP_MISMATCH, Last received: 0.0, Next index: 1, Last known committed idx: 0, Time since last communication: 0.000s
I20260710 13:23:26.599594 17133 consensus_queue.cc:1048] T 670dec90ca7a4efb884772d29e798f60 P 84de769a8bca434db764e785d0c712d7 [LEADER]: Connected to new peer: Peer: permanent_uuid: "9fe0645eb892405a9403027136a00204" member_type: VOTER last_known_addr { host: "127.16.94.194" port: 40093 }, Status: LMP_MISMATCH, Last received: 0.0, Next index: 1, Last known committed idx: 0, Time since last communication: 0.000s
I20260710 13:23:26.615957 17133 consensus_queue.cc:1048] T 670dec90ca7a4efb884772d29e798f60 P 84de769a8bca434db764e785d0c712d7 [LEADER]: Connected to new peer: Peer: permanent_uuid: "e225f890a12e47dcb47f31d92beea490" member_type: VOTER last_known_addr { host: "127.16.94.195" port: 44027 }, Status: LMP_MISMATCH, Last received: 0.0, Next index: 1, Last known committed idx: 0, Time since last communication: 0.001s
I20260710 13:23:26.621129 17157 raft_consensus.cc:493] T fd85dd89c5a94c7587ea2f0dceeb4df1 P 84de769a8bca434db764e785d0c712d7 [term 0 FOLLOWER]: Starting pre-election (no leader contacted us within the election timeout)
I20260710 13:23:26.621928 17157 raft_consensus.cc:515] T fd85dd89c5a94c7587ea2f0dceeb4df1 P 84de769a8bca434db764e785d0c712d7 [term 0 FOLLOWER]: Starting pre-election with config: opid_index: -1 OBSOLETE_local: false peers { permanent_uuid: "84de769a8bca434db764e785d0c712d7" member_type: VOTER last_known_addr { host: "127.16.94.193" port: 43317 } } peers { permanent_uuid: "9fe0645eb892405a9403027136a00204" member_type: VOTER last_known_addr { host: "127.16.94.194" port: 40093 } } peers { permanent_uuid: "e225f890a12e47dcb47f31d92beea490" member_type: VOTER last_known_addr { host: "127.16.94.195" port: 44027 } }
I20260710 13:23:26.625171 17157 leader_election.cc:290] T fd85dd89c5a94c7587ea2f0dceeb4df1 P 84de769a8bca434db764e785d0c712d7 [CANDIDATE]: Term 1 pre-election: Requested pre-vote from peers 9fe0645eb892405a9403027136a00204 (127.16.94.194:40093), e225f890a12e47dcb47f31d92beea490 (127.16.94.195:44027)
I20260710 13:23:26.625290 16971 tablet_service.cc:1917] Received RequestConsensusVote() RPC: tablet_id: "fd85dd89c5a94c7587ea2f0dceeb4df1" candidate_uuid: "84de769a8bca434db764e785d0c712d7" candidate_term: 1 candidate_status { last_received { term: 0 index: 0 } } ignore_live_leader: false dest_uuid: "9fe0645eb892405a9403027136a00204" is_pre_election: true
I20260710 13:23:26.626308 17046 tablet_service.cc:1917] Received RequestConsensusVote() RPC: tablet_id: "fd85dd89c5a94c7587ea2f0dceeb4df1" candidate_uuid: "84de769a8bca434db764e785d0c712d7" candidate_term: 1 candidate_status { last_received { term: 0 index: 0 } } ignore_live_leader: false dest_uuid: "e225f890a12e47dcb47f31d92beea490" is_pre_election: true
I20260710 13:23:26.627154 17046 raft_consensus.cc:2393] T fd85dd89c5a94c7587ea2f0dceeb4df1 P e225f890a12e47dcb47f31d92beea490 [term 1 FOLLOWER]: Leader pre-election vote request: Denying vote to candidate 84de769a8bca434db764e785d0c712d7 in current term 1: Already voted for candidate 9fe0645eb892405a9403027136a00204 in this term.
I20260710 13:23:26.628755 16863 leader_election.cc:304] T fd85dd89c5a94c7587ea2f0dceeb4df1 P 84de769a8bca434db764e785d0c712d7 [CANDIDATE]: Term 1 pre-election: Election decided. Result: candidate lost. Election summary: received 3 responses out of 3 voters: 1 yes votes; 2 no votes. yes voters: 84de769a8bca434db764e785d0c712d7; no voters: 9fe0645eb892405a9403027136a00204, e225f890a12e47dcb47f31d92beea490
I20260710 13:23:26.630262 17097 raft_consensus.cc:3060] T fd85dd89c5a94c7587ea2f0dceeb4df1 P 84de769a8bca434db764e785d0c712d7 [term 0 FOLLOWER]: Advancing to term 1
I20260710 13:23:26.636011 17097 raft_consensus.cc:2749] T fd85dd89c5a94c7587ea2f0dceeb4df1 P 84de769a8bca434db764e785d0c712d7 [term 1 FOLLOWER]: Leader pre-election lost for term 1. Reason: could not achieve majority
I20260710 13:23:26.675815 17133 consensus_queue.cc:1048] T 7aaf1c21b04342b4b6c907048b52b415 P 84de769a8bca434db764e785d0c712d7 [LEADER]: Connected to new peer: Peer: permanent_uuid: "9fe0645eb892405a9403027136a00204" member_type: VOTER last_known_addr { host: "127.16.94.194" port: 40093 }, Status: LMP_MISMATCH, Last received: 0.0, Next index: 1, Last known committed idx: 0, Time since last communication: 0.001s
I20260710 13:23:26.675875 17097 consensus_queue.cc:1048] T 515cc0e1afa044f6b4a0fc5910de039f P 84de769a8bca434db764e785d0c712d7 [LEADER]: Connected to new peer: Peer: permanent_uuid: "e225f890a12e47dcb47f31d92beea490" member_type: VOTER last_known_addr { host: "127.16.94.195" port: 44027 }, Status: LMP_MISMATCH, Last received: 0.0, Next index: 1, Last known committed idx: 0, Time since last communication: 0.001s
I20260710 13:23:26.681775 17157 consensus_queue.cc:1048] T 7aaf1c21b04342b4b6c907048b52b415 P 84de769a8bca434db764e785d0c712d7 [LEADER]: Connected to new peer: Peer: permanent_uuid: "e225f890a12e47dcb47f31d92beea490" member_type: VOTER last_known_addr { host: "127.16.94.195" port: 44027 }, Status: LMP_MISMATCH, Last received: 0.0, Next index: 1, Last known committed idx: 0, Time since last communication: 0.000s
I20260710 13:23:26.721206 17142 consensus_queue.cc:1048] T 3d2fe75eff184edbaaa96a479aaa85b6 P 9fe0645eb892405a9403027136a00204 [LEADER]: Connected to new peer: Peer: permanent_uuid: "84de769a8bca434db764e785d0c712d7" member_type: VOTER last_known_addr { host: "127.16.94.193" port: 43317 }, Status: LMP_MISMATCH, Last received: 0.0, Next index: 1, Last known committed idx: 0, Time since last communication: 0.000s
I20260710 13:23:26.725390 16971 tablet_service.cc:2072] Received LeaderStepDown RPC: tablet_id: "9dd65b269d2f416b906bcd4b85deb1ee"
dest_uuid: "9fe0645eb892405a9403027136a00204"
mode: GRACEFUL
new_leader_uuid: "84de769a8bca434db764e785d0c712d7"
 from {username='slave'} at 127.0.0.1:53750
I20260710 13:23:26.726157 16971 raft_consensus.cc:606] T 9dd65b269d2f416b906bcd4b85deb1ee P 9fe0645eb892405a9403027136a00204 [term 1 LEADER]: Received request to transfer leadership to TS 84de769a8bca434db764e785d0c712d7
I20260710 13:23:26.742581 16973 tablet_service.cc:2072] Received LeaderStepDown RPC: tablet_id: "b23d24a1df564adfbe5aba56aa3d0de1"
dest_uuid: "9fe0645eb892405a9403027136a00204"
mode: GRACEFUL
new_leader_uuid: "84de769a8bca434db764e785d0c712d7"
 from {username='slave'} at 127.0.0.1:53750
I20260710 13:23:26.743209 16973 raft_consensus.cc:606] T b23d24a1df564adfbe5aba56aa3d0de1 P 9fe0645eb892405a9403027136a00204 [term 1 LEADER]: Received request to transfer leadership to TS 84de769a8bca434db764e785d0c712d7
I20260710 13:23:26.748683 17097 consensus_queue.cc:1048] T 515cc0e1afa044f6b4a0fc5910de039f P 84de769a8bca434db764e785d0c712d7 [LEADER]: Connected to new peer: Peer: permanent_uuid: "9fe0645eb892405a9403027136a00204" member_type: VOTER last_known_addr { host: "127.16.94.194" port: 40093 }, Status: LMP_MISMATCH, Last received: 0.0, Next index: 1, Last known committed idx: 0, Time since last communication: 0.000s
I20260710 13:23:26.749832 16973 tablet_service.cc:2072] Received LeaderStepDown RPC: tablet_id: "3d2fe75eff184edbaaa96a479aaa85b6"
dest_uuid: "9fe0645eb892405a9403027136a00204"
mode: GRACEFUL
new_leader_uuid: "84de769a8bca434db764e785d0c712d7"
 from {username='slave'} at 127.0.0.1:53750
I20260710 13:23:26.750168 17142 consensus_queue.cc:1048] T fd85dd89c5a94c7587ea2f0dceeb4df1 P 9fe0645eb892405a9403027136a00204 [LEADER]: Connected to new peer: Peer: permanent_uuid: "84de769a8bca434db764e785d0c712d7" member_type: VOTER last_known_addr { host: "127.16.94.193" port: 43317 }, Status: LMP_MISMATCH, Last received: 0.0, Next index: 1, Last known committed idx: 0, Time since last communication: 0.000s
I20260710 13:23:26.750461 16973 raft_consensus.cc:606] T 3d2fe75eff184edbaaa96a479aaa85b6 P 9fe0645eb892405a9403027136a00204 [term 1 LEADER]: Received request to transfer leadership to TS 84de769a8bca434db764e785d0c712d7
I20260710 13:23:26.777238 17094 raft_consensus.cc:993] T 3d2fe75eff184edbaaa96a479aaa85b6 P 9fe0645eb892405a9403027136a00204: : Instructing follower 84de769a8bca434db764e785d0c712d7 to start an election
I20260710 13:23:26.777750 17094 raft_consensus.cc:1081] T 3d2fe75eff184edbaaa96a479aaa85b6 P 9fe0645eb892405a9403027136a00204 [term 1 LEADER]: Signalling peer 84de769a8bca434db764e785d0c712d7 to start an election
I20260710 13:23:26.784114 16895 tablet_service.cc:2044] Received Run Leader Election RPC: tablet_id: "3d2fe75eff184edbaaa96a479aaa85b6"
dest_uuid: "84de769a8bca434db764e785d0c712d7"
 from {username='slave'} at 127.0.0.1:34562
I20260710 13:23:26.784873 16895 raft_consensus.cc:493] T 3d2fe75eff184edbaaa96a479aaa85b6 P 84de769a8bca434db764e785d0c712d7 [term 1 FOLLOWER]: Starting forced leader election (received explicit request)
I20260710 13:23:26.785292 16895 raft_consensus.cc:3060] T 3d2fe75eff184edbaaa96a479aaa85b6 P 84de769a8bca434db764e785d0c712d7 [term 1 FOLLOWER]: Advancing to term 2
I20260710 13:23:26.793918 17097 consensus_queue.cc:1048] T e6e0881db46746e58a8dadf770e1fcce P 84de769a8bca434db764e785d0c712d7 [LEADER]: Connected to new peer: Peer: permanent_uuid: "e225f890a12e47dcb47f31d92beea490" member_type: VOTER last_known_addr { host: "127.16.94.195" port: 44027 }, Status: LMP_MISMATCH, Last received: 0.0, Next index: 1, Last known committed idx: 0, Time since last communication: 0.000s
I20260710 13:23:26.792958 16895 raft_consensus.cc:515] T 3d2fe75eff184edbaaa96a479aaa85b6 P 84de769a8bca434db764e785d0c712d7 [term 2 FOLLOWER]: Starting forced leader election with config: opid_index: -1 OBSOLETE_local: false peers { permanent_uuid: "84de769a8bca434db764e785d0c712d7" member_type: VOTER last_known_addr { host: "127.16.94.193" port: 43317 } } peers { permanent_uuid: "9fe0645eb892405a9403027136a00204" member_type: VOTER last_known_addr { host: "127.16.94.194" port: 40093 } } peers { permanent_uuid: "e225f890a12e47dcb47f31d92beea490" member_type: VOTER last_known_addr { host: "127.16.94.195" port: 44027 } }
I20260710 13:23:26.795697 17110 consensus_queue.cc:1048] T fd85dd89c5a94c7587ea2f0dceeb4df1 P 9fe0645eb892405a9403027136a00204 [LEADER]: Connected to new peer: Peer: permanent_uuid: "e225f890a12e47dcb47f31d92beea490" member_type: VOTER last_known_addr { host: "127.16.94.195" port: 44027 }, Status: LMP_MISMATCH, Last received: 0.0, Next index: 1, Last known committed idx: 0, Time since last communication: 0.000s
I20260710 13:23:26.797900 16895 leader_election.cc:290] T 3d2fe75eff184edbaaa96a479aaa85b6 P 84de769a8bca434db764e785d0c712d7 [CANDIDATE]: Term 2 election: Requested vote from peers 9fe0645eb892405a9403027136a00204 (127.16.94.194:40093), e225f890a12e47dcb47f31d92beea490 (127.16.94.195:44027)
I20260710 13:23:26.798970 17046 tablet_service.cc:1917] Received RequestConsensusVote() RPC: tablet_id: "3d2fe75eff184edbaaa96a479aaa85b6" candidate_uuid: "84de769a8bca434db764e785d0c712d7" candidate_term: 2 candidate_status { last_received { term: 1 index: 1 } } ignore_live_leader: true dest_uuid: "e225f890a12e47dcb47f31d92beea490"
I20260710 13:23:26.799608 17046 raft_consensus.cc:3060] T 3d2fe75eff184edbaaa96a479aaa85b6 P e225f890a12e47dcb47f31d92beea490 [term 1 FOLLOWER]: Advancing to term 2
I20260710 13:23:26.801172 16970 tablet_service.cc:1917] Received RequestConsensusVote() RPC: tablet_id: "3d2fe75eff184edbaaa96a479aaa85b6" candidate_uuid: "84de769a8bca434db764e785d0c712d7" candidate_term: 2 candidate_status { last_received { term: 1 index: 1 } } ignore_live_leader: true dest_uuid: "9fe0645eb892405a9403027136a00204"
I20260710 13:23:26.801795 16970 raft_consensus.cc:3055] T 3d2fe75eff184edbaaa96a479aaa85b6 P 9fe0645eb892405a9403027136a00204 [term 1 LEADER]: Stepping down as leader of term 1
I20260710 13:23:26.802129 16970 raft_consensus.cc:740] T 3d2fe75eff184edbaaa96a479aaa85b6 P 9fe0645eb892405a9403027136a00204 [term 1 LEADER]: Becoming Follower/Learner. State: Replica: 9fe0645eb892405a9403027136a00204, State: Running, Role: LEADER
I20260710 13:23:26.802973 16970 consensus_queue.cc:260] T 3d2fe75eff184edbaaa96a479aaa85b6 P 9fe0645eb892405a9403027136a00204 [NON_LEADER]: Queue going to NON_LEADER mode. State: All replicated index: 0, Majority replicated index: 1, Committed index: 1, Last appended: 1.1, Last appended by leader: 1, Current term: 1, Majority size: -1, State: 0, Mode: NON_LEADER, active raft config: opid_index: -1 OBSOLETE_local: false peers { permanent_uuid: "84de769a8bca434db764e785d0c712d7" member_type: VOTER last_known_addr { host: "127.16.94.193" port: 43317 } } peers { permanent_uuid: "9fe0645eb892405a9403027136a00204" member_type: VOTER last_known_addr { host: "127.16.94.194" port: 40093 } } peers { permanent_uuid: "e225f890a12e47dcb47f31d92beea490" member_type: VOTER last_known_addr { host: "127.16.94.195" port: 44027 } }
I20260710 13:23:26.806871 16895 tablet_service.cc:2072] Received LeaderStepDown RPC: tablet_id: "ead5135809eb4c45ac0b9cddaaadcb5b"
dest_uuid: "84de769a8bca434db764e785d0c712d7"
mode: GRACEFUL
new_leader_uuid: "9fe0645eb892405a9403027136a00204"
 from {username='slave'} at 127.0.0.1:34580
I20260710 13:23:26.807632 16895 raft_consensus.cc:606] T ead5135809eb4c45ac0b9cddaaadcb5b P 84de769a8bca434db764e785d0c712d7 [term 1 LEADER]: Received request to transfer leadership to TS 9fe0645eb892405a9403027136a00204
I20260710 13:23:26.809329 17046 raft_consensus.cc:2468] T 3d2fe75eff184edbaaa96a479aaa85b6 P e225f890a12e47dcb47f31d92beea490 [term 2 FOLLOWER]: Leader election vote request: Granting yes vote for candidate 84de769a8bca434db764e785d0c712d7 in term 2.
I20260710 13:23:26.810429 17106 raft_consensus.cc:493] T ead5135809eb4c45ac0b9cddaaadcb5b P e225f890a12e47dcb47f31d92beea490 [term 0 FOLLOWER]: Starting pre-election (no leader contacted us within the election timeout)
I20260710 13:23:26.810572 16863 leader_election.cc:304] T 3d2fe75eff184edbaaa96a479aaa85b6 P 84de769a8bca434db764e785d0c712d7 [CANDIDATE]: Term 2 election: Election decided. Result: candidate won. Election summary: received 2 responses out of 3 voters: 2 yes votes; 0 no votes. yes voters: 84de769a8bca434db764e785d0c712d7, e225f890a12e47dcb47f31d92beea490; no voters: 
I20260710 13:23:26.810918 17106 raft_consensus.cc:515] T ead5135809eb4c45ac0b9cddaaadcb5b P e225f890a12e47dcb47f31d92beea490 [term 0 FOLLOWER]: Starting pre-election with config: opid_index: -1 OBSOLETE_local: false peers { permanent_uuid: "84de769a8bca434db764e785d0c712d7" member_type: VOTER last_known_addr { host: "127.16.94.193" port: 43317 } } peers { permanent_uuid: "9fe0645eb892405a9403027136a00204" member_type: VOTER last_known_addr { host: "127.16.94.194" port: 40093 } } peers { permanent_uuid: "e225f890a12e47dcb47f31d92beea490" member_type: VOTER last_known_addr { host: "127.16.94.195" port: 44027 } }
I20260710 13:23:26.811427 17044 raft_consensus.cc:1240] T 3d2fe75eff184edbaaa96a479aaa85b6 P e225f890a12e47dcb47f31d92beea490 [term 2 FOLLOWER]: Rejecting Update request from peer 9fe0645eb892405a9403027136a00204 for earlier term 1. Current term is 2. Ops: []
I20260710 13:23:26.813292 17097 raft_consensus.cc:2804] T 3d2fe75eff184edbaaa96a479aaa85b6 P 84de769a8bca434db764e785d0c712d7 [term 2 FOLLOWER]: Leader election won for term 2
I20260710 13:23:26.813797 17097 raft_consensus.cc:697] T 3d2fe75eff184edbaaa96a479aaa85b6 P 84de769a8bca434db764e785d0c712d7 [term 2 LEADER]: Becoming Leader. State: Replica: 84de769a8bca434db764e785d0c712d7, State: Running, Role: LEADER
I20260710 13:23:26.814059 16970 raft_consensus.cc:3060] T 3d2fe75eff184edbaaa96a479aaa85b6 P 9fe0645eb892405a9403027136a00204 [term 1 FOLLOWER]: Advancing to term 2
I20260710 13:23:26.814636 17097 consensus_queue.cc:237] T 3d2fe75eff184edbaaa96a479aaa85b6 P 84de769a8bca434db764e785d0c712d7 [LEADER]: Queue going to LEADER mode. State: All replicated index: 0, Majority replicated index: 1, Committed index: 1, Last appended: 1.1, Last appended by leader: 1, Current term: 2, Majority size: 2, State: 0, Mode: LEADER, active raft config: opid_index: -1 OBSOLETE_local: false peers { permanent_uuid: "84de769a8bca434db764e785d0c712d7" member_type: VOTER last_known_addr { host: "127.16.94.193" port: 43317 } } peers { permanent_uuid: "9fe0645eb892405a9403027136a00204" member_type: VOTER last_known_addr { host: "127.16.94.194" port: 40093 } } peers { permanent_uuid: "e225f890a12e47dcb47f31d92beea490" member_type: VOTER last_known_addr { host: "127.16.94.195" port: 44027 } }
I20260710 13:23:26.816392 16971 tablet_service.cc:1917] Received RequestConsensusVote() RPC: tablet_id: "ead5135809eb4c45ac0b9cddaaadcb5b" candidate_uuid: "e225f890a12e47dcb47f31d92beea490" candidate_term: 1 candidate_status { last_received { term: 0 index: 0 } } ignore_live_leader: false dest_uuid: "9fe0645eb892405a9403027136a00204" is_pre_election: true
I20260710 13:23:26.813055 17106 leader_election.cc:290] T ead5135809eb4c45ac0b9cddaaadcb5b P e225f890a12e47dcb47f31d92beea490 [CANDIDATE]: Term 1 pre-election: Requested pre-vote from peers 84de769a8bca434db764e785d0c712d7 (127.16.94.193:43317), 9fe0645eb892405a9403027136a00204 (127.16.94.194:40093)
I20260710 13:23:26.827483 16898 tablet_service.cc:2072] Received LeaderStepDown RPC: tablet_id: "515cc0e1afa044f6b4a0fc5910de039f"
dest_uuid: "84de769a8bca434db764e785d0c712d7"
mode: GRACEFUL
new_leader_uuid: "9fe0645eb892405a9403027136a00204"
 from {username='slave'} at 127.0.0.1:34580
I20260710 13:23:26.828135 16898 raft_consensus.cc:606] T 515cc0e1afa044f6b4a0fc5910de039f P 84de769a8bca434db764e785d0c712d7 [term 1 LEADER]: Received request to transfer leadership to TS 9fe0645eb892405a9403027136a00204
I20260710 13:23:26.828534 16970 raft_consensus.cc:2468] T 3d2fe75eff184edbaaa96a479aaa85b6 P 9fe0645eb892405a9403027136a00204 [term 2 FOLLOWER]: Leader election vote request: Granting yes vote for candidate 84de769a8bca434db764e785d0c712d7 in term 2.
I20260710 13:23:26.829005 17097 consensus_queue.cc:1048] T e6e0881db46746e58a8dadf770e1fcce P 84de769a8bca434db764e785d0c712d7 [LEADER]: Connected to new peer: Peer: permanent_uuid: "9fe0645eb892405a9403027136a00204" member_type: VOTER last_known_addr { host: "127.16.94.194" port: 40093 }, Status: LMP_MISMATCH, Last received: 0.0, Next index: 1, Last known committed idx: 0, Time since last communication: 0.001s
I20260710 13:23:26.834481 16793 catalog_manager.cc:5697] T 3d2fe75eff184edbaaa96a479aaa85b6 P 84de769a8bca434db764e785d0c712d7 reported cstate change: term changed from 1 to 2, leader changed from 9fe0645eb892405a9403027136a00204 (127.16.94.194) to 84de769a8bca434db764e785d0c712d7 (127.16.94.193). New cstate: current_term: 2 leader_uuid: "84de769a8bca434db764e785d0c712d7" committed_config { opid_index: -1 OBSOLETE_local: false peers { permanent_uuid: "84de769a8bca434db764e785d0c712d7" member_type: VOTER last_known_addr { host: "127.16.94.193" port: 43317 } health_report { overall_health: HEALTHY } } peers { permanent_uuid: "9fe0645eb892405a9403027136a00204" member_type: VOTER last_known_addr { host: "127.16.94.194" port: 40093 } health_report { overall_health: UNKNOWN } } peers { permanent_uuid: "e225f890a12e47dcb47f31d92beea490" member_type: VOTER last_known_addr { host: "127.16.94.195" port: 44027 } health_report { overall_health: UNKNOWN } } }
I20260710 13:23:26.840473 16895 tablet_service.cc:1917] Received RequestConsensusVote() RPC: tablet_id: "ead5135809eb4c45ac0b9cddaaadcb5b" candidate_uuid: "e225f890a12e47dcb47f31d92beea490" candidate_term: 1 candidate_status { last_received { term: 0 index: 0 } } ignore_live_leader: false dest_uuid: "84de769a8bca434db764e785d0c712d7" is_pre_election: true
I20260710 13:23:26.841370 17133 raft_consensus.cc:993] T ead5135809eb4c45ac0b9cddaaadcb5b P 84de769a8bca434db764e785d0c712d7: : Instructing follower 9fe0645eb892405a9403027136a00204 to start an election
I20260710 13:23:26.841825 17133 raft_consensus.cc:1081] T ead5135809eb4c45ac0b9cddaaadcb5b P 84de769a8bca434db764e785d0c712d7 [term 1 LEADER]: Signalling peer 9fe0645eb892405a9403027136a00204 to start an election
I20260710 13:23:26.842365 17013 leader_election.cc:304] T ead5135809eb4c45ac0b9cddaaadcb5b P e225f890a12e47dcb47f31d92beea490 [CANDIDATE]: Term 1 pre-election: Election decided. Result: candidate lost. Election summary: received 3 responses out of 3 voters: 1 yes votes; 2 no votes. yes voters: e225f890a12e47dcb47f31d92beea490; no voters: 84de769a8bca434db764e785d0c712d7, 9fe0645eb892405a9403027136a00204
I20260710 13:23:26.843814 17106 raft_consensus.cc:2749] T ead5135809eb4c45ac0b9cddaaadcb5b P e225f890a12e47dcb47f31d92beea490 [term 0 FOLLOWER]: Leader pre-election lost for term 1. Reason: could not achieve majority
I20260710 13:23:26.844736 16973 tablet_service.cc:2044] Received Run Leader Election RPC: tablet_id: "ead5135809eb4c45ac0b9cddaaadcb5b"
dest_uuid: "9fe0645eb892405a9403027136a00204"
 from {username='slave'} at 127.0.0.1:53742
I20260710 13:23:26.845458 16973 raft_consensus.cc:493] T ead5135809eb4c45ac0b9cddaaadcb5b P 9fe0645eb892405a9403027136a00204 [term 1 FOLLOWER]: Starting forced leader election (received explicit request)
I20260710 13:23:26.845857 16973 raft_consensus.cc:3060] T ead5135809eb4c45ac0b9cddaaadcb5b P 9fe0645eb892405a9403027136a00204 [term 1 FOLLOWER]: Advancing to term 2
I20260710 13:23:26.850608 16895 tablet_service.cc:2072] Received LeaderStepDown RPC: tablet_id: "e6e0881db46746e58a8dadf770e1fcce"
dest_uuid: "84de769a8bca434db764e785d0c712d7"
mode: GRACEFUL
new_leader_uuid: "9fe0645eb892405a9403027136a00204"
 from {username='slave'} at 127.0.0.1:34580
I20260710 13:23:26.851435 16895 raft_consensus.cc:606] T e6e0881db46746e58a8dadf770e1fcce P 84de769a8bca434db764e785d0c712d7 [term 1 LEADER]: Received request to transfer leadership to TS 9fe0645eb892405a9403027136a00204
I20260710 13:23:26.857992 16898 tablet_service.cc:2072] Received LeaderStepDown RPC: tablet_id: "670dec90ca7a4efb884772d29e798f60"
dest_uuid: "84de769a8bca434db764e785d0c712d7"
mode: GRACEFUL
new_leader_uuid: "e225f890a12e47dcb47f31d92beea490"
 from {username='slave'} at 127.0.0.1:34580
I20260710 13:23:26.857926 16973 raft_consensus.cc:515] T ead5135809eb4c45ac0b9cddaaadcb5b P 9fe0645eb892405a9403027136a00204 [term 2 FOLLOWER]: Starting forced leader election with config: opid_index: -1 OBSOLETE_local: false peers { permanent_uuid: "84de769a8bca434db764e785d0c712d7" member_type: VOTER last_known_addr { host: "127.16.94.193" port: 43317 } } peers { permanent_uuid: "9fe0645eb892405a9403027136a00204" member_type: VOTER last_known_addr { host: "127.16.94.194" port: 40093 } } peers { permanent_uuid: "e225f890a12e47dcb47f31d92beea490" member_type: VOTER last_known_addr { host: "127.16.94.195" port: 44027 } }
I20260710 13:23:26.858776 16898 raft_consensus.cc:606] T 670dec90ca7a4efb884772d29e798f60 P 84de769a8bca434db764e785d0c712d7 [term 1 LEADER]: Received request to transfer leadership to TS e225f890a12e47dcb47f31d92beea490
I20260710 13:23:26.863570 16895 tablet_service.cc:1917] Received RequestConsensusVote() RPC: tablet_id: "ead5135809eb4c45ac0b9cddaaadcb5b" candidate_uuid: "9fe0645eb892405a9403027136a00204" candidate_term: 2 candidate_status { last_received { term: 1 index: 1 } } ignore_live_leader: true dest_uuid: "84de769a8bca434db764e785d0c712d7"
I20260710 13:23:26.864071 16973 leader_election.cc:290] T ead5135809eb4c45ac0b9cddaaadcb5b P 9fe0645eb892405a9403027136a00204 [CANDIDATE]: Term 2 election: Requested vote from peers 84de769a8bca434db764e785d0c712d7 (127.16.94.193:43317), e225f890a12e47dcb47f31d92beea490 (127.16.94.195:44027)
I20260710 13:23:26.872380 16895 raft_consensus.cc:3055] T ead5135809eb4c45ac0b9cddaaadcb5b P 84de769a8bca434db764e785d0c712d7 [term 1 LEADER]: Stepping down as leader of term 1
I20260710 13:23:26.873973 16895 raft_consensus.cc:740] T ead5135809eb4c45ac0b9cddaaadcb5b P 84de769a8bca434db764e785d0c712d7 [term 1 LEADER]: Becoming Follower/Learner. State: Replica: 84de769a8bca434db764e785d0c712d7, State: Running, Role: LEADER
I20260710 13:23:26.874820 17045 tablet_service.cc:1917] Received RequestConsensusVote() RPC: tablet_id: "ead5135809eb4c45ac0b9cddaaadcb5b" candidate_uuid: "9fe0645eb892405a9403027136a00204" candidate_term: 2 candidate_status { last_received { term: 1 index: 1 } } ignore_live_leader: true dest_uuid: "e225f890a12e47dcb47f31d92beea490"
I20260710 13:23:26.881264 17045 raft_consensus.cc:3060] T ead5135809eb4c45ac0b9cddaaadcb5b P e225f890a12e47dcb47f31d92beea490 [term 0 FOLLOWER]: Advancing to term 2
I20260710 13:23:26.882426 17097 raft_consensus.cc:993] T e6e0881db46746e58a8dadf770e1fcce P 84de769a8bca434db764e785d0c712d7: : Instructing follower 9fe0645eb892405a9403027136a00204 to start an election
I20260710 13:23:26.882905 17133 raft_consensus.cc:1081] T e6e0881db46746e58a8dadf770e1fcce P 84de769a8bca434db764e785d0c712d7 [term 1 LEADER]: Signalling peer 9fe0645eb892405a9403027136a00204 to start an election
I20260710 13:23:26.884716 16971 tablet_service.cc:2044] Received Run Leader Election RPC: tablet_id: "e6e0881db46746e58a8dadf770e1fcce"
dest_uuid: "9fe0645eb892405a9403027136a00204"
 from {username='slave'} at 127.0.0.1:53742
I20260710 13:23:26.885322 16971 raft_consensus.cc:493] T e6e0881db46746e58a8dadf770e1fcce P 9fe0645eb892405a9403027136a00204 [term 1 FOLLOWER]: Starting forced leader election (received explicit request)
I20260710 13:23:26.885694 16971 raft_consensus.cc:3060] T e6e0881db46746e58a8dadf770e1fcce P 9fe0645eb892405a9403027136a00204 [term 1 FOLLOWER]: Advancing to term 2
I20260710 13:23:26.887184 17045 raft_consensus.cc:2468] T ead5135809eb4c45ac0b9cddaaadcb5b P e225f890a12e47dcb47f31d92beea490 [term 2 FOLLOWER]: Leader election vote request: Granting yes vote for candidate 9fe0645eb892405a9403027136a00204 in term 2.
I20260710 13:23:26.888363 16938 leader_election.cc:304] T ead5135809eb4c45ac0b9cddaaadcb5b P 9fe0645eb892405a9403027136a00204 [CANDIDATE]: Term 2 election: Election decided. Result: candidate won. Election summary: received 2 responses out of 3 voters: 2 yes votes; 0 no votes. yes voters: 9fe0645eb892405a9403027136a00204, e225f890a12e47dcb47f31d92beea490; no voters: 
I20260710 13:23:26.889245 17094 raft_consensus.cc:2804] T ead5135809eb4c45ac0b9cddaaadcb5b P 9fe0645eb892405a9403027136a00204 [term 2 FOLLOWER]: Leader election won for term 2
I20260710 13:23:26.889772 17094 raft_consensus.cc:697] T ead5135809eb4c45ac0b9cddaaadcb5b P 9fe0645eb892405a9403027136a00204 [term 2 LEADER]: Becoming Leader. State: Replica: 9fe0645eb892405a9403027136a00204, State: Running, Role: LEADER
I20260710 13:23:26.890574 17094 consensus_queue.cc:237] T ead5135809eb4c45ac0b9cddaaadcb5b P 9fe0645eb892405a9403027136a00204 [LEADER]: Queue going to LEADER mode. State: All replicated index: 0, Majority replicated index: 1, Committed index: 1, Last appended: 1.1, Last appended by leader: 1, Current term: 2, Majority size: 2, State: 0, Mode: LEADER, active raft config: opid_index: -1 OBSOLETE_local: false peers { permanent_uuid: "84de769a8bca434db764e785d0c712d7" member_type: VOTER last_known_addr { host: "127.16.94.193" port: 43317 } } peers { permanent_uuid: "9fe0645eb892405a9403027136a00204" member_type: VOTER last_known_addr { host: "127.16.94.194" port: 40093 } } peers { permanent_uuid: "e225f890a12e47dcb47f31d92beea490" member_type: VOTER last_known_addr { host: "127.16.94.195" port: 44027 } }
I20260710 13:23:26.891906 16895 consensus_queue.cc:260] T ead5135809eb4c45ac0b9cddaaadcb5b P 84de769a8bca434db764e785d0c712d7 [NON_LEADER]: Queue going to NON_LEADER mode. State: All replicated index: 0, Majority replicated index: 1, Committed index: 1, Last appended: 1.1, Last appended by leader: 1, Current term: 1, Majority size: -1, State: 0, Mode: NON_LEADER, active raft config: opid_index: -1 OBSOLETE_local: false peers { permanent_uuid: "84de769a8bca434db764e785d0c712d7" member_type: VOTER last_known_addr { host: "127.16.94.193" port: 43317 } } peers { permanent_uuid: "9fe0645eb892405a9403027136a00204" member_type: VOTER last_known_addr { host: "127.16.94.194" port: 40093 } } peers { permanent_uuid: "e225f890a12e47dcb47f31d92beea490" member_type: VOTER last_known_addr { host: "127.16.94.195" port: 44027 } }
I20260710 13:23:26.893236 16895 raft_consensus.cc:3060] T ead5135809eb4c45ac0b9cddaaadcb5b P 84de769a8bca434db764e785d0c712d7 [term 1 FOLLOWER]: Advancing to term 2
I20260710 13:23:26.892032 16971 raft_consensus.cc:515] T e6e0881db46746e58a8dadf770e1fcce P 9fe0645eb892405a9403027136a00204 [term 2 FOLLOWER]: Starting forced leader election with config: opid_index: -1 OBSOLETE_local: false peers { permanent_uuid: "84de769a8bca434db764e785d0c712d7" member_type: VOTER last_known_addr { host: "127.16.94.193" port: 43317 } } peers { permanent_uuid: "9fe0645eb892405a9403027136a00204" member_type: VOTER last_known_addr { host: "127.16.94.194" port: 40093 } } peers { permanent_uuid: "e225f890a12e47dcb47f31d92beea490" member_type: VOTER last_known_addr { host: "127.16.94.195" port: 44027 } }
I20260710 13:23:26.897957 16895 raft_consensus.cc:2468] T ead5135809eb4c45ac0b9cddaaadcb5b P 84de769a8bca434db764e785d0c712d7 [term 2 FOLLOWER]: Leader election vote request: Granting yes vote for candidate 9fe0645eb892405a9403027136a00204 in term 2.
I20260710 13:23:26.899722 16971 leader_election.cc:290] T e6e0881db46746e58a8dadf770e1fcce P 9fe0645eb892405a9403027136a00204 [CANDIDATE]: Term 2 election: Requested vote from peers 84de769a8bca434db764e785d0c712d7 (127.16.94.193:43317), e225f890a12e47dcb47f31d92beea490 (127.16.94.195:44027)
I20260710 13:23:26.900935 16898 tablet_service.cc:1917] Received RequestConsensusVote() RPC: tablet_id: "e6e0881db46746e58a8dadf770e1fcce" candidate_uuid: "9fe0645eb892405a9403027136a00204" candidate_term: 2 candidate_status { last_received { term: 1 index: 1 } } ignore_live_leader: true dest_uuid: "84de769a8bca434db764e785d0c712d7"
I20260710 13:23:26.901608 16898 raft_consensus.cc:3055] T e6e0881db46746e58a8dadf770e1fcce P 84de769a8bca434db764e785d0c712d7 [term 1 LEADER]: Stepping down as leader of term 1
I20260710 13:23:26.901950 16898 raft_consensus.cc:740] T e6e0881db46746e58a8dadf770e1fcce P 84de769a8bca434db764e785d0c712d7 [term 1 LEADER]: Becoming Follower/Learner. State: Replica: 84de769a8bca434db764e785d0c712d7, State: Running, Role: LEADER
I20260710 13:23:26.902776 16898 consensus_queue.cc:260] T e6e0881db46746e58a8dadf770e1fcce P 84de769a8bca434db764e785d0c712d7 [NON_LEADER]: Queue going to NON_LEADER mode. State: All replicated index: 0, Majority replicated index: 1, Committed index: 1, Last appended: 1.1, Last appended by leader: 1, Current term: 1, Majority size: -1, State: 0, Mode: NON_LEADER, active raft config: opid_index: -1 OBSOLETE_local: false peers { permanent_uuid: "84de769a8bca434db764e785d0c712d7" member_type: VOTER last_known_addr { host: "127.16.94.193" port: 43317 } } peers { permanent_uuid: "9fe0645eb892405a9403027136a00204" member_type: VOTER last_known_addr { host: "127.16.94.194" port: 40093 } } peers { permanent_uuid: "e225f890a12e47dcb47f31d92beea490" member_type: VOTER last_known_addr { host: "127.16.94.195" port: 44027 } }
I20260710 13:23:26.904088 16898 raft_consensus.cc:3060] T e6e0881db46746e58a8dadf770e1fcce P 84de769a8bca434db764e785d0c712d7 [term 1 FOLLOWER]: Advancing to term 2
I20260710 13:23:26.903859 16793 catalog_manager.cc:5697] T ead5135809eb4c45ac0b9cddaaadcb5b P 9fe0645eb892405a9403027136a00204 reported cstate change: term changed from 1 to 2, leader changed from 84de769a8bca434db764e785d0c712d7 (127.16.94.193) to 9fe0645eb892405a9403027136a00204 (127.16.94.194). New cstate: current_term: 2 leader_uuid: "9fe0645eb892405a9403027136a00204" committed_config { opid_index: -1 OBSOLETE_local: false peers { permanent_uuid: "84de769a8bca434db764e785d0c712d7" member_type: VOTER last_known_addr { host: "127.16.94.193" port: 43317 } health_report { overall_health: UNKNOWN } } peers { permanent_uuid: "9fe0645eb892405a9403027136a00204" member_type: VOTER last_known_addr { host: "127.16.94.194" port: 40093 } health_report { overall_health: HEALTHY } } peers { permanent_uuid: "e225f890a12e47dcb47f31d92beea490" member_type: VOTER last_known_addr { host: "127.16.94.195" port: 44027 } health_report { overall_health: UNKNOWN } } }
I20260710 13:23:26.910009 17045 tablet_service.cc:1917] Received RequestConsensusVote() RPC: tablet_id: "e6e0881db46746e58a8dadf770e1fcce" candidate_uuid: "9fe0645eb892405a9403027136a00204" candidate_term: 2 candidate_status { last_received { term: 1 index: 1 } } ignore_live_leader: true dest_uuid: "e225f890a12e47dcb47f31d92beea490"
I20260710 13:23:26.910665 17045 raft_consensus.cc:3060] T e6e0881db46746e58a8dadf770e1fcce P e225f890a12e47dcb47f31d92beea490 [term 1 FOLLOWER]: Advancing to term 2
I20260710 13:23:26.911266 17110 raft_consensus.cc:993] T b23d24a1df564adfbe5aba56aa3d0de1 P 9fe0645eb892405a9403027136a00204: : Instructing follower 84de769a8bca434db764e785d0c712d7 to start an election
I20260710 13:23:26.911731 17110 raft_consensus.cc:1081] T b23d24a1df564adfbe5aba56aa3d0de1 P 9fe0645eb892405a9403027136a00204 [term 1 LEADER]: Signalling peer 84de769a8bca434db764e785d0c712d7 to start an election
I20260710 13:23:26.915396 16898 raft_consensus.cc:2468] T e6e0881db46746e58a8dadf770e1fcce P 84de769a8bca434db764e785d0c712d7 [term 2 FOLLOWER]: Leader election vote request: Granting yes vote for candidate 9fe0645eb892405a9403027136a00204 in term 2.
I20260710 13:23:26.915529 16897 tablet_service.cc:2044] Received Run Leader Election RPC: tablet_id: "b23d24a1df564adfbe5aba56aa3d0de1"
dest_uuid: "84de769a8bca434db764e785d0c712d7"
 from {username='slave'} at 127.0.0.1:34562
I20260710 13:23:26.917487 16897 raft_consensus.cc:493] T b23d24a1df564adfbe5aba56aa3d0de1 P 84de769a8bca434db764e785d0c712d7 [term 1 FOLLOWER]: Starting forced leader election (received explicit request)
I20260710 13:23:26.917668 17045 raft_consensus.cc:2468] T e6e0881db46746e58a8dadf770e1fcce P e225f890a12e47dcb47f31d92beea490 [term 2 FOLLOWER]: Leader election vote request: Granting yes vote for candidate 9fe0645eb892405a9403027136a00204 in term 2.
I20260710 13:23:26.917972 16897 raft_consensus.cc:3060] T b23d24a1df564adfbe5aba56aa3d0de1 P 84de769a8bca434db764e785d0c712d7 [term 1 FOLLOWER]: Advancing to term 2
I20260710 13:23:26.918926 16938 leader_election.cc:304] T e6e0881db46746e58a8dadf770e1fcce P 9fe0645eb892405a9403027136a00204 [CANDIDATE]: Term 2 election: Election decided. Result: candidate won. Election summary: received 2 responses out of 3 voters: 2 yes votes; 0 no votes. yes voters: 9fe0645eb892405a9403027136a00204, e225f890a12e47dcb47f31d92beea490; no voters: 
I20260710 13:23:26.919732 17094 raft_consensus.cc:2804] T e6e0881db46746e58a8dadf770e1fcce P 9fe0645eb892405a9403027136a00204 [term 2 FOLLOWER]: Leader election won for term 2
I20260710 13:23:26.920291 17094 raft_consensus.cc:697] T e6e0881db46746e58a8dadf770e1fcce P 9fe0645eb892405a9403027136a00204 [term 2 LEADER]: Becoming Leader. State: Replica: 9fe0645eb892405a9403027136a00204, State: Running, Role: LEADER
I20260710 13:23:26.921216 17094 consensus_queue.cc:237] T e6e0881db46746e58a8dadf770e1fcce P 9fe0645eb892405a9403027136a00204 [LEADER]: Queue going to LEADER mode. State: All replicated index: 0, Majority replicated index: 1, Committed index: 1, Last appended: 1.1, Last appended by leader: 1, Current term: 2, Majority size: 2, State: 0, Mode: LEADER, active raft config: opid_index: -1 OBSOLETE_local: false peers { permanent_uuid: "84de769a8bca434db764e785d0c712d7" member_type: VOTER last_known_addr { host: "127.16.94.193" port: 43317 } } peers { permanent_uuid: "9fe0645eb892405a9403027136a00204" member_type: VOTER last_known_addr { host: "127.16.94.194" port: 40093 } } peers { permanent_uuid: "e225f890a12e47dcb47f31d92beea490" member_type: VOTER last_known_addr { host: "127.16.94.195" port: 44027 } }
I20260710 13:23:26.924811 16897 raft_consensus.cc:515] T b23d24a1df564adfbe5aba56aa3d0de1 P 84de769a8bca434db764e785d0c712d7 [term 2 FOLLOWER]: Starting forced leader election with config: opid_index: -1 OBSOLETE_local: false peers { permanent_uuid: "84de769a8bca434db764e785d0c712d7" member_type: VOTER last_known_addr { host: "127.16.94.193" port: 43317 } } peers { permanent_uuid: "9fe0645eb892405a9403027136a00204" member_type: VOTER last_known_addr { host: "127.16.94.194" port: 40093 } } peers { permanent_uuid: "e225f890a12e47dcb47f31d92beea490" member_type: VOTER last_known_addr { host: "127.16.94.195" port: 44027 } }
I20260710 13:23:26.927675 16971 tablet_service.cc:1917] Received RequestConsensusVote() RPC: tablet_id: "b23d24a1df564adfbe5aba56aa3d0de1" candidate_uuid: "84de769a8bca434db764e785d0c712d7" candidate_term: 2 candidate_status { last_received { term: 1 index: 1 } } ignore_live_leader: true dest_uuid: "9fe0645eb892405a9403027136a00204"
I20260710 13:23:26.928086 17045 tablet_service.cc:1917] Received RequestConsensusVote() RPC: tablet_id: "b23d24a1df564adfbe5aba56aa3d0de1" candidate_uuid: "84de769a8bca434db764e785d0c712d7" candidate_term: 2 candidate_status { last_received { term: 1 index: 1 } } ignore_live_leader: true dest_uuid: "e225f890a12e47dcb47f31d92beea490"
I20260710 13:23:26.928331 16971 raft_consensus.cc:3055] T b23d24a1df564adfbe5aba56aa3d0de1 P 9fe0645eb892405a9403027136a00204 [term 1 LEADER]: Stepping down as leader of term 1
