I20260710 13:23:45.169404 23353 leader_election.cc:290] T 69e4e719954c4faba44e953f237dcf56 P 9399a94da3504b29a482171672bba472 [CANDIDATE]: Term 1 pre-election: Requested pre-vote from peers d4599fcede8c49dfa54eaf8a89753998 (127.21.119.129:46153), 206652c0a11d4d70b91c6fdbbc8e9235 (127.21.119.130:37661)
I20260710 13:23:45.170372 23326 leader_election.cc:290] T 4bb7c7609a224c9c87e93a6894a2a21c P 206652c0a11d4d70b91c6fdbbc8e9235 [CANDIDATE]: Term 1 pre-election: Requested pre-vote from peers d4599fcede8c49dfa54eaf8a89753998 (127.21.119.129:46153), 9399a94da3504b29a482171672bba472 (127.21.119.131:45277)
I20260710 13:23:45.170895 23319 leader_election.cc:290] T e5c8b6a458b64529b9936628f77c2d80 P 206652c0a11d4d70b91c6fdbbc8e9235 [CANDIDATE]: Term 1 pre-election: Requested pre-vote from peers d4599fcede8c49dfa54eaf8a89753998 (127.21.119.129:46153), 9399a94da3504b29a482171672bba472 (127.21.119.131:45277)
I20260710 13:23:45.170961 23128 tablet_service.cc:1917] Received RequestConsensusVote() RPC: tablet_id: "4bb7c7609a224c9c87e93a6894a2a21c" candidate_uuid: "206652c0a11d4d70b91c6fdbbc8e9235" candidate_term: 1 candidate_status { last_received { term: 0 index: 0 } } ignore_live_leader: false dest_uuid: "d4599fcede8c49dfa54eaf8a89753998" is_pre_election: true
I20260710 13:23:45.172432 23201 tablet_service.cc:1917] Received RequestConsensusVote() RPC: tablet_id: "69e4e719954c4faba44e953f237dcf56" candidate_uuid: "9399a94da3504b29a482171672bba472" candidate_term: 1 candidate_status { last_received { term: 0 index: 0 } } ignore_live_leader: false dest_uuid: "206652c0a11d4d70b91c6fdbbc8e9235" is_pre_election: true
I20260710 13:23:45.173180 23201 raft_consensus.cc:2393] T 69e4e719954c4faba44e953f237dcf56 P 206652c0a11d4d70b91c6fdbbc8e9235 [term 1 FOLLOWER]: Leader pre-election vote request: Denying vote to candidate 9399a94da3504b29a482171672bba472 in current term 1: Already voted for candidate d4599fcede8c49dfa54eaf8a89753998 in this term.
I20260710 13:23:45.173511 23276 tablet_service.cc:1917] Received RequestConsensusVote() RPC: tablet_id: "e5c8b6a458b64529b9936628f77c2d80" candidate_uuid: "206652c0a11d4d70b91c6fdbbc8e9235" candidate_term: 1 candidate_status { last_received { term: 0 index: 0 } } ignore_live_leader: false dest_uuid: "9399a94da3504b29a482171672bba472" is_pre_election: true
I20260710 13:23:45.173175 23277 tablet_service.cc:1917] Received RequestConsensusVote() RPC: tablet_id: "4bb7c7609a224c9c87e93a6894a2a21c" candidate_uuid: "206652c0a11d4d70b91c6fdbbc8e9235" candidate_term: 1 candidate_status { last_received { term: 0 index: 0 } } ignore_live_leader: false dest_uuid: "9399a94da3504b29a482171672bba472" is_pre_election: true
I20260710 13:23:45.174944 23277 raft_consensus.cc:2468] T 4bb7c7609a224c9c87e93a6894a2a21c P 9399a94da3504b29a482171672bba472 [term 0 FOLLOWER]: Leader pre-election vote request: Granting yes vote for candidate 206652c0a11d4d70b91c6fdbbc8e9235 in term 0.
I20260710 13:23:45.177820 23324 tablet_bootstrap.cc:492] T 0c927a8e4ca8446189905ec33ad896f0 P d4599fcede8c49dfa54eaf8a89753998: No bootstrap required, opened a new log
I20260710 13:23:45.178310 23324 ts_tablet_manager.cc:1403] T 0c927a8e4ca8446189905ec33ad896f0 P d4599fcede8c49dfa54eaf8a89753998: Time spent bootstrapping tablet: real 0.042s	user 0.016s	sys 0.024s
I20260710 13:23:45.177862 23243 leader_election.cc:304] T 69e4e719954c4faba44e953f237dcf56 P 9399a94da3504b29a482171672bba472 [CANDIDATE]: Term 1 pre-election: Election decided. Result: candidate lost. Election summary: received 3 responses out of 3 voters: 1 yes votes; 2 no votes. yes voters: 9399a94da3504b29a482171672bba472; no voters: 206652c0a11d4d70b91c6fdbbc8e9235, d4599fcede8c49dfa54eaf8a89753998
W20260710 13:23:45.179522 23168 leader_election.cc:343] T e5c8b6a458b64529b9936628f77c2d80 P 206652c0a11d4d70b91c6fdbbc8e9235 [CANDIDATE]: Term 1 pre-election: Tablet error from VoteRequest() call to peer 9399a94da3504b29a482171672bba472 (127.21.119.131:45277): Illegal state: must be running to vote when last-logged opid is not known
I20260710 13:23:45.180194 23128 tablet_service.cc:1917] Received RequestConsensusVote() RPC: tablet_id: "e5c8b6a458b64529b9936628f77c2d80" candidate_uuid: "206652c0a11d4d70b91c6fdbbc8e9235" candidate_term: 1 candidate_status { last_received { term: 0 index: 0 } } ignore_live_leader: false dest_uuid: "d4599fcede8c49dfa54eaf8a89753998" is_pre_election: true
I20260710 13:23:45.181057 23324 raft_consensus.cc:359] T 0c927a8e4ca8446189905ec33ad896f0 P d4599fcede8c49dfa54eaf8a89753998 [term 0 FOLLOWER]: Replica starting. Triggering 0 pending ops. Active config: opid_index: -1 OBSOLETE_local: false peers { permanent_uuid: "d4599fcede8c49dfa54eaf8a89753998" member_type: VOTER last_known_addr { host: "127.21.119.129" port: 46153 } } peers { permanent_uuid: "206652c0a11d4d70b91c6fdbbc8e9235" member_type: VOTER last_known_addr { host: "127.21.119.130" port: 37661 } } peers { permanent_uuid: "9399a94da3504b29a482171672bba472" member_type: VOTER last_known_addr { host: "127.21.119.131" port: 45277 } }
I20260710 13:23:45.181797 23324 raft_consensus.cc:385] T 0c927a8e4ca8446189905ec33ad896f0 P d4599fcede8c49dfa54eaf8a89753998 [term 0 FOLLOWER]: Consensus starting up: Expiring failure detector timer to make a prompt election more likely
I20260710 13:23:45.181049 23128 raft_consensus.cc:2468] T e5c8b6a458b64529b9936628f77c2d80 P d4599fcede8c49dfa54eaf8a89753998 [term 0 FOLLOWER]: Leader pre-election vote request: Granting yes vote for candidate 206652c0a11d4d70b91c6fdbbc8e9235 in term 0.
I20260710 13:23:45.182128 23324 raft_consensus.cc:740] T 0c927a8e4ca8446189905ec33ad896f0 P d4599fcede8c49dfa54eaf8a89753998 [term 0 FOLLOWER]: Becoming Follower/Learner. State: Replica: d4599fcede8c49dfa54eaf8a89753998, State: Initialized, Role: FOLLOWER
I20260710 13:23:45.181298 23353 raft_consensus.cc:3060] T 69e4e719954c4faba44e953f237dcf56 P 9399a94da3504b29a482171672bba472 [term 0 FOLLOWER]: Advancing to term 1
I20260710 13:23:45.180197 23168 leader_election.cc:304] T 4bb7c7609a224c9c87e93a6894a2a21c P 206652c0a11d4d70b91c6fdbbc8e9235 [CANDIDATE]: Term 1 pre-election: Election decided. Result: candidate won. Election summary: received 2 responses out of 3 voters: 2 yes votes; 0 no votes. yes voters: 206652c0a11d4d70b91c6fdbbc8e9235, 9399a94da3504b29a482171672bba472; no voters: 
I20260710 13:23:45.182869 23324 consensus_queue.cc:260] T 0c927a8e4ca8446189905ec33ad896f0 P d4599fcede8c49dfa54eaf8a89753998 [NON_LEADER]: Queue going to NON_LEADER mode. State: All replicated index: 0, Majority replicated index: 0, Committed index: 0, Last appended: 0.0, Last appended by leader: 0, Current term: 0, Majority size: -1, State: 0, Mode: NON_LEADER, active raft config: opid_index: -1 OBSOLETE_local: false peers { permanent_uuid: "d4599fcede8c49dfa54eaf8a89753998" member_type: VOTER last_known_addr { host: "127.21.119.129" port: 46153 } } peers { permanent_uuid: "206652c0a11d4d70b91c6fdbbc8e9235" member_type: VOTER last_known_addr { host: "127.21.119.130" port: 37661 } } peers { permanent_uuid: "9399a94da3504b29a482171672bba472" member_type: VOTER last_known_addr { host: "127.21.119.131" port: 45277 } }
I20260710 13:23:45.183663 23319 raft_consensus.cc:2804] T 4bb7c7609a224c9c87e93a6894a2a21c P 206652c0a11d4d70b91c6fdbbc8e9235 [term 0 FOLLOWER]: Leader pre-election won for term 1
I20260710 13:23:45.183991 23319 raft_consensus.cc:493] T 4bb7c7609a224c9c87e93a6894a2a21c P 206652c0a11d4d70b91c6fdbbc8e9235 [term 0 FOLLOWER]: Starting leader election (no leader contacted us within the election timeout)
I20260710 13:23:45.184307 23319 raft_consensus.cc:3060] T 4bb7c7609a224c9c87e93a6894a2a21c P 206652c0a11d4d70b91c6fdbbc8e9235 [term 0 FOLLOWER]: Advancing to term 1
I20260710 13:23:45.184907 23324 ts_tablet_manager.cc:1434] T 0c927a8e4ca8446189905ec33ad896f0 P d4599fcede8c49dfa54eaf8a89753998: Time spent starting tablet: real 0.006s	user 0.006s	sys 0.000s
I20260710 13:23:45.185940 23324 tablet_bootstrap.cc:492] T 4bb7c7609a224c9c87e93a6894a2a21c P d4599fcede8c49dfa54eaf8a89753998: Bootstrap starting.
W20260710 13:23:45.187039 23167 leader_election.cc:343] T 4bb7c7609a224c9c87e93a6894a2a21c P 206652c0a11d4d70b91c6fdbbc8e9235 [CANDIDATE]: Term 1 pre-election: Tablet error from VoteRequest() call to peer d4599fcede8c49dfa54eaf8a89753998 (127.21.119.129:46153): Illegal state: must be running to vote when last-logged opid is not known
I20260710 13:23:45.188283 23167 leader_election.cc:304] T e5c8b6a458b64529b9936628f77c2d80 P 206652c0a11d4d70b91c6fdbbc8e9235 [CANDIDATE]: Term 1 pre-election: Election decided. Result: candidate won. Election summary: received 3 responses out of 3 voters: 2 yes votes; 1 no votes. yes voters: 206652c0a11d4d70b91c6fdbbc8e9235, d4599fcede8c49dfa54eaf8a89753998; no voters: 9399a94da3504b29a482171672bba472
I20260710 13:23:45.189345 23326 raft_consensus.cc:2804] T e5c8b6a458b64529b9936628f77c2d80 P 206652c0a11d4d70b91c6fdbbc8e9235 [term 0 FOLLOWER]: Leader pre-election won for term 1
I20260710 13:23:45.189800 23326 raft_consensus.cc:493] T e5c8b6a458b64529b9936628f77c2d80 P 206652c0a11d4d70b91c6fdbbc8e9235 [term 0 FOLLOWER]: Starting leader election (no leader contacted us within the election timeout)
I20260710 13:23:45.190196 23326 raft_consensus.cc:3060] T e5c8b6a458b64529b9936628f77c2d80 P 206652c0a11d4d70b91c6fdbbc8e9235 [term 0 FOLLOWER]: Advancing to term 1
I20260710 13:23:45.191300 23324 tablet_bootstrap.cc:654] T 4bb7c7609a224c9c87e93a6894a2a21c P d4599fcede8c49dfa54eaf8a89753998: Neither blocks nor log segments found. Creating new log.
I20260710 13:23:45.202191 23324 tablet_bootstrap.cc:492] T 4bb7c7609a224c9c87e93a6894a2a21c P d4599fcede8c49dfa54eaf8a89753998: No bootstrap required, opened a new log
I20260710 13:23:45.202704 23324 ts_tablet_manager.cc:1403] T 4bb7c7609a224c9c87e93a6894a2a21c P d4599fcede8c49dfa54eaf8a89753998: Time spent bootstrapping tablet: real 0.017s	user 0.016s	sys 0.000s
I20260710 13:23:45.205404 23324 raft_consensus.cc:359] T 4bb7c7609a224c9c87e93a6894a2a21c P d4599fcede8c49dfa54eaf8a89753998 [term 0 FOLLOWER]: Replica starting. Triggering 0 pending ops. Active config: opid_index: -1 OBSOLETE_local: false peers { permanent_uuid: "d4599fcede8c49dfa54eaf8a89753998" member_type: VOTER last_known_addr { host: "127.21.119.129" port: 46153 } } peers { permanent_uuid: "206652c0a11d4d70b91c6fdbbc8e9235" member_type: VOTER last_known_addr { host: "127.21.119.130" port: 37661 } } peers { permanent_uuid: "9399a94da3504b29a482171672bba472" member_type: VOTER last_known_addr { host: "127.21.119.131" port: 45277 } }
I20260710 13:23:45.206070 23324 raft_consensus.cc:385] T 4bb7c7609a224c9c87e93a6894a2a21c P d4599fcede8c49dfa54eaf8a89753998 [term 0 FOLLOWER]: Consensus starting up: Expiring failure detector timer to make a prompt election more likely
I20260710 13:23:45.205910 23319 raft_consensus.cc:515] T 4bb7c7609a224c9c87e93a6894a2a21c P 206652c0a11d4d70b91c6fdbbc8e9235 [term 1 FOLLOWER]: Starting leader election with config: opid_index: -1 OBSOLETE_local: false peers { permanent_uuid: "d4599fcede8c49dfa54eaf8a89753998" member_type: VOTER last_known_addr { host: "127.21.119.129" port: 46153 } } peers { permanent_uuid: "206652c0a11d4d70b91c6fdbbc8e9235" member_type: VOTER last_known_addr { host: "127.21.119.130" port: 37661 } } peers { permanent_uuid: "9399a94da3504b29a482171672bba472" member_type: VOTER last_known_addr { host: "127.21.119.131" port: 45277 } }
I20260710 13:23:45.206339 23324 raft_consensus.cc:740] T 4bb7c7609a224c9c87e93a6894a2a21c P d4599fcede8c49dfa54eaf8a89753998 [term 0 FOLLOWER]: Becoming Follower/Learner. State: Replica: d4599fcede8c49dfa54eaf8a89753998, State: Initialized, Role: FOLLOWER
I20260710 13:23:45.207247 23329 raft_consensus.cc:493] T 900deb68017d401d8912ea6246324866 P d4599fcede8c49dfa54eaf8a89753998 [term 0 FOLLOWER]: Starting pre-election (no leader contacted us within the election timeout)
I20260710 13:23:45.207406 23324 consensus_queue.cc:260] T 4bb7c7609a224c9c87e93a6894a2a21c P d4599fcede8c49dfa54eaf8a89753998 [NON_LEADER]: Queue going to NON_LEADER mode. State: All replicated index: 0, Majority replicated index: 0, Committed index: 0, Last appended: 0.0, Last appended by leader: 0, Current term: 0, Majority size: -1, State: 0, Mode: NON_LEADER, active raft config: opid_index: -1 OBSOLETE_local: false peers { permanent_uuid: "d4599fcede8c49dfa54eaf8a89753998" member_type: VOTER last_known_addr { host: "127.21.119.129" port: 46153 } } peers { permanent_uuid: "206652c0a11d4d70b91c6fdbbc8e9235" member_type: VOTER last_known_addr { host: "127.21.119.130" port: 37661 } } peers { permanent_uuid: "9399a94da3504b29a482171672bba472" member_type: VOTER last_known_addr { host: "127.21.119.131" port: 45277 } }
I20260710 13:23:45.207683 23329 raft_consensus.cc:515] T 900deb68017d401d8912ea6246324866 P d4599fcede8c49dfa54eaf8a89753998 [term 0 FOLLOWER]: Starting pre-election with config: opid_index: -1 OBSOLETE_local: false peers { permanent_uuid: "d4599fcede8c49dfa54eaf8a89753998" member_type: VOTER last_known_addr { host: "127.21.119.129" port: 46153 } } peers { permanent_uuid: "206652c0a11d4d70b91c6fdbbc8e9235" member_type: VOTER last_known_addr { host: "127.21.119.130" port: 37661 } } peers { permanent_uuid: "9399a94da3504b29a482171672bba472" member_type: VOTER last_known_addr { host: "127.21.119.131" port: 45277 } }
I20260710 13:23:45.208680 23128 tablet_service.cc:1917] Received RequestConsensusVote() RPC: tablet_id: "4bb7c7609a224c9c87e93a6894a2a21c" candidate_uuid: "206652c0a11d4d70b91c6fdbbc8e9235" candidate_term: 1 candidate_status { last_received { term: 0 index: 0 } } ignore_live_leader: false dest_uuid: "d4599fcede8c49dfa54eaf8a89753998"
I20260710 13:23:45.209230 23128 raft_consensus.cc:3060] T 4bb7c7609a224c9c87e93a6894a2a21c P d4599fcede8c49dfa54eaf8a89753998 [term 0 FOLLOWER]: Advancing to term 1
I20260710 13:23:45.209414 23324 ts_tablet_manager.cc:1434] T 4bb7c7609a224c9c87e93a6894a2a21c P d4599fcede8c49dfa54eaf8a89753998: Time spent starting tablet: real 0.006s	user 0.004s	sys 0.000s
I20260710 13:23:45.209714 23329 leader_election.cc:290] T 900deb68017d401d8912ea6246324866 P d4599fcede8c49dfa54eaf8a89753998 [CANDIDATE]: Term 1 pre-election: Requested pre-vote from peers 206652c0a11d4d70b91c6fdbbc8e9235 (127.21.119.130:37661), 9399a94da3504b29a482171672bba472 (127.21.119.131:45277)
I20260710 13:23:45.210314 23324 tablet_bootstrap.cc:492] T 410d2b94234543219abf87dd3ed0c6a3 P d4599fcede8c49dfa54eaf8a89753998: Bootstrap starting.
I20260710 13:23:45.211702 23201 tablet_service.cc:1917] Received RequestConsensusVote() RPC: tablet_id: "900deb68017d401d8912ea6246324866" candidate_uuid: "d4599fcede8c49dfa54eaf8a89753998" candidate_term: 1 candidate_status { last_received { term: 0 index: 0 } } ignore_live_leader: false dest_uuid: "206652c0a11d4d70b91c6fdbbc8e9235" is_pre_election: true
I20260710 13:23:45.212301 23201 raft_consensus.cc:2468] T 900deb68017d401d8912ea6246324866 P 206652c0a11d4d70b91c6fdbbc8e9235 [term 0 FOLLOWER]: Leader pre-election vote request: Granting yes vote for candidate d4599fcede8c49dfa54eaf8a89753998 in term 0.
I20260710 13:23:45.213454 23094 leader_election.cc:304] T 900deb68017d401d8912ea6246324866 P d4599fcede8c49dfa54eaf8a89753998 [CANDIDATE]: Term 1 pre-election: Election decided. Result: candidate won. Election summary: received 2 responses out of 3 voters: 2 yes votes; 0 no votes. yes voters: 206652c0a11d4d70b91c6fdbbc8e9235, d4599fcede8c49dfa54eaf8a89753998; no voters: 
I20260710 13:23:45.214293 23351 raft_consensus.cc:2804] T 900deb68017d401d8912ea6246324866 P d4599fcede8c49dfa54eaf8a89753998 [term 0 FOLLOWER]: Leader pre-election won for term 1
I20260710 13:23:45.214687 23351 raft_consensus.cc:493] T 900deb68017d401d8912ea6246324866 P d4599fcede8c49dfa54eaf8a89753998 [term 0 FOLLOWER]: Starting leader election (no leader contacted us within the election timeout)
I20260710 13:23:45.215026 23351 raft_consensus.cc:3060] T 900deb68017d401d8912ea6246324866 P d4599fcede8c49dfa54eaf8a89753998 [term 0 FOLLOWER]: Advancing to term 1
I20260710 13:23:45.216408 23324 tablet_bootstrap.cc:654] T 410d2b94234543219abf87dd3ed0c6a3 P d4599fcede8c49dfa54eaf8a89753998: Neither blocks nor log segments found. Creating new log.
I20260710 13:23:45.217506 23319 leader_election.cc:290] T 4bb7c7609a224c9c87e93a6894a2a21c P 206652c0a11d4d70b91c6fdbbc8e9235 [CANDIDATE]: Term 1 election: Requested vote from peers d4599fcede8c49dfa54eaf8a89753998 (127.21.119.129:46153), 9399a94da3504b29a482171672bba472 (127.21.119.131:45277)
I20260710 13:23:45.218498 23128 raft_consensus.cc:2468] T 4bb7c7609a224c9c87e93a6894a2a21c P d4599fcede8c49dfa54eaf8a89753998 [term 1 FOLLOWER]: Leader election vote request: Granting yes vote for candidate 206652c0a11d4d70b91c6fdbbc8e9235 in term 1.
I20260710 13:23:45.220824 23353 raft_consensus.cc:2749] T 69e4e719954c4faba44e953f237dcf56 P 9399a94da3504b29a482171672bba472 [term 1 FOLLOWER]: Leader pre-election lost for term 1. Reason: could not achieve majority
I20260710 13:23:45.225045 23277 tablet_service.cc:1917] Received RequestConsensusVote() RPC: tablet_id: "4bb7c7609a224c9c87e93a6894a2a21c" candidate_uuid: "206652c0a11d4d70b91c6fdbbc8e9235" candidate_term: 1 candidate_status { last_received { term: 0 index: 0 } } ignore_live_leader: false dest_uuid: "9399a94da3504b29a482171672bba472"
I20260710 13:23:45.225610 23277 raft_consensus.cc:3060] T 4bb7c7609a224c9c87e93a6894a2a21c P 9399a94da3504b29a482171672bba472 [term 0 FOLLOWER]: Advancing to term 1
I20260710 13:23:45.221225 23326 raft_consensus.cc:515] T e5c8b6a458b64529b9936628f77c2d80 P 206652c0a11d4d70b91c6fdbbc8e9235 [term 1 FOLLOWER]: Starting leader election with config: opid_index: -1 OBSOLETE_local: false peers { permanent_uuid: "d4599fcede8c49dfa54eaf8a89753998" member_type: VOTER last_known_addr { host: "127.21.119.129" port: 46153 } } peers { permanent_uuid: "206652c0a11d4d70b91c6fdbbc8e9235" member_type: VOTER last_known_addr { host: "127.21.119.130" port: 37661 } } peers { permanent_uuid: "9399a94da3504b29a482171672bba472" member_type: VOTER last_known_addr { host: "127.21.119.131" port: 45277 } }
I20260710 13:23:45.228384 23326 leader_election.cc:290] T e5c8b6a458b64529b9936628f77c2d80 P 206652c0a11d4d70b91c6fdbbc8e9235 [CANDIDATE]: Term 1 election: Requested vote from peers d4599fcede8c49dfa54eaf8a89753998 (127.21.119.129:46153), 9399a94da3504b29a482171672bba472 (127.21.119.131:45277)
I20260710 13:23:45.162629 23317 raft_consensus.cc:359] T 94558895754c45f49a2343517cf04dc6 P 206652c0a11d4d70b91c6fdbbc8e9235 [term 0 FOLLOWER]: Replica starting. Triggering 0 pending ops. Active config: opid_index: -1 OBSOLETE_local: false peers { permanent_uuid: "d4599fcede8c49dfa54eaf8a89753998" member_type: VOTER last_known_addr { host: "127.21.119.129" port: 46153 } } peers { permanent_uuid: "206652c0a11d4d70b91c6fdbbc8e9235" member_type: VOTER last_known_addr { host: "127.21.119.130" port: 37661 } } peers { permanent_uuid: "9399a94da3504b29a482171672bba472" member_type: VOTER last_known_addr { host: "127.21.119.131" port: 45277 } }
I20260710 13:23:45.229336 23317 raft_consensus.cc:385] T 94558895754c45f49a2343517cf04dc6 P 206652c0a11d4d70b91c6fdbbc8e9235 [term 0 FOLLOWER]: Consensus starting up: Expiring failure detector timer to make a prompt election more likely
I20260710 13:23:45.229678 23317 raft_consensus.cc:740] T 94558895754c45f49a2343517cf04dc6 P 206652c0a11d4d70b91c6fdbbc8e9235 [term 0 FOLLOWER]: Becoming Follower/Learner. State: Replica: 206652c0a11d4d70b91c6fdbbc8e9235, State: Initialized, Role: FOLLOWER
I20260710 13:23:45.229950 23275 tablet_service.cc:1917] Received RequestConsensusVote() RPC: tablet_id: "e5c8b6a458b64529b9936628f77c2d80" candidate_uuid: "206652c0a11d4d70b91c6fdbbc8e9235" candidate_term: 1 candidate_status { last_received { term: 0 index: 0 } } ignore_live_leader: false dest_uuid: "9399a94da3504b29a482171672bba472"
W20260710 13:23:45.234990 23168 leader_election.cc:343] T e5c8b6a458b64529b9936628f77c2d80 P 206652c0a11d4d70b91c6fdbbc8e9235 [CANDIDATE]: Term 1 election: Tablet error from VoteRequest() call to peer 9399a94da3504b29a482171672bba472 (127.21.119.131:45277): Illegal state: must be running to vote when last-logged opid is not known
I20260710 13:23:45.236240 23321 tablet_bootstrap.cc:492] T 410d2b94234543219abf87dd3ed0c6a3 P 9399a94da3504b29a482171672bba472: No bootstrap required, opened a new log
I20260710 13:23:45.236773 23321 ts_tablet_manager.cc:1403] T 410d2b94234543219abf87dd3ed0c6a3 P 9399a94da3504b29a482171672bba472: Time spent bootstrapping tablet: real 0.093s	user 0.028s	sys 0.018s
I20260710 13:23:45.230500 23317 consensus_queue.cc:260] T 94558895754c45f49a2343517cf04dc6 P 206652c0a11d4d70b91c6fdbbc8e9235 [NON_LEADER]: Queue going to NON_LEADER mode. State: All replicated index: 0, Majority replicated index: 0, Committed index: 0, Last appended: 0.0, Last appended by leader: 0, Current term: 0, Majority size: -1, State: 0, Mode: NON_LEADER, active raft config: opid_index: -1 OBSOLETE_local: false peers { permanent_uuid: "d4599fcede8c49dfa54eaf8a89753998" member_type: VOTER last_known_addr { host: "127.21.119.129" port: 46153 } } peers { permanent_uuid: "206652c0a11d4d70b91c6fdbbc8e9235" member_type: VOTER last_known_addr { host: "127.21.119.130" port: 37661 } } peers { permanent_uuid: "9399a94da3504b29a482171672bba472" member_type: VOTER last_known_addr { host: "127.21.119.131" port: 45277 } }
I20260710 13:23:45.230949 23276 tablet_service.cc:1917] Received RequestConsensusVote() RPC: tablet_id: "900deb68017d401d8912ea6246324866" candidate_uuid: "d4599fcede8c49dfa54eaf8a89753998" candidate_term: 1 candidate_status { last_received { term: 0 index: 0 } } ignore_live_leader: false dest_uuid: "9399a94da3504b29a482171672bba472" is_pre_election: true
I20260710 13:23:45.231657 23329 raft_consensus.cc:493] T 83b319d0b8ff4cc0a01d30008b9729a4 P d4599fcede8c49dfa54eaf8a89753998 [term 0 FOLLOWER]: Starting pre-election (no leader contacted us within the election timeout)
I20260710 13:23:45.239672 23321 raft_consensus.cc:359] T 410d2b94234543219abf87dd3ed0c6a3 P 9399a94da3504b29a482171672bba472 [term 0 FOLLOWER]: Replica starting. Triggering 0 pending ops. Active config: opid_index: -1 OBSOLETE_local: false peers { permanent_uuid: "d4599fcede8c49dfa54eaf8a89753998" member_type: VOTER last_known_addr { host: "127.21.119.129" port: 46153 } } peers { permanent_uuid: "206652c0a11d4d70b91c6fdbbc8e9235" member_type: VOTER last_known_addr { host: "127.21.119.130" port: 37661 } } peers { permanent_uuid: "9399a94da3504b29a482171672bba472" member_type: VOTER last_known_addr { host: "127.21.119.131" port: 45277 } }
I20260710 13:23:45.240357 23321 raft_consensus.cc:385] T 410d2b94234543219abf87dd3ed0c6a3 P 9399a94da3504b29a482171672bba472 [term 0 FOLLOWER]: Consensus starting up: Expiring failure detector timer to make a prompt election more likely
W20260710 13:23:45.240221 23093 leader_election.cc:343] T 900deb68017d401d8912ea6246324866 P d4599fcede8c49dfa54eaf8a89753998 [CANDIDATE]: Term 1 pre-election: Tablet error from VoteRequest() call to peer 9399a94da3504b29a482171672bba472 (127.21.119.131:45277): Illegal state: must be running to vote when last-logged opid is not known
I20260710 13:23:45.240782 23321 raft_consensus.cc:740] T 410d2b94234543219abf87dd3ed0c6a3 P 9399a94da3504b29a482171672bba472 [term 0 FOLLOWER]: Becoming Follower/Learner. State: Replica: 9399a94da3504b29a482171672bba472, State: Initialized, Role: FOLLOWER
I20260710 13:23:45.240244 23329 raft_consensus.cc:515] T 83b319d0b8ff4cc0a01d30008b9729a4 P d4599fcede8c49dfa54eaf8a89753998 [term 0 FOLLOWER]: Starting pre-election with config: opid_index: -1 OBSOLETE_local: false peers { permanent_uuid: "206652c0a11d4d70b91c6fdbbc8e9235" member_type: VOTER last_known_addr { host: "127.21.119.130" port: 37661 } } peers { permanent_uuid: "d4599fcede8c49dfa54eaf8a89753998" member_type: VOTER last_known_addr { host: "127.21.119.129" port: 46153 } } peers { permanent_uuid: "9399a94da3504b29a482171672bba472" member_type: VOTER last_known_addr { host: "127.21.119.131" port: 45277 } }
I20260710 13:23:45.241811 23321 consensus_queue.cc:260] T 410d2b94234543219abf87dd3ed0c6a3 P 9399a94da3504b29a482171672bba472 [NON_LEADER]: Queue going to NON_LEADER mode. State: All replicated index: 0, Majority replicated index: 0, Committed index: 0, Last appended: 0.0, Last appended by leader: 0, Current term: 0, Majority size: -1, State: 0, Mode: NON_LEADER, active raft config: opid_index: -1 OBSOLETE_local: false peers { permanent_uuid: "d4599fcede8c49dfa54eaf8a89753998" member_type: VOTER last_known_addr { host: "127.21.119.129" port: 46153 } } peers { permanent_uuid: "206652c0a11d4d70b91c6fdbbc8e9235" member_type: VOTER last_known_addr { host: "127.21.119.130" port: 37661 } } peers { permanent_uuid: "9399a94da3504b29a482171672bba472" member_type: VOTER last_known_addr { host: "127.21.119.131" port: 45277 } }
I20260710 13:23:45.233408 23277 raft_consensus.cc:2468] T 4bb7c7609a224c9c87e93a6894a2a21c P 9399a94da3504b29a482171672bba472 [term 1 FOLLOWER]: Leader election vote request: Granting yes vote for candidate 206652c0a11d4d70b91c6fdbbc8e9235 in term 1.
I20260710 13:23:45.244071 23317 ts_tablet_manager.cc:1434] T 94558895754c45f49a2343517cf04dc6 P 206652c0a11d4d70b91c6fdbbc8e9235: Time spent starting tablet: real 0.084s	user 0.006s	sys 0.000s
I20260710 13:23:45.245994 23317 tablet_bootstrap.cc:492] T 06d1dd75239b4743b410826adba41bdb P 206652c0a11d4d70b91c6fdbbc8e9235: Bootstrap starting.
I20260710 13:23:45.248391 23329 leader_election.cc:290] T 83b319d0b8ff4cc0a01d30008b9729a4 P d4599fcede8c49dfa54eaf8a89753998 [CANDIDATE]: Term 1 pre-election: Requested pre-vote from peers 206652c0a11d4d70b91c6fdbbc8e9235 (127.21.119.130:37661), 9399a94da3504b29a482171672bba472 (127.21.119.131:45277)
I20260710 13:23:45.221885 23351 raft_consensus.cc:515] T 900deb68017d401d8912ea6246324866 P d4599fcede8c49dfa54eaf8a89753998 [term 1 FOLLOWER]: Starting leader election with config: opid_index: -1 OBSOLETE_local: false peers { permanent_uuid: "d4599fcede8c49dfa54eaf8a89753998" member_type: VOTER last_known_addr { host: "127.21.119.129" port: 46153 } } peers { permanent_uuid: "206652c0a11d4d70b91c6fdbbc8e9235" member_type: VOTER last_known_addr { host: "127.21.119.130" port: 37661 } } peers { permanent_uuid: "9399a94da3504b29a482171672bba472" member_type: VOTER last_known_addr { host: "127.21.119.131" port: 45277 } }
I20260710 13:23:45.251317 23024 catalog_manager.cc:5697] T 3abc815274a44ddbaa40bb5d5feed6d3 P 9399a94da3504b29a482171672bba472 reported cstate change: term changed from 0 to 1, leader changed from <none> to 9399a94da3504b29a482171672bba472 (127.21.119.131). New cstate: current_term: 1 leader_uuid: "9399a94da3504b29a482171672bba472" committed_config { opid_index: -1 OBSOLETE_local: false peers { permanent_uuid: "d4599fcede8c49dfa54eaf8a89753998" member_type: VOTER last_known_addr { host: "127.21.119.129" port: 46153 } health_report { overall_health: UNKNOWN } } peers { permanent_uuid: "206652c0a11d4d70b91c6fdbbc8e9235" member_type: VOTER last_known_addr { host: "127.21.119.130" port: 37661 } health_report { overall_health: UNKNOWN } } peers { permanent_uuid: "9399a94da3504b29a482171672bba472" member_type: VOTER last_known_addr { host: "127.21.119.131" port: 45277 } health_report { overall_health: HEALTHY } } }
I20260710 13:23:45.255815 23353 raft_consensus.cc:493] T 7e8b07bbfad445c0aae864ff25deb3b7 P 9399a94da3504b29a482171672bba472 [term 0 FOLLOWER]: Starting pre-election (no leader contacted us within the election timeout)
I20260710 13:23:45.252157 23351 leader_election.cc:290] T 900deb68017d401d8912ea6246324866 P d4599fcede8c49dfa54eaf8a89753998 [CANDIDATE]: Term 1 election: Requested vote from peers 206652c0a11d4d70b91c6fdbbc8e9235 (127.21.119.130:37661), 9399a94da3504b29a482171672bba472 (127.21.119.131:45277)
I20260710 13:23:45.255988 23201 tablet_service.cc:1917] Received RequestConsensusVote() RPC: tablet_id: "83b319d0b8ff4cc0a01d30008b9729a4" candidate_uuid: "d4599fcede8c49dfa54eaf8a89753998" candidate_term: 1 candidate_status { last_received { term: 0 index: 0 } } ignore_live_leader: false dest_uuid: "206652c0a11d4d70b91c6fdbbc8e9235" is_pre_election: true
I20260710 13:23:45.256315 23353 raft_consensus.cc:515] T 7e8b07bbfad445c0aae864ff25deb3b7 P 9399a94da3504b29a482171672bba472 [term 0 FOLLOWER]: Starting pre-election with config: opid_index: -1 OBSOLETE_local: false peers { permanent_uuid: "d4599fcede8c49dfa54eaf8a89753998" member_type: VOTER last_known_addr { host: "127.21.119.129" port: 46153 } } peers { permanent_uuid: "206652c0a11d4d70b91c6fdbbc8e9235" member_type: VOTER last_known_addr { host: "127.21.119.130" port: 37661 } } peers { permanent_uuid: "9399a94da3504b29a482171672bba472" member_type: VOTER last_known_addr { host: "127.21.119.131" port: 45277 } }
I20260710 13:23:45.257532 23203 tablet_service.cc:1917] Received RequestConsensusVote() RPC: tablet_id: "900deb68017d401d8912ea6246324866" candidate_uuid: "d4599fcede8c49dfa54eaf8a89753998" candidate_term: 1 candidate_status { last_received { term: 0 index: 0 } } ignore_live_leader: false dest_uuid: "206652c0a11d4d70b91c6fdbbc8e9235"
I20260710 13:23:45.258284 23203 raft_consensus.cc:3060] T 900deb68017d401d8912ea6246324866 P 206652c0a11d4d70b91c6fdbbc8e9235 [term 0 FOLLOWER]: Advancing to term 1
I20260710 13:23:45.260627 23353 leader_election.cc:290] T 7e8b07bbfad445c0aae864ff25deb3b7 P 9399a94da3504b29a482171672bba472 [CANDIDATE]: Term 1 pre-election: Requested pre-vote from peers d4599fcede8c49dfa54eaf8a89753998 (127.21.119.129:46153), 206652c0a11d4d70b91c6fdbbc8e9235 (127.21.119.130:37661)
I20260710 13:23:45.261577 23321 ts_tablet_manager.cc:1434] T 410d2b94234543219abf87dd3ed0c6a3 P 9399a94da3504b29a482171672bba472: Time spent starting tablet: real 0.024s	user 0.008s	sys 0.001s
I20260710 13:23:45.262693 23321 tablet_bootstrap.cc:492] T 900deb68017d401d8912ea6246324866 P 9399a94da3504b29a482171672bba472: Bootstrap starting.
I20260710 13:23:45.263055 23127 tablet_service.cc:1917] Received RequestConsensusVote() RPC: tablet_id: "7e8b07bbfad445c0aae864ff25deb3b7" candidate_uuid: "9399a94da3504b29a482171672bba472" candidate_term: 1 candidate_status { last_received { term: 0 index: 0 } } ignore_live_leader: false dest_uuid: "d4599fcede8c49dfa54eaf8a89753998" is_pre_election: true
I20260710 13:23:45.264043 23317 tablet_bootstrap.cc:654] T 06d1dd75239b4743b410826adba41bdb P 206652c0a11d4d70b91c6fdbbc8e9235: Neither blocks nor log segments found. Creating new log.
I20260710 13:23:45.264039 23127 raft_consensus.cc:2468] T 7e8b07bbfad445c0aae864ff25deb3b7 P d4599fcede8c49dfa54eaf8a89753998 [term 0 FOLLOWER]: Leader pre-election vote request: Granting yes vote for candidate 9399a94da3504b29a482171672bba472 in term 0.
I20260710 13:23:45.245728 23168 leader_election.cc:304] T 4bb7c7609a224c9c87e93a6894a2a21c P 206652c0a11d4d70b91c6fdbbc8e9235 [CANDIDATE]: Term 1 election: Election decided. Result: candidate won. Election summary: received 2 responses out of 3 voters: 2 yes votes; 0 no votes. yes voters: 206652c0a11d4d70b91c6fdbbc8e9235, 9399a94da3504b29a482171672bba472; no voters: 
I20260710 13:23:45.269788 23326 raft_consensus.cc:2804] T 4bb7c7609a224c9c87e93a6894a2a21c P 206652c0a11d4d70b91c6fdbbc8e9235 [term 1 FOLLOWER]: Leader election won for term 1
I20260710 13:23:45.270447 23326 raft_consensus.cc:697] T 4bb7c7609a224c9c87e93a6894a2a21c P 206652c0a11d4d70b91c6fdbbc8e9235 [term 1 LEADER]: Becoming Leader. State: Replica: 206652c0a11d4d70b91c6fdbbc8e9235, State: Running, Role: LEADER
I20260710 13:23:45.267612 23241 leader_election.cc:304] T 7e8b07bbfad445c0aae864ff25deb3b7 P 9399a94da3504b29a482171672bba472 [CANDIDATE]: Term 1 pre-election: Election decided. Result: candidate won. Election summary: received 2 responses out of 3 voters: 2 yes votes; 0 no votes. yes voters: 9399a94da3504b29a482171672bba472, d4599fcede8c49dfa54eaf8a89753998; no voters: 
I20260710 13:23:45.268625 23201 tablet_service.cc:1917] Received RequestConsensusVote() RPC: tablet_id: "7e8b07bbfad445c0aae864ff25deb3b7" candidate_uuid: "9399a94da3504b29a482171672bba472" candidate_term: 1 candidate_status { last_received { term: 0 index: 0 } } ignore_live_leader: false dest_uuid: "206652c0a11d4d70b91c6fdbbc8e9235" is_pre_election: true
I20260710 13:23:45.273965 23127 tablet_service.cc:1917] Received RequestConsensusVote() RPC: tablet_id: "e5c8b6a458b64529b9936628f77c2d80" candidate_uuid: "206652c0a11d4d70b91c6fdbbc8e9235" candidate_term: 1 candidate_status { last_received { term: 0 index: 0 } } ignore_live_leader: false dest_uuid: "d4599fcede8c49dfa54eaf8a89753998"
I20260710 13:23:45.276257 23277 tablet_service.cc:1917] Received RequestConsensusVote() RPC: tablet_id: "83b319d0b8ff4cc0a01d30008b9729a4" candidate_uuid: "d4599fcede8c49dfa54eaf8a89753998" candidate_term: 1 candidate_status { last_received { term: 0 index: 0 } } ignore_live_leader: false dest_uuid: "9399a94da3504b29a482171672bba472" is_pre_election: true
I20260710 13:23:45.276454 23353 raft_consensus.cc:2804] T 7e8b07bbfad445c0aae864ff25deb3b7 P 9399a94da3504b29a482171672bba472 [term 0 FOLLOWER]: Leader pre-election won for term 1
I20260710 13:23:45.276800 23353 raft_consensus.cc:493] T 7e8b07bbfad445c0aae864ff25deb3b7 P 9399a94da3504b29a482171672bba472 [term 0 FOLLOWER]: Starting leader election (no leader contacted us within the election timeout)
I20260710 13:23:45.276898 23277 raft_consensus.cc:2468] T 83b319d0b8ff4cc0a01d30008b9729a4 P 9399a94da3504b29a482171672bba472 [term 0 FOLLOWER]: Leader pre-election vote request: Granting yes vote for candidate d4599fcede8c49dfa54eaf8a89753998 in term 0.
I20260710 13:23:45.277151 23353 raft_consensus.cc:3060] T 7e8b07bbfad445c0aae864ff25deb3b7 P 9399a94da3504b29a482171672bba472 [term 0 FOLLOWER]: Advancing to term 1
W20260710 13:23:45.278106 23243 leader_election.cc:343] T 7e8b07bbfad445c0aae864ff25deb3b7 P 9399a94da3504b29a482171672bba472 [CANDIDATE]: Term 1 pre-election: Tablet error from VoteRequest() call to peer 206652c0a11d4d70b91c6fdbbc8e9235 (127.21.119.130:37661): Illegal state: must be running to vote when last-logged opid is not known
I20260710 13:23:45.276276 23326 consensus_queue.cc:237] T 4bb7c7609a224c9c87e93a6894a2a21c P 206652c0a11d4d70b91c6fdbbc8e9235 [LEADER]: Queue going to LEADER mode. State: All replicated index: 0, Majority replicated index: 0, Committed index: 0, Last appended: 0.0, Last appended by leader: 0, Current term: 1, Majority size: 2, State: 0, Mode: LEADER, active raft config: opid_index: -1 OBSOLETE_local: false peers { permanent_uuid: "d4599fcede8c49dfa54eaf8a89753998" member_type: VOTER last_known_addr { host: "127.21.119.129" port: 46153 } } peers { permanent_uuid: "206652c0a11d4d70b91c6fdbbc8e9235" member_type: VOTER last_known_addr { host: "127.21.119.130" port: 37661 } } peers { permanent_uuid: "9399a94da3504b29a482171672bba472" member_type: VOTER last_known_addr { host: "127.21.119.131" port: 45277 } }
W20260710 13:23:45.278851 23094 leader_election.cc:343] T 83b319d0b8ff4cc0a01d30008b9729a4 P d4599fcede8c49dfa54eaf8a89753998 [CANDIDATE]: Term 1 pre-election: Tablet error from VoteRequest() call to peer 206652c0a11d4d70b91c6fdbbc8e9235 (127.21.119.130:37661): Illegal state: must be running to vote when last-logged opid is not known
I20260710 13:23:45.274602 23127 raft_consensus.cc:3060] T e5c8b6a458b64529b9936628f77c2d80 P d4599fcede8c49dfa54eaf8a89753998 [term 0 FOLLOWER]: Advancing to term 1
I20260710 13:23:45.283100 23276 tablet_service.cc:1917] Received RequestConsensusVote() RPC: tablet_id: "900deb68017d401d8912ea6246324866" candidate_uuid: "d4599fcede8c49dfa54eaf8a89753998" candidate_term: 1 candidate_status { last_received { term: 0 index: 0 } } ignore_live_leader: false dest_uuid: "9399a94da3504b29a482171672bba472"
I20260710 13:23:45.291993 23093 leader_election.cc:304] T 83b319d0b8ff4cc0a01d30008b9729a4 P d4599fcede8c49dfa54eaf8a89753998 [CANDIDATE]: Term 1 pre-election: Election decided. Result: candidate won. Election summary: received 3 responses out of 3 voters: 2 yes votes; 1 no votes. yes voters: 9399a94da3504b29a482171672bba472, d4599fcede8c49dfa54eaf8a89753998; no voters: 206652c0a11d4d70b91c6fdbbc8e9235
I20260710 13:23:45.293599 23353 raft_consensus.cc:515] T 7e8b07bbfad445c0aae864ff25deb3b7 P 9399a94da3504b29a482171672bba472 [term 1 FOLLOWER]: Starting leader election with config: opid_index: -1 OBSOLETE_local: false peers { permanent_uuid: "d4599fcede8c49dfa54eaf8a89753998" member_type: VOTER last_known_addr { host: "127.21.119.129" port: 46153 } } peers { permanent_uuid: "206652c0a11d4d70b91c6fdbbc8e9235" member_type: VOTER last_known_addr { host: "127.21.119.130" port: 37661 } } peers { permanent_uuid: "9399a94da3504b29a482171672bba472" member_type: VOTER last_known_addr { host: "127.21.119.131" port: 45277 } }
I20260710 13:23:45.296540 23353 leader_election.cc:290] T 7e8b07bbfad445c0aae864ff25deb3b7 P 9399a94da3504b29a482171672bba472 [CANDIDATE]: Term 1 election: Requested vote from peers d4599fcede8c49dfa54eaf8a89753998 (127.21.119.129:46153), 206652c0a11d4d70b91c6fdbbc8e9235 (127.21.119.130:37661)
I20260710 13:23:45.296500 23128 tablet_service.cc:1917] Received RequestConsensusVote() RPC: tablet_id: "7e8b07bbfad445c0aae864ff25deb3b7" candidate_uuid: "9399a94da3504b29a482171672bba472" candidate_term: 1 candidate_status { last_received { term: 0 index: 0 } } ignore_live_leader: false dest_uuid: "d4599fcede8c49dfa54eaf8a89753998"
I20260710 13:23:45.296826 23201 tablet_service.cc:1917] Received RequestConsensusVote() RPC: tablet_id: "7e8b07bbfad445c0aae864ff25deb3b7" candidate_uuid: "9399a94da3504b29a482171672bba472" candidate_term: 1 candidate_status { last_received { term: 0 index: 0 } } ignore_live_leader: false dest_uuid: "206652c0a11d4d70b91c6fdbbc8e9235"
I20260710 13:23:45.298125 23128 raft_consensus.cc:3060] T 7e8b07bbfad445c0aae864ff25deb3b7 P d4599fcede8c49dfa54eaf8a89753998 [term 0 FOLLOWER]: Advancing to term 1
W20260710 13:23:45.303169 23093 leader_election.cc:343] T 900deb68017d401d8912ea6246324866 P d4599fcede8c49dfa54eaf8a89753998 [CANDIDATE]: Term 1 election: Tablet error from VoteRequest() call to peer 9399a94da3504b29a482171672bba472 (127.21.119.131:45277): Illegal state: must be running to vote when last-logged opid is not known
I20260710 13:23:45.304618 23351 raft_consensus.cc:2804] T 83b319d0b8ff4cc0a01d30008b9729a4 P d4599fcede8c49dfa54eaf8a89753998 [term 0 FOLLOWER]: Leader pre-election won for term 1
I20260710 13:23:45.305162 23351 raft_consensus.cc:493] T 83b319d0b8ff4cc0a01d30008b9729a4 P d4599fcede8c49dfa54eaf8a89753998 [term 0 FOLLOWER]: Starting leader election (no leader contacted us within the election timeout)
I20260710 13:23:45.305622 23351 raft_consensus.cc:3060] T 83b319d0b8ff4cc0a01d30008b9729a4 P d4599fcede8c49dfa54eaf8a89753998 [term 0 FOLLOWER]: Advancing to term 1
W20260710 13:23:45.311712 23243 leader_election.cc:343] T 7e8b07bbfad445c0aae864ff25deb3b7 P 9399a94da3504b29a482171672bba472 [CANDIDATE]: Term 1 election: Tablet error from VoteRequest() call to peer 206652c0a11d4d70b91c6fdbbc8e9235 (127.21.119.130:37661): Illegal state: must be running to vote when last-logged opid is not known
I20260710 13:23:45.312911 23321 tablet_bootstrap.cc:654] T 900deb68017d401d8912ea6246324866 P 9399a94da3504b29a482171672bba472: Neither blocks nor log segments found. Creating new log.
I20260710 13:23:45.313446 23371 raft_consensus.cc:493] T 0c927a8e4ca8446189905ec33ad896f0 P d4599fcede8c49dfa54eaf8a89753998 [term 0 FOLLOWER]: Starting pre-election (no leader contacted us within the election timeout)
I20260710 13:23:45.314493 23371 raft_consensus.cc:515] T 0c927a8e4ca8446189905ec33ad896f0 P d4599fcede8c49dfa54eaf8a89753998 [term 0 FOLLOWER]: Starting pre-election with config: opid_index: -1 OBSOLETE_local: false peers { permanent_uuid: "d4599fcede8c49dfa54eaf8a89753998" member_type: VOTER last_known_addr { host: "127.21.119.129" port: 46153 } } peers { permanent_uuid: "206652c0a11d4d70b91c6fdbbc8e9235" member_type: VOTER last_known_addr { host: "127.21.119.130" port: 37661 } } peers { permanent_uuid: "9399a94da3504b29a482171672bba472" member_type: VOTER last_known_addr { host: "127.21.119.131" port: 45277 } }
I20260710 13:23:45.316879 23324 tablet_bootstrap.cc:492] T 410d2b94234543219abf87dd3ed0c6a3 P d4599fcede8c49dfa54eaf8a89753998: No bootstrap required, opened a new log
I20260710 13:23:45.317363 23324 ts_tablet_manager.cc:1403] T 410d2b94234543219abf87dd3ed0c6a3 P d4599fcede8c49dfa54eaf8a89753998: Time spent bootstrapping tablet: real 0.107s	user 0.032s	sys 0.068s
I20260710 13:23:45.323879 23324 raft_consensus.cc:359] T 410d2b94234543219abf87dd3ed0c6a3 P d4599fcede8c49dfa54eaf8a89753998 [term 0 FOLLOWER]: Replica starting. Triggering 0 pending ops. Active config: opid_index: -1 OBSOLETE_local: false peers { permanent_uuid: "d4599fcede8c49dfa54eaf8a89753998" member_type: VOTER last_known_addr { host: "127.21.119.129" port: 46153 } } peers { permanent_uuid: "206652c0a11d4d70b91c6fdbbc8e9235" member_type: VOTER last_known_addr { host: "127.21.119.130" port: 37661 } } peers { permanent_uuid: "9399a94da3504b29a482171672bba472" member_type: VOTER last_known_addr { host: "127.21.119.131" port: 45277 } }
I20260710 13:23:45.324620 23324 raft_consensus.cc:385] T 410d2b94234543219abf87dd3ed0c6a3 P d4599fcede8c49dfa54eaf8a89753998 [term 0 FOLLOWER]: Consensus starting up: Expiring failure detector timer to make a prompt election more likely
I20260710 13:23:45.324573 23201 tablet_service.cc:1917] Received RequestConsensusVote() RPC: tablet_id: "0c927a8e4ca8446189905ec33ad896f0" candidate_uuid: "d4599fcede8c49dfa54eaf8a89753998" candidate_term: 1 candidate_status { last_received { term: 0 index: 0 } } ignore_live_leader: false dest_uuid: "206652c0a11d4d70b91c6fdbbc8e9235" is_pre_election: true
I20260710 13:23:45.324936 23276 tablet_service.cc:1917] Received RequestConsensusVote() RPC: tablet_id: "0c927a8e4ca8446189905ec33ad896f0" candidate_uuid: "d4599fcede8c49dfa54eaf8a89753998" candidate_term: 1 candidate_status { last_received { term: 0 index: 0 } } ignore_live_leader: false dest_uuid: "9399a94da3504b29a482171672bba472" is_pre_election: true
I20260710 13:23:45.325120 23324 raft_consensus.cc:740] T 410d2b94234543219abf87dd3ed0c6a3 P d4599fcede8c49dfa54eaf8a89753998 [term 0 FOLLOWER]: Becoming Follower/Learner. State: Replica: d4599fcede8c49dfa54eaf8a89753998, State: Initialized, Role: FOLLOWER
I20260710 13:23:45.324023 23203 raft_consensus.cc:2468] T 900deb68017d401d8912ea6246324866 P 206652c0a11d4d70b91c6fdbbc8e9235 [term 1 FOLLOWER]: Leader election vote request: Granting yes vote for candidate d4599fcede8c49dfa54eaf8a89753998 in term 1.
I20260710 13:23:45.326005 23324 consensus_queue.cc:260] T 410d2b94234543219abf87dd3ed0c6a3 P d4599fcede8c49dfa54eaf8a89753998 [NON_LEADER]: Queue going to NON_LEADER mode. State: All replicated index: 0, Majority replicated index: 0, Committed index: 0, Last appended: 0.0, Last appended by leader: 0, Current term: 0, Majority size: -1, State: 0, Mode: NON_LEADER, active raft config: opid_index: -1 OBSOLETE_local: false peers { permanent_uuid: "d4599fcede8c49dfa54eaf8a89753998" member_type: VOTER last_known_addr { host: "127.21.119.129" port: 46153 } } peers { permanent_uuid: "206652c0a11d4d70b91c6fdbbc8e9235" member_type: VOTER last_known_addr { host: "127.21.119.130" port: 37661 } } peers { permanent_uuid: "9399a94da3504b29a482171672bba472" member_type: VOTER last_known_addr { host: "127.21.119.131" port: 45277 } }
I20260710 13:23:45.323124 23371 leader_election.cc:290] T 0c927a8e4ca8446189905ec33ad896f0 P d4599fcede8c49dfa54eaf8a89753998 [CANDIDATE]: Term 1 pre-election: Requested pre-vote from peers 206652c0a11d4d70b91c6fdbbc8e9235 (127.21.119.130:37661), 9399a94da3504b29a482171672bba472 (127.21.119.131:45277)
I20260710 13:23:45.328186 23324 ts_tablet_manager.cc:1434] T 410d2b94234543219abf87dd3ed0c6a3 P d4599fcede8c49dfa54eaf8a89753998: Time spent starting tablet: real 0.011s	user 0.008s	sys 0.000s
I20260710 13:23:45.329221 23324 tablet_bootstrap.cc:492] T 94558895754c45f49a2343517cf04dc6 P d4599fcede8c49dfa54eaf8a89753998: Bootstrap starting.
I20260710 13:23:45.329841 23351 raft_consensus.cc:515] T 83b319d0b8ff4cc0a01d30008b9729a4 P d4599fcede8c49dfa54eaf8a89753998 [term 1 FOLLOWER]: Starting leader election with config: opid_index: -1 OBSOLETE_local: false peers { permanent_uuid: "206652c0a11d4d70b91c6fdbbc8e9235" member_type: VOTER last_known_addr { host: "127.21.119.130" port: 37661 } } peers { permanent_uuid: "d4599fcede8c49dfa54eaf8a89753998" member_type: VOTER last_known_addr { host: "127.21.119.129" port: 46153 } } peers { permanent_uuid: "9399a94da3504b29a482171672bba472" member_type: VOTER last_known_addr { host: "127.21.119.131" port: 45277 } }
W20260710 13:23:45.329969 23094 leader_election.cc:343] T 0c927a8e4ca8446189905ec33ad896f0 P d4599fcede8c49dfa54eaf8a89753998 [CANDIDATE]: Term 1 pre-election: Tablet error from VoteRequest() call to peer 206652c0a11d4d70b91c6fdbbc8e9235 (127.21.119.130:37661): Illegal state: must be running to vote when last-logged opid is not known
I20260710 13:23:45.330960 23094 leader_election.cc:304] T 900deb68017d401d8912ea6246324866 P d4599fcede8c49dfa54eaf8a89753998 [CANDIDATE]: Term 1 election: Election decided. Result: candidate won. Election summary: received 3 responses out of 3 voters: 2 yes votes; 1 no votes. yes voters: 206652c0a11d4d70b91c6fdbbc8e9235, d4599fcede8c49dfa54eaf8a89753998; no voters: 9399a94da3504b29a482171672bba472
I20260710 13:23:45.331809 23351 leader_election.cc:290] T 83b319d0b8ff4cc0a01d30008b9729a4 P d4599fcede8c49dfa54eaf8a89753998 [CANDIDATE]: Term 1 election: Requested vote from peers 206652c0a11d4d70b91c6fdbbc8e9235 (127.21.119.130:37661), 9399a94da3504b29a482171672bba472 (127.21.119.131:45277)
I20260710 13:23:45.332314 23351 raft_consensus.cc:2804] T 900deb68017d401d8912ea6246324866 P d4599fcede8c49dfa54eaf8a89753998 [term 1 FOLLOWER]: Leader election won for term 1
I20260710 13:23:45.332739 23351 raft_consensus.cc:697] T 900deb68017d401d8912ea6246324866 P d4599fcede8c49dfa54eaf8a89753998 [term 1 LEADER]: Becoming Leader. State: Replica: d4599fcede8c49dfa54eaf8a89753998, State: Running, Role: LEADER
W20260710 13:23:45.332942 23093 leader_election.cc:343] T 0c927a8e4ca8446189905ec33ad896f0 P d4599fcede8c49dfa54eaf8a89753998 [CANDIDATE]: Term 1 pre-election: Tablet error from VoteRequest() call to peer 9399a94da3504b29a482171672bba472 (127.21.119.131:45277): Illegal state: must be running to vote when last-logged opid is not known
I20260710 13:23:45.333444 23093 leader_election.cc:304] T 0c927a8e4ca8446189905ec33ad896f0 P d4599fcede8c49dfa54eaf8a89753998 [CANDIDATE]: Term 1 pre-election: Election decided. Result: candidate lost. Election summary: received 3 responses out of 3 voters: 1 yes votes; 2 no votes. yes voters: d4599fcede8c49dfa54eaf8a89753998; no voters: 206652c0a11d4d70b91c6fdbbc8e9235, 9399a94da3504b29a482171672bba472
I20260710 13:23:45.333482 23351 consensus_queue.cc:237] T 900deb68017d401d8912ea6246324866 P d4599fcede8c49dfa54eaf8a89753998 [LEADER]: Queue going to LEADER mode. State: All replicated index: 0, Majority replicated index: 0, Committed index: 0, Last appended: 0.0, Last appended by leader: 0, Current term: 1, Majority size: 2, State: 0, Mode: LEADER, active raft config: opid_index: -1 OBSOLETE_local: false peers { permanent_uuid: "d4599fcede8c49dfa54eaf8a89753998" member_type: VOTER last_known_addr { host: "127.21.119.129" port: 46153 } } peers { permanent_uuid: "206652c0a11d4d70b91c6fdbbc8e9235" member_type: VOTER last_known_addr { host: "127.21.119.130" port: 37661 } } peers { permanent_uuid: "9399a94da3504b29a482171672bba472" member_type: VOTER last_known_addr { host: "127.21.119.131" port: 45277 } }
I20260710 13:23:45.334400 23128 raft_consensus.cc:2468] T 7e8b07bbfad445c0aae864ff25deb3b7 P d4599fcede8c49dfa54eaf8a89753998 [term 1 FOLLOWER]: Leader election vote request: Granting yes vote for candidate 9399a94da3504b29a482171672bba472 in term 1.
I20260710 13:23:45.333776 23025 catalog_manager.cc:5697] T 4bb7c7609a224c9c87e93a6894a2a21c P 206652c0a11d4d70b91c6fdbbc8e9235 reported cstate change: term changed from 0 to 1, leader changed from <none> to 206652c0a11d4d70b91c6fdbbc8e9235 (127.21.119.130). New cstate: current_term: 1 leader_uuid: "206652c0a11d4d70b91c6fdbbc8e9235" committed_config { opid_index: -1 OBSOLETE_local: false peers { permanent_uuid: "d4599fcede8c49dfa54eaf8a89753998" member_type: VOTER last_known_addr { host: "127.21.119.129" port: 46153 } health_report { overall_health: UNKNOWN } } peers { permanent_uuid: "206652c0a11d4d70b91c6fdbbc8e9235" member_type: VOTER last_known_addr { host: "127.21.119.130" port: 37661 } health_report { overall_health: HEALTHY } } peers { permanent_uuid: "9399a94da3504b29a482171672bba472" member_type: VOTER last_known_addr { host: "127.21.119.131" port: 45277 } health_report { overall_health: UNKNOWN } } }
I20260710 13:23:45.334806 23329 raft_consensus.cc:2749] T 0c927a8e4ca8446189905ec33ad896f0 P d4599fcede8c49dfa54eaf8a89753998 [term 0 FOLLOWER]: Leader pre-election lost for term 1. Reason: could not achieve majority
I20260710 13:23:45.335767 23241 leader_election.cc:304] T 7e8b07bbfad445c0aae864ff25deb3b7 P 9399a94da3504b29a482171672bba472 [CANDIDATE]: Term 1 election: Election decided. Result: candidate won. Election summary: received 3 responses out of 3 voters: 2 yes votes; 1 no votes. yes voters: 9399a94da3504b29a482171672bba472, d4599fcede8c49dfa54eaf8a89753998; no voters: 206652c0a11d4d70b91c6fdbbc8e9235
I20260710 13:23:45.336316 23276 tablet_service.cc:1917] Received RequestConsensusVote() RPC: tablet_id: "83b319d0b8ff4cc0a01d30008b9729a4" candidate_uuid: "d4599fcede8c49dfa54eaf8a89753998" candidate_term: 1 candidate_status { last_received { term: 0 index: 0 } } ignore_live_leader: false dest_uuid: "9399a94da3504b29a482171672bba472"
