I20260710 13:23:41.205654 22822 tablet_service.cc:1917] Received RequestConsensusVote() RPC: tablet_id: "4a035328dcbd4860af16e5992613b135" candidate_uuid: "bffdc3693cd3421fb4521b69dd31af52" candidate_term: 1 candidate_status { last_received { term: 0 index: 0 } } ignore_live_leader: false dest_uuid: "c8780b67985845b2ac4118a8bc05d4f6"
I20260710 13:23:41.205992 22971 raft_consensus.cc:515] T fd280a3fb3fe476f84d71702e0e8e06f P e8faeba7f420408188965fd2e449e4ec [term 0 FOLLOWER]: Starting pre-election with config: opid_index: -1 OBSOLETE_local: false peers { permanent_uuid: "e8faeba7f420408188965fd2e449e4ec" member_type: VOTER last_known_addr { host: "127.21.36.193" port: 44965 } } peers { permanent_uuid: "c8780b67985845b2ac4118a8bc05d4f6" member_type: VOTER last_known_addr { host: "127.21.36.194" port: 38683 } } peers { permanent_uuid: "bffdc3693cd3421fb4521b69dd31af52" member_type: VOTER last_known_addr { host: "127.21.36.195" port: 36159 } }
I20260710 13:23:41.206966 22896 tablet_service.cc:1917] Received RequestConsensusVote() RPC: tablet_id: "28295d5426cb405a8ca6e0a7e11fb769" candidate_uuid: "c8780b67985845b2ac4118a8bc05d4f6" candidate_term: 1 candidate_status { last_received { term: 0 index: 0 } } ignore_live_leader: false dest_uuid: "bffdc3693cd3421fb4521b69dd31af52" is_pre_election: true
I20260710 13:23:41.207199 22955 leader_election.cc:290] T 44a84fe7ec4e4c6497dffa66635df546 P bffdc3693cd3421fb4521b69dd31af52 [CANDIDATE]: Term 1 pre-election: Requested pre-vote from peers e8faeba7f420408188965fd2e449e4ec (127.21.36.193:44965), c8780b67985845b2ac4118a8bc05d4f6 (127.21.36.194:38683)
I20260710 13:23:41.207937 22971 leader_election.cc:290] T fd280a3fb3fe476f84d71702e0e8e06f P e8faeba7f420408188965fd2e449e4ec [CANDIDATE]: Term 1 pre-election: Requested pre-vote from peers c8780b67985845b2ac4118a8bc05d4f6 (127.21.36.194:38683), bffdc3693cd3421fb4521b69dd31af52 (127.21.36.195:36159)
I20260710 13:23:41.208724 22745 tablet_service.cc:1917] Received RequestConsensusVote() RPC: tablet_id: "44a84fe7ec4e4c6497dffa66635df546" candidate_uuid: "bffdc3693cd3421fb4521b69dd31af52" candidate_term: 1 candidate_status { last_received { term: 0 index: 0 } } ignore_live_leader: false dest_uuid: "e8faeba7f420408188965fd2e449e4ec" is_pre_election: true
I20260710 13:23:41.209312 22745 raft_consensus.cc:2468] T 44a84fe7ec4e4c6497dffa66635df546 P e8faeba7f420408188965fd2e449e4ec [term 0 FOLLOWER]: Leader pre-election vote request: Granting yes vote for candidate bffdc3693cd3421fb4521b69dd31af52 in term 0.
I20260710 13:23:41.209412 22822 tablet_service.cc:1917] Received RequestConsensusVote() RPC: tablet_id: "fd280a3fb3fe476f84d71702e0e8e06f" candidate_uuid: "e8faeba7f420408188965fd2e449e4ec" candidate_term: 1 candidate_status { last_received { term: 0 index: 0 } } ignore_live_leader: false dest_uuid: "c8780b67985845b2ac4118a8bc05d4f6" is_pre_election: true
I20260710 13:23:41.209647 22860 leader_election.cc:304] T 4a035328dcbd4860af16e5992613b135 P bffdc3693cd3421fb4521b69dd31af52 [CANDIDATE]: Term 1 election: Election decided. Result: candidate won. Election summary: received 2 responses out of 3 voters: 2 yes votes; 0 no votes. yes voters: bffdc3693cd3421fb4521b69dd31af52, e8faeba7f420408188965fd2e449e4ec; no voters: 
I20260710 13:23:41.210656 22860 leader_election.cc:304] T 44a84fe7ec4e4c6497dffa66635df546 P bffdc3693cd3421fb4521b69dd31af52 [CANDIDATE]: Term 1 pre-election: Election decided. Result: candidate won. Election summary: received 2 responses out of 3 voters: 2 yes votes; 0 no votes. yes voters: bffdc3693cd3421fb4521b69dd31af52, e8faeba7f420408188965fd2e449e4ec; no voters: 
I20260710 13:23:41.210932 22821 tablet_service.cc:1917] Received RequestConsensusVote() RPC: tablet_id: "44a84fe7ec4e4c6497dffa66635df546" candidate_uuid: "bffdc3693cd3421fb4521b69dd31af52" candidate_term: 1 candidate_status { last_received { term: 0 index: 0 } } ignore_live_leader: false dest_uuid: "c8780b67985845b2ac4118a8bc05d4f6" is_pre_election: true
W20260710 13:23:41.211189 22859 leader_election.cc:343] T 4a035328dcbd4860af16e5992613b135 P bffdc3693cd3421fb4521b69dd31af52 [CANDIDATE]: Term 1 election: Tablet error from VoteRequest() call to peer c8780b67985845b2ac4118a8bc05d4f6 (127.21.36.194:38683): Illegal state: must be running to vote when last-logged opid is not known
I20260710 13:23:41.211573 22821 raft_consensus.cc:2468] T 44a84fe7ec4e4c6497dffa66635df546 P c8780b67985845b2ac4118a8bc05d4f6 [term 0 FOLLOWER]: Leader pre-election vote request: Granting yes vote for candidate bffdc3693cd3421fb4521b69dd31af52 in term 0.
I20260710 13:23:41.212069 22942 raft_consensus.cc:2804] T 4a035328dcbd4860af16e5992613b135 P bffdc3693cd3421fb4521b69dd31af52 [term 1 FOLLOWER]: Leader election won for term 1
I20260710 13:23:41.212548 22942 raft_consensus.cc:697] T 4a035328dcbd4860af16e5992613b135 P bffdc3693cd3421fb4521b69dd31af52 [term 1 LEADER]: Becoming Leader. State: Replica: bffdc3693cd3421fb4521b69dd31af52, State: Running, Role: LEADER
I20260710 13:23:41.213375 22942 consensus_queue.cc:237] T 4a035328dcbd4860af16e5992613b135 P bffdc3693cd3421fb4521b69dd31af52 [LEADER]: Queue going to LEADER mode. State: All replicated index: 0, Majority replicated index: 0, Committed index: 0, Last appended: 0.0, Last appended by leader: 0, Current term: 1, Majority size: 2, State: 0, Mode: LEADER, active raft config: opid_index: -1 OBSOLETE_local: false peers { permanent_uuid: "e8faeba7f420408188965fd2e449e4ec" member_type: VOTER last_known_addr { host: "127.21.36.193" port: 44965 } } peers { permanent_uuid: "c8780b67985845b2ac4118a8bc05d4f6" member_type: VOTER last_known_addr { host: "127.21.36.194" port: 38683 } } peers { permanent_uuid: "bffdc3693cd3421fb4521b69dd31af52" member_type: VOTER last_known_addr { host: "127.21.36.195" port: 36159 } }
I20260710 13:23:41.213953 22955 raft_consensus.cc:2804] T 44a84fe7ec4e4c6497dffa66635df546 P bffdc3693cd3421fb4521b69dd31af52 [term 0 FOLLOWER]: Leader pre-election won for term 1
I20260710 13:23:41.214337 22955 raft_consensus.cc:493] T 44a84fe7ec4e4c6497dffa66635df546 P bffdc3693cd3421fb4521b69dd31af52 [term 0 FOLLOWER]: Starting leader election (no leader contacted us within the election timeout)
I20260710 13:23:41.214669 22955 raft_consensus.cc:3060] T 44a84fe7ec4e4c6497dffa66635df546 P bffdc3693cd3421fb4521b69dd31af52 [term 0 FOLLOWER]: Advancing to term 1
I20260710 13:23:41.210950 22746 tablet_service.cc:1917] Received RequestConsensusVote() RPC: tablet_id: "28295d5426cb405a8ca6e0a7e11fb769" candidate_uuid: "c8780b67985845b2ac4118a8bc05d4f6" candidate_term: 1 candidate_status { last_received { term: 0 index: 0 } } ignore_live_leader: false dest_uuid: "e8faeba7f420408188965fd2e449e4ec" is_pre_election: true
I20260710 13:23:41.220997 22822 raft_consensus.cc:2393] T fd280a3fb3fe476f84d71702e0e8e06f P c8780b67985845b2ac4118a8bc05d4f6 [term 1 FOLLOWER]: Leader pre-election vote request: Denying vote to candidate e8faeba7f420408188965fd2e449e4ec in current term 1: Already voted for candidate bffdc3693cd3421fb4521b69dd31af52 in this term.
I20260710 13:23:41.223191 22896 tablet_service.cc:1917] Received RequestConsensusVote() RPC: tablet_id: "fd280a3fb3fe476f84d71702e0e8e06f" candidate_uuid: "e8faeba7f420408188965fd2e449e4ec" candidate_term: 1 candidate_status { last_received { term: 0 index: 0 } } ignore_live_leader: false dest_uuid: "bffdc3693cd3421fb4521b69dd31af52" is_pre_election: true
I20260710 13:23:41.224720 22711 leader_election.cc:304] T fd280a3fb3fe476f84d71702e0e8e06f P e8faeba7f420408188965fd2e449e4ec [CANDIDATE]: Term 1 pre-election: Election decided. Result: candidate lost. Election summary: received 3 responses out of 3 voters: 1 yes votes; 2 no votes. yes voters: e8faeba7f420408188965fd2e449e4ec; no voters: bffdc3693cd3421fb4521b69dd31af52, c8780b67985845b2ac4118a8bc05d4f6
I20260710 13:23:41.225557 22971 raft_consensus.cc:3060] T fd280a3fb3fe476f84d71702e0e8e06f P e8faeba7f420408188965fd2e449e4ec [term 0 FOLLOWER]: Advancing to term 1
I20260710 13:23:41.225805 22955 raft_consensus.cc:515] T 44a84fe7ec4e4c6497dffa66635df546 P bffdc3693cd3421fb4521b69dd31af52 [term 1 FOLLOWER]: Starting leader election with config: opid_index: -1 OBSOLETE_local: false peers { permanent_uuid: "e8faeba7f420408188965fd2e449e4ec" member_type: VOTER last_known_addr { host: "127.21.36.193" port: 44965 } } peers { permanent_uuid: "c8780b67985845b2ac4118a8bc05d4f6" member_type: VOTER last_known_addr { host: "127.21.36.194" port: 38683 } } peers { permanent_uuid: "bffdc3693cd3421fb4521b69dd31af52" member_type: VOTER last_known_addr { host: "127.21.36.195" port: 36159 } }
I20260710 13:23:41.226902 22948 raft_consensus.cc:493] T a14edbab9e664174a51870bd5dc4e74a P c8780b67985845b2ac4118a8bc05d4f6 [term 0 FOLLOWER]: Starting pre-election (no leader contacted us within the election timeout)
I20260710 13:23:41.230028 22948 raft_consensus.cc:515] T a14edbab9e664174a51870bd5dc4e74a P c8780b67985845b2ac4118a8bc05d4f6 [term 0 FOLLOWER]: Starting pre-election with config: opid_index: -1 OBSOLETE_local: false peers { permanent_uuid: "e8faeba7f420408188965fd2e449e4ec" member_type: VOTER last_known_addr { host: "127.21.36.193" port: 44965 } } peers { permanent_uuid: "c8780b67985845b2ac4118a8bc05d4f6" member_type: VOTER last_known_addr { host: "127.21.36.194" port: 38683 } } peers { permanent_uuid: "bffdc3693cd3421fb4521b69dd31af52" member_type: VOTER last_known_addr { host: "127.21.36.195" port: 36159 } }
I20260710 13:23:41.231678 22937 tablet_bootstrap.cc:654] T 1f77cd5aaf8a4c6a8e908add63faa808 P bffdc3693cd3421fb4521b69dd31af52: Neither blocks nor log segments found. Creating new log.
I20260710 13:23:41.231825 22948 leader_election.cc:290] T a14edbab9e664174a51870bd5dc4e74a P c8780b67985845b2ac4118a8bc05d4f6 [CANDIDATE]: Term 1 pre-election: Requested pre-vote from peers e8faeba7f420408188965fd2e449e4ec (127.21.36.193:44965), bffdc3693cd3421fb4521b69dd31af52 (127.21.36.195:36159)
I20260710 13:23:41.233925 22955 leader_election.cc:290] T 44a84fe7ec4e4c6497dffa66635df546 P bffdc3693cd3421fb4521b69dd31af52 [CANDIDATE]: Term 1 election: Requested vote from peers e8faeba7f420408188965fd2e449e4ec (127.21.36.193:44965), c8780b67985845b2ac4118a8bc05d4f6 (127.21.36.194:38683)
I20260710 13:23:41.236272 22746 tablet_service.cc:1917] Received RequestConsensusVote() RPC: tablet_id: "44a84fe7ec4e4c6497dffa66635df546" candidate_uuid: "bffdc3693cd3421fb4521b69dd31af52" candidate_term: 1 candidate_status { last_received { term: 0 index: 0 } } ignore_live_leader: false dest_uuid: "e8faeba7f420408188965fd2e449e4ec"
I20260710 13:23:41.237023 22822 tablet_service.cc:1917] Received RequestConsensusVote() RPC: tablet_id: "44a84fe7ec4e4c6497dffa66635df546" candidate_uuid: "bffdc3693cd3421fb4521b69dd31af52" candidate_term: 1 candidate_status { last_received { term: 0 index: 0 } } ignore_live_leader: false dest_uuid: "c8780b67985845b2ac4118a8bc05d4f6"
I20260710 13:23:41.237735 22822 raft_consensus.cc:3060] T 44a84fe7ec4e4c6497dffa66635df546 P c8780b67985845b2ac4118a8bc05d4f6 [term 0 FOLLOWER]: Advancing to term 1
I20260710 13:23:41.236881 22746 raft_consensus.cc:3060] T 44a84fe7ec4e4c6497dffa66635df546 P e8faeba7f420408188965fd2e449e4ec [term 0 FOLLOWER]: Advancing to term 1
I20260710 13:23:41.243407 22971 raft_consensus.cc:2749] T fd280a3fb3fe476f84d71702e0e8e06f P e8faeba7f420408188965fd2e449e4ec [term 1 FOLLOWER]: Leader pre-election lost for term 1. Reason: could not achieve majority
I20260710 13:23:41.244232 22972 raft_consensus.cc:493] T f1d50425c99c497d86f48a11160aae4c P e8faeba7f420408188965fd2e449e4ec [term 0 FOLLOWER]: Starting pre-election (no leader contacted us within the election timeout)
I20260710 13:23:41.249594 22936 tablet_bootstrap.cc:492] T f1d50425c99c497d86f48a11160aae4c P c8780b67985845b2ac4118a8bc05d4f6: No bootstrap required, opened a new log
I20260710 13:23:41.249517 22972 raft_consensus.cc:515] T f1d50425c99c497d86f48a11160aae4c P e8faeba7f420408188965fd2e449e4ec [term 0 FOLLOWER]: Starting pre-election with config: opid_index: -1 OBSOLETE_local: false peers { permanent_uuid: "c8780b67985845b2ac4118a8bc05d4f6" member_type: VOTER last_known_addr { host: "127.21.36.194" port: 38683 } } peers { permanent_uuid: "e8faeba7f420408188965fd2e449e4ec" member_type: VOTER last_known_addr { host: "127.21.36.193" port: 44965 } } peers { permanent_uuid: "bffdc3693cd3421fb4521b69dd31af52" member_type: VOTER last_known_addr { host: "127.21.36.195" port: 36159 } }
I20260710 13:23:41.250047 22936 ts_tablet_manager.cc:1403] T f1d50425c99c497d86f48a11160aae4c P c8780b67985845b2ac4118a8bc05d4f6: Time spent bootstrapping tablet: real 0.075s	user 0.013s	sys 0.037s
I20260710 13:23:41.246011 22745 tablet_service.cc:1917] Received RequestConsensusVote() RPC: tablet_id: "a14edbab9e664174a51870bd5dc4e74a" candidate_uuid: "c8780b67985845b2ac4118a8bc05d4f6" candidate_term: 1 candidate_status { last_received { term: 0 index: 0 } } ignore_live_leader: false dest_uuid: "e8faeba7f420408188965fd2e449e4ec" is_pre_election: true
I20260710 13:23:41.246289 22938 tablet_bootstrap.cc:492] T 28295d5426cb405a8ca6e0a7e11fb769 P e8faeba7f420408188965fd2e449e4ec: No bootstrap required, opened a new log
I20260710 13:23:41.251760 22972 leader_election.cc:290] T f1d50425c99c497d86f48a11160aae4c P e8faeba7f420408188965fd2e449e4ec [CANDIDATE]: Term 1 pre-election: Requested pre-vote from peers c8780b67985845b2ac4118a8bc05d4f6 (127.21.36.194:38683), bffdc3693cd3421fb4521b69dd31af52 (127.21.36.195:36159)
I20260710 13:23:41.251937 22938 ts_tablet_manager.cc:1403] T 28295d5426cb405a8ca6e0a7e11fb769 P e8faeba7f420408188965fd2e449e4ec: Time spent bootstrapping tablet: real 0.112s	user 0.032s	sys 0.048s
I20260710 13:23:41.252388 22821 tablet_service.cc:1917] Received RequestConsensusVote() RPC: tablet_id: "f1d50425c99c497d86f48a11160aae4c" candidate_uuid: "e8faeba7f420408188965fd2e449e4ec" candidate_term: 1 candidate_status { last_received { term: 0 index: 0 } } ignore_live_leader: false dest_uuid: "c8780b67985845b2ac4118a8bc05d4f6" is_pre_election: true
I20260710 13:23:41.252683 22936 raft_consensus.cc:359] T f1d50425c99c497d86f48a11160aae4c P c8780b67985845b2ac4118a8bc05d4f6 [term 0 FOLLOWER]: Replica starting. Triggering 0 pending ops. Active config: opid_index: -1 OBSOLETE_local: false peers { permanent_uuid: "c8780b67985845b2ac4118a8bc05d4f6" member_type: VOTER last_known_addr { host: "127.21.36.194" port: 38683 } } peers { permanent_uuid: "e8faeba7f420408188965fd2e449e4ec" member_type: VOTER last_known_addr { host: "127.21.36.193" port: 44965 } } peers { permanent_uuid: "bffdc3693cd3421fb4521b69dd31af52" member_type: VOTER last_known_addr { host: "127.21.36.195" port: 36159 } }
I20260710 13:23:41.253319 22936 raft_consensus.cc:385] T f1d50425c99c497d86f48a11160aae4c P c8780b67985845b2ac4118a8bc05d4f6 [term 0 FOLLOWER]: Consensus starting up: Expiring failure detector timer to make a prompt election more likely
I20260710 13:23:41.253511 22937 tablet_bootstrap.cc:492] T 1f77cd5aaf8a4c6a8e908add63faa808 P bffdc3693cd3421fb4521b69dd31af52: No bootstrap required, opened a new log
I20260710 13:23:41.253342 22895 tablet_service.cc:1917] Received RequestConsensusVote() RPC: tablet_id: "f1d50425c99c497d86f48a11160aae4c" candidate_uuid: "e8faeba7f420408188965fd2e449e4ec" candidate_term: 1 candidate_status { last_received { term: 0 index: 0 } } ignore_live_leader: false dest_uuid: "bffdc3693cd3421fb4521b69dd31af52" is_pre_election: true
I20260710 13:23:41.253691 22936 raft_consensus.cc:740] T f1d50425c99c497d86f48a11160aae4c P c8780b67985845b2ac4118a8bc05d4f6 [term 0 FOLLOWER]: Becoming Follower/Learner. State: Replica: c8780b67985845b2ac4118a8bc05d4f6, State: Initialized, Role: FOLLOWER
I20260710 13:23:41.253990 22937 ts_tablet_manager.cc:1403] T 1f77cd5aaf8a4c6a8e908add63faa808 P bffdc3693cd3421fb4521b69dd31af52: Time spent bootstrapping tablet: real 0.060s	user 0.012s	sys 0.002s
I20260710 13:23:41.247361 22896 tablet_service.cc:1917] Received RequestConsensusVote() RPC: tablet_id: "a14edbab9e664174a51870bd5dc4e74a" candidate_uuid: "c8780b67985845b2ac4118a8bc05d4f6" candidate_term: 1 candidate_status { last_received { term: 0 index: 0 } } ignore_live_leader: false dest_uuid: "bffdc3693cd3421fb4521b69dd31af52" is_pre_election: true
I20260710 13:23:41.247751 22822 raft_consensus.cc:2468] T 44a84fe7ec4e4c6497dffa66635df546 P c8780b67985845b2ac4118a8bc05d4f6 [term 1 FOLLOWER]: Leader election vote request: Granting yes vote for candidate bffdc3693cd3421fb4521b69dd31af52 in term 1.
W20260710 13:23:41.248009 22786 leader_election.cc:343] T 28295d5426cb405a8ca6e0a7e11fb769 P c8780b67985845b2ac4118a8bc05d4f6 [CANDIDATE]: Term 1 pre-election: Tablet error from VoteRequest() call to peer e8faeba7f420408188965fd2e449e4ec (127.21.36.193:44965): Illegal state: must be running to vote when last-logged opid is not known
I20260710 13:23:41.248883 22746 raft_consensus.cc:2468] T 44a84fe7ec4e4c6497dffa66635df546 P e8faeba7f420408188965fd2e449e4ec [term 1 FOLLOWER]: Leader election vote request: Granting yes vote for candidate bffdc3693cd3421fb4521b69dd31af52 in term 1.
I20260710 13:23:41.254361 22936 consensus_queue.cc:260] T f1d50425c99c497d86f48a11160aae4c P c8780b67985845b2ac4118a8bc05d4f6 [NON_LEADER]: Queue going to NON_LEADER mode. State: All replicated index: 0, Majority replicated index: 0, Committed index: 0, Last appended: 0.0, Last appended by leader: 0, Current term: 0, Majority size: -1, State: 0, Mode: NON_LEADER, active raft config: opid_index: -1 OBSOLETE_local: false peers { permanent_uuid: "c8780b67985845b2ac4118a8bc05d4f6" member_type: VOTER last_known_addr { host: "127.21.36.194" port: 38683 } } peers { permanent_uuid: "e8faeba7f420408188965fd2e449e4ec" member_type: VOTER last_known_addr { host: "127.21.36.193" port: 44965 } } peers { permanent_uuid: "bffdc3693cd3421fb4521b69dd31af52" member_type: VOTER last_known_addr { host: "127.21.36.195" port: 36159 } }
I20260710 13:23:41.243691 22644 catalog_manager.cc:5697] T 4a035328dcbd4860af16e5992613b135 P bffdc3693cd3421fb4521b69dd31af52 reported cstate change: term changed from 0 to 1, leader changed from <none> to bffdc3693cd3421fb4521b69dd31af52 (127.21.36.195). New cstate: current_term: 1 leader_uuid: "bffdc3693cd3421fb4521b69dd31af52" committed_config { opid_index: -1 OBSOLETE_local: false peers { permanent_uuid: "e8faeba7f420408188965fd2e449e4ec" member_type: VOTER last_known_addr { host: "127.21.36.193" port: 44965 } health_report { overall_health: UNKNOWN } } peers { permanent_uuid: "c8780b67985845b2ac4118a8bc05d4f6" member_type: VOTER last_known_addr { host: "127.21.36.194" port: 38683 } health_report { overall_health: UNKNOWN } } peers { permanent_uuid: "bffdc3693cd3421fb4521b69dd31af52" member_type: VOTER last_known_addr { host: "127.21.36.195" port: 36159 } health_report { overall_health: HEALTHY } } }
I20260710 13:23:41.255237 22821 raft_consensus.cc:2468] T f1d50425c99c497d86f48a11160aae4c P c8780b67985845b2ac4118a8bc05d4f6 [term 0 FOLLOWER]: Leader pre-election vote request: Granting yes vote for candidate e8faeba7f420408188965fd2e449e4ec in term 0.
I20260710 13:23:41.254089 22895 raft_consensus.cc:2468] T f1d50425c99c497d86f48a11160aae4c P bffdc3693cd3421fb4521b69dd31af52 [term 0 FOLLOWER]: Leader pre-election vote request: Granting yes vote for candidate e8faeba7f420408188965fd2e449e4ec in term 0.
I20260710 13:23:41.255465 22860 leader_election.cc:304] T 44a84fe7ec4e4c6497dffa66635df546 P bffdc3693cd3421fb4521b69dd31af52 [CANDIDATE]: Term 1 election: Election decided. Result: candidate won. Election summary: received 2 responses out of 3 voters: 2 yes votes; 0 no votes. yes voters: bffdc3693cd3421fb4521b69dd31af52, e8faeba7f420408188965fd2e449e4ec; no voters: 
I20260710 13:23:41.249914 22981 raft_consensus.cc:493] T 6eb91b27de344bd6b69c32b5bf492228 P c8780b67985845b2ac4118a8bc05d4f6 [term 0 FOLLOWER]: Starting pre-election (no leader contacted us within the election timeout)
I20260710 13:23:41.256264 22936 ts_tablet_manager.cc:1434] T f1d50425c99c497d86f48a11160aae4c P c8780b67985845b2ac4118a8bc05d4f6: Time spent starting tablet: real 0.006s	user 0.006s	sys 0.000s
I20260710 13:23:41.256284 22942 raft_consensus.cc:2804] T 44a84fe7ec4e4c6497dffa66635df546 P bffdc3693cd3421fb4521b69dd31af52 [term 1 FOLLOWER]: Leader election won for term 1
I20260710 13:23:41.256500 22711 leader_election.cc:304] T f1d50425c99c497d86f48a11160aae4c P e8faeba7f420408188965fd2e449e4ec [CANDIDATE]: Term 1 pre-election: Election decided. Result: candidate won. Election summary: received 2 responses out of 3 voters: 2 yes votes; 0 no votes. yes voters: bffdc3693cd3421fb4521b69dd31af52, e8faeba7f420408188965fd2e449e4ec; no voters: 
I20260710 13:23:41.257011 22942 raft_consensus.cc:697] T 44a84fe7ec4e4c6497dffa66635df546 P bffdc3693cd3421fb4521b69dd31af52 [term 1 LEADER]: Becoming Leader. State: Replica: bffdc3693cd3421fb4521b69dd31af52, State: Running, Role: LEADER
I20260710 13:23:41.257992 22942 consensus_queue.cc:237] T 44a84fe7ec4e4c6497dffa66635df546 P bffdc3693cd3421fb4521b69dd31af52 [LEADER]: Queue going to LEADER mode. State: All replicated index: 0, Majority replicated index: 0, Committed index: 0, Last appended: 0.0, Last appended by leader: 0, Current term: 1, Majority size: 2, State: 0, Mode: LEADER, active raft config: opid_index: -1 OBSOLETE_local: false peers { permanent_uuid: "e8faeba7f420408188965fd2e449e4ec" member_type: VOTER last_known_addr { host: "127.21.36.193" port: 44965 } } peers { permanent_uuid: "c8780b67985845b2ac4118a8bc05d4f6" member_type: VOTER last_known_addr { host: "127.21.36.194" port: 38683 } } peers { permanent_uuid: "bffdc3693cd3421fb4521b69dd31af52" member_type: VOTER last_known_addr { host: "127.21.36.195" port: 36159 } }
I20260710 13:23:41.254354 22938 raft_consensus.cc:359] T 28295d5426cb405a8ca6e0a7e11fb769 P e8faeba7f420408188965fd2e449e4ec [term 0 FOLLOWER]: Replica starting. Triggering 0 pending ops. Active config: opid_index: -1 OBSOLETE_local: false peers { permanent_uuid: "e8faeba7f420408188965fd2e449e4ec" member_type: VOTER last_known_addr { host: "127.21.36.193" port: 44965 } } peers { permanent_uuid: "c8780b67985845b2ac4118a8bc05d4f6" member_type: VOTER last_known_addr { host: "127.21.36.194" port: 38683 } } peers { permanent_uuid: "bffdc3693cd3421fb4521b69dd31af52" member_type: VOTER last_known_addr { host: "127.21.36.195" port: 36159 } }
I20260710 13:23:41.259747 22938 raft_consensus.cc:385] T 28295d5426cb405a8ca6e0a7e11fb769 P e8faeba7f420408188965fd2e449e4ec [term 0 FOLLOWER]: Consensus starting up: Expiring failure detector timer to make a prompt election more likely
I20260710 13:23:41.260067 22938 raft_consensus.cc:740] T 28295d5426cb405a8ca6e0a7e11fb769 P e8faeba7f420408188965fd2e449e4ec [term 0 FOLLOWER]: Becoming Follower/Learner. State: Replica: e8faeba7f420408188965fd2e449e4ec, State: Initialized, Role: FOLLOWER
I20260710 13:23:41.260361 22972 raft_consensus.cc:2804] T f1d50425c99c497d86f48a11160aae4c P e8faeba7f420408188965fd2e449e4ec [term 0 FOLLOWER]: Leader pre-election won for term 1
I20260710 13:23:41.258837 22937 raft_consensus.cc:359] T 1f77cd5aaf8a4c6a8e908add63faa808 P bffdc3693cd3421fb4521b69dd31af52 [term 0 FOLLOWER]: Replica starting. Triggering 0 pending ops. Active config: opid_index: -1 OBSOLETE_local: false peers { permanent_uuid: "e8faeba7f420408188965fd2e449e4ec" member_type: VOTER last_known_addr { host: "127.21.36.193" port: 44965 } } peers { permanent_uuid: "c8780b67985845b2ac4118a8bc05d4f6" member_type: VOTER last_known_addr { host: "127.21.36.194" port: 38683 } } peers { permanent_uuid: "bffdc3693cd3421fb4521b69dd31af52" member_type: VOTER last_known_addr { host: "127.21.36.195" port: 36159 } }
I20260710 13:23:41.256865 22981 raft_consensus.cc:515] T 6eb91b27de344bd6b69c32b5bf492228 P c8780b67985845b2ac4118a8bc05d4f6 [term 0 FOLLOWER]: Starting pre-election with config: opid_index: -1 OBSOLETE_local: false peers { permanent_uuid: "e8faeba7f420408188965fd2e449e4ec" member_type: VOTER last_known_addr { host: "127.21.36.193" port: 44965 } } peers { permanent_uuid: "c8780b67985845b2ac4118a8bc05d4f6" member_type: VOTER last_known_addr { host: "127.21.36.194" port: 38683 } } peers { permanent_uuid: "bffdc3693cd3421fb4521b69dd31af52" member_type: VOTER last_known_addr { host: "127.21.36.195" port: 36159 } }
I20260710 13:23:41.260869 22938 consensus_queue.cc:260] T 28295d5426cb405a8ca6e0a7e11fb769 P e8faeba7f420408188965fd2e449e4ec [NON_LEADER]: Queue going to NON_LEADER mode. State: All replicated index: 0, Majority replicated index: 0, Committed index: 0, Last appended: 0.0, Last appended by leader: 0, Current term: 0, Majority size: -1, State: 0, Mode: NON_LEADER, active raft config: opid_index: -1 OBSOLETE_local: false peers { permanent_uuid: "e8faeba7f420408188965fd2e449e4ec" member_type: VOTER last_known_addr { host: "127.21.36.193" port: 44965 } } peers { permanent_uuid: "c8780b67985845b2ac4118a8bc05d4f6" member_type: VOTER last_known_addr { host: "127.21.36.194" port: 38683 } } peers { permanent_uuid: "bffdc3693cd3421fb4521b69dd31af52" member_type: VOTER last_known_addr { host: "127.21.36.195" port: 36159 } }
W20260710 13:23:41.262346 22786 leader_election.cc:343] T 28295d5426cb405a8ca6e0a7e11fb769 P c8780b67985845b2ac4118a8bc05d4f6 [CANDIDATE]: Term 1 pre-election: Tablet error from VoteRequest() call to peer bffdc3693cd3421fb4521b69dd31af52 (127.21.36.195:36159): Illegal state: must be running to vote when last-logged opid is not known
I20260710 13:23:41.262800 22786 leader_election.cc:304] T 28295d5426cb405a8ca6e0a7e11fb769 P c8780b67985845b2ac4118a8bc05d4f6 [CANDIDATE]: Term 1 pre-election: Election decided. Result: candidate lost. Election summary: received 3 responses out of 3 voters: 1 yes votes; 2 no votes. yes voters: c8780b67985845b2ac4118a8bc05d4f6; no voters: bffdc3693cd3421fb4521b69dd31af52, e8faeba7f420408188965fd2e449e4ec
I20260710 13:23:41.263326 22938 ts_tablet_manager.cc:1434] T 28295d5426cb405a8ca6e0a7e11fb769 P e8faeba7f420408188965fd2e449e4ec: Time spent starting tablet: real 0.011s	user 0.003s	sys 0.003s
I20260710 13:23:41.263652 22948 raft_consensus.cc:2749] T 28295d5426cb405a8ca6e0a7e11fb769 P c8780b67985845b2ac4118a8bc05d4f6 [term 0 FOLLOWER]: Leader pre-election lost for term 1. Reason: could not achieve majority
W20260710 13:23:41.263900 22786 leader_election.cc:343] T a14edbab9e664174a51870bd5dc4e74a P c8780b67985845b2ac4118a8bc05d4f6 [CANDIDATE]: Term 1 pre-election: Tablet error from VoteRequest() call to peer bffdc3693cd3421fb4521b69dd31af52 (127.21.36.195:36159): Illegal state: must be running to vote when last-logged opid is not known
I20260710 13:23:41.264314 22938 tablet_bootstrap.cc:492] T d998f6e1ac6842d1ab636165eef751bd P e8faeba7f420408188965fd2e449e4ec: Bootstrap starting.
I20260710 13:23:41.264398 22936 tablet_bootstrap.cc:492] T 1af8ee31e5cd4c35a896615b2398a164 P c8780b67985845b2ac4118a8bc05d4f6: Bootstrap starting.
W20260710 13:23:41.264534 22786 leader_election.cc:343] T a14edbab9e664174a51870bd5dc4e74a P c8780b67985845b2ac4118a8bc05d4f6 [CANDIDATE]: Term 1 pre-election: Tablet error from VoteRequest() call to peer e8faeba7f420408188965fd2e449e4ec (127.21.36.193:44965): Illegal state: must be running to vote when last-logged opid is not known
I20260710 13:23:41.264979 22786 leader_election.cc:304] T a14edbab9e664174a51870bd5dc4e74a P c8780b67985845b2ac4118a8bc05d4f6 [CANDIDATE]: Term 1 pre-election: Election decided. Result: candidate lost. Election summary: received 3 responses out of 3 voters: 1 yes votes; 2 no votes. yes voters: c8780b67985845b2ac4118a8bc05d4f6; no voters: bffdc3693cd3421fb4521b69dd31af52, e8faeba7f420408188965fd2e449e4ec
I20260710 13:23:41.266422 22948 raft_consensus.cc:2749] T a14edbab9e664174a51870bd5dc4e74a P c8780b67985845b2ac4118a8bc05d4f6 [term 0 FOLLOWER]: Leader pre-election lost for term 1. Reason: could not achieve majority
I20260710 13:23:41.260696 22972 raft_consensus.cc:493] T f1d50425c99c497d86f48a11160aae4c P e8faeba7f420408188965fd2e449e4ec [term 0 FOLLOWER]: Starting leader election (no leader contacted us within the election timeout)
I20260710 13:23:41.269706 22972 raft_consensus.cc:3060] T f1d50425c99c497d86f48a11160aae4c P e8faeba7f420408188965fd2e449e4ec [term 0 FOLLOWER]: Advancing to term 1
I20260710 13:23:41.284420 22937 raft_consensus.cc:385] T 1f77cd5aaf8a4c6a8e908add63faa808 P bffdc3693cd3421fb4521b69dd31af52 [term 0 FOLLOWER]: Consensus starting up: Expiring failure detector timer to make a prompt election more likely
I20260710 13:23:41.278118 22938 tablet_bootstrap.cc:654] T d998f6e1ac6842d1ab636165eef751bd P e8faeba7f420408188965fd2e449e4ec: Neither blocks nor log segments found. Creating new log.
I20260710 13:23:41.284739 22937 raft_consensus.cc:740] T 1f77cd5aaf8a4c6a8e908add63faa808 P bffdc3693cd3421fb4521b69dd31af52 [term 0 FOLLOWER]: Becoming Follower/Learner. State: Replica: bffdc3693cd3421fb4521b69dd31af52, State: Initialized, Role: FOLLOWER
I20260710 13:23:41.278929 22981 leader_election.cc:290] T 6eb91b27de344bd6b69c32b5bf492228 P c8780b67985845b2ac4118a8bc05d4f6 [CANDIDATE]: Term 1 pre-election: Requested pre-vote from peers e8faeba7f420408188965fd2e449e4ec (127.21.36.193:44965), bffdc3693cd3421fb4521b69dd31af52 (127.21.36.195:36159)
I20260710 13:23:41.285604 22937 consensus_queue.cc:260] T 1f77cd5aaf8a4c6a8e908add63faa808 P bffdc3693cd3421fb4521b69dd31af52 [NON_LEADER]: Queue going to NON_LEADER mode. State: All replicated index: 0, Majority replicated index: 0, Committed index: 0, Last appended: 0.0, Last appended by leader: 0, Current term: 0, Majority size: -1, State: 0, Mode: NON_LEADER, active raft config: opid_index: -1 OBSOLETE_local: false peers { permanent_uuid: "e8faeba7f420408188965fd2e449e4ec" member_type: VOTER last_known_addr { host: "127.21.36.193" port: 44965 } } peers { permanent_uuid: "c8780b67985845b2ac4118a8bc05d4f6" member_type: VOTER last_known_addr { host: "127.21.36.194" port: 38683 } } peers { permanent_uuid: "bffdc3693cd3421fb4521b69dd31af52" member_type: VOTER last_known_addr { host: "127.21.36.195" port: 36159 } }
I20260710 13:23:41.278936 22971 raft_consensus.cc:493] T 992bf7be4ce24ebcba9ba99b7fa534e0 P e8faeba7f420408188965fd2e449e4ec [term 0 FOLLOWER]: Starting pre-election (no leader contacted us within the election timeout)
I20260710 13:23:41.271898 22936 tablet_bootstrap.cc:654] T 1af8ee31e5cd4c35a896615b2398a164 P c8780b67985845b2ac4118a8bc05d4f6: Neither blocks nor log segments found. Creating new log.
I20260710 13:23:41.286866 22971 raft_consensus.cc:515] T 992bf7be4ce24ebcba9ba99b7fa534e0 P e8faeba7f420408188965fd2e449e4ec [term 0 FOLLOWER]: Starting pre-election with config: opid_index: -1 OBSOLETE_local: false peers { permanent_uuid: "e8faeba7f420408188965fd2e449e4ec" member_type: VOTER last_known_addr { host: "127.21.36.193" port: 44965 } } peers { permanent_uuid: "c8780b67985845b2ac4118a8bc05d4f6" member_type: VOTER last_known_addr { host: "127.21.36.194" port: 38683 } } peers { permanent_uuid: "bffdc3693cd3421fb4521b69dd31af52" member_type: VOTER last_known_addr { host: "127.21.36.195" port: 36159 } }
I20260710 13:23:41.281910 22972 raft_consensus.cc:515] T f1d50425c99c497d86f48a11160aae4c P e8faeba7f420408188965fd2e449e4ec [term 1 FOLLOWER]: Starting leader election with config: opid_index: -1 OBSOLETE_local: false peers { permanent_uuid: "c8780b67985845b2ac4118a8bc05d4f6" member_type: VOTER last_known_addr { host: "127.21.36.194" port: 38683 } } peers { permanent_uuid: "e8faeba7f420408188965fd2e449e4ec" member_type: VOTER last_known_addr { host: "127.21.36.193" port: 44965 } } peers { permanent_uuid: "bffdc3693cd3421fb4521b69dd31af52" member_type: VOTER last_known_addr { host: "127.21.36.195" port: 36159 } }
I20260710 13:23:41.289606 22937 ts_tablet_manager.cc:1434] T 1f77cd5aaf8a4c6a8e908add63faa808 P bffdc3693cd3421fb4521b69dd31af52: Time spent starting tablet: real 0.035s	user 0.003s	sys 0.002s
I20260710 13:23:41.290093 22822 tablet_service.cc:1917] Received RequestConsensusVote() RPC: tablet_id: "f1d50425c99c497d86f48a11160aae4c" candidate_uuid: "e8faeba7f420408188965fd2e449e4ec" candidate_term: 1 candidate_status { last_received { term: 0 index: 0 } } ignore_live_leader: false dest_uuid: "c8780b67985845b2ac4118a8bc05d4f6"
I20260710 13:23:41.290447 22937 tablet_bootstrap.cc:492] T 992bf7be4ce24ebcba9ba99b7fa534e0 P bffdc3693cd3421fb4521b69dd31af52: Bootstrap starting.
I20260710 13:23:41.290537 22895 tablet_service.cc:1917] Received RequestConsensusVote() RPC: tablet_id: "f1d50425c99c497d86f48a11160aae4c" candidate_uuid: "e8faeba7f420408188965fd2e449e4ec" candidate_term: 1 candidate_status { last_received { term: 0 index: 0 } } ignore_live_leader: false dest_uuid: "bffdc3693cd3421fb4521b69dd31af52"
I20260710 13:23:41.290750 22822 raft_consensus.cc:3060] T f1d50425c99c497d86f48a11160aae4c P c8780b67985845b2ac4118a8bc05d4f6 [term 0 FOLLOWER]: Advancing to term 1
I20260710 13:23:41.291141 22895 raft_consensus.cc:3060] T f1d50425c99c497d86f48a11160aae4c P bffdc3693cd3421fb4521b69dd31af52 [term 0 FOLLOWER]: Advancing to term 1
I20260710 13:23:41.291996 22972 leader_election.cc:290] T f1d50425c99c497d86f48a11160aae4c P e8faeba7f420408188965fd2e449e4ec [CANDIDATE]: Term 1 election: Requested vote from peers c8780b67985845b2ac4118a8bc05d4f6 (127.21.36.194:38683), bffdc3693cd3421fb4521b69dd31af52 (127.21.36.195:36159)
I20260710 13:23:41.295655 22821 tablet_service.cc:1917] Received RequestConsensusVote() RPC: tablet_id: "992bf7be4ce24ebcba9ba99b7fa534e0" candidate_uuid: "e8faeba7f420408188965fd2e449e4ec" candidate_term: 1 candidate_status { last_received { term: 0 index: 0 } } ignore_live_leader: false dest_uuid: "c8780b67985845b2ac4118a8bc05d4f6" is_pre_election: true
W20260710 13:23:41.296911 22710 leader_election.cc:343] T 992bf7be4ce24ebcba9ba99b7fa534e0 P e8faeba7f420408188965fd2e449e4ec [CANDIDATE]: Term 1 pre-election: Tablet error from VoteRequest() call to peer c8780b67985845b2ac4118a8bc05d4f6 (127.21.36.194:38683): Illegal state: must be running to vote when last-logged opid is not known
I20260710 13:23:41.297865 22895 raft_consensus.cc:2468] T f1d50425c99c497d86f48a11160aae4c P bffdc3693cd3421fb4521b69dd31af52 [term 1 FOLLOWER]: Leader election vote request: Granting yes vote for candidate e8faeba7f420408188965fd2e449e4ec in term 1.
I20260710 13:23:41.298947 22711 leader_election.cc:304] T f1d50425c99c497d86f48a11160aae4c P e8faeba7f420408188965fd2e449e4ec [CANDIDATE]: Term 1 election: Election decided. Result: candidate won. Election summary: received 2 responses out of 3 voters: 2 yes votes; 0 no votes. yes voters: bffdc3693cd3421fb4521b69dd31af52, e8faeba7f420408188965fd2e449e4ec; no voters: 
I20260710 13:23:41.299738 22971 leader_election.cc:290] T 992bf7be4ce24ebcba9ba99b7fa534e0 P e8faeba7f420408188965fd2e449e4ec [CANDIDATE]: Term 1 pre-election: Requested pre-vote from peers c8780b67985845b2ac4118a8bc05d4f6 (127.21.36.194:38683), bffdc3693cd3421fb4521b69dd31af52 (127.21.36.195:36159)
I20260710 13:23:41.300246 22971 raft_consensus.cc:2804] T f1d50425c99c497d86f48a11160aae4c P e8faeba7f420408188965fd2e449e4ec [term 1 FOLLOWER]: Leader election won for term 1
I20260710 13:23:41.300853 22971 raft_consensus.cc:697] T f1d50425c99c497d86f48a11160aae4c P e8faeba7f420408188965fd2e449e4ec [term 1 LEADER]: Becoming Leader. State: Replica: e8faeba7f420408188965fd2e449e4ec, State: Running, Role: LEADER
I20260710 13:23:41.301697 22971 consensus_queue.cc:237] T f1d50425c99c497d86f48a11160aae4c P e8faeba7f420408188965fd2e449e4ec [LEADER]: Queue going to LEADER mode. State: All replicated index: 0, Majority replicated index: 0, Committed index: 0, Last appended: 0.0, Last appended by leader: 0, Current term: 1, Majority size: 2, State: 0, Mode: LEADER, active raft config: opid_index: -1 OBSOLETE_local: false peers { permanent_uuid: "c8780b67985845b2ac4118a8bc05d4f6" member_type: VOTER last_known_addr { host: "127.21.36.194" port: 38683 } } peers { permanent_uuid: "e8faeba7f420408188965fd2e449e4ec" member_type: VOTER last_known_addr { host: "127.21.36.193" port: 44965 } } peers { permanent_uuid: "bffdc3693cd3421fb4521b69dd31af52" member_type: VOTER last_known_addr { host: "127.21.36.195" port: 36159 } }
I20260710 13:23:41.305008 22895 tablet_service.cc:1917] Received RequestConsensusVote() RPC: tablet_id: "992bf7be4ce24ebcba9ba99b7fa534e0" candidate_uuid: "e8faeba7f420408188965fd2e449e4ec" candidate_term: 1 candidate_status { last_received { term: 0 index: 0 } } ignore_live_leader: false dest_uuid: "bffdc3693cd3421fb4521b69dd31af52" is_pre_election: true
I20260710 13:23:41.305564 22822 raft_consensus.cc:2468] T f1d50425c99c497d86f48a11160aae4c P c8780b67985845b2ac4118a8bc05d4f6 [term 1 FOLLOWER]: Leader election vote request: Granting yes vote for candidate e8faeba7f420408188965fd2e449e4ec in term 1.
W20260710 13:23:41.306187 22711 leader_election.cc:343] T 992bf7be4ce24ebcba9ba99b7fa534e0 P e8faeba7f420408188965fd2e449e4ec [CANDIDATE]: Term 1 pre-election: Tablet error from VoteRequest() call to peer bffdc3693cd3421fb4521b69dd31af52 (127.21.36.195:36159): Illegal state: must be running to vote when last-logged opid is not known
I20260710 13:23:41.306632 22711 leader_election.cc:304] T 992bf7be4ce24ebcba9ba99b7fa534e0 P e8faeba7f420408188965fd2e449e4ec [CANDIDATE]: Term 1 pre-election: Election decided. Result: candidate lost. Election summary: received 3 responses out of 3 voters: 1 yes votes; 2 no votes. yes voters: e8faeba7f420408188965fd2e449e4ec; no voters: bffdc3693cd3421fb4521b69dd31af52, c8780b67985845b2ac4118a8bc05d4f6
I20260710 13:23:41.307721 22943 raft_consensus.cc:2749] T 992bf7be4ce24ebcba9ba99b7fa534e0 P e8faeba7f420408188965fd2e449e4ec [term 0 FOLLOWER]: Leader pre-election lost for term 1. Reason: could not achieve majority
I20260710 13:23:41.310866 22937 tablet_bootstrap.cc:654] T 992bf7be4ce24ebcba9ba99b7fa534e0 P bffdc3693cd3421fb4521b69dd31af52: Neither blocks nor log segments found. Creating new log.
I20260710 13:23:41.306190 22972 raft_consensus.cc:493] T 6eb91b27de344bd6b69c32b5bf492228 P e8faeba7f420408188965fd2e449e4ec [term 0 FOLLOWER]: Starting pre-election (no leader contacted us within the election timeout)
I20260710 13:23:41.312343 22972 raft_consensus.cc:515] T 6eb91b27de344bd6b69c32b5bf492228 P e8faeba7f420408188965fd2e449e4ec [term 0 FOLLOWER]: Starting pre-election with config: opid_index: -1 OBSOLETE_local: false peers { permanent_uuid: "e8faeba7f420408188965fd2e449e4ec" member_type: VOTER last_known_addr { host: "127.21.36.193" port: 44965 } } peers { permanent_uuid: "c8780b67985845b2ac4118a8bc05d4f6" member_type: VOTER last_known_addr { host: "127.21.36.194" port: 38683 } } peers { permanent_uuid: "bffdc3693cd3421fb4521b69dd31af52" member_type: VOTER last_known_addr { host: "127.21.36.195" port: 36159 } }
I20260710 13:23:41.311967 22643 catalog_manager.cc:5697] T 44a84fe7ec4e4c6497dffa66635df546 P bffdc3693cd3421fb4521b69dd31af52 reported cstate change: term changed from 0 to 1, leader changed from <none> to bffdc3693cd3421fb4521b69dd31af52 (127.21.36.195). New cstate: current_term: 1 leader_uuid: "bffdc3693cd3421fb4521b69dd31af52" committed_config { opid_index: -1 OBSOLETE_local: false peers { permanent_uuid: "e8faeba7f420408188965fd2e449e4ec" member_type: VOTER last_known_addr { host: "127.21.36.193" port: 44965 } health_report { overall_health: UNKNOWN } } peers { permanent_uuid: "c8780b67985845b2ac4118a8bc05d4f6" member_type: VOTER last_known_addr { host: "127.21.36.194" port: 38683 } health_report { overall_health: UNKNOWN } } peers { permanent_uuid: "bffdc3693cd3421fb4521b69dd31af52" member_type: VOTER last_known_addr { host: "127.21.36.195" port: 36159 } health_report { overall_health: HEALTHY } } }
I20260710 13:23:41.314841 22822 tablet_service.cc:1917] Received RequestConsensusVote() RPC: tablet_id: "6eb91b27de344bd6b69c32b5bf492228" candidate_uuid: "e8faeba7f420408188965fd2e449e4ec" candidate_term: 1 candidate_status { last_received { term: 0 index: 0 } } ignore_live_leader: false dest_uuid: "c8780b67985845b2ac4118a8bc05d4f6" is_pre_election: true
I20260710 13:23:41.315506 22822 raft_consensus.cc:2468] T 6eb91b27de344bd6b69c32b5bf492228 P c8780b67985845b2ac4118a8bc05d4f6 [term 0 FOLLOWER]: Leader pre-election vote request: Granting yes vote for candidate e8faeba7f420408188965fd2e449e4ec in term 0.
I20260710 13:23:41.316651 22710 leader_election.cc:304] T 6eb91b27de344bd6b69c32b5bf492228 P e8faeba7f420408188965fd2e449e4ec [CANDIDATE]: Term 1 pre-election: Election decided. Result: candidate won. Election summary: received 2 responses out of 3 voters: 2 yes votes; 0 no votes. yes voters: c8780b67985845b2ac4118a8bc05d4f6, e8faeba7f420408188965fd2e449e4ec; no voters: 
I20260710 13:23:41.317495 22943 raft_consensus.cc:2804] T 6eb91b27de344bd6b69c32b5bf492228 P e8faeba7f420408188965fd2e449e4ec [term 0 FOLLOWER]: Leader pre-election won for term 1
I20260710 13:23:41.317495 22895 tablet_service.cc:1917] Received RequestConsensusVote() RPC: tablet_id: "6eb91b27de344bd6b69c32b5bf492228" candidate_uuid: "e8faeba7f420408188965fd2e449e4ec" candidate_term: 1 candidate_status { last_received { term: 0 index: 0 } } ignore_live_leader: false dest_uuid: "bffdc3693cd3421fb4521b69dd31af52" is_pre_election: true
W20260710 13:23:41.318348 22786 outbound_call.cc:321] RPC callback for RPC call kudu.consensus.ConsensusService.RequestConsensusVote -> {remote=127.21.36.193:44965, user_credentials={real_user=slave}} blocked reactor thread for 53802.6us
W20260710 13:23:41.319105 22711 leader_election.cc:343] T 6eb91b27de344bd6b69c32b5bf492228 P e8faeba7f420408188965fd2e449e4ec [CANDIDATE]: Term 1 pre-election: Tablet error from VoteRequest() call to peer bffdc3693cd3421fb4521b69dd31af52 (127.21.36.195:36159): Illegal state: must be running to vote when last-logged opid is not known
I20260710 13:23:41.319391 22943 raft_consensus.cc:493] T 6eb91b27de344bd6b69c32b5bf492228 P e8faeba7f420408188965fd2e449e4ec [term 0 FOLLOWER]: Starting leader election (no leader contacted us within the election timeout)
I20260710 13:23:41.319788 22943 raft_consensus.cc:3060] T 6eb91b27de344bd6b69c32b5bf492228 P e8faeba7f420408188965fd2e449e4ec [term 0 FOLLOWER]: Advancing to term 1
I20260710 13:23:41.317770 22972 leader_election.cc:290] T 6eb91b27de344bd6b69c32b5bf492228 P e8faeba7f420408188965fd2e449e4ec [CANDIDATE]: Term 1 pre-election: Requested pre-vote from peers c8780b67985845b2ac4118a8bc05d4f6 (127.21.36.194:38683), bffdc3693cd3421fb4521b69dd31af52 (127.21.36.195:36159)
I20260710 13:23:41.325294 22746 tablet_service.cc:1917] Received RequestConsensusVote() RPC: tablet_id: "6eb91b27de344bd6b69c32b5bf492228" candidate_uuid: "c8780b67985845b2ac4118a8bc05d4f6" candidate_term: 1 candidate_status { last_received { term: 0 index: 0 } } ignore_live_leader: false dest_uuid: "e8faeba7f420408188965fd2e449e4ec" is_pre_election: true
I20260710 13:23:41.327672 22936 tablet_bootstrap.cc:492] T 1af8ee31e5cd4c35a896615b2398a164 P c8780b67985845b2ac4118a8bc05d4f6: No bootstrap required, opened a new log
I20260710 13:23:41.327590 22895 tablet_service.cc:1917] Received RequestConsensusVote() RPC: tablet_id: "6eb91b27de344bd6b69c32b5bf492228" candidate_uuid: "c8780b67985845b2ac4118a8bc05d4f6" candidate_term: 1 candidate_status { last_received { term: 0 index: 0 } } ignore_live_leader: false dest_uuid: "bffdc3693cd3421fb4521b69dd31af52" is_pre_election: true
I20260710 13:23:41.328189 22936 ts_tablet_manager.cc:1403] T 1af8ee31e5cd4c35a896615b2398a164 P c8780b67985845b2ac4118a8bc05d4f6: Time spent bootstrapping tablet: real 0.064s	user 0.017s	sys 0.004s
I20260710 13:23:41.327464 22943 raft_consensus.cc:515] T 6eb91b27de344bd6b69c32b5bf492228 P e8faeba7f420408188965fd2e449e4ec [term 1 FOLLOWER]: Starting leader election with config: opid_index: -1 OBSOLETE_local: false peers { permanent_uuid: "e8faeba7f420408188965fd2e449e4ec" member_type: VOTER last_known_addr { host: "127.21.36.193" port: 44965 } } peers { permanent_uuid: "c8780b67985845b2ac4118a8bc05d4f6" member_type: VOTER last_known_addr { host: "127.21.36.194" port: 38683 } } peers { permanent_uuid: "bffdc3693cd3421fb4521b69dd31af52" member_type: VOTER last_known_addr { host: "127.21.36.195" port: 36159 } }
I20260710 13:23:41.334213 22936 raft_consensus.cc:359] T 1af8ee31e5cd4c35a896615b2398a164 P c8780b67985845b2ac4118a8bc05d4f6 [term 0 FOLLOWER]: Replica starting. Triggering 0 pending ops. Active config: opid_index: -1 OBSOLETE_local: false peers { permanent_uuid: "e8faeba7f420408188965fd2e449e4ec" member_type: VOTER last_known_addr { host: "127.21.36.193" port: 44965 } } peers { permanent_uuid: "c8780b67985845b2ac4118a8bc05d4f6" member_type: VOTER last_known_addr { host: "127.21.36.194" port: 38683 } } peers { permanent_uuid: "bffdc3693cd3421fb4521b69dd31af52" member_type: VOTER last_known_addr { host: "127.21.36.195" port: 36159 } }
I20260710 13:23:41.334656 22746 raft_consensus.cc:2393] T 6eb91b27de344bd6b69c32b5bf492228 P e8faeba7f420408188965fd2e449e4ec [term 1 FOLLOWER]: Leader pre-election vote request: Denying vote to candidate c8780b67985845b2ac4118a8bc05d4f6 in current term 1: Already voted for candidate e8faeba7f420408188965fd2e449e4ec in this term.
I20260710 13:23:41.334894 22936 raft_consensus.cc:385] T 1af8ee31e5cd4c35a896615b2398a164 P c8780b67985845b2ac4118a8bc05d4f6 [term 0 FOLLOWER]: Consensus starting up: Expiring failure detector timer to make a prompt election more likely
I20260710 13:23:41.335212 22936 raft_consensus.cc:740] T 1af8ee31e5cd4c35a896615b2398a164 P c8780b67985845b2ac4118a8bc05d4f6 [term 0 FOLLOWER]: Becoming Follower/Learner. State: Replica: c8780b67985845b2ac4118a8bc05d4f6, State: Initialized, Role: FOLLOWER
I20260710 13:23:41.335785 22936 consensus_queue.cc:260] T 1af8ee31e5cd4c35a896615b2398a164 P c8780b67985845b2ac4118a8bc05d4f6 [NON_LEADER]: Queue going to NON_LEADER mode. State: All replicated index: 0, Majority replicated index: 0, Committed index: 0, Last appended: 0.0, Last appended by leader: 0, Current term: 0, Majority size: -1, State: 0, Mode: NON_LEADER, active raft config: opid_index: -1 OBSOLETE_local: false peers { permanent_uuid: "e8faeba7f420408188965fd2e449e4ec" member_type: VOTER last_known_addr { host: "127.21.36.193" port: 44965 } } peers { permanent_uuid: "c8780b67985845b2ac4118a8bc05d4f6" member_type: VOTER last_known_addr { host: "127.21.36.194" port: 38683 } } peers { permanent_uuid: "bffdc3693cd3421fb4521b69dd31af52" member_type: VOTER last_known_addr { host: "127.21.36.195" port: 36159 } }
I20260710 13:23:41.337626 22936 ts_tablet_manager.cc:1434] T 1af8ee31e5cd4c35a896615b2398a164 P c8780b67985845b2ac4118a8bc05d4f6: Time spent starting tablet: real 0.009s	user 0.005s	sys 0.000s
I20260710 13:23:41.338654 22936 tablet_bootstrap.cc:492] T 4a035328dcbd4860af16e5992613b135 P c8780b67985845b2ac4118a8bc05d4f6: Bootstrap starting.
I20260710 13:23:41.338752 22822 tablet_service.cc:1917] Received RequestConsensusVote() RPC: tablet_id: "6eb91b27de344bd6b69c32b5bf492228" candidate_uuid: "e8faeba7f420408188965fd2e449e4ec" candidate_term: 1 candidate_status { last_received { term: 0 index: 0 } } ignore_live_leader: false dest_uuid: "c8780b67985845b2ac4118a8bc05d4f6"
I20260710 13:23:41.339442 22822 raft_consensus.cc:3060] T 6eb91b27de344bd6b69c32b5bf492228 P c8780b67985845b2ac4118a8bc05d4f6 [term 0 FOLLOWER]: Advancing to term 1
I20260710 13:23:41.342480 22895 tablet_service.cc:1917] Received RequestConsensusVote() RPC: tablet_id: "6eb91b27de344bd6b69c32b5bf492228" candidate_uuid: "e8faeba7f420408188965fd2e449e4ec" candidate_term: 1 candidate_status { last_received { term: 0 index: 0 } } ignore_live_leader: false dest_uuid: "bffdc3693cd3421fb4521b69dd31af52"
W20260710 13:23:41.343935 22711 leader_election.cc:343] T 6eb91b27de344bd6b69c32b5bf492228 P e8faeba7f420408188965fd2e449e4ec [CANDIDATE]: Term 1 election: Tablet error from VoteRequest() call to peer bffdc3693cd3421fb4521b69dd31af52 (127.21.36.195:36159): Illegal state: must be running to vote when last-logged opid is not known
I20260710 13:23:41.344310 22936 tablet_bootstrap.cc:654] T 4a035328dcbd4860af16e5992613b135 P c8780b67985845b2ac4118a8bc05d4f6: Neither blocks nor log segments found. Creating new log.
I20260710 13:23:41.344580 22943 leader_election.cc:290] T 6eb91b27de344bd6b69c32b5bf492228 P e8faeba7f420408188965fd2e449e4ec [CANDIDATE]: Term 1 election: Requested vote from peers c8780b67985845b2ac4118a8bc05d4f6 (127.21.36.194:38683), bffdc3693cd3421fb4521b69dd31af52 (127.21.36.195:36159)
I20260710 13:23:41.335606 22643 catalog_manager.cc:5697] T f1d50425c99c497d86f48a11160aae4c P e8faeba7f420408188965fd2e449e4ec reported cstate change: term changed from 0 to 1, leader changed from <none> to e8faeba7f420408188965fd2e449e4ec (127.21.36.193). New cstate: current_term: 1 leader_uuid: "e8faeba7f420408188965fd2e449e4ec" committed_config { opid_index: -1 OBSOLETE_local: false peers { permanent_uuid: "c8780b67985845b2ac4118a8bc05d4f6" member_type: VOTER last_known_addr { host: "127.21.36.194" port: 38683 } health_report { overall_health: UNKNOWN } } peers { permanent_uuid: "e8faeba7f420408188965fd2e449e4ec" member_type: VOTER last_known_addr { host: "127.21.36.193" port: 44965 } health_report { overall_health: HEALTHY } } peers { permanent_uuid: "bffdc3693cd3421fb4521b69dd31af52" member_type: VOTER last_known_addr { host: "127.21.36.195" port: 36159 } health_report { overall_health: UNKNOWN } } }
W20260710 13:23:41.332599 22786 leader_election.cc:343] T 6eb91b27de344bd6b69c32b5bf492228 P c8780b67985845b2ac4118a8bc05d4f6 [CANDIDATE]: Term 1 pre-election: Tablet error from VoteRequest() call to peer bffdc3693cd3421fb4521b69dd31af52 (127.21.36.195:36159): Illegal state: must be running to vote when last-logged opid is not known
